I20260608 13:00:44.628336 32135 consensus_queue.cc:260] T 1741fd859207423da28ad9a8c10f6b38 P c6a31d9891824dda98f98a31ab5eec0f [NON_LEADER]: Queue going to NON_LEADER mode. State: All replicated index: 0, Majority replicated index: 0, Committed index: 0, Last appended: 0.0, Last appended by leader: 0, Current term: 0, Majority size: -1, State: 0, Mode: NON_LEADER, active raft config: opid_index: -1 OBSOLETE_local: false peers { permanent_uuid: "d0b753e811664324be1f9fa3c7ae0c7e" member_type: VOTER last_known_addr { host: "127.28.69.194" port: 44011 } } peers { permanent_uuid: "2c79e0ea07004affa851aa090336c5bf" member_type: VOTER last_known_addr { host: "127.28.69.193" port: 39997 } } peers { permanent_uuid: "c6a31d9891824dda98f98a31ab5eec0f" member_type: VOTER last_known_addr { host: "127.28.69.195" port: 45711 } }
I20260608 13:00:44.629702 32138 tablet_bootstrap.cc:492] T 14a17323d0d946eca7d0204d8dc95dc1 P 2c79e0ea07004affa851aa090336c5bf: Bootstrap starting.
I20260608 13:00:44.629465 32137 consensus_queue.cc:260] T 4d02837edb104cc6930fa1a1839f1b39 P d0b753e811664324be1f9fa3c7ae0c7e [NON_LEADER]: Queue going to NON_LEADER mode. State: All replicated index: 0, Majority replicated index: 0, Committed index: 0, Last appended: 0.0, Last appended by leader: 0, Current term: 0, Majority size: -1, State: 0, Mode: NON_LEADER, active raft config: opid_index: -1 OBSOLETE_local: false peers { permanent_uuid: "2c79e0ea07004affa851aa090336c5bf" member_type: VOTER last_known_addr { host: "127.28.69.193" port: 39997 } } peers { permanent_uuid: "d0b753e811664324be1f9fa3c7ae0c7e" member_type: VOTER last_known_addr { host: "127.28.69.194" port: 44011 } } peers { permanent_uuid: "c6a31d9891824dda98f98a31ab5eec0f" member_type: VOTER last_known_addr { host: "127.28.69.195" port: 45711 } }
I20260608 13:00:44.632361 32141 raft_consensus.cc:493] T 9033149f38e540a698a8b5c0ec0aab42 P c6a31d9891824dda98f98a31ab5eec0f [term 0 FOLLOWER]: Starting pre-election (no leader contacted us within the election timeout)
I20260608 13:00:44.632854 32141 raft_consensus.cc:515] T 9033149f38e540a698a8b5c0ec0aab42 P c6a31d9891824dda98f98a31ab5eec0f [term 0 FOLLOWER]: Starting pre-election with config: opid_index: -1 OBSOLETE_local: false peers { permanent_uuid: "c6a31d9891824dda98f98a31ab5eec0f" member_type: VOTER last_known_addr { host: "127.28.69.195" port: 45711 } } peers { permanent_uuid: "d0b753e811664324be1f9fa3c7ae0c7e" member_type: VOTER last_known_addr { host: "127.28.69.194" port: 44011 } } peers { permanent_uuid: "2c79e0ea07004affa851aa090336c5bf" member_type: VOTER last_known_addr { host: "127.28.69.193" port: 39997 } }
I20260608 13:00:44.634240 32137 ts_tablet_manager.cc:1434] T 4d02837edb104cc6930fa1a1839f1b39 P d0b753e811664324be1f9fa3c7ae0c7e: Time spent starting tablet: real 0.010s	user 0.008s	sys 0.000s
I20260608 13:00:44.634982 32141 leader_election.cc:290] T 9033149f38e540a698a8b5c0ec0aab42 P c6a31d9891824dda98f98a31ab5eec0f [CANDIDATE]: Term 1 pre-election: Requested pre-vote from peers d0b753e811664324be1f9fa3c7ae0c7e (127.28.69.194:44011), 2c79e0ea07004affa851aa090336c5bf (127.28.69.193:39997)
I20260608 13:00:44.635993 31941 tablet_service.cc:1917] Received RequestConsensusVote() RPC: tablet_id: "9033149f38e540a698a8b5c0ec0aab42" candidate_uuid: "c6a31d9891824dda98f98a31ab5eec0f" candidate_term: 1 candidate_status { last_received { term: 0 index: 0 } } ignore_live_leader: false dest_uuid: "2c79e0ea07004affa851aa090336c5bf" is_pre_election: true
I20260608 13:00:44.636409 32016 tablet_service.cc:1917] Received RequestConsensusVote() RPC: tablet_id: "9033149f38e540a698a8b5c0ec0aab42" candidate_uuid: "c6a31d9891824dda98f98a31ab5eec0f" candidate_term: 1 candidate_status { last_received { term: 0 index: 0 } } ignore_live_leader: false dest_uuid: "d0b753e811664324be1f9fa3c7ae0c7e" is_pre_election: true
I20260608 13:00:44.636585 31941 raft_consensus.cc:2468] T 9033149f38e540a698a8b5c0ec0aab42 P 2c79e0ea07004affa851aa090336c5bf [term 0 FOLLOWER]: Leader pre-election vote request: Granting yes vote for candidate c6a31d9891824dda98f98a31ab5eec0f in term 0.
I20260608 13:00:44.637284 32137 tablet_bootstrap.cc:492] T 6e2d8badfba44775b4f880352a448e76 P d0b753e811664324be1f9fa3c7ae0c7e: Bootstrap starting.
I20260608 13:00:44.637917 32055 leader_election.cc:304] T 9033149f38e540a698a8b5c0ec0aab42 P c6a31d9891824dda98f98a31ab5eec0f [CANDIDATE]: Term 1 pre-election: Election decided. Result: candidate won. Election summary: received 2 responses out of 3 voters: 2 yes votes; 0 no votes. yes voters: 2c79e0ea07004affa851aa090336c5bf, c6a31d9891824dda98f98a31ab5eec0f; no voters: 
I20260608 13:00:44.638809 32141 raft_consensus.cc:2804] T 9033149f38e540a698a8b5c0ec0aab42 P c6a31d9891824dda98f98a31ab5eec0f [term 0 FOLLOWER]: Leader pre-election won for term 1
I20260608 13:00:44.639211 32141 raft_consensus.cc:493] T 9033149f38e540a698a8b5c0ec0aab42 P c6a31d9891824dda98f98a31ab5eec0f [term 0 FOLLOWER]: Starting leader election (no leader contacted us within the election timeout)
I20260608 13:00:44.639595 32146 raft_consensus.cc:493] T de4d5b4713cc4f1cbec764a05fc36f3a P d0b753e811664324be1f9fa3c7ae0c7e [term 0 FOLLOWER]: Starting pre-election (no leader contacted us within the election timeout)
I20260608 13:00:44.640074 32146 raft_consensus.cc:515] T de4d5b4713cc4f1cbec764a05fc36f3a P d0b753e811664324be1f9fa3c7ae0c7e [term 0 FOLLOWER]: Starting pre-election with config: opid_index: -1 OBSOLETE_local: false peers { permanent_uuid: "2c79e0ea07004affa851aa090336c5bf" member_type: VOTER last_known_addr { host: "127.28.69.193" port: 39997 } } peers { permanent_uuid: "d0b753e811664324be1f9fa3c7ae0c7e" member_type: VOTER last_known_addr { host: "127.28.69.194" port: 44011 } } peers { permanent_uuid: "c6a31d9891824dda98f98a31ab5eec0f" member_type: VOTER last_known_addr { host: "127.28.69.195" port: 45711 } }
I20260608 13:00:44.640789 32135 ts_tablet_manager.cc:1434] T 1741fd859207423da28ad9a8c10f6b38 P c6a31d9891824dda98f98a31ab5eec0f: Time spent starting tablet: real 0.017s	user 0.006s	sys 0.001s
I20260608 13:00:44.640872 32138 tablet_bootstrap.cc:654] T 14a17323d0d946eca7d0204d8dc95dc1 P 2c79e0ea07004affa851aa090336c5bf: Neither blocks nor log segments found. Creating new log.
I20260608 13:00:44.644171 32135 tablet_bootstrap.cc:492] T 4d02837edb104cc6930fa1a1839f1b39 P c6a31d9891824dda98f98a31ab5eec0f: Bootstrap starting.
I20260608 13:00:44.644932 32142 raft_consensus.cc:493] T 40375798b94544c58134cff68a9df2a8 P 2c79e0ea07004affa851aa090336c5bf [term 0 FOLLOWER]: Starting pre-election (no leader contacted us within the election timeout)
I20260608 13:00:44.645427 32142 raft_consensus.cc:515] T 40375798b94544c58134cff68a9df2a8 P 2c79e0ea07004affa851aa090336c5bf [term 0 FOLLOWER]: Starting pre-election with config: opid_index: -1 OBSOLETE_local: false peers { permanent_uuid: "2c79e0ea07004affa851aa090336c5bf" member_type: VOTER last_known_addr { host: "127.28.69.193" port: 39997 } } peers { permanent_uuid: "d0b753e811664324be1f9fa3c7ae0c7e" member_type: VOTER last_known_addr { host: "127.28.69.194" port: 44011 } } peers { permanent_uuid: "c6a31d9891824dda98f98a31ab5eec0f" member_type: VOTER last_known_addr { host: "127.28.69.195" port: 45711 } }
I20260608 13:00:44.647559 32142 leader_election.cc:290] T 40375798b94544c58134cff68a9df2a8 P 2c79e0ea07004affa851aa090336c5bf [CANDIDATE]: Term 1 pre-election: Requested pre-vote from peers d0b753e811664324be1f9fa3c7ae0c7e (127.28.69.194:44011), c6a31d9891824dda98f98a31ab5eec0f (127.28.69.195:45711)
I20260608 13:00:44.650158 32137 tablet_bootstrap.cc:654] T 6e2d8badfba44775b4f880352a448e76 P d0b753e811664324be1f9fa3c7ae0c7e: Neither blocks nor log segments found. Creating new log.
I20260608 13:00:44.651052 32135 tablet_bootstrap.cc:654] T 4d02837edb104cc6930fa1a1839f1b39 P c6a31d9891824dda98f98a31ab5eec0f: Neither blocks nor log segments found. Creating new log.
W20260608 13:00:44.651388 32054 leader_election.cc:343] T 9033149f38e540a698a8b5c0ec0aab42 P c6a31d9891824dda98f98a31ab5eec0f [CANDIDATE]: Term 1 pre-election: Tablet error from VoteRequest() call to peer d0b753e811664324be1f9fa3c7ae0c7e (127.28.69.194:44011): Illegal state: must be running to vote when last-logged opid is not known
I20260608 13:00:44.654626 32090 tablet_service.cc:1917] Received RequestConsensusVote() RPC: tablet_id: "40375798b94544c58134cff68a9df2a8" candidate_uuid: "2c79e0ea07004affa851aa090336c5bf" candidate_term: 1 candidate_status { last_received { term: 0 index: 0 } } ignore_live_leader: false dest_uuid: "c6a31d9891824dda98f98a31ab5eec0f" is_pre_election: true
I20260608 13:00:44.655272 32090 raft_consensus.cc:2468] T 40375798b94544c58134cff68a9df2a8 P c6a31d9891824dda98f98a31ab5eec0f [term 0 FOLLOWER]: Leader pre-election vote request: Granting yes vote for candidate 2c79e0ea07004affa851aa090336c5bf in term 0.
I20260608 13:00:44.660400 31904 leader_election.cc:304] T 40375798b94544c58134cff68a9df2a8 P 2c79e0ea07004affa851aa090336c5bf [CANDIDATE]: Term 1 pre-election: Election decided. Result: candidate won. Election summary: received 2 responses out of 3 voters: 2 yes votes; 0 no votes. yes voters: 2c79e0ea07004affa851aa090336c5bf, c6a31d9891824dda98f98a31ab5eec0f; no voters: 
I20260608 13:00:44.662209 32016 tablet_service.cc:1917] Received RequestConsensusVote() RPC: tablet_id: "40375798b94544c58134cff68a9df2a8" candidate_uuid: "2c79e0ea07004affa851aa090336c5bf" candidate_term: 1 candidate_status { last_received { term: 0 index: 0 } } ignore_live_leader: false dest_uuid: "d0b753e811664324be1f9fa3c7ae0c7e" is_pre_election: true
I20260608 13:00:44.662744 32135 tablet_bootstrap.cc:492] T 4d02837edb104cc6930fa1a1839f1b39 P c6a31d9891824dda98f98a31ab5eec0f: No bootstrap required, opened a new log
I20260608 13:00:44.662781 32016 raft_consensus.cc:2468] T 40375798b94544c58134cff68a9df2a8 P d0b753e811664324be1f9fa3c7ae0c7e [term 0 FOLLOWER]: Leader pre-election vote request: Granting yes vote for candidate 2c79e0ea07004affa851aa090336c5bf in term 0.
I20260608 13:00:44.663471 32135 ts_tablet_manager.cc:1403] T 4d02837edb104cc6930fa1a1839f1b39 P c6a31d9891824dda98f98a31ab5eec0f: Time spent bootstrapping tablet: real 0.019s	user 0.009s	sys 0.009s
I20260608 13:00:44.666067 32142 raft_consensus.cc:2804] T 40375798b94544c58134cff68a9df2a8 P 2c79e0ea07004affa851aa090336c5bf [term 0 FOLLOWER]: Leader pre-election won for term 1
I20260608 13:00:44.666491 32142 raft_consensus.cc:493] T 40375798b94544c58134cff68a9df2a8 P 2c79e0ea07004affa851aa090336c5bf [term 0 FOLLOWER]: Starting leader election (no leader contacted us within the election timeout)
I20260608 13:00:44.644493 32146 leader_election.cc:290] T de4d5b4713cc4f1cbec764a05fc36f3a P d0b753e811664324be1f9fa3c7ae0c7e [CANDIDATE]: Term 1 pre-election: Requested pre-vote from peers 2c79e0ea07004affa851aa090336c5bf (127.28.69.193:39997), c6a31d9891824dda98f98a31ab5eec0f (127.28.69.195:45711)
I20260608 13:00:44.666688 32135 raft_consensus.cc:359] T 4d02837edb104cc6930fa1a1839f1b39 P c6a31d9891824dda98f98a31ab5eec0f [term 0 FOLLOWER]: Replica starting. Triggering 0 pending ops. Active config: opid_index: -1 OBSOLETE_local: false peers { permanent_uuid: "2c79e0ea07004affa851aa090336c5bf" member_type: VOTER last_known_addr { host: "127.28.69.193" port: 39997 } } peers { permanent_uuid: "d0b753e811664324be1f9fa3c7ae0c7e" member_type: VOTER last_known_addr { host: "127.28.69.194" port: 44011 } } peers { permanent_uuid: "c6a31d9891824dda98f98a31ab5eec0f" member_type: VOTER last_known_addr { host: "127.28.69.195" port: 45711 } }
I20260608 13:00:44.667537 32135 raft_consensus.cc:385] T 4d02837edb104cc6930fa1a1839f1b39 P c6a31d9891824dda98f98a31ab5eec0f [term 0 FOLLOWER]: Consensus starting up: Expiring failure detector timer to make a prompt election more likely
I20260608 13:00:44.667917 32135 raft_consensus.cc:740] T 4d02837edb104cc6930fa1a1839f1b39 P c6a31d9891824dda98f98a31ab5eec0f [term 0 FOLLOWER]: Becoming Follower/Learner. State: Replica: c6a31d9891824dda98f98a31ab5eec0f, State: Initialized, Role: FOLLOWER
I20260608 13:00:44.668891 32135 consensus_queue.cc:260] T 4d02837edb104cc6930fa1a1839f1b39 P c6a31d9891824dda98f98a31ab5eec0f [NON_LEADER]: Queue going to NON_LEADER mode. State: All replicated index: 0, Majority replicated index: 0, Committed index: 0, Last appended: 0.0, Last appended by leader: 0, Current term: 0, Majority size: -1, State: 0, Mode: NON_LEADER, active raft config: opid_index: -1 OBSOLETE_local: false peers { permanent_uuid: "2c79e0ea07004affa851aa090336c5bf" member_type: VOTER last_known_addr { host: "127.28.69.193" port: 39997 } } peers { permanent_uuid: "d0b753e811664324be1f9fa3c7ae0c7e" member_type: VOTER last_known_addr { host: "127.28.69.194" port: 44011 } } peers { permanent_uuid: "c6a31d9891824dda98f98a31ab5eec0f" member_type: VOTER last_known_addr { host: "127.28.69.195" port: 45711 } }
I20260608 13:00:44.639611 32141 raft_consensus.cc:3060] T 9033149f38e540a698a8b5c0ec0aab42 P c6a31d9891824dda98f98a31ab5eec0f [term 0 FOLLOWER]: Advancing to term 1
I20260608 13:00:44.666894 32142 raft_consensus.cc:3060] T 40375798b94544c58134cff68a9df2a8 P 2c79e0ea07004affa851aa090336c5bf [term 0 FOLLOWER]: Advancing to term 1
I20260608 13:00:44.678678 32135 ts_tablet_manager.cc:1434] T 4d02837edb104cc6930fa1a1839f1b39 P c6a31d9891824dda98f98a31ab5eec0f: Time spent starting tablet: real 0.015s	user 0.012s	sys 0.000s
I20260608 13:00:44.689640 32090 tablet_service.cc:1917] Received RequestConsensusVote() RPC: tablet_id: "de4d5b4713cc4f1cbec764a05fc36f3a" candidate_uuid: "d0b753e811664324be1f9fa3c7ae0c7e" candidate_term: 1 candidate_status { last_received { term: 0 index: 0 } } ignore_live_leader: false dest_uuid: "c6a31d9891824dda98f98a31ab5eec0f" is_pre_election: true
I20260608 13:00:44.690277 32090 raft_consensus.cc:2468] T de4d5b4713cc4f1cbec764a05fc36f3a P c6a31d9891824dda98f98a31ab5eec0f [term 0 FOLLOWER]: Leader pre-election vote request: Granting yes vote for candidate d0b753e811664324be1f9fa3c7ae0c7e in term 0.
I20260608 13:00:44.690572 32135 tablet_bootstrap.cc:492] T 6e2d8badfba44775b4f880352a448e76 P c6a31d9891824dda98f98a31ab5eec0f: Bootstrap starting.
I20260608 13:00:44.694332 32141 raft_consensus.cc:515] T 9033149f38e540a698a8b5c0ec0aab42 P c6a31d9891824dda98f98a31ab5eec0f [term 1 FOLLOWER]: Starting leader election with config: opid_index: -1 OBSOLETE_local: false peers { permanent_uuid: "c6a31d9891824dda98f98a31ab5eec0f" member_type: VOTER last_known_addr { host: "127.28.69.195" port: 45711 } } peers { permanent_uuid: "d0b753e811664324be1f9fa3c7ae0c7e" member_type: VOTER last_known_addr { host: "127.28.69.194" port: 44011 } } peers { permanent_uuid: "2c79e0ea07004affa851aa090336c5bf" member_type: VOTER last_known_addr { host: "127.28.69.193" port: 39997 } }
I20260608 13:00:44.697849 31941 tablet_service.cc:1917] Received RequestConsensusVote() RPC: tablet_id: "9033149f38e540a698a8b5c0ec0aab42" candidate_uuid: "c6a31d9891824dda98f98a31ab5eec0f" candidate_term: 1 candidate_status { last_received { term: 0 index: 0 } } ignore_live_leader: false dest_uuid: "2c79e0ea07004affa851aa090336c5bf"
I20260608 13:00:44.698499 31941 raft_consensus.cc:3060] T 9033149f38e540a698a8b5c0ec0aab42 P 2c79e0ea07004affa851aa090336c5bf [term 0 FOLLOWER]: Advancing to term 1
I20260608 13:00:44.698665 32142 raft_consensus.cc:515] T 40375798b94544c58134cff68a9df2a8 P 2c79e0ea07004affa851aa090336c5bf [term 1 FOLLOWER]: Starting leader election with config: opid_index: -1 OBSOLETE_local: false peers { permanent_uuid: "2c79e0ea07004affa851aa090336c5bf" member_type: VOTER last_known_addr { host: "127.28.69.193" port: 39997 } } peers { permanent_uuid: "d0b753e811664324be1f9fa3c7ae0c7e" member_type: VOTER last_known_addr { host: "127.28.69.194" port: 44011 } } peers { permanent_uuid: "c6a31d9891824dda98f98a31ab5eec0f" member_type: VOTER last_known_addr { host: "127.28.69.195" port: 45711 } }
I20260608 13:00:44.700181 31940 tablet_service.cc:1917] Received RequestConsensusVote() RPC: tablet_id: "de4d5b4713cc4f1cbec764a05fc36f3a" candidate_uuid: "d0b753e811664324be1f9fa3c7ae0c7e" candidate_term: 1 candidate_status { last_received { term: 0 index: 0 } } ignore_live_leader: false dest_uuid: "2c79e0ea07004affa851aa090336c5bf" is_pre_election: true
I20260608 13:00:44.700832 31940 raft_consensus.cc:2468] T de4d5b4713cc4f1cbec764a05fc36f3a P 2c79e0ea07004affa851aa090336c5bf [term 0 FOLLOWER]: Leader pre-election vote request: Granting yes vote for candidate d0b753e811664324be1f9fa3c7ae0c7e in term 0.
I20260608 13:00:44.702611 32142 leader_election.cc:290] T 40375798b94544c58134cff68a9df2a8 P 2c79e0ea07004affa851aa090336c5bf [CANDIDATE]: Term 1 election: Requested vote from peers d0b753e811664324be1f9fa3c7ae0c7e (127.28.69.194:44011), c6a31d9891824dda98f98a31ab5eec0f (127.28.69.195:45711)
I20260608 13:00:44.703474 32141 leader_election.cc:290] T 9033149f38e540a698a8b5c0ec0aab42 P c6a31d9891824dda98f98a31ab5eec0f [CANDIDATE]: Term 1 election: Requested vote from peers d0b753e811664324be1f9fa3c7ae0c7e (127.28.69.194:44011), 2c79e0ea07004affa851aa090336c5bf (127.28.69.193:39997)
I20260608 13:00:44.705155 32090 tablet_service.cc:1917] Received RequestConsensusVote() RPC: tablet_id: "40375798b94544c58134cff68a9df2a8" candidate_uuid: "2c79e0ea07004affa851aa090336c5bf" candidate_term: 1 candidate_status { last_received { term: 0 index: 0 } } ignore_live_leader: false dest_uuid: "c6a31d9891824dda98f98a31ab5eec0f"
I20260608 13:00:44.705804 32135 tablet_bootstrap.cc:654] T 6e2d8badfba44775b4f880352a448e76 P c6a31d9891824dda98f98a31ab5eec0f: Neither blocks nor log segments found. Creating new log.
I20260608 13:00:44.705790 32090 raft_consensus.cc:3060] T 40375798b94544c58134cff68a9df2a8 P c6a31d9891824dda98f98a31ab5eec0f [term 0 FOLLOWER]: Advancing to term 1
I20260608 13:00:44.711879 31941 raft_consensus.cc:2468] T 9033149f38e540a698a8b5c0ec0aab42 P 2c79e0ea07004affa851aa090336c5bf [term 1 FOLLOWER]: Leader election vote request: Granting yes vote for candidate c6a31d9891824dda98f98a31ab5eec0f in term 1.
I20260608 13:00:44.697849 31979 leader_election.cc:304] T de4d5b4713cc4f1cbec764a05fc36f3a P d0b753e811664324be1f9fa3c7ae0c7e [CANDIDATE]: Term 1 pre-election: Election decided. Result: candidate won. Election summary: received 2 responses out of 3 voters: 2 yes votes; 0 no votes. yes voters: c6a31d9891824dda98f98a31ab5eec0f, d0b753e811664324be1f9fa3c7ae0c7e; no voters: 
I20260608 13:00:44.713357 32138 tablet_bootstrap.cc:492] T 14a17323d0d946eca7d0204d8dc95dc1 P 2c79e0ea07004affa851aa090336c5bf: No bootstrap required, opened a new log
I20260608 13:00:44.713528 32146 raft_consensus.cc:2804] T de4d5b4713cc4f1cbec764a05fc36f3a P d0b753e811664324be1f9fa3c7ae0c7e [term 0 FOLLOWER]: Leader pre-election won for term 1
I20260608 13:00:44.714041 32138 ts_tablet_manager.cc:1403] T 14a17323d0d946eca7d0204d8dc95dc1 P 2c79e0ea07004affa851aa090336c5bf: Time spent bootstrapping tablet: real 0.085s	user 0.025s	sys 0.024s
I20260608 13:00:44.713963 32146 raft_consensus.cc:493] T de4d5b4713cc4f1cbec764a05fc36f3a P d0b753e811664324be1f9fa3c7ae0c7e [term 0 FOLLOWER]: Starting leader election (no leader contacted us within the election timeout)
I20260608 13:00:44.714511 32137 tablet_bootstrap.cc:492] T 6e2d8badfba44775b4f880352a448e76 P d0b753e811664324be1f9fa3c7ae0c7e: No bootstrap required, opened a new log
I20260608 13:00:44.714555 32146 raft_consensus.cc:3060] T de4d5b4713cc4f1cbec764a05fc36f3a P d0b753e811664324be1f9fa3c7ae0c7e [term 0 FOLLOWER]: Advancing to term 1
I20260608 13:00:44.715196 32137 ts_tablet_manager.cc:1403] T 6e2d8badfba44775b4f880352a448e76 P d0b753e811664324be1f9fa3c7ae0c7e: Time spent bootstrapping tablet: real 0.080s	user 0.023s	sys 0.045s
I20260608 13:00:44.715154 32016 tablet_service.cc:1917] Received RequestConsensusVote() RPC: tablet_id: "40375798b94544c58134cff68a9df2a8" candidate_uuid: "2c79e0ea07004affa851aa090336c5bf" candidate_term: 1 candidate_status { last_received { term: 0 index: 0 } } ignore_live_leader: false dest_uuid: "d0b753e811664324be1f9fa3c7ae0c7e"
I20260608 13:00:44.715849 32016 raft_consensus.cc:3060] T 40375798b94544c58134cff68a9df2a8 P d0b753e811664324be1f9fa3c7ae0c7e [term 0 FOLLOWER]: Advancing to term 1
I20260608 13:00:44.718423 32137 raft_consensus.cc:359] T 6e2d8badfba44775b4f880352a448e76 P d0b753e811664324be1f9fa3c7ae0c7e [term 0 FOLLOWER]: Replica starting. Triggering 0 pending ops. Active config: opid_index: -1 OBSOLETE_local: false peers { permanent_uuid: "2c79e0ea07004affa851aa090336c5bf" member_type: VOTER last_known_addr { host: "127.28.69.193" port: 39997 } } peers { permanent_uuid: "d0b753e811664324be1f9fa3c7ae0c7e" member_type: VOTER last_known_addr { host: "127.28.69.194" port: 44011 } } peers { permanent_uuid: "c6a31d9891824dda98f98a31ab5eec0f" member_type: VOTER last_known_addr { host: "127.28.69.195" port: 45711 } }
I20260608 13:00:44.719134 32137 raft_consensus.cc:385] T 6e2d8badfba44775b4f880352a448e76 P d0b753e811664324be1f9fa3c7ae0c7e [term 0 FOLLOWER]: Consensus starting up: Expiring failure detector timer to make a prompt election more likely
I20260608 13:00:44.719398 32137 raft_consensus.cc:740] T 6e2d8badfba44775b4f880352a448e76 P d0b753e811664324be1f9fa3c7ae0c7e [term 0 FOLLOWER]: Becoming Follower/Learner. State: Replica: d0b753e811664324be1f9fa3c7ae0c7e, State: Initialized, Role: FOLLOWER
I20260608 13:00:44.720156 32137 consensus_queue.cc:260] T 6e2d8badfba44775b4f880352a448e76 P d0b753e811664324be1f9fa3c7ae0c7e [NON_LEADER]: Queue going to NON_LEADER mode. State: All replicated index: 0, Majority replicated index: 0, Committed index: 0, Last appended: 0.0, Last appended by leader: 0, Current term: 0, Majority size: -1, State: 0, Mode: NON_LEADER, active raft config: opid_index: -1 OBSOLETE_local: false peers { permanent_uuid: "2c79e0ea07004affa851aa090336c5bf" member_type: VOTER last_known_addr { host: "127.28.69.193" port: 39997 } } peers { permanent_uuid: "d0b753e811664324be1f9fa3c7ae0c7e" member_type: VOTER last_known_addr { host: "127.28.69.194" port: 44011 } } peers { permanent_uuid: "c6a31d9891824dda98f98a31ab5eec0f" member_type: VOTER last_known_addr { host: "127.28.69.195" port: 45711 } }
I20260608 13:00:44.721894 32146 raft_consensus.cc:515] T de4d5b4713cc4f1cbec764a05fc36f3a P d0b753e811664324be1f9fa3c7ae0c7e [term 1 FOLLOWER]: Starting leader election with config: opid_index: -1 OBSOLETE_local: false peers { permanent_uuid: "2c79e0ea07004affa851aa090336c5bf" member_type: VOTER last_known_addr { host: "127.28.69.193" port: 39997 } } peers { permanent_uuid: "d0b753e811664324be1f9fa3c7ae0c7e" member_type: VOTER last_known_addr { host: "127.28.69.194" port: 44011 } } peers { permanent_uuid: "c6a31d9891824dda98f98a31ab5eec0f" member_type: VOTER last_known_addr { host: "127.28.69.195" port: 45711 } }
I20260608 13:00:44.725682 32015 tablet_service.cc:1917] Received RequestConsensusVote() RPC: tablet_id: "9033149f38e540a698a8b5c0ec0aab42" candidate_uuid: "c6a31d9891824dda98f98a31ab5eec0f" candidate_term: 1 candidate_status { last_received { term: 0 index: 0 } } ignore_live_leader: false dest_uuid: "d0b753e811664324be1f9fa3c7ae0c7e"
I20260608 13:00:44.727459 32167 raft_consensus.cc:493] T 14a17323d0d946eca7d0204d8dc95dc1 P c6a31d9891824dda98f98a31ab5eec0f [term 0 FOLLOWER]: Starting pre-election (no leader contacted us within the election timeout)
I20260608 13:00:44.728003 32167 raft_consensus.cc:515] T 14a17323d0d946eca7d0204d8dc95dc1 P c6a31d9891824dda98f98a31ab5eec0f [term 0 FOLLOWER]: Starting pre-election with config: opid_index: -1 OBSOLETE_local: false peers { permanent_uuid: "d0b753e811664324be1f9fa3c7ae0c7e" member_type: VOTER last_known_addr { host: "127.28.69.194" port: 44011 } } peers { permanent_uuid: "2c79e0ea07004affa851aa090336c5bf" member_type: VOTER last_known_addr { host: "127.28.69.193" port: 39997 } } peers { permanent_uuid: "c6a31d9891824dda98f98a31ab5eec0f" member_type: VOTER last_known_addr { host: "127.28.69.195" port: 45711 } }
I20260608 13:00:44.728645 31940 tablet_service.cc:1917] Received RequestConsensusVote() RPC: tablet_id: "de4d5b4713cc4f1cbec764a05fc36f3a" candidate_uuid: "d0b753e811664324be1f9fa3c7ae0c7e" candidate_term: 1 candidate_status { last_received { term: 0 index: 0 } } ignore_live_leader: false dest_uuid: "2c79e0ea07004affa851aa090336c5bf"
I20260608 13:00:44.729321 31940 raft_consensus.cc:3060] T de4d5b4713cc4f1cbec764a05fc36f3a P 2c79e0ea07004affa851aa090336c5bf [term 0 FOLLOWER]: Advancing to term 1
I20260608 13:00:44.730598 32167 leader_election.cc:290] T 14a17323d0d946eca7d0204d8dc95dc1 P c6a31d9891824dda98f98a31ab5eec0f [CANDIDATE]: Term 1 pre-election: Requested pre-vote from peers d0b753e811664324be1f9fa3c7ae0c7e (127.28.69.194:44011), 2c79e0ea07004affa851aa090336c5bf (127.28.69.193:39997)
I20260608 13:00:44.729396 32137 ts_tablet_manager.cc:1434] T 6e2d8badfba44775b4f880352a448e76 P d0b753e811664324be1f9fa3c7ae0c7e: Time spent starting tablet: real 0.014s	user 0.012s	sys 0.001s
W20260608 13:00:44.732129 32054 leader_election.cc:343] T 9033149f38e540a698a8b5c0ec0aab42 P c6a31d9891824dda98f98a31ab5eec0f [CANDIDATE]: Term 1 election: Tablet error from VoteRequest() call to peer d0b753e811664324be1f9fa3c7ae0c7e (127.28.69.194:44011): Illegal state: must be running to vote when last-logged opid is not known
I20260608 13:00:44.732976 32015 tablet_service.cc:1917] Received RequestConsensusVote() RPC: tablet_id: "14a17323d0d946eca7d0204d8dc95dc1" candidate_uuid: "c6a31d9891824dda98f98a31ab5eec0f" candidate_term: 1 candidate_status { last_received { term: 0 index: 0 } } ignore_live_leader: false dest_uuid: "d0b753e811664324be1f9fa3c7ae0c7e" is_pre_election: true
I20260608 13:00:44.734205 31939 tablet_service.cc:1917] Received RequestConsensusVote() RPC: tablet_id: "14a17323d0d946eca7d0204d8dc95dc1" candidate_uuid: "c6a31d9891824dda98f98a31ab5eec0f" candidate_term: 1 candidate_status { last_received { term: 0 index: 0 } } ignore_live_leader: false dest_uuid: "2c79e0ea07004affa851aa090336c5bf" is_pre_election: true
W20260608 13:00:44.734146 32054 leader_election.cc:343] T 14a17323d0d946eca7d0204d8dc95dc1 P c6a31d9891824dda98f98a31ab5eec0f [CANDIDATE]: Term 1 pre-election: Tablet error from VoteRequest() call to peer d0b753e811664324be1f9fa3c7ae0c7e (127.28.69.194:44011): Illegal state: must be running to vote when last-logged opid is not known
I20260608 13:00:44.724454 32016 raft_consensus.cc:2468] T 40375798b94544c58134cff68a9df2a8 P d0b753e811664324be1f9fa3c7ae0c7e [term 1 FOLLOWER]: Leader election vote request: Granting yes vote for candidate 2c79e0ea07004affa851aa090336c5bf in term 1.
I20260608 13:00:44.712724 32141 raft_consensus.cc:493] T 1741fd859207423da28ad9a8c10f6b38 P c6a31d9891824dda98f98a31ab5eec0f [term 0 FOLLOWER]: Starting pre-election (no leader contacted us within the election timeout)
I20260608 13:00:44.736392 32141 raft_consensus.cc:515] T 1741fd859207423da28ad9a8c10f6b38 P c6a31d9891824dda98f98a31ab5eec0f [term 0 FOLLOWER]: Starting pre-election with config: opid_index: -1 OBSOLETE_local: false peers { permanent_uuid: "d0b753e811664324be1f9fa3c7ae0c7e" member_type: VOTER last_known_addr { host: "127.28.69.194" port: 44011 } } peers { permanent_uuid: "2c79e0ea07004affa851aa090336c5bf" member_type: VOTER last_known_addr { host: "127.28.69.193" port: 39997 } } peers { permanent_uuid: "c6a31d9891824dda98f98a31ab5eec0f" member_type: VOTER last_known_addr { host: "127.28.69.195" port: 45711 } }
I20260608 13:00:44.736837 32055 leader_election.cc:304] T 9033149f38e540a698a8b5c0ec0aab42 P c6a31d9891824dda98f98a31ab5eec0f [CANDIDATE]: Term 1 election: Election decided. Result: candidate won. Election summary: received 3 responses out of 3 voters: 2 yes votes; 1 no votes. yes voters: 2c79e0ea07004affa851aa090336c5bf, c6a31d9891824dda98f98a31ab5eec0f; no voters: d0b753e811664324be1f9fa3c7ae0c7e
I20260608 13:00:44.735798 31905 leader_election.cc:304] T 40375798b94544c58134cff68a9df2a8 P 2c79e0ea07004affa851aa090336c5bf [CANDIDATE]: Term 1 election: Election decided. Result: candidate won. Election summary: received 2 responses out of 3 voters: 2 yes votes; 0 no votes. yes voters: 2c79e0ea07004affa851aa090336c5bf, d0b753e811664324be1f9fa3c7ae0c7e; no voters: 
I20260608 13:00:44.738571 32142 raft_consensus.cc:2804] T 40375798b94544c58134cff68a9df2a8 P 2c79e0ea07004affa851aa090336c5bf [term 1 FOLLOWER]: Leader election won for term 1
I20260608 13:00:44.739368 32142 raft_consensus.cc:697] T 40375798b94544c58134cff68a9df2a8 P 2c79e0ea07004affa851aa090336c5bf [term 1 LEADER]: Becoming Leader. State: Replica: 2c79e0ea07004affa851aa090336c5bf, State: Running, Role: LEADER
I20260608 13:00:44.740245 32142 consensus_queue.cc:237] T 40375798b94544c58134cff68a9df2a8 P 2c79e0ea07004affa851aa090336c5bf [LEADER]: Queue going to LEADER mode. State: All replicated index: 0, Majority replicated index: 0, Committed index: 0, Last appended: 0.0, Last appended by leader: 0, Current term: 1, Majority size: 2, State: 0, Mode: LEADER, active raft config: opid_index: -1 OBSOLETE_local: false peers { permanent_uuid: "2c79e0ea07004affa851aa090336c5bf" member_type: VOTER last_known_addr { host: "127.28.69.193" port: 39997 } } peers { permanent_uuid: "d0b753e811664324be1f9fa3c7ae0c7e" member_type: VOTER last_known_addr { host: "127.28.69.194" port: 44011 } } peers { permanent_uuid: "c6a31d9891824dda98f98a31ab5eec0f" member_type: VOTER last_known_addr { host: "127.28.69.195" port: 45711 } }
I20260608 13:00:44.740938 32090 raft_consensus.cc:2468] T 40375798b94544c58134cff68a9df2a8 P c6a31d9891824dda98f98a31ab5eec0f [term 1 FOLLOWER]: Leader election vote request: Granting yes vote for candidate 2c79e0ea07004affa851aa090336c5bf in term 1.
I20260608 13:00:44.742468 32016 tablet_service.cc:1917] Received RequestConsensusVote() RPC: tablet_id: "1741fd859207423da28ad9a8c10f6b38" candidate_uuid: "c6a31d9891824dda98f98a31ab5eec0f" candidate_term: 1 candidate_status { last_received { term: 0 index: 0 } } ignore_live_leader: false dest_uuid: "d0b753e811664324be1f9fa3c7ae0c7e" is_pre_election: true
I20260608 13:00:44.745549 32016 raft_consensus.cc:2468] T 1741fd859207423da28ad9a8c10f6b38 P d0b753e811664324be1f9fa3c7ae0c7e [term 0 FOLLOWER]: Leader pre-election vote request: Granting yes vote for candidate c6a31d9891824dda98f98a31ab5eec0f in term 0.
I20260608 13:00:44.743973 32141 leader_election.cc:290] T 1741fd859207423da28ad9a8c10f6b38 P c6a31d9891824dda98f98a31ab5eec0f [CANDIDATE]: Term 1 pre-election: Requested pre-vote from peers d0b753e811664324be1f9fa3c7ae0c7e (127.28.69.194:44011), 2c79e0ea07004affa851aa090336c5bf (127.28.69.193:39997)
I20260608 13:00:44.745208 31941 tablet_service.cc:1917] Received RequestConsensusVote() RPC: tablet_id: "1741fd859207423da28ad9a8c10f6b38" candidate_uuid: "c6a31d9891824dda98f98a31ab5eec0f" candidate_term: 1 candidate_status { last_received { term: 0 index: 0 } } ignore_live_leader: false dest_uuid: "2c79e0ea07004affa851aa090336c5bf" is_pre_election: true
I20260608 13:00:44.746526 32141 raft_consensus.cc:2804] T 9033149f38e540a698a8b5c0ec0aab42 P c6a31d9891824dda98f98a31ab5eec0f [term 1 FOLLOWER]: Leader election won for term 1
I20260608 13:00:44.746984 32141 raft_consensus.cc:697] T 9033149f38e540a698a8b5c0ec0aab42 P c6a31d9891824dda98f98a31ab5eec0f [term 1 LEADER]: Becoming Leader. State: Replica: c6a31d9891824dda98f98a31ab5eec0f, State: Running, Role: LEADER
W20260608 13:00:44.747323 32055 leader_election.cc:343] T 1741fd859207423da28ad9a8c10f6b38 P c6a31d9891824dda98f98a31ab5eec0f [CANDIDATE]: Term 1 pre-election: Tablet error from VoteRequest() call to peer 2c79e0ea07004affa851aa090336c5bf (127.28.69.193:39997): Illegal state: must be running to vote when last-logged opid is not known
I20260608 13:00:44.747792 32141 consensus_queue.cc:237] T 9033149f38e540a698a8b5c0ec0aab42 P c6a31d9891824dda98f98a31ab5eec0f [LEADER]: Queue going to LEADER mode. State: All replicated index: 0, Majority replicated index: 0, Committed index: 0, Last appended: 0.0, Last appended by leader: 0, Current term: 1, Majority size: 2, State: 0, Mode: LEADER, active raft config: opid_index: -1 OBSOLETE_local: false peers { permanent_uuid: "c6a31d9891824dda98f98a31ab5eec0f" member_type: VOTER last_known_addr { host: "127.28.69.195" port: 45711 } } peers { permanent_uuid: "d0b753e811664324be1f9fa3c7ae0c7e" member_type: VOTER last_known_addr { host: "127.28.69.194" port: 44011 } } peers { permanent_uuid: "2c79e0ea07004affa851aa090336c5bf" member_type: VOTER last_known_addr { host: "127.28.69.193" port: 39997 } }
I20260608 13:00:44.748925 31940 raft_consensus.cc:2468] T de4d5b4713cc4f1cbec764a05fc36f3a P 2c79e0ea07004affa851aa090336c5bf [term 1 FOLLOWER]: Leader election vote request: Granting yes vote for candidate d0b753e811664324be1f9fa3c7ae0c7e in term 1.
I20260608 13:00:44.743237 32137 tablet_bootstrap.cc:492] T de715eda8be94c2e804212a0e1a1ceae P d0b753e811664324be1f9fa3c7ae0c7e: Bootstrap starting.
I20260608 13:00:44.749807 32054 leader_election.cc:304] T 1741fd859207423da28ad9a8c10f6b38 P c6a31d9891824dda98f98a31ab5eec0f [CANDIDATE]: Term 1 pre-election: Election decided. Result: candidate won. Election summary: received 3 responses out of 3 voters: 2 yes votes; 1 no votes. yes voters: c6a31d9891824dda98f98a31ab5eec0f, d0b753e811664324be1f9fa3c7ae0c7e; no voters: 2c79e0ea07004affa851aa090336c5bf
I20260608 13:00:44.725543 32138 raft_consensus.cc:359] T 14a17323d0d946eca7d0204d8dc95dc1 P 2c79e0ea07004affa851aa090336c5bf [term 0 FOLLOWER]: Replica starting. Triggering 0 pending ops. Active config: opid_index: -1 OBSOLETE_local: false peers { permanent_uuid: "d0b753e811664324be1f9fa3c7ae0c7e" member_type: VOTER last_known_addr { host: "127.28.69.194" port: 44011 } } peers { permanent_uuid: "2c79e0ea07004affa851aa090336c5bf" member_type: VOTER last_known_addr { host: "127.28.69.193" port: 39997 } } peers { permanent_uuid: "c6a31d9891824dda98f98a31ab5eec0f" member_type: VOTER last_known_addr { host: "127.28.69.195" port: 45711 } }
I20260608 13:00:44.751055 32138 raft_consensus.cc:385] T 14a17323d0d946eca7d0204d8dc95dc1 P 2c79e0ea07004affa851aa090336c5bf [term 0 FOLLOWER]: Consensus starting up: Expiring failure detector timer to make a prompt election more likely
I20260608 13:00:44.751152 31981 leader_election.cc:304] T de4d5b4713cc4f1cbec764a05fc36f3a P d0b753e811664324be1f9fa3c7ae0c7e [CANDIDATE]: Term 1 election: Election decided. Result: candidate won. Election summary: received 2 responses out of 3 voters: 2 yes votes; 0 no votes. yes voters: 2c79e0ea07004affa851aa090336c5bf, d0b753e811664324be1f9fa3c7ae0c7e; no voters: 
I20260608 13:00:44.751441 32138 raft_consensus.cc:740] T 14a17323d0d946eca7d0204d8dc95dc1 P 2c79e0ea07004affa851aa090336c5bf [term 0 FOLLOWER]: Becoming Follower/Learner. State: Replica: 2c79e0ea07004affa851aa090336c5bf, State: Initialized, Role: FOLLOWER
I20260608 13:00:44.752362 32138 consensus_queue.cc:260] T 14a17323d0d946eca7d0204d8dc95dc1 P 2c79e0ea07004affa851aa090336c5bf [NON_LEADER]: Queue going to NON_LEADER mode. State: All replicated index: 0, Majority replicated index: 0, Committed index: 0, Last appended: 0.0, Last appended by leader: 0, Current term: 0, Majority size: -1, State: 0, Mode: NON_LEADER, active raft config: opid_index: -1 OBSOLETE_local: false peers { permanent_uuid: "d0b753e811664324be1f9fa3c7ae0c7e" member_type: VOTER last_known_addr { host: "127.28.69.194" port: 44011 } } peers { permanent_uuid: "2c79e0ea07004affa851aa090336c5bf" member_type: VOTER last_known_addr { host: "127.28.69.193" port: 39997 } } peers { permanent_uuid: "c6a31d9891824dda98f98a31ab5eec0f" member_type: VOTER last_known_addr { host: "127.28.69.195" port: 45711 } }
I20260608 13:00:44.753330 31939 raft_consensus.cc:2468] T 14a17323d0d946eca7d0204d8dc95dc1 P 2c79e0ea07004affa851aa090336c5bf [term 0 FOLLOWER]: Leader pre-election vote request: Granting yes vote for candidate c6a31d9891824dda98f98a31ab5eec0f in term 0.
I20260608 13:00:44.754705 32138 ts_tablet_manager.cc:1434] T 14a17323d0d946eca7d0204d8dc95dc1 P 2c79e0ea07004affa851aa090336c5bf: Time spent starting tablet: real 0.032s	user 0.005s	sys 0.000s
I20260608 13:00:44.755668 32138 tablet_bootstrap.cc:492] T 4d02837edb104cc6930fa1a1839f1b39 P 2c79e0ea07004affa851aa090336c5bf: Bootstrap starting.
I20260608 13:00:44.756320 32055 leader_election.cc:304] T 14a17323d0d946eca7d0204d8dc95dc1 P c6a31d9891824dda98f98a31ab5eec0f [CANDIDATE]: Term 1 pre-election: Election decided. Result: candidate won. Election summary: received 3 responses out of 3 voters: 2 yes votes; 1 no votes. yes voters: 2c79e0ea07004affa851aa090336c5bf, c6a31d9891824dda98f98a31ab5eec0f; no voters: d0b753e811664324be1f9fa3c7ae0c7e
I20260608 13:00:44.757179 31837 catalog_manager.cc:5696] T 40375798b94544c58134cff68a9df2a8 P 2c79e0ea07004affa851aa090336c5bf reported cstate change: term changed from 0 to 1, leader changed from <none> to 2c79e0ea07004affa851aa090336c5bf (127.28.69.193). New cstate: current_term: 1 leader_uuid: "2c79e0ea07004affa851aa090336c5bf" committed_config { opid_index: -1 OBSOLETE_local: false peers { permanent_uuid: "2c79e0ea07004affa851aa090336c5bf" member_type: VOTER last_known_addr { host: "127.28.69.193" port: 39997 } health_report { overall_health: HEALTHY } } peers { permanent_uuid: "d0b753e811664324be1f9fa3c7ae0c7e" member_type: VOTER last_known_addr { host: "127.28.69.194" port: 44011 } health_report { overall_health: UNKNOWN } } peers { permanent_uuid: "c6a31d9891824dda98f98a31ab5eec0f" member_type: VOTER last_known_addr { host: "127.28.69.195" port: 45711 } health_report { overall_health: UNKNOWN } } }
I20260608 13:00:44.751235 32167 raft_consensus.cc:2804] T 1741fd859207423da28ad9a8c10f6b38 P c6a31d9891824dda98f98a31ab5eec0f [term 0 FOLLOWER]: Leader pre-election won for term 1
I20260608 13:00:44.759408 32167 raft_consensus.cc:493] T 1741fd859207423da28ad9a8c10f6b38 P c6a31d9891824dda98f98a31ab5eec0f [term 0 FOLLOWER]: Starting leader election (no leader contacted us within the election timeout)
I20260608 13:00:44.759753 32167 raft_consensus.cc:3060] T 1741fd859207423da28ad9a8c10f6b38 P c6a31d9891824dda98f98a31ab5eec0f [term 0 FOLLOWER]: Advancing to term 1
I20260608 13:00:44.762387 32146 leader_election.cc:290] T de4d5b4713cc4f1cbec764a05fc36f3a P d0b753e811664324be1f9fa3c7ae0c7e [CANDIDATE]: Term 1 election: Requested vote from peers 2c79e0ea07004affa851aa090336c5bf (127.28.69.193:39997), c6a31d9891824dda98f98a31ab5eec0f (127.28.69.195:45711)
I20260608 13:00:44.762970 32146 raft_consensus.cc:2804] T de4d5b4713cc4f1cbec764a05fc36f3a P d0b753e811664324be1f9fa3c7ae0c7e [term 1 FOLLOWER]: Leader election won for term 1
I20260608 13:00:44.764807 32090 tablet_service.cc:1917] Received RequestConsensusVote() RPC: tablet_id: "de4d5b4713cc4f1cbec764a05fc36f3a" candidate_uuid: "d0b753e811664324be1f9fa3c7ae0c7e" candidate_term: 1 candidate_status { last_received { term: 0 index: 0 } } ignore_live_leader: false dest_uuid: "c6a31d9891824dda98f98a31ab5eec0f"
I20260608 13:00:44.765398 32090 raft_consensus.cc:3060] T de4d5b4713cc4f1cbec764a05fc36f3a P c6a31d9891824dda98f98a31ab5eec0f [term 0 FOLLOWER]: Advancing to term 1
I20260608 13:00:44.763397 32146 raft_consensus.cc:697] T de4d5b4713cc4f1cbec764a05fc36f3a P d0b753e811664324be1f9fa3c7ae0c7e [term 1 LEADER]: Becoming Leader. State: Replica: d0b753e811664324be1f9fa3c7ae0c7e, State: Running, Role: LEADER
I20260608 13:00:44.769232 32167 raft_consensus.cc:515] T 1741fd859207423da28ad9a8c10f6b38 P c6a31d9891824dda98f98a31ab5eec0f [term 1 FOLLOWER]: Starting leader election with config: opid_index: -1 OBSOLETE_local: false peers { permanent_uuid: "d0b753e811664324be1f9fa3c7ae0c7e" member_type: VOTER last_known_addr { host: "127.28.69.194" port: 44011 } } peers { permanent_uuid: "2c79e0ea07004affa851aa090336c5bf" member_type: VOTER last_known_addr { host: "127.28.69.193" port: 39997 } } peers { permanent_uuid: "c6a31d9891824dda98f98a31ab5eec0f" member_type: VOTER last_known_addr { host: "127.28.69.195" port: 45711 } }
I20260608 13:00:44.770910 32169 raft_consensus.cc:493] T 4d02837edb104cc6930fa1a1839f1b39 P d0b753e811664324be1f9fa3c7ae0c7e [term 0 FOLLOWER]: Starting pre-election (no leader contacted us within the election timeout)
I20260608 13:00:44.772117 32169 raft_consensus.cc:515] T 4d02837edb104cc6930fa1a1839f1b39 P d0b753e811664324be1f9fa3c7ae0c7e [term 0 FOLLOWER]: Starting pre-election with config: opid_index: -1 OBSOLETE_local: false peers { permanent_uuid: "2c79e0ea07004affa851aa090336c5bf" member_type: VOTER last_known_addr { host: "127.28.69.193" port: 39997 } } peers { permanent_uuid: "d0b753e811664324be1f9fa3c7ae0c7e" member_type: VOTER last_known_addr { host: "127.28.69.194" port: 44011 } } peers { permanent_uuid: "c6a31d9891824dda98f98a31ab5eec0f" member_type: VOTER last_known_addr { host: "127.28.69.195" port: 45711 } }
I20260608 13:00:44.772965 32090 raft_consensus.cc:2468] T de4d5b4713cc4f1cbec764a05fc36f3a P c6a31d9891824dda98f98a31ab5eec0f [term 1 FOLLOWER]: Leader election vote request: Granting yes vote for candidate d0b753e811664324be1f9fa3c7ae0c7e in term 1.
I20260608 13:00:44.772087 32146 consensus_queue.cc:237] T de4d5b4713cc4f1cbec764a05fc36f3a P d0b753e811664324be1f9fa3c7ae0c7e [LEADER]: Queue going to LEADER mode. State: All replicated index: 0, Majority replicated index: 0, Committed index: 0, Last appended: 0.0, Last appended by leader: 0, Current term: 1, Majority size: 2, State: 0, Mode: LEADER, active raft config: opid_index: -1 OBSOLETE_local: false peers { permanent_uuid: "2c79e0ea07004affa851aa090336c5bf" member_type: VOTER last_known_addr { host: "127.28.69.193" port: 39997 } } peers { permanent_uuid: "d0b753e811664324be1f9fa3c7ae0c7e" member_type: VOTER last_known_addr { host: "127.28.69.194" port: 44011 } } peers { permanent_uuid: "c6a31d9891824dda98f98a31ab5eec0f" member_type: VOTER last_known_addr { host: "127.28.69.195" port: 45711 } }
I20260608 13:00:44.771364 32167 leader_election.cc:290] T 1741fd859207423da28ad9a8c10f6b38 P c6a31d9891824dda98f98a31ab5eec0f [CANDIDATE]: Term 1 election: Requested vote from peers d0b753e811664324be1f9fa3c7ae0c7e (127.28.69.194:44011), 2c79e0ea07004affa851aa090336c5bf (127.28.69.193:39997)
I20260608 13:00:44.779963 32167 raft_consensus.cc:2804] T 14a17323d0d946eca7d0204d8dc95dc1 P c6a31d9891824dda98f98a31ab5eec0f [term 0 FOLLOWER]: Leader pre-election won for term 1
I20260608 13:00:44.780445 32167 raft_consensus.cc:493] T 14a17323d0d946eca7d0204d8dc95dc1 P c6a31d9891824dda98f98a31ab5eec0f [term 0 FOLLOWER]: Starting leader election (no leader contacted us within the election timeout)
I20260608 13:00:44.780821 31892 auto_leader_rebalancer.cc:140] leader rebalance for table range_aware_rebalance_new_range
I20260608 13:00:44.780901 32167 raft_consensus.cc:3060] T 14a17323d0d946eca7d0204d8dc95dc1 P c6a31d9891824dda98f98a31ab5eec0f [term 0 FOLLOWER]: Advancing to term 1
W20260608 13:00:44.781515 31887 auto_rebalancer.cc:259] Could not retrieve cluster info: Service unavailable: Tablet not running
W20260608 13:00:44.781947 31892 auto_leader_rebalancer.cc:460] the master instance isn't leader: Service unavailable: Tablet not running
I20260608 13:00:44.783433 31939 tablet_service.cc:1917] Received RequestConsensusVote() RPC: tablet_id: "4d02837edb104cc6930fa1a1839f1b39" candidate_uuid: "d0b753e811664324be1f9fa3c7ae0c7e" candidate_term: 1 candidate_status { last_received { term: 0 index: 0 } } ignore_live_leader: false dest_uuid: "2c79e0ea07004affa851aa090336c5bf" is_pre_election: true
I20260608 13:00:44.779874 32016 tablet_service.cc:1917] Received RequestConsensusVote() RPC: tablet_id: "1741fd859207423da28ad9a8c10f6b38" candidate_uuid: "c6a31d9891824dda98f98a31ab5eec0f" candidate_term: 1 candidate_status { last_received { term: 0 index: 0 } } ignore_live_leader: false dest_uuid: "d0b753e811664324be1f9fa3c7ae0c7e"
W20260608 13:00:44.784966 31981 leader_election.cc:343] T 4d02837edb104cc6930fa1a1839f1b39 P d0b753e811664324be1f9fa3c7ae0c7e [CANDIDATE]: Term 1 pre-election: Tablet error from VoteRequest() call to peer 2c79e0ea07004affa851aa090336c5bf (127.28.69.193:39997): Illegal state: must be running to vote when last-logged opid is not known
I20260608 13:00:44.785144 32016 raft_consensus.cc:3060] T 1741fd859207423da28ad9a8c10f6b38 P d0b753e811664324be1f9fa3c7ae0c7e [term 0 FOLLOWER]: Advancing to term 1
I20260608 13:00:44.786172 32169 leader_election.cc:290] T 4d02837edb104cc6930fa1a1839f1b39 P d0b753e811664324be1f9fa3c7ae0c7e [CANDIDATE]: Term 1 pre-election: Requested pre-vote from peers 2c79e0ea07004affa851aa090336c5bf (127.28.69.193:39997), c6a31d9891824dda98f98a31ab5eec0f (127.28.69.195:45711)
I20260608 13:00:44.787896 32167 raft_consensus.cc:515] T 14a17323d0d946eca7d0204d8dc95dc1 P c6a31d9891824dda98f98a31ab5eec0f [term 1 FOLLOWER]: Starting leader election with config: opid_index: -1 OBSOLETE_local: false peers { permanent_uuid: "d0b753e811664324be1f9fa3c7ae0c7e" member_type: VOTER last_known_addr { host: "127.28.69.194" port: 44011 } } peers { permanent_uuid: "2c79e0ea07004affa851aa090336c5bf" member_type: VOTER last_known_addr { host: "127.28.69.193" port: 39997 } } peers { permanent_uuid: "c6a31d9891824dda98f98a31ab5eec0f" member_type: VOTER last_known_addr { host: "127.28.69.195" port: 45711 } }
I20260608 13:00:44.791446 32167 leader_election.cc:290] T 14a17323d0d946eca7d0204d8dc95dc1 P c6a31d9891824dda98f98a31ab5eec0f [CANDIDATE]: Term 1 election: Requested vote from peers d0b753e811664324be1f9fa3c7ae0c7e (127.28.69.194:44011), 2c79e0ea07004affa851aa090336c5bf (127.28.69.193:39997)
I20260608 13:00:44.794415 32137 tablet_bootstrap.cc:654] T de715eda8be94c2e804212a0e1a1ceae P d0b753e811664324be1f9fa3c7ae0c7e: Neither blocks nor log segments found. Creating new log.
I20260608 13:00:44.795117 32016 raft_consensus.cc:2468] T 1741fd859207423da28ad9a8c10f6b38 P d0b753e811664324be1f9fa3c7ae0c7e [term 1 FOLLOWER]: Leader election vote request: Granting yes vote for candidate c6a31d9891824dda98f98a31ab5eec0f in term 1.
I20260608 13:00:44.795300 31939 tablet_service.cc:1917] Received RequestConsensusVote() RPC: tablet_id: "1741fd859207423da28ad9a8c10f6b38" candidate_uuid: "c6a31d9891824dda98f98a31ab5eec0f" candidate_term: 1 candidate_status { last_received { term: 0 index: 0 } } ignore_live_leader: false dest_uuid: "2c79e0ea07004affa851aa090336c5bf"
I20260608 13:00:44.796741 31940 tablet_service.cc:1917] Received RequestConsensusVote() RPC: tablet_id: "14a17323d0d946eca7d0204d8dc95dc1" candidate_uuid: "c6a31d9891824dda98f98a31ab5eec0f" candidate_term: 1 candidate_status { last_received { term: 0 index: 0 } } ignore_live_leader: false dest_uuid: "2c79e0ea07004affa851aa090336c5bf"
W20260608 13:00:44.797056 32055 leader_election.cc:343] T 1741fd859207423da28ad9a8c10f6b38 P c6a31d9891824dda98f98a31ab5eec0f [CANDIDATE]: Term 1 election: Tablet error from VoteRequest() call to peer 2c79e0ea07004affa851aa090336c5bf (127.28.69.193:39997): Illegal state: must be running to vote when last-logged opid is not known
I20260608 13:00:44.797513 31838 catalog_manager.cc:5696] T 9033149f38e540a698a8b5c0ec0aab42 P c6a31d9891824dda98f98a31ab5eec0f reported cstate change: term changed from 0 to 1, leader changed from <none> to c6a31d9891824dda98f98a31ab5eec0f (127.28.69.195). New cstate: current_term: 1 leader_uuid: "c6a31d9891824dda98f98a31ab5eec0f" committed_config { opid_index: -1 OBSOLETE_local: false peers { permanent_uuid: "c6a31d9891824dda98f98a31ab5eec0f" member_type: VOTER last_known_addr { host: "127.28.69.195" port: 45711 } health_report { overall_health: HEALTHY } } peers { permanent_uuid: "d0b753e811664324be1f9fa3c7ae0c7e" member_type: VOTER last_known_addr { host: "127.28.69.194" port: 44011 } health_report { overall_health: UNKNOWN } } peers { permanent_uuid: "2c79e0ea07004affa851aa090336c5bf" member_type: VOTER last_known_addr { host: "127.28.69.193" port: 39997 } health_report { overall_health: UNKNOWN } } }
I20260608 13:00:44.798617 32138 tablet_bootstrap.cc:654] T 4d02837edb104cc6930fa1a1839f1b39 P 2c79e0ea07004affa851aa090336c5bf: Neither blocks nor log segments found. Creating new log.
I20260608 13:00:44.799265 31940 raft_consensus.cc:3060] T 14a17323d0d946eca7d0204d8dc95dc1 P 2c79e0ea07004affa851aa090336c5bf [term 0 FOLLOWER]: Advancing to term 1
I20260608 13:00:44.810442 32090 tablet_service.cc:1917] Received RequestConsensusVote() RPC: tablet_id: "4d02837edb104cc6930fa1a1839f1b39" candidate_uuid: "d0b753e811664324be1f9fa3c7ae0c7e" candidate_term: 1 candidate_status { last_received { term: 0 index: 0 } } ignore_live_leader: false dest_uuid: "c6a31d9891824dda98f98a31ab5eec0f" is_pre_election: true
I20260608 13:00:44.810550 32054 leader_election.cc:304] T 1741fd859207423da28ad9a8c10f6b38 P c6a31d9891824dda98f98a31ab5eec0f [CANDIDATE]: Term 1 election: Election decided. Result: candidate won. Election summary: received 3 responses out of 3 voters: 2 yes votes; 1 no votes. yes voters: c6a31d9891824dda98f98a31ab5eec0f, d0b753e811664324be1f9fa3c7ae0c7e; no voters: 2c79e0ea07004affa851aa090336c5bf
I20260608 13:00:44.811071 32090 raft_consensus.cc:2468] T 4d02837edb104cc6930fa1a1839f1b39 P c6a31d9891824dda98f98a31ab5eec0f [term 0 FOLLOWER]: Leader pre-election vote request: Granting yes vote for candidate d0b753e811664324be1f9fa3c7ae0c7e in term 0.
I20260608 13:00:44.812414 32016 tablet_service.cc:1917] Received RequestConsensusVote() RPC: tablet_id: "14a17323d0d946eca7d0204d8dc95dc1" candidate_uuid: "c6a31d9891824dda98f98a31ab5eec0f" candidate_term: 1 candidate_status { last_received { term: 0 index: 0 } } ignore_live_leader: false dest_uuid: "d0b753e811664324be1f9fa3c7ae0c7e"
I20260608 13:00:44.813123 31979 leader_election.cc:304] T 4d02837edb104cc6930fa1a1839f1b39 P d0b753e811664324be1f9fa3c7ae0c7e [CANDIDATE]: Term 1 pre-election: Election decided. Result: candidate won. Election summary: received 3 responses out of 3 voters: 2 yes votes; 1 no votes. yes voters: c6a31d9891824dda98f98a31ab5eec0f, d0b753e811664324be1f9fa3c7ae0c7e; no voters: 2c79e0ea07004affa851aa090336c5bf
