W20260608 12:59:43.722502 29228 system_unsync_time.cc:38] NTP support is disabled. Clock error bounds will not be accurate. This configuration is not suitable for distributed clusters.
I20260608 12:59:43.722724 29228 hybrid_clock.cc:648] HybridClock initialized: now 1780923583722689 us; error 0 us; skew 500 ppm
I20260608 12:59:43.723354 29228 server_base.cc:861] Flag tcmalloc_max_total_thread_cache_bytes is not working since tcmalloc is not enabled.
I20260608 12:59:43.726296 29228 webserver.cc:533] Webserver started at http://127.28.139.1:35555/ using document root <none> and password file <none>
I20260608 12:59:43.726882 29228 fs_manager.cc:362] Metadata directory not provided
I20260608 12:59:43.727082 29228 fs_manager.cc:368] Using write-ahead log directory (fs_wal_dir) as metadata directory
I20260608 12:59:43.727496 29228 server_base.cc:909] This appears to be a new deployment of Kudu; creating new FS layout
I20260608 12:59:43.728713 29228 fs_manager.cc:1068] Generated new instance metadata in path /tmp/dist-test-task1iOF1R/test-tmp/auto_rebalancer-test.0.AutoRebalancerTest.MovesScheduledIfAddTserver.1780923557006884-29228-0/minicluster-data/ts-0-root/instance:
uuid: "f29095db72564b81964075236c4d034d"
format_stamp: "Formatted at 2026-06-08 12:59:43 on dist-test-slave-90g1"
I20260608 12:59:43.733889 29228 fs_manager.cc:696] Time spent creating directory manager: real 0.005s	user 0.002s	sys 0.003s
I20260608 12:59:43.738214 30984 log_block_manager.cc:4031] Time spent loading block containers with low live blocks: real 0.000s	user 0.000s	sys 0.000s
I20260608 12:59:43.739168 29228 fs_manager.cc:730] Time spent opening block manager: real 0.003s	user 0.002s	sys 0.000s
I20260608 12:59:43.739583 29228 fs_manager.cc:647] Opened local filesystem: /tmp/dist-test-task1iOF1R/test-tmp/auto_rebalancer-test.0.AutoRebalancerTest.MovesScheduledIfAddTserver.1780923557006884-29228-0/minicluster-data/ts-0-root
uuid: "f29095db72564b81964075236c4d034d"
format_stamp: "Formatted at 2026-06-08 12:59:43 on dist-test-slave-90g1"
I20260608 12:59:43.739928 29228 fs_report.cc:389] FS layout report
--------------------
wal directory: /tmp/dist-test-task1iOF1R/test-tmp/auto_rebalancer-test.0.AutoRebalancerTest.MovesScheduledIfAddTserver.1780923557006884-29228-0/minicluster-data/ts-0-root
metadata directory: /tmp/dist-test-task1iOF1R/test-tmp/auto_rebalancer-test.0.AutoRebalancerTest.MovesScheduledIfAddTserver.1780923557006884-29228-0/minicluster-data/ts-0-root
1 data directories: /tmp/dist-test-task1iOF1R/test-tmp/auto_rebalancer-test.0.AutoRebalancerTest.MovesScheduledIfAddTserver.1780923557006884-29228-0/minicluster-data/ts-0-root/data
Total live blocks: 0
Total live bytes: 0
Total live bytes (after alignment): 0
Total number of LBM containers: 0 (0 full)
Did not check for missing blocks
Did not check for orphaned blocks
Total full LBM containers with extra space: 0 (0 repaired)
Total full LBM container extra space in bytes: 0 (0 repaired)
Total incomplete LBM containers: 0 (0 repaired)
Total LBM partial records: 0 (0 repaired)
Total corrupted LBM metadata records in RocksDB: 0 (0 repaired)
I20260608 12:59:43.764223 29228 rpc_server.cc:225] running with OpenSSL 1.1.1  11 Sep 2018
I20260608 12:59:43.765573 29228 kserver.cc:163] Server-wide thread pool size limit: 3276
I20260608 12:59:43.767150 29228 txn_system_client.cc:432] TxnSystemClient initialization is disabled...
I20260608 12:59:43.770006 29228 ts_tablet_manager.cc:585] Loaded tablet metadata (0 total tablets, 0 live tablets)
I20260608 12:59:43.770247 29228 ts_tablet_manager.cc:531] Time spent load tablet metadata: real 0.000s	user 0.000s	sys 0.000s
I20260608 12:59:43.770510 29228 ts_tablet_manager.cc:616] Registered 0 tablets
I20260608 12:59:43.770695 29228 ts_tablet_manager.cc:595] Time spent register tablets: real 0.000s	user 0.000s	sys 0.000s
I20260608 12:59:43.814026 29228 rpc_server.cc:307] RPC server started. Bound to: 127.28.139.1:44933
I20260608 12:59:43.814177 31046 acceptor_pool.cc:272] collecting diagnostics on the listening RPC socket 127.28.139.1:44933 every 8 connection(s)
I20260608 12:59:43.819643 29228 file_cache.cc:492] Constructed file cache file cache with capacity 419430
W20260608 12:59:43.827847 31051 instance_detector.cc:116] could not retrieve AWS instance metadata: Network error: curl error: HTTP response code said error: The requested URL returned error: 404
W20260608 12:59:43.829936 31052 instance_detector.cc:116] could not retrieve Azure instance metadata: Network error: curl error: HTTP response code said error: The requested URL returned error: 404
W20260608 12:59:43.833866 31054 instance_detector.cc:116] could not retrieve OpenStack instance metadata: Network error: curl error: HTTP response code said error: The requested URL returned error: 404
I20260608 12:59:43.834323 29228 server_base.cc:1061] running on GCE node
I20260608 12:59:43.835228 29228 hybrid_clock.cc:584] initializing the hybrid clock with 'system_unsync' time source
W20260608 12:59:43.835424 29228 system_unsync_time.cc:38] NTP support is disabled. Clock error bounds will not be accurate. This configuration is not suitable for distributed clusters.
I20260608 12:59:43.835639 29228 hybrid_clock.cc:648] HybridClock initialized: now 1780923583835624 us; error 0 us; skew 500 ppm
I20260608 12:59:43.836320 29228 server_base.cc:861] Flag tcmalloc_max_total_thread_cache_bytes is not working since tcmalloc is not enabled.
I20260608 12:59:43.839874 29228 webserver.cc:533] Webserver started at http://127.28.139.2:39153/ using document root <none> and password file <none>
I20260608 12:59:43.840363 31047 heartbeater.cc:344] Connected to a master server at 127.28.139.62:46641
I20260608 12:59:43.840530 29228 fs_manager.cc:362] Metadata directory not provided
I20260608 12:59:43.840782 31047 heartbeater.cc:461] Registering TS with master...
I20260608 12:59:43.840866 29228 fs_manager.cc:368] Using write-ahead log directory (fs_wal_dir) as metadata directory
I20260608 12:59:43.841252 29228 server_base.cc:909] This appears to be a new deployment of Kudu; creating new FS layout
I20260608 12:59:43.841941 31047 heartbeater.cc:507] Master 127.28.139.62:46641 requested a full tablet report, sending...
I20260608 12:59:43.842478 29228 fs_manager.cc:1068] Generated new instance metadata in path /tmp/dist-test-task1iOF1R/test-tmp/auto_rebalancer-test.0.AutoRebalancerTest.MovesScheduledIfAddTserver.1780923557006884-29228-0/minicluster-data/ts-1-root/instance:
uuid: "3355dca5cd9346bc8fadcf108eb466ef"
format_stamp: "Formatted at 2026-06-08 12:59:43 on dist-test-slave-90g1"
I20260608 12:59:43.844339 30920 ts_manager.cc:194] Registered new tserver with Master: f29095db72564b81964075236c4d034d (127.28.139.1:44933)
I20260608 12:59:43.846254 30920 master_service.cc:502] Signed X509 certificate for tserver {username='slave'} at 127.0.0.1:59186
I20260608 12:59:43.847761 29228 fs_manager.cc:696] Time spent creating directory manager: real 0.005s	user 0.004s	sys 0.003s
I20260608 12:59:43.851601 31059 log_block_manager.cc:4031] Time spent loading block containers with low live blocks: real 0.000s	user 0.000s	sys 0.000s
I20260608 12:59:43.852416 29228 fs_manager.cc:730] Time spent opening block manager: real 0.003s	user 0.002s	sys 0.001s
I20260608 12:59:43.852725 29228 fs_manager.cc:647] Opened local filesystem: /tmp/dist-test-task1iOF1R/test-tmp/auto_rebalancer-test.0.AutoRebalancerTest.MovesScheduledIfAddTserver.1780923557006884-29228-0/minicluster-data/ts-1-root
uuid: "3355dca5cd9346bc8fadcf108eb466ef"
format_stamp: "Formatted at 2026-06-08 12:59:43 on dist-test-slave-90g1"
I20260608 12:59:43.853019 29228 fs_report.cc:389] FS layout report
--------------------
wal directory: /tmp/dist-test-task1iOF1R/test-tmp/auto_rebalancer-test.0.AutoRebalancerTest.MovesScheduledIfAddTserver.1780923557006884-29228-0/minicluster-data/ts-1-root
metadata directory: /tmp/dist-test-task1iOF1R/test-tmp/auto_rebalancer-test.0.AutoRebalancerTest.MovesScheduledIfAddTserver.1780923557006884-29228-0/minicluster-data/ts-1-root
1 data directories: /tmp/dist-test-task1iOF1R/test-tmp/auto_rebalancer-test.0.AutoRebalancerTest.MovesScheduledIfAddTserver.1780923557006884-29228-0/minicluster-data/ts-1-root/data
Total live blocks: 0
Total live bytes: 0
Total live bytes (after alignment): 0
Total number of LBM containers: 0 (0 full)
Did not check for missing blocks
Did not check for orphaned blocks
Total full LBM containers with extra space: 0 (0 repaired)
Total full LBM container extra space in bytes: 0 (0 repaired)
Total incomplete LBM containers: 0 (0 repaired)
Total LBM partial records: 0 (0 repaired)
Total corrupted LBM metadata records in RocksDB: 0 (0 repaired)
I20260608 12:59:43.879534 29228 rpc_server.cc:225] running with OpenSSL 1.1.1  11 Sep 2018
I20260608 12:59:43.880827 29228 kserver.cc:163] Server-wide thread pool size limit: 3276
I20260608 12:59:43.882403 29228 txn_system_client.cc:432] TxnSystemClient initialization is disabled...
I20260608 12:59:43.884910 29228 ts_tablet_manager.cc:585] Loaded tablet metadata (0 total tablets, 0 live tablets)
I20260608 12:59:43.885157 29228 ts_tablet_manager.cc:531] Time spent load tablet metadata: real 0.000s	user 0.000s	sys 0.000s
I20260608 12:59:43.885416 29228 ts_tablet_manager.cc:616] Registered 0 tablets
I20260608 12:59:43.885598 29228 ts_tablet_manager.cc:595] Time spent register tablets: real 0.000s	user 0.000s	sys 0.000s
I20260608 12:59:43.931020 29228 rpc_server.cc:307] RPC server started. Bound to: 127.28.139.2:41583
I20260608 12:59:43.931149 31121 acceptor_pool.cc:272] collecting diagnostics on the listening RPC socket 127.28.139.2:41583 every 8 connection(s)
I20260608 12:59:43.936612 29228 file_cache.cc:492] Constructed file cache file cache with capacity 419430
W20260608 12:59:43.945096 31125 instance_detector.cc:116] could not retrieve AWS instance metadata: Network error: curl error: HTTP response code said error: The requested URL returned error: 404
W20260608 12:59:43.946628 31126 instance_detector.cc:116] could not retrieve Azure instance metadata: Network error: curl error: HTTP response code said error: The requested URL returned error: 404
W20260608 12:59:43.949057 31128 instance_detector.cc:116] could not retrieve OpenStack instance metadata: Network error: curl error: HTTP response code said error: The requested URL returned error: 404
I20260608 12:59:43.949736 29228 server_base.cc:1061] running on GCE node
I20260608 12:59:43.950765 29228 hybrid_clock.cc:584] initializing the hybrid clock with 'system_unsync' time source
W20260608 12:59:43.951097 29228 system_unsync_time.cc:38] NTP support is disabled. Clock error bounds will not be accurate. This configuration is not suitable for distributed clusters.
I20260608 12:59:43.951387 29228 hybrid_clock.cc:648] HybridClock initialized: now 1780923583951364 us; error 0 us; skew 500 ppm
I20260608 12:59:43.951538 31122 heartbeater.cc:344] Connected to a master server at 127.28.139.62:46641
I20260608 12:59:43.952064 31122 heartbeater.cc:461] Registering TS with master...
I20260608 12:59:43.952415 29228 server_base.cc:861] Flag tcmalloc_max_total_thread_cache_bytes is not working since tcmalloc is not enabled.
I20260608 12:59:43.953109 31122 heartbeater.cc:507] Master 127.28.139.62:46641 requested a full tablet report, sending...
I20260608 12:59:43.955871 29228 webserver.cc:533] Webserver started at http://127.28.139.3:37071/ using document root <none> and password file <none>
I20260608 12:59:43.956014 30920 ts_manager.cc:194] Registered new tserver with Master: 3355dca5cd9346bc8fadcf108eb466ef (127.28.139.2:41583)
I20260608 12:59:43.956753 29228 fs_manager.cc:362] Metadata directory not provided
I20260608 12:59:43.957067 29228 fs_manager.cc:368] Using write-ahead log directory (fs_wal_dir) as metadata directory
I20260608 12:59:43.957437 29228 server_base.cc:909] This appears to be a new deployment of Kudu; creating new FS layout
I20260608 12:59:43.958122 30920 master_service.cc:502] Signed X509 certificate for tserver {username='slave'} at 127.0.0.1:59192
I20260608 12:59:43.959270 29228 fs_manager.cc:1068] Generated new instance metadata in path /tmp/dist-test-task1iOF1R/test-tmp/auto_rebalancer-test.0.AutoRebalancerTest.MovesScheduledIfAddTserver.1780923557006884-29228-0/minicluster-data/ts-2-root/instance:
uuid: "9b992539476c4d13b80a5dfb13e5d7f0"
format_stamp: "Formatted at 2026-06-08 12:59:43 on dist-test-slave-90g1"
I20260608 12:59:43.965247 29228 fs_manager.cc:696] Time spent creating directory manager: real 0.005s	user 0.002s	sys 0.003s
I20260608 12:59:43.969362 31133 log_block_manager.cc:4031] Time spent loading block containers with low live blocks: real 0.000s	user 0.000s	sys 0.000s
I20260608 12:59:43.970333 29228 fs_manager.cc:730] Time spent opening block manager: real 0.003s	user 0.001s	sys 0.000s
I20260608 12:59:43.970796 29228 fs_manager.cc:647] Opened local filesystem: /tmp/dist-test-task1iOF1R/test-tmp/auto_rebalancer-test.0.AutoRebalancerTest.MovesScheduledIfAddTserver.1780923557006884-29228-0/minicluster-data/ts-2-root
uuid: "9b992539476c4d13b80a5dfb13e5d7f0"
format_stamp: "Formatted at 2026-06-08 12:59:43 on dist-test-slave-90g1"
I20260608 12:59:43.971150 29228 fs_report.cc:389] FS layout report
--------------------
wal directory: /tmp/dist-test-task1iOF1R/test-tmp/auto_rebalancer-test.0.AutoRebalancerTest.MovesScheduledIfAddTserver.1780923557006884-29228-0/minicluster-data/ts-2-root
metadata directory: /tmp/dist-test-task1iOF1R/test-tmp/auto_rebalancer-test.0.AutoRebalancerTest.MovesScheduledIfAddTserver.1780923557006884-29228-0/minicluster-data/ts-2-root
1 data directories: /tmp/dist-test-task1iOF1R/test-tmp/auto_rebalancer-test.0.AutoRebalancerTest.MovesScheduledIfAddTserver.1780923557006884-29228-0/minicluster-data/ts-2-root/data
Total live blocks: 0
Total live bytes: 0
Total live bytes (after alignment): 0
Total number of LBM containers: 0 (0 full)
Did not check for missing blocks
Did not check for orphaned blocks
Total full LBM containers with extra space: 0 (0 repaired)
Total full LBM container extra space in bytes: 0 (0 repaired)
Total incomplete LBM containers: 0 (0 repaired)
Total LBM partial records: 0 (0 repaired)
Total corrupted LBM metadata records in RocksDB: 0 (0 repaired)
I20260608 12:59:44.014256 29228 rpc_server.cc:225] running with OpenSSL 1.1.1  11 Sep 2018
I20260608 12:59:44.015653 29228 kserver.cc:163] Server-wide thread pool size limit: 3276
I20260608 12:59:44.017652 29228 txn_system_client.cc:432] TxnSystemClient initialization is disabled...
I20260608 12:59:44.020735 29228 ts_tablet_manager.cc:585] Loaded tablet metadata (0 total tablets, 0 live tablets)
I20260608 12:59:44.020963 29228 ts_tablet_manager.cc:531] Time spent load tablet metadata: real 0.000s	user 0.000s	sys 0.000s
I20260608 12:59:44.021311 29228 ts_tablet_manager.cc:616] Registered 0 tablets
I20260608 12:59:44.021512 29228 ts_tablet_manager.cc:595] Time spent register tablets: real 0.000s	user 0.000s	sys 0.000s
I20260608 12:59:44.068161 29228 rpc_server.cc:307] RPC server started. Bound to: 127.28.139.3:38079
I20260608 12:59:44.068285 31195 acceptor_pool.cc:272] collecting diagnostics on the listening RPC socket 127.28.139.3:38079 every 8 connection(s)
I20260608 12:59:44.084224 31196 heartbeater.cc:344] Connected to a master server at 127.28.139.62:46641
I20260608 12:59:44.084667 31196 heartbeater.cc:461] Registering TS with master...
I20260608 12:59:44.085491 31196 heartbeater.cc:507] Master 127.28.139.62:46641 requested a full tablet report, sending...
I20260608 12:59:44.087795 30920 ts_manager.cc:194] Registered new tserver with Master: 9b992539476c4d13b80a5dfb13e5d7f0 (127.28.139.3:38079)
I20260608 12:59:44.087970 29228 internal_mini_cluster.cc:371] 3 TS(s) registered with all masters after 0.016254121s
I20260608 12:59:44.089744 30920 master_service.cc:502] Signed X509 certificate for tserver {username='slave'} at 127.0.0.1:59208
I20260608 12:59:44.849174 31047 heartbeater.cc:499] Master 127.28.139.62:46641 was elected leader, sending a full tablet report...
I20260608 12:59:44.961778 31122 heartbeater.cc:499] Master 127.28.139.62:46641 was elected leader, sending a full tablet report...
I20260608 12:59:45.092950 31196 heartbeater.cc:499] Master 127.28.139.62:46641 was elected leader, sending a full tablet report...
I20260608 12:59:45.148191 30920 catalog_manager.cc:2282] Servicing CreateTable request from {username='slave'} at 127.0.0.1:59216:
name: "test-workload"
schema {
  columns {
    name: "key"
    type: INT32
    is_key: true
    is_nullable: false
    encoding: AUTO_ENCODING
    compression: DEFAULT_COMPRESSION
    cfile_block_size: 0
    immutable: false
  }
  columns {
    name: "int_val"
    type: INT32
    is_key: false
    is_nullable: false
    encoding: AUTO_ENCODING
    compression: DEFAULT_COMPRESSION
    cfile_block_size: 0
    immutable: false
  }
  columns {
    name: "string_val"
    type: STRING
    is_key: false
    is_nullable: true
    encoding: AUTO_ENCODING
    compression: DEFAULT_COMPRESSION
    cfile_block_size: 0
    immutable: false
  }
}
num_replicas: 3
split_rows_range_bounds {
  rows: "\004\001\000\377\377\377?""\004\001\000\377\377\377?"
  indirect_data: """"
}
partition_schema {
  range_schema {
    columns {
      name: "key"
    }
  }
}
W20260608 12:59:45.150489 30920 catalog_manager.cc:7076] The number of live tablet servers is not enough to re-replicate a tablet replica of the newly created table test-workload in case of a server failure: 4 tablet servers would be needed, 3 are available. Consider bringing up more tablet servers.
I20260608 12:59:45.200752 31160 tablet_service.cc:1511] Processing CreateTablet for tablet 308b05ad1a95407c92108ee177e33304 (DEFAULT_TABLE table=test-workload [id=a9913d23c5124def97af5160ef5e8d6a]), partition=RANGE (key) PARTITION 1073741823 <= VALUES
I20260608 12:59:45.202428 31160 data_dirs.cc:400] Could only allocate 1 dirs of requested 3 for tablet 308b05ad1a95407c92108ee177e33304. 1 dirs total, 0 dirs full, 0 dirs failed
I20260608 12:59:45.200661 31161 tablet_service.cc:1511] Processing CreateTablet for tablet 5b402d97d8b84955af8e761ec1b25563 (DEFAULT_TABLE table=test-workload [id=a9913d23c5124def97af5160ef5e8d6a]), partition=RANGE (key) PARTITION VALUES < 1073741823
I20260608 12:59:45.205919 31161 data_dirs.cc:400] Could only allocate 1 dirs of requested 3 for tablet 5b402d97d8b84955af8e761ec1b25563. 1 dirs total, 0 dirs full, 0 dirs failed
I20260608 12:59:45.211234 31012 tablet_service.cc:1511] Processing CreateTablet for tablet 5b402d97d8b84955af8e761ec1b25563 (DEFAULT_TABLE table=test-workload [id=a9913d23c5124def97af5160ef5e8d6a]), partition=RANGE (key) PARTITION VALUES < 1073741823
I20260608 12:59:45.211373 31011 tablet_service.cc:1511] Processing CreateTablet for tablet 308b05ad1a95407c92108ee177e33304 (DEFAULT_TABLE table=test-workload [id=a9913d23c5124def97af5160ef5e8d6a]), partition=RANGE (key) PARTITION 1073741823 <= VALUES
I20260608 12:59:45.212945 31012 data_dirs.cc:400] Could only allocate 1 dirs of requested 3 for tablet 5b402d97d8b84955af8e761ec1b25563. 1 dirs total, 0 dirs full, 0 dirs failed
I20260608 12:59:45.214748 31087 tablet_service.cc:1511] Processing CreateTablet for tablet 5b402d97d8b84955af8e761ec1b25563 (DEFAULT_TABLE table=test-workload [id=a9913d23c5124def97af5160ef5e8d6a]), partition=RANGE (key) PARTITION VALUES < 1073741823
I20260608 12:59:45.214869 31086 tablet_service.cc:1511] Processing CreateTablet for tablet 308b05ad1a95407c92108ee177e33304 (DEFAULT_TABLE table=test-workload [id=a9913d23c5124def97af5160ef5e8d6a]), partition=RANGE (key) PARTITION 1073741823 <= VALUES
I20260608 12:59:45.215832 31011 data_dirs.cc:400] Could only allocate 1 dirs of requested 3 for tablet 308b05ad1a95407c92108ee177e33304. 1 dirs total, 0 dirs full, 0 dirs failed
I20260608 12:59:45.216300 31087 data_dirs.cc:400] Could only allocate 1 dirs of requested 3 for tablet 5b402d97d8b84955af8e761ec1b25563. 1 dirs total, 0 dirs full, 0 dirs failed
I20260608 12:59:45.220240 31086 data_dirs.cc:400] Could only allocate 1 dirs of requested 3 for tablet 308b05ad1a95407c92108ee177e33304. 1 dirs total, 0 dirs full, 0 dirs failed
I20260608 12:59:45.241539 31215 tablet_bootstrap.cc:492] T 5b402d97d8b84955af8e761ec1b25563 P 9b992539476c4d13b80a5dfb13e5d7f0: Bootstrap starting.
I20260608 12:59:45.244685 31216 tablet_bootstrap.cc:492] T 5b402d97d8b84955af8e761ec1b25563 P f29095db72564b81964075236c4d034d: Bootstrap starting.
I20260608 12:59:45.249915 31215 tablet_bootstrap.cc:654] T 5b402d97d8b84955af8e761ec1b25563 P 9b992539476c4d13b80a5dfb13e5d7f0: Neither blocks nor log segments found. Creating new log.
I20260608 12:59:45.251948 31216 tablet_bootstrap.cc:654] T 5b402d97d8b84955af8e761ec1b25563 P f29095db72564b81964075236c4d034d: Neither blocks nor log segments found. Creating new log.
I20260608 12:59:45.255570 31217 tablet_bootstrap.cc:492] T 5b402d97d8b84955af8e761ec1b25563 P 3355dca5cd9346bc8fadcf108eb466ef: Bootstrap starting.
I20260608 12:59:45.261034 31215 tablet_bootstrap.cc:492] T 5b402d97d8b84955af8e761ec1b25563 P 9b992539476c4d13b80a5dfb13e5d7f0: No bootstrap required, opened a new log
I20260608 12:59:45.261709 31215 ts_tablet_manager.cc:1403] T 5b402d97d8b84955af8e761ec1b25563 P 9b992539476c4d13b80a5dfb13e5d7f0: Time spent bootstrapping tablet: real 0.021s	user 0.005s	sys 0.012s
I20260608 12:59:45.265870 31216 tablet_bootstrap.cc:492] T 5b402d97d8b84955af8e761ec1b25563 P f29095db72564b81964075236c4d034d: No bootstrap required, opened a new log
I20260608 12:59:45.266561 31216 ts_tablet_manager.cc:1403] T 5b402d97d8b84955af8e761ec1b25563 P f29095db72564b81964075236c4d034d: Time spent bootstrapping tablet: real 0.022s	user 0.010s	sys 0.010s
I20260608 12:59:45.265806 31215 raft_consensus.cc:359] T 5b402d97d8b84955af8e761ec1b25563 P 9b992539476c4d13b80a5dfb13e5d7f0 [term 0 FOLLOWER]: Replica starting. Triggering 0 pending ops. Active config: opid_index: -1 OBSOLETE_local: false peers { permanent_uuid: "9b992539476c4d13b80a5dfb13e5d7f0" member_type: VOTER last_known_addr { host: "127.28.139.3" port: 38079 } } peers { permanent_uuid: "f29095db72564b81964075236c4d034d" member_type: VOTER last_known_addr { host: "127.28.139.1" port: 44933 } } peers { permanent_uuid: "3355dca5cd9346bc8fadcf108eb466ef" member_type: VOTER last_known_addr { host: "127.28.139.2" port: 41583 } }
I20260608 12:59:45.266991 31215 raft_consensus.cc:385] T 5b402d97d8b84955af8e761ec1b25563 P 9b992539476c4d13b80a5dfb13e5d7f0 [term 0 FOLLOWER]: Consensus starting up: Expiring failure detector timer to make a prompt election more likely
I20260608 12:59:45.267472 31215 raft_consensus.cc:740] T 5b402d97d8b84955af8e761ec1b25563 P 9b992539476c4d13b80a5dfb13e5d7f0 [term 0 FOLLOWER]: Becoming Follower/Learner. State: Replica: 9b992539476c4d13b80a5dfb13e5d7f0, State: Initialized, Role: FOLLOWER
I20260608 12:59:45.268432 31215 consensus_queue.cc:260] T 5b402d97d8b84955af8e761ec1b25563 P 9b992539476c4d13b80a5dfb13e5d7f0 [NON_LEADER]: Queue going to NON_LEADER mode. State: All replicated index: 0, Majority replicated index: 0, Committed index: 0, Last appended: 0.0, Last appended by leader: 0, Current term: 0, Majority size: -1, State: 0, Mode: NON_LEADER, active raft config: opid_index: -1 OBSOLETE_local: false peers { permanent_uuid: "9b992539476c4d13b80a5dfb13e5d7f0" member_type: VOTER last_known_addr { host: "127.28.139.3" port: 38079 } } peers { permanent_uuid: "f29095db72564b81964075236c4d034d" member_type: VOTER last_known_addr { host: "127.28.139.1" port: 44933 } } peers { permanent_uuid: "3355dca5cd9346bc8fadcf108eb466ef" member_type: VOTER last_known_addr { host: "127.28.139.2" port: 41583 } }
I20260608 12:59:45.269189 31217 tablet_bootstrap.cc:654] T 5b402d97d8b84955af8e761ec1b25563 P 3355dca5cd9346bc8fadcf108eb466ef: Neither blocks nor log segments found. Creating new log.
I20260608 12:59:45.269155 31216 raft_consensus.cc:359] T 5b402d97d8b84955af8e761ec1b25563 P f29095db72564b81964075236c4d034d [term 0 FOLLOWER]: Replica starting. Triggering 0 pending ops. Active config: opid_index: -1 OBSOLETE_local: false peers { permanent_uuid: "9b992539476c4d13b80a5dfb13e5d7f0" member_type: VOTER last_known_addr { host: "127.28.139.3" port: 38079 } } peers { permanent_uuid: "f29095db72564b81964075236c4d034d" member_type: VOTER last_known_addr { host: "127.28.139.1" port: 44933 } } peers { permanent_uuid: "3355dca5cd9346bc8fadcf108eb466ef" member_type: VOTER last_known_addr { host: "127.28.139.2" port: 41583 } }
I20260608 12:59:45.269977 31216 raft_consensus.cc:385] T 5b402d97d8b84955af8e761ec1b25563 P f29095db72564b81964075236c4d034d [term 0 FOLLOWER]: Consensus starting up: Expiring failure detector timer to make a prompt election more likely
I20260608 12:59:45.270253 31216 raft_consensus.cc:740] T 5b402d97d8b84955af8e761ec1b25563 P f29095db72564b81964075236c4d034d [term 0 FOLLOWER]: Becoming Follower/Learner. State: Replica: f29095db72564b81964075236c4d034d, State: Initialized, Role: FOLLOWER
I20260608 12:59:45.270967 31216 consensus_queue.cc:260] T 5b402d97d8b84955af8e761ec1b25563 P f29095db72564b81964075236c4d034d [NON_LEADER]: Queue going to NON_LEADER mode. State: All replicated index: 0, Majority replicated index: 0, Committed index: 0, Last appended: 0.0, Last appended by leader: 0, Current term: 0, Majority size: -1, State: 0, Mode: NON_LEADER, active raft config: opid_index: -1 OBSOLETE_local: false peers { permanent_uuid: "9b992539476c4d13b80a5dfb13e5d7f0" member_type: VOTER last_known_addr { host: "127.28.139.3" port: 38079 } } peers { permanent_uuid: "f29095db72564b81964075236c4d034d" member_type: VOTER last_known_addr { host: "127.28.139.1" port: 44933 } } peers { permanent_uuid: "3355dca5cd9346bc8fadcf108eb466ef" member_type: VOTER last_known_addr { host: "127.28.139.2" port: 41583 } }
I20260608 12:59:45.277225 31217 tablet_bootstrap.cc:492] T 5b402d97d8b84955af8e761ec1b25563 P 3355dca5cd9346bc8fadcf108eb466ef: No bootstrap required, opened a new log
I20260608 12:59:45.277648 31216 ts_tablet_manager.cc:1434] T 5b402d97d8b84955af8e761ec1b25563 P f29095db72564b81964075236c4d034d: Time spent starting tablet: real 0.011s	user 0.008s	sys 0.000s
I20260608 12:59:45.277768 31217 ts_tablet_manager.cc:1403] T 5b402d97d8b84955af8e761ec1b25563 P 3355dca5cd9346bc8fadcf108eb466ef: Time spent bootstrapping tablet: real 0.023s	user 0.009s	sys 0.007s
I20260608 12:59:45.278908 31216 tablet_bootstrap.cc:492] T 308b05ad1a95407c92108ee177e33304 P f29095db72564b81964075236c4d034d: Bootstrap starting.
I20260608 12:59:45.281279 31217 raft_consensus.cc:359] T 5b402d97d8b84955af8e761ec1b25563 P 3355dca5cd9346bc8fadcf108eb466ef [term 0 FOLLOWER]: Replica starting. Triggering 0 pending ops. Active config: opid_index: -1 OBSOLETE_local: false peers { permanent_uuid: "9b992539476c4d13b80a5dfb13e5d7f0" member_type: VOTER last_known_addr { host: "127.28.139.3" port: 38079 } } peers { permanent_uuid: "f29095db72564b81964075236c4d034d" member_type: VOTER last_known_addr { host: "127.28.139.1" port: 44933 } } peers { permanent_uuid: "3355dca5cd9346bc8fadcf108eb466ef" member_type: VOTER last_known_addr { host: "127.28.139.2" port: 41583 } }
I20260608 12:59:45.282884 31217 raft_consensus.cc:385] T 5b402d97d8b84955af8e761ec1b25563 P 3355dca5cd9346bc8fadcf108eb466ef [term 0 FOLLOWER]: Consensus starting up: Expiring failure detector timer to make a prompt election more likely
I20260608 12:59:45.283285 31217 raft_consensus.cc:740] T 5b402d97d8b84955af8e761ec1b25563 P 3355dca5cd9346bc8fadcf108eb466ef [term 0 FOLLOWER]: Becoming Follower/Learner. State: Replica: 3355dca5cd9346bc8fadcf108eb466ef, State: Initialized, Role: FOLLOWER
I20260608 12:59:45.285228 31217 consensus_queue.cc:260] T 5b402d97d8b84955af8e761ec1b25563 P 3355dca5cd9346bc8fadcf108eb466ef [NON_LEADER]: Queue going to NON_LEADER mode. State: All replicated index: 0, Majority replicated index: 0, Committed index: 0, Last appended: 0.0, Last appended by leader: 0, Current term: 0, Majority size: -1, State: 0, Mode: NON_LEADER, active raft config: opid_index: -1 OBSOLETE_local: false peers { permanent_uuid: "9b992539476c4d13b80a5dfb13e5d7f0" member_type: VOTER last_known_addr { host: "127.28.139.3" port: 38079 } } peers { permanent_uuid: "f29095db72564b81964075236c4d034d" member_type: VOTER last_known_addr { host: "127.28.139.1" port: 44933 } } peers { permanent_uuid: "3355dca5cd9346bc8fadcf108eb466ef" member_type: VOTER last_known_addr { host: "127.28.139.2" port: 41583 } }
I20260608 12:59:45.285856 31215 ts_tablet_manager.cc:1434] T 5b402d97d8b84955af8e761ec1b25563 P 9b992539476c4d13b80a5dfb13e5d7f0: Time spent starting tablet: real 0.024s	user 0.003s	sys 0.019s
I20260608 12:59:45.288122 31215 tablet_bootstrap.cc:492] T 308b05ad1a95407c92108ee177e33304 P 9b992539476c4d13b80a5dfb13e5d7f0: Bootstrap starting.
I20260608 12:59:45.286541 31216 tablet_bootstrap.cc:654] T 308b05ad1a95407c92108ee177e33304 P f29095db72564b81964075236c4d034d: Neither blocks nor log segments found. Creating new log.
I20260608 12:59:45.298483 31215 tablet_bootstrap.cc:654] T 308b05ad1a95407c92108ee177e33304 P 9b992539476c4d13b80a5dfb13e5d7f0: Neither blocks nor log segments found. Creating new log.
I20260608 12:59:45.303658 31216 tablet_bootstrap.cc:492] T 308b05ad1a95407c92108ee177e33304 P f29095db72564b81964075236c4d034d: No bootstrap required, opened a new log
I20260608 12:59:45.304399 31216 ts_tablet_manager.cc:1403] T 308b05ad1a95407c92108ee177e33304 P f29095db72564b81964075236c4d034d: Time spent bootstrapping tablet: real 0.026s	user 0.015s	sys 0.005s
I20260608 12:59:45.308975 31217 ts_tablet_manager.cc:1434] T 5b402d97d8b84955af8e761ec1b25563 P 3355dca5cd9346bc8fadcf108eb466ef: Time spent starting tablet: real 0.031s	user 0.010s	sys 0.017s
I20260608 12:59:45.309159 31216 raft_consensus.cc:359] T 308b05ad1a95407c92108ee177e33304 P f29095db72564b81964075236c4d034d [term 0 FOLLOWER]: Replica starting. Triggering 0 pending ops. Active config: opid_index: -1 OBSOLETE_local: false peers { permanent_uuid: "f29095db72564b81964075236c4d034d" member_type: VOTER last_known_addr { host: "127.28.139.1" port: 44933 } } peers { permanent_uuid: "3355dca5cd9346bc8fadcf108eb466ef" member_type: VOTER last_known_addr { host: "127.28.139.2" port: 41583 } } peers { permanent_uuid: "9b992539476c4d13b80a5dfb13e5d7f0" member_type: VOTER last_known_addr { host: "127.28.139.3" port: 38079 } }
I20260608 12:59:45.310554 31216 raft_consensus.cc:385] T 308b05ad1a95407c92108ee177e33304 P f29095db72564b81964075236c4d034d [term 0 FOLLOWER]: Consensus starting up: Expiring failure detector timer to make a prompt election more likely
I20260608 12:59:45.311215 31216 raft_consensus.cc:740] T 308b05ad1a95407c92108ee177e33304 P f29095db72564b81964075236c4d034d [term 0 FOLLOWER]: Becoming Follower/Learner. State: Replica: f29095db72564b81964075236c4d034d, State: Initialized, Role: FOLLOWER
I20260608 12:59:45.310204 31217 tablet_bootstrap.cc:492] T 308b05ad1a95407c92108ee177e33304 P 3355dca5cd9346bc8fadcf108eb466ef: Bootstrap starting.
I20260608 12:59:45.314533 31216 consensus_queue.cc:260] T 308b05ad1a95407c92108ee177e33304 P f29095db72564b81964075236c4d034d [NON_LEADER]: Queue going to NON_LEADER mode. State: All replicated index: 0, Majority replicated index: 0, Committed index: 0, Last appended: 0.0, Last appended by leader: 0, Current term: 0, Majority size: -1, State: 0, Mode: NON_LEADER, active raft config: opid_index: -1 OBSOLETE_local: false peers { permanent_uuid: "f29095db72564b81964075236c4d034d" member_type: VOTER last_known_addr { host: "127.28.139.1" port: 44933 } } peers { permanent_uuid: "3355dca5cd9346bc8fadcf108eb466ef" member_type: VOTER last_known_addr { host: "127.28.139.2" port: 41583 } } peers { permanent_uuid: "9b992539476c4d13b80a5dfb13e5d7f0" member_type: VOTER last_known_addr { host: "127.28.139.3" port: 38079 } }
I20260608 12:59:45.318457 31215 tablet_bootstrap.cc:492] T 308b05ad1a95407c92108ee177e33304 P 9b992539476c4d13b80a5dfb13e5d7f0: No bootstrap required, opened a new log
I20260608 12:59:45.319211 31215 ts_tablet_manager.cc:1403] T 308b05ad1a95407c92108ee177e33304 P 9b992539476c4d13b80a5dfb13e5d7f0: Time spent bootstrapping tablet: real 0.031s	user 0.008s	sys 0.018s
I20260608 12:59:45.320272 31217 tablet_bootstrap.cc:654] T 308b05ad1a95407c92108ee177e33304 P 3355dca5cd9346bc8fadcf108eb466ef: Neither blocks nor log segments found. Creating new log.
I20260608 12:59:45.318542 31216 ts_tablet_manager.cc:1434] T 308b05ad1a95407c92108ee177e33304 P f29095db72564b81964075236c4d034d: Time spent starting tablet: real 0.014s	user 0.008s	sys 0.000s
I20260608 12:59:45.323411 31215 raft_consensus.cc:359] T 308b05ad1a95407c92108ee177e33304 P 9b992539476c4d13b80a5dfb13e5d7f0 [term 0 FOLLOWER]: Replica starting. Triggering 0 pending ops. Active config: opid_index: -1 OBSOLETE_local: false peers { permanent_uuid: "f29095db72564b81964075236c4d034d" member_type: VOTER last_known_addr { host: "127.28.139.1" port: 44933 } } peers { permanent_uuid: "3355dca5cd9346bc8fadcf108eb466ef" member_type: VOTER last_known_addr { host: "127.28.139.2" port: 41583 } } peers { permanent_uuid: "9b992539476c4d13b80a5dfb13e5d7f0" member_type: VOTER last_known_addr { host: "127.28.139.3" port: 38079 } }
I20260608 12:59:45.324570 31215 raft_consensus.cc:385] T 308b05ad1a95407c92108ee177e33304 P 9b992539476c4d13b80a5dfb13e5d7f0 [term 0 FOLLOWER]: Consensus starting up: Expiring failure detector timer to make a prompt election more likely
I20260608 12:59:45.325035 31215 raft_consensus.cc:740] T 308b05ad1a95407c92108ee177e33304 P 9b992539476c4d13b80a5dfb13e5d7f0 [term 0 FOLLOWER]: Becoming Follower/Learner. State: Replica: 9b992539476c4d13b80a5dfb13e5d7f0, State: Initialized, Role: FOLLOWER
I20260608 12:59:45.325887 31215 consensus_queue.cc:260] T 308b05ad1a95407c92108ee177e33304 P 9b992539476c4d13b80a5dfb13e5d7f0 [NON_LEADER]: Queue going to NON_LEADER mode. State: All replicated index: 0, Majority replicated index: 0, Committed index: 0, Last appended: 0.0, Last appended by leader: 0, Current term: 0, Majority size: -1, State: 0, Mode: NON_LEADER, active raft config: opid_index: -1 OBSOLETE_local: false peers { permanent_uuid: "f29095db72564b81964075236c4d034d" member_type: VOTER last_known_addr { host: "127.28.139.1" port: 44933 } } peers { permanent_uuid: "3355dca5cd9346bc8fadcf108eb466ef" member_type: VOTER last_known_addr { host: "127.28.139.2" port: 41583 } } peers { permanent_uuid: "9b992539476c4d13b80a5dfb13e5d7f0" member_type: VOTER last_known_addr { host: "127.28.139.3" port: 38079 } }
I20260608 12:59:45.327703 31217 tablet_bootstrap.cc:492] T 308b05ad1a95407c92108ee177e33304 P 3355dca5cd9346bc8fadcf108eb466ef: No bootstrap required, opened a new log
I20260608 12:59:45.328236 31215 ts_tablet_manager.cc:1434] T 308b05ad1a95407c92108ee177e33304 P 9b992539476c4d13b80a5dfb13e5d7f0: Time spent starting tablet: real 0.009s	user 0.005s	sys 0.002s
I20260608 12:59:45.328315 31217 ts_tablet_manager.cc:1403] T 308b05ad1a95407c92108ee177e33304 P 3355dca5cd9346bc8fadcf108eb466ef: Time spent bootstrapping tablet: real 0.018s	user 0.011s	sys 0.004s
I20260608 12:59:45.331689 31217 raft_consensus.cc:359] T 308b05ad1a95407c92108ee177e33304 P 3355dca5cd9346bc8fadcf108eb466ef [term 0 FOLLOWER]: Replica starting. Triggering 0 pending ops. Active config: opid_index: -1 OBSOLETE_local: false peers { permanent_uuid: "f29095db72564b81964075236c4d034d" member_type: VOTER last_known_addr { host: "127.28.139.1" port: 44933 } } peers { permanent_uuid: "3355dca5cd9346bc8fadcf108eb466ef" member_type: VOTER last_known_addr { host: "127.28.139.2" port: 41583 } } peers { permanent_uuid: "9b992539476c4d13b80a5dfb13e5d7f0" member_type: VOTER last_known_addr { host: "127.28.139.3" port: 38079 } }
I20260608 12:59:45.332409 31217 raft_consensus.cc:385] T 308b05ad1a95407c92108ee177e33304 P 3355dca5cd9346bc8fadcf108eb466ef [term 0 FOLLOWER]: Consensus starting up: Expiring failure detector timer to make a prompt election more likely
I20260608 12:59:45.332674 31217 raft_consensus.cc:740] T 308b05ad1a95407c92108ee177e33304 P 3355dca5cd9346bc8fadcf108eb466ef [term 0 FOLLOWER]: Becoming Follower/Learner. State: Replica: 3355dca5cd9346bc8fadcf108eb466ef, State: Initialized, Role: FOLLOWER
I20260608 12:59:45.333541 31217 consensus_queue.cc:260] T 308b05ad1a95407c92108ee177e33304 P 3355dca5cd9346bc8fadcf108eb466ef [NON_LEADER]: Queue going to NON_LEADER mode. State: All replicated index: 0, Majority replicated index: 0, Committed index: 0, Last appended: 0.0, Last appended by leader: 0, Current term: 0, Majority size: -1, State: 0, Mode: NON_LEADER, active raft config: opid_index: -1 OBSOLETE_local: false peers { permanent_uuid: "f29095db72564b81964075236c4d034d" member_type: VOTER last_known_addr { host: "127.28.139.1" port: 44933 } } peers { permanent_uuid: "3355dca5cd9346bc8fadcf108eb466ef" member_type: VOTER last_known_addr { host: "127.28.139.2" port: 41583 } } peers { permanent_uuid: "9b992539476c4d13b80a5dfb13e5d7f0" member_type: VOTER last_known_addr { host: "127.28.139.3" port: 38079 } }
I20260608 12:59:45.335675 31217 ts_tablet_manager.cc:1434] T 308b05ad1a95407c92108ee177e33304 P 3355dca5cd9346bc8fadcf108eb466ef: Time spent starting tablet: real 0.007s	user 0.006s	sys 0.000s
I20260608 12:59:45.377121 31221 raft_consensus.cc:493] T 5b402d97d8b84955af8e761ec1b25563 P f29095db72564b81964075236c4d034d [term 0 FOLLOWER]: Starting pre-election (no leader contacted us within the election timeout)
I20260608 12:59:45.377645 31221 raft_consensus.cc:515] T 5b402d97d8b84955af8e761ec1b25563 P f29095db72564b81964075236c4d034d [term 0 FOLLOWER]: Starting pre-election with config: opid_index: -1 OBSOLETE_local: false peers { permanent_uuid: "9b992539476c4d13b80a5dfb13e5d7f0" member_type: VOTER last_known_addr { host: "127.28.139.3" port: 38079 } } peers { permanent_uuid: "f29095db72564b81964075236c4d034d" member_type: VOTER last_known_addr { host: "127.28.139.1" port: 44933 } } peers { permanent_uuid: "3355dca5cd9346bc8fadcf108eb466ef" member_type: VOTER last_known_addr { host: "127.28.139.2" port: 41583 } }
I20260608 12:59:45.380417 31221 leader_election.cc:290] T 5b402d97d8b84955af8e761ec1b25563 P f29095db72564b81964075236c4d034d [CANDIDATE]: Term 1 pre-election: Requested pre-vote from peers 9b992539476c4d13b80a5dfb13e5d7f0 (127.28.139.3:38079), 3355dca5cd9346bc8fadcf108eb466ef (127.28.139.2:41583)
I20260608 12:59:45.394929 31171 tablet_service.cc:1917] Received RequestConsensusVote() RPC: tablet_id: "5b402d97d8b84955af8e761ec1b25563" candidate_uuid: "f29095db72564b81964075236c4d034d" candidate_term: 1 candidate_status { last_received { term: 0 index: 0 } } ignore_live_leader: false dest_uuid: "9b992539476c4d13b80a5dfb13e5d7f0" is_pre_election: true
I20260608 12:59:45.395090 31097 tablet_service.cc:1917] Received RequestConsensusVote() RPC: tablet_id: "5b402d97d8b84955af8e761ec1b25563" candidate_uuid: "f29095db72564b81964075236c4d034d" candidate_term: 1 candidate_status { last_received { term: 0 index: 0 } } ignore_live_leader: false dest_uuid: "3355dca5cd9346bc8fadcf108eb466ef" is_pre_election: true
I20260608 12:59:45.395833 31171 raft_consensus.cc:2468] T 5b402d97d8b84955af8e761ec1b25563 P 9b992539476c4d13b80a5dfb13e5d7f0 [term 0 FOLLOWER]: Leader pre-election vote request: Granting yes vote for candidate f29095db72564b81964075236c4d034d in term 0.
I20260608 12:59:45.395857 31097 raft_consensus.cc:2468] T 5b402d97d8b84955af8e761ec1b25563 P 3355dca5cd9346bc8fadcf108eb466ef [term 0 FOLLOWER]: Leader pre-election vote request: Granting yes vote for candidate f29095db72564b81964075236c4d034d in term 0.
I20260608 12:59:45.397403 30987 leader_election.cc:304] T 5b402d97d8b84955af8e761ec1b25563 P f29095db72564b81964075236c4d034d [CANDIDATE]: Term 1 pre-election: Election decided. Result: candidate won. Election summary: received 2 responses out of 3 voters: 2 yes votes; 0 no votes. yes voters: 9b992539476c4d13b80a5dfb13e5d7f0, f29095db72564b81964075236c4d034d; no voters: 
I20260608 12:59:45.398242 31221 raft_consensus.cc:2804] T 5b402d97d8b84955af8e761ec1b25563 P f29095db72564b81964075236c4d034d [term 0 FOLLOWER]: Leader pre-election won for term 1
I20260608 12:59:45.398625 31221 raft_consensus.cc:493] T 5b402d97d8b84955af8e761ec1b25563 P f29095db72564b81964075236c4d034d [term 0 FOLLOWER]: Starting leader election (no leader contacted us within the election timeout)
I20260608 12:59:45.398880 31221 raft_consensus.cc:3060] T 5b402d97d8b84955af8e761ec1b25563 P f29095db72564b81964075236c4d034d [term 0 FOLLOWER]: Advancing to term 1
I20260608 12:59:45.404771 31221 raft_consensus.cc:515] T 5b402d97d8b84955af8e761ec1b25563 P f29095db72564b81964075236c4d034d [term 1 FOLLOWER]: Starting leader election with config: opid_index: -1 OBSOLETE_local: false peers { permanent_uuid: "9b992539476c4d13b80a5dfb13e5d7f0" member_type: VOTER last_known_addr { host: "127.28.139.3" port: 38079 } } peers { permanent_uuid: "f29095db72564b81964075236c4d034d" member_type: VOTER last_known_addr { host: "127.28.139.1" port: 44933 } } peers { permanent_uuid: "3355dca5cd9346bc8fadcf108eb466ef" member_type: VOTER last_known_addr { host: "127.28.139.2" port: 41583 } }
I20260608 12:59:45.406708 31221 leader_election.cc:290] T 5b402d97d8b84955af8e761ec1b25563 P f29095db72564b81964075236c4d034d [CANDIDATE]: Term 1 election: Requested vote from peers 9b992539476c4d13b80a5dfb13e5d7f0 (127.28.139.3:38079), 3355dca5cd9346bc8fadcf108eb466ef (127.28.139.2:41583)
I20260608 12:59:45.407614 31171 tablet_service.cc:1917] Received RequestConsensusVote() RPC: tablet_id: "5b402d97d8b84955af8e761ec1b25563" candidate_uuid: "f29095db72564b81964075236c4d034d" candidate_term: 1 candidate_status { last_received { term: 0 index: 0 } } ignore_live_leader: false dest_uuid: "9b992539476c4d13b80a5dfb13e5d7f0"
I20260608 12:59:45.408018 31097 tablet_service.cc:1917] Received RequestConsensusVote() RPC: tablet_id: "5b402d97d8b84955af8e761ec1b25563" candidate_uuid: "f29095db72564b81964075236c4d034d" candidate_term: 1 candidate_status { last_received { term: 0 index: 0 } } ignore_live_leader: false dest_uuid: "3355dca5cd9346bc8fadcf108eb466ef"
I20260608 12:59:45.408411 31171 raft_consensus.cc:3060] T 5b402d97d8b84955af8e761ec1b25563 P 9b992539476c4d13b80a5dfb13e5d7f0 [term 0 FOLLOWER]: Advancing to term 1
I20260608 12:59:45.408792 31097 raft_consensus.cc:3060] T 5b402d97d8b84955af8e761ec1b25563 P 3355dca5cd9346bc8fadcf108eb466ef [term 0 FOLLOWER]: Advancing to term 1
I20260608 12:59:45.412570 31223 raft_consensus.cc:493] T 308b05ad1a95407c92108ee177e33304 P 3355dca5cd9346bc8fadcf108eb466ef [term 0 FOLLOWER]: Starting pre-election (no leader contacted us within the election timeout)
I20260608 12:59:45.413273 31223 raft_consensus.cc:515] T 308b05ad1a95407c92108ee177e33304 P 3355dca5cd9346bc8fadcf108eb466ef [term 0 FOLLOWER]: Starting pre-election with config: opid_index: -1 OBSOLETE_local: false peers { permanent_uuid: "f29095db72564b81964075236c4d034d" member_type: VOTER last_known_addr { host: "127.28.139.1" port: 44933 } } peers { permanent_uuid: "3355dca5cd9346bc8fadcf108eb466ef" member_type: VOTER last_known_addr { host: "127.28.139.2" port: 41583 } } peers { permanent_uuid: "9b992539476c4d13b80a5dfb13e5d7f0" member_type: VOTER last_known_addr { host: "127.28.139.3" port: 38079 } }
I20260608 12:59:45.415102 31097 raft_consensus.cc:2468] T 5b402d97d8b84955af8e761ec1b25563 P 3355dca5cd9346bc8fadcf108eb466ef [term 1 FOLLOWER]: Leader election vote request: Granting yes vote for candidate f29095db72564b81964075236c4d034d in term 1.
I20260608 12:59:45.415859 31171 raft_consensus.cc:2468] T 5b402d97d8b84955af8e761ec1b25563 P 9b992539476c4d13b80a5dfb13e5d7f0 [term 1 FOLLOWER]: Leader election vote request: Granting yes vote for candidate f29095db72564b81964075236c4d034d in term 1.
I20260608 12:59:45.416599 30988 leader_election.cc:304] T 5b402d97d8b84955af8e761ec1b25563 P f29095db72564b81964075236c4d034d [CANDIDATE]: Term 1 election: Election decided. Result: candidate won. Election summary: received 2 responses out of 3 voters: 2 yes votes; 0 no votes. yes voters: 3355dca5cd9346bc8fadcf108eb466ef, f29095db72564b81964075236c4d034d; no voters: 
I20260608 12:59:45.417779 31221 raft_consensus.cc:2804] T 5b402d97d8b84955af8e761ec1b25563 P f29095db72564b81964075236c4d034d [term 1 FOLLOWER]: Leader election won for term 1
I20260608 12:59:45.420146 31223 leader_election.cc:290] T 308b05ad1a95407c92108ee177e33304 P 3355dca5cd9346bc8fadcf108eb466ef [CANDIDATE]: Term 1 pre-election: Requested pre-vote from peers f29095db72564b81964075236c4d034d (127.28.139.1:44933), 9b992539476c4d13b80a5dfb13e5d7f0 (127.28.139.3:38079)
I20260608 12:59:45.423182 31221 raft_consensus.cc:697] T 5b402d97d8b84955af8e761ec1b25563 P f29095db72564b81964075236c4d034d [term 1 LEADER]: Becoming Leader. State: Replica: f29095db72564b81964075236c4d034d, State: Running, Role: LEADER
I20260608 12:59:45.424520 31221 consensus_queue.cc:237] T 5b402d97d8b84955af8e761ec1b25563 P f29095db72564b81964075236c4d034d [LEADER]: Queue going to LEADER mode. State: All replicated index: 0, Majority replicated index: 0, Committed index: 0, Last appended: 0.0, Last appended by leader: 0, Current term: 1, Majority size: 2, State: 0, Mode: LEADER, active raft config: opid_index: -1 OBSOLETE_local: false peers { permanent_uuid: "9b992539476c4d13b80a5dfb13e5d7f0" member_type: VOTER last_known_addr { host: "127.28.139.3" port: 38079 } } peers { permanent_uuid: "f29095db72564b81964075236c4d034d" member_type: VOTER last_known_addr { host: "127.28.139.1" port: 44933 } } peers { permanent_uuid: "3355dca5cd9346bc8fadcf108eb466ef" member_type: VOTER last_known_addr { host: "127.28.139.2" port: 41583 } }
I20260608 12:59:45.434499 31171 tablet_service.cc:1917] Received RequestConsensusVote() RPC: tablet_id: "308b05ad1a95407c92108ee177e33304" candidate_uuid: "3355dca5cd9346bc8fadcf108eb466ef" candidate_term: 1 candidate_status { last_received { term: 0 index: 0 } } ignore_live_leader: false dest_uuid: "9b992539476c4d13b80a5dfb13e5d7f0" is_pre_election: true
I20260608 12:59:45.434679 31022 tablet_service.cc:1917] Received RequestConsensusVote() RPC: tablet_id: "308b05ad1a95407c92108ee177e33304" candidate_uuid: "3355dca5cd9346bc8fadcf108eb466ef" candidate_term: 1 candidate_status { last_received { term: 0 index: 0 } } ignore_live_leader: false dest_uuid: "f29095db72564b81964075236c4d034d" is_pre_election: true
I20260608 12:59:45.435375 31171 raft_consensus.cc:2468] T 308b05ad1a95407c92108ee177e33304 P 9b992539476c4d13b80a5dfb13e5d7f0 [term 0 FOLLOWER]: Leader pre-election vote request: Granting yes vote for candidate 3355dca5cd9346bc8fadcf108eb466ef in term 0.
I20260608 12:59:45.435385 31022 raft_consensus.cc:2468] T 308b05ad1a95407c92108ee177e33304 P f29095db72564b81964075236c4d034d [term 0 FOLLOWER]: Leader pre-election vote request: Granting yes vote for candidate 3355dca5cd9346bc8fadcf108eb466ef in term 0.
I20260608 12:59:45.435729 30919 catalog_manager.cc:5696] T 5b402d97d8b84955af8e761ec1b25563 P f29095db72564b81964075236c4d034d reported cstate change: term changed from 0 to 1, leader changed from <none> to f29095db72564b81964075236c4d034d (127.28.139.1). New cstate: current_term: 1 leader_uuid: "f29095db72564b81964075236c4d034d" committed_config { opid_index: -1 OBSOLETE_local: false peers { permanent_uuid: "9b992539476c4d13b80a5dfb13e5d7f0" member_type: VOTER last_known_addr { host: "127.28.139.3" port: 38079 } health_report { overall_health: UNKNOWN } } peers { permanent_uuid: "f29095db72564b81964075236c4d034d" member_type: VOTER last_known_addr { host: "127.28.139.1" port: 44933 } health_report { overall_health: HEALTHY } } peers { permanent_uuid: "3355dca5cd9346bc8fadcf108eb466ef" member_type: VOTER last_known_addr { host: "127.28.139.2" port: 41583 } health_report { overall_health: UNKNOWN } } }
I20260608 12:59:45.437325 31062 leader_election.cc:304] T 308b05ad1a95407c92108ee177e33304 P 3355dca5cd9346bc8fadcf108eb466ef [CANDIDATE]: Term 1 pre-election: Election decided. Result: candidate won. Election summary: received 2 responses out of 3 voters: 2 yes votes; 0 no votes. yes voters: 3355dca5cd9346bc8fadcf108eb466ef, 9b992539476c4d13b80a5dfb13e5d7f0; no voters: 
I20260608 12:59:45.438570 31223 raft_consensus.cc:2804] T 308b05ad1a95407c92108ee177e33304 P 3355dca5cd9346bc8fadcf108eb466ef [term 0 FOLLOWER]: Leader pre-election won for term 1
I20260608 12:59:45.438957 31223 raft_consensus.cc:493] T 308b05ad1a95407c92108ee177e33304 P 3355dca5cd9346bc8fadcf108eb466ef [term 0 FOLLOWER]: Starting leader election (no leader contacted us within the election timeout)
I20260608 12:59:45.439353 31223 raft_consensus.cc:3060] T 308b05ad1a95407c92108ee177e33304 P 3355dca5cd9346bc8fadcf108eb466ef [term 0 FOLLOWER]: Advancing to term 1
I20260608 12:59:45.446352 31223 raft_consensus.cc:515] T 308b05ad1a95407c92108ee177e33304 P 3355dca5cd9346bc8fadcf108eb466ef [term 1 FOLLOWER]: Starting leader election with config: opid_index: -1 OBSOLETE_local: false peers { permanent_uuid: "f29095db72564b81964075236c4d034d" member_type: VOTER last_known_addr { host: "127.28.139.1" port: 44933 } } peers { permanent_uuid: "3355dca5cd9346bc8fadcf108eb466ef" member_type: VOTER last_known_addr { host: "127.28.139.2" port: 41583 } } peers { permanent_uuid: "9b992539476c4d13b80a5dfb13e5d7f0" member_type: VOTER last_known_addr { host: "127.28.139.3" port: 38079 } }
I20260608 12:59:45.448484 31223 leader_election.cc:290] T 308b05ad1a95407c92108ee177e33304 P 3355dca5cd9346bc8fadcf108eb466ef [CANDIDATE]: Term 1 election: Requested vote from peers f29095db72564b81964075236c4d034d (127.28.139.1:44933), 9b992539476c4d13b80a5dfb13e5d7f0 (127.28.139.3:38079)
