I20260608 13:01:26.329509   982 tablet_service.cc:1917] Received RequestConsensusVote() RPC: tablet_id: "9c10b360d2cc4f69a25800233fd59a1d" candidate_uuid: "24eac2d2769946738a3fe4a30aeb13a8" candidate_term: 1 candidate_status { last_received { term: 0 index: 0 } } ignore_live_leader: false dest_uuid: "0a5c372f9da54e93836d131fb46d58cd"
I20260608 13:01:26.325850  1030 raft_consensus.cc:740] T 74a3567bdda644c1a91c53a215758ded P 0a5c372f9da54e93836d131fb46d58cd [term 0 FOLLOWER]: Becoming Follower/Learner. State: Replica: 0a5c372f9da54e93836d131fb46d58cd, State: Initialized, Role: FOLLOWER
I20260608 13:01:26.329469  1033 raft_consensus.cc:697] T 77a021494eca490a99d39558b449ec15 P 24eac2d2769946738a3fe4a30aeb13a8 [term 1 LEADER]: Becoming Leader. State: Replica: 24eac2d2769946738a3fe4a30aeb13a8, State: Running, Role: LEADER
I20260608 13:01:26.330895  1030 consensus_queue.cc:260] T 74a3567bdda644c1a91c53a215758ded P 0a5c372f9da54e93836d131fb46d58cd [NON_LEADER]: Queue going to NON_LEADER mode. State: All replicated index: 0, Majority replicated index: 0, Committed index: 0, Last appended: 0.0, Last appended by leader: 0, Current term: 0, Majority size: -1, State: 0, Mode: NON_LEADER, active raft config: opid_index: -1 OBSOLETE_local: false peers { permanent_uuid: "24eac2d2769946738a3fe4a30aeb13a8" member_type: VOTER last_known_addr { host: "127.28.21.129" port: 33525 } } peers { permanent_uuid: "ab87d1a15cde45c8b26322434e9d6b0b" member_type: VOTER last_known_addr { host: "127.28.21.130" port: 40593 } } peers { permanent_uuid: "0a5c372f9da54e93836d131fb46d58cd" member_type: VOTER last_known_addr { host: "127.28.21.131" port: 35189 } }
I20260608 13:01:26.331048   833 tablet_service.cc:1917] Received RequestConsensusVote() RPC: tablet_id: "54f25812d63f40c98543da173e9530f3" candidate_uuid: "ab87d1a15cde45c8b26322434e9d6b0b" candidate_term: 1 candidate_status { last_received { term: 0 index: 0 } } ignore_live_leader: false dest_uuid: "24eac2d2769946738a3fe4a30aeb13a8" is_pre_election: true
I20260608 13:01:26.329622  1063 raft_consensus.cc:3060] T 54f25812d63f40c98543da173e9530f3 P ab87d1a15cde45c8b26322434e9d6b0b [term 0 FOLLOWER]: Advancing to term 1
I20260608 13:01:26.332355   833 raft_consensus.cc:2468] T 54f25812d63f40c98543da173e9530f3 P 24eac2d2769946738a3fe4a30aeb13a8 [term 0 FOLLOWER]: Leader pre-election vote request: Granting yes vote for candidate ab87d1a15cde45c8b26322434e9d6b0b in term 0.
I20260608 13:01:26.332646   907 tablet_service.cc:1917] Received RequestConsensusVote() RPC: tablet_id: "9c10b360d2cc4f69a25800233fd59a1d" candidate_uuid: "24eac2d2769946738a3fe4a30aeb13a8" candidate_term: 1 candidate_status { last_received { term: 0 index: 0 } } ignore_live_leader: false dest_uuid: "ab87d1a15cde45c8b26322434e9d6b0b"
I20260608 13:01:26.333328   907 raft_consensus.cc:3060] T 9c10b360d2cc4f69a25800233fd59a1d P ab87d1a15cde45c8b26322434e9d6b0b [term 0 FOLLOWER]: Advancing to term 1
W20260608 13:01:26.331000   796 leader_election.cc:343] T 77a021494eca490a99d39558b449ec15 P 24eac2d2769946738a3fe4a30aeb13a8 [CANDIDATE]: Term 1 election: Tablet error from VoteRequest() call to peer 0a5c372f9da54e93836d131fb46d58cd (127.28.21.131:35189): Illegal state: must be running to vote when last-logged opid is not known
W20260608 13:01:26.334960   796 leader_election.cc:343] T 9c10b360d2cc4f69a25800233fd59a1d P 24eac2d2769946738a3fe4a30aeb13a8 [CANDIDATE]: Term 1 pre-election: Tablet error from VoteRequest() call to peer 0a5c372f9da54e93836d131fb46d58cd (127.28.21.131:35189): Illegal state: must be running to vote when last-logged opid is not known
I20260608 13:01:26.334757  1028 raft_consensus.cc:359] T 7dad731b814a45ac9ebc8e2676df2269 P 24eac2d2769946738a3fe4a30aeb13a8 [term 0 FOLLOWER]: Replica starting. Triggering 0 pending ops. Active config: opid_index: -1 OBSOLETE_local: false peers { permanent_uuid: "24eac2d2769946738a3fe4a30aeb13a8" member_type: VOTER last_known_addr { host: "127.28.21.129" port: 33525 } } peers { permanent_uuid: "ab87d1a15cde45c8b26322434e9d6b0b" member_type: VOTER last_known_addr { host: "127.28.21.130" port: 40593 } } peers { permanent_uuid: "0a5c372f9da54e93836d131fb46d58cd" member_type: VOTER last_known_addr { host: "127.28.21.131" port: 35189 } }
I20260608 13:01:26.335783  1028 raft_consensus.cc:385] T 7dad731b814a45ac9ebc8e2676df2269 P 24eac2d2769946738a3fe4a30aeb13a8 [term 0 FOLLOWER]: Consensus starting up: Expiring failure detector timer to make a prompt election more likely
W20260608 13:01:26.336292   796 leader_election.cc:343] T 9c10b360d2cc4f69a25800233fd59a1d P 24eac2d2769946738a3fe4a30aeb13a8 [CANDIDATE]: Term 1 election: Tablet error from VoteRequest() call to peer 0a5c372f9da54e93836d131fb46d58cd (127.28.21.131:35189): Illegal state: must be running to vote when last-logged opid is not known
I20260608 13:01:26.337556  1053 raft_consensus.cc:493] T 2139ef127fdf4a2c810f17371aa975a1 P 0a5c372f9da54e93836d131fb46d58cd [term 0 FOLLOWER]: Starting pre-election (no leader contacted us within the election timeout)
I20260608 13:01:26.338259  1053 raft_consensus.cc:515] T 2139ef127fdf4a2c810f17371aa975a1 P 0a5c372f9da54e93836d131fb46d58cd [term 0 FOLLOWER]: Starting pre-election with config: opid_index: -1 OBSOLETE_local: false peers { permanent_uuid: "24eac2d2769946738a3fe4a30aeb13a8" member_type: VOTER last_known_addr { host: "127.28.21.129" port: 33525 } } peers { permanent_uuid: "ab87d1a15cde45c8b26322434e9d6b0b" member_type: VOTER last_known_addr { host: "127.28.21.130" port: 40593 } } peers { permanent_uuid: "0a5c372f9da54e93836d131fb46d58cd" member_type: VOTER last_known_addr { host: "127.28.21.131" port: 35189 } }
I20260608 13:01:26.340636   731 catalog_manager.cc:5696] T 070f903c6e844a8187ff3ad534a19824 P ab87d1a15cde45c8b26322434e9d6b0b reported cstate change: term changed from 0 to 1, leader changed from <none> to ab87d1a15cde45c8b26322434e9d6b0b (127.28.21.130). New cstate: current_term: 1 leader_uuid: "ab87d1a15cde45c8b26322434e9d6b0b" committed_config { opid_index: -1 OBSOLETE_local: false peers { permanent_uuid: "24eac2d2769946738a3fe4a30aeb13a8" member_type: VOTER last_known_addr { host: "127.28.21.129" port: 33525 } health_report { overall_health: UNKNOWN } } peers { permanent_uuid: "ab87d1a15cde45c8b26322434e9d6b0b" member_type: VOTER last_known_addr { host: "127.28.21.130" port: 40593 } health_report { overall_health: HEALTHY } } peers { permanent_uuid: "0a5c372f9da54e93836d131fb46d58cd" member_type: VOTER last_known_addr { host: "127.28.21.131" port: 35189 } health_report { overall_health: UNKNOWN } } }
I20260608 13:01:26.333045  1033 consensus_queue.cc:237] T 77a021494eca490a99d39558b449ec15 P 24eac2d2769946738a3fe4a30aeb13a8 [LEADER]: Queue going to LEADER mode. State: All replicated index: 0, Majority replicated index: 0, Committed index: 0, Last appended: 0.0, Last appended by leader: 0, Current term: 1, Majority size: 2, State: 0, Mode: LEADER, active raft config: opid_index: -1 OBSOLETE_local: false peers { permanent_uuid: "ab87d1a15cde45c8b26322434e9d6b0b" member_type: VOTER last_known_addr { host: "127.28.21.130" port: 40593 } } peers { permanent_uuid: "24eac2d2769946738a3fe4a30aeb13a8" member_type: VOTER last_known_addr { host: "127.28.21.129" port: 33525 } } peers { permanent_uuid: "0a5c372f9da54e93836d131fb46d58cd" member_type: VOTER last_known_addr { host: "127.28.21.131" port: 35189 } }
I20260608 13:01:26.342018  1068 raft_consensus.cc:493] T 2139ef127fdf4a2c810f17371aa975a1 P 24eac2d2769946738a3fe4a30aeb13a8 [term 0 FOLLOWER]: Starting pre-election (no leader contacted us within the election timeout)
I20260608 13:01:26.342164   833 tablet_service.cc:1917] Received RequestConsensusVote() RPC: tablet_id: "2139ef127fdf4a2c810f17371aa975a1" candidate_uuid: "0a5c372f9da54e93836d131fb46d58cd" candidate_term: 1 candidate_status { last_received { term: 0 index: 0 } } ignore_live_leader: false dest_uuid: "24eac2d2769946738a3fe4a30aeb13a8" is_pre_election: true
I20260608 13:01:26.342429   908 tablet_service.cc:1917] Received RequestConsensusVote() RPC: tablet_id: "2139ef127fdf4a2c810f17371aa975a1" candidate_uuid: "0a5c372f9da54e93836d131fb46d58cd" candidate_term: 1 candidate_status { last_received { term: 0 index: 0 } } ignore_live_leader: false dest_uuid: "ab87d1a15cde45c8b26322434e9d6b0b" is_pre_election: true
I20260608 13:01:26.343437   908 raft_consensus.cc:2468] T 2139ef127fdf4a2c810f17371aa975a1 P ab87d1a15cde45c8b26322434e9d6b0b [term 0 FOLLOWER]: Leader pre-election vote request: Granting yes vote for candidate 0a5c372f9da54e93836d131fb46d58cd in term 0.
I20260608 13:01:26.345500   945 leader_election.cc:304] T 2139ef127fdf4a2c810f17371aa975a1 P 0a5c372f9da54e93836d131fb46d58cd [CANDIDATE]: Term 1 pre-election: Election decided. Result: candidate won. Election summary: received 2 responses out of 3 voters: 2 yes votes; 0 no votes. yes voters: 0a5c372f9da54e93836d131fb46d58cd, ab87d1a15cde45c8b26322434e9d6b0b; no voters: 
I20260608 13:01:26.345880   907 raft_consensus.cc:2468] T 9c10b360d2cc4f69a25800233fd59a1d P ab87d1a15cde45c8b26322434e9d6b0b [term 1 FOLLOWER]: Leader election vote request: Granting yes vote for candidate 24eac2d2769946738a3fe4a30aeb13a8 in term 1.
I20260608 13:01:26.343474  1068 raft_consensus.cc:515] T 2139ef127fdf4a2c810f17371aa975a1 P 24eac2d2769946738a3fe4a30aeb13a8 [term 0 FOLLOWER]: Starting pre-election with config: opid_index: -1 OBSOLETE_local: false peers { permanent_uuid: "24eac2d2769946738a3fe4a30aeb13a8" member_type: VOTER last_known_addr { host: "127.28.21.129" port: 33525 } } peers { permanent_uuid: "ab87d1a15cde45c8b26322434e9d6b0b" member_type: VOTER last_known_addr { host: "127.28.21.130" port: 40593 } } peers { permanent_uuid: "0a5c372f9da54e93836d131fb46d58cd" member_type: VOTER last_known_addr { host: "127.28.21.131" port: 35189 } }
I20260608 13:01:26.347579   833 raft_consensus.cc:2468] T 2139ef127fdf4a2c810f17371aa975a1 P 24eac2d2769946738a3fe4a30aeb13a8 [term 0 FOLLOWER]: Leader pre-election vote request: Granting yes vote for candidate 0a5c372f9da54e93836d131fb46d58cd in term 0.
I20260608 13:01:26.346832  1035 raft_consensus.cc:2804] T 2139ef127fdf4a2c810f17371aa975a1 P 0a5c372f9da54e93836d131fb46d58cd [term 0 FOLLOWER]: Leader pre-election won for term 1
I20260608 13:01:26.347842   796 leader_election.cc:304] T 9c10b360d2cc4f69a25800233fd59a1d P 24eac2d2769946738a3fe4a30aeb13a8 [CANDIDATE]: Term 1 election: Election decided. Result: candidate won. Election summary: received 3 responses out of 3 voters: 2 yes votes; 1 no votes. yes voters: 24eac2d2769946738a3fe4a30aeb13a8, ab87d1a15cde45c8b26322434e9d6b0b; no voters: 0a5c372f9da54e93836d131fb46d58cd
I20260608 13:01:26.348148  1035 raft_consensus.cc:493] T 2139ef127fdf4a2c810f17371aa975a1 P 0a5c372f9da54e93836d131fb46d58cd [term 0 FOLLOWER]: Starting leader election (no leader contacted us within the election timeout)
I20260608 13:01:26.348624  1035 raft_consensus.cc:3060] T 2139ef127fdf4a2c810f17371aa975a1 P 0a5c372f9da54e93836d131fb46d58cd [term 0 FOLLOWER]: Advancing to term 1
I20260608 13:01:26.349004  1053 leader_election.cc:290] T 2139ef127fdf4a2c810f17371aa975a1 P 0a5c372f9da54e93836d131fb46d58cd [CANDIDATE]: Term 1 pre-election: Requested pre-vote from peers 24eac2d2769946738a3fe4a30aeb13a8 (127.28.21.129:33525), ab87d1a15cde45c8b26322434e9d6b0b (127.28.21.130:40593)
I20260608 13:01:26.351059  1068 leader_election.cc:290] T 2139ef127fdf4a2c810f17371aa975a1 P 24eac2d2769946738a3fe4a30aeb13a8 [CANDIDATE]: Term 1 pre-election: Requested pre-vote from peers ab87d1a15cde45c8b26322434e9d6b0b (127.28.21.130:40593), 0a5c372f9da54e93836d131fb46d58cd (127.28.21.131:35189)
I20260608 13:01:26.351621  1068 raft_consensus.cc:2804] T 9c10b360d2cc4f69a25800233fd59a1d P 24eac2d2769946738a3fe4a30aeb13a8 [term 1 FOLLOWER]: Leader election won for term 1
I20260608 13:01:26.352041  1068 raft_consensus.cc:697] T 9c10b360d2cc4f69a25800233fd59a1d P 24eac2d2769946738a3fe4a30aeb13a8 [term 1 LEADER]: Becoming Leader. State: Replica: 24eac2d2769946738a3fe4a30aeb13a8, State: Running, Role: LEADER
I20260608 13:01:26.352962  1068 consensus_queue.cc:237] T 9c10b360d2cc4f69a25800233fd59a1d P 24eac2d2769946738a3fe4a30aeb13a8 [LEADER]: Queue going to LEADER mode. State: All replicated index: 0, Majority replicated index: 0, Committed index: 0, Last appended: 0.0, Last appended by leader: 0, Current term: 1, Majority size: 2, State: 0, Mode: LEADER, active raft config: opid_index: -1 OBSOLETE_local: false peers { permanent_uuid: "24eac2d2769946738a3fe4a30aeb13a8" member_type: VOTER last_known_addr { host: "127.28.21.129" port: 33525 } } peers { permanent_uuid: "ab87d1a15cde45c8b26322434e9d6b0b" member_type: VOTER last_known_addr { host: "127.28.21.130" port: 40593 } } peers { permanent_uuid: "0a5c372f9da54e93836d131fb46d58cd" member_type: VOTER last_known_addr { host: "127.28.21.131" port: 35189 } }
I20260608 13:01:26.357779  1030 ts_tablet_manager.cc:1434] T 74a3567bdda644c1a91c53a215758ded P 0a5c372f9da54e93836d131fb46d58cd: Time spent starting tablet: real 0.056s	user 0.008s	sys 0.000s
I20260608 13:01:26.358121  1035 raft_consensus.cc:515] T 2139ef127fdf4a2c810f17371aa975a1 P 0a5c372f9da54e93836d131fb46d58cd [term 1 FOLLOWER]: Starting leader election with config: opid_index: -1 OBSOLETE_local: false peers { permanent_uuid: "24eac2d2769946738a3fe4a30aeb13a8" member_type: VOTER last_known_addr { host: "127.28.21.129" port: 33525 } } peers { permanent_uuid: "ab87d1a15cde45c8b26322434e9d6b0b" member_type: VOTER last_known_addr { host: "127.28.21.130" port: 40593 } } peers { permanent_uuid: "0a5c372f9da54e93836d131fb46d58cd" member_type: VOTER last_known_addr { host: "127.28.21.131" port: 35189 } }
I20260608 13:01:26.361233   833 tablet_service.cc:1917] Received RequestConsensusVote() RPC: tablet_id: "2139ef127fdf4a2c810f17371aa975a1" candidate_uuid: "0a5c372f9da54e93836d131fb46d58cd" candidate_term: 1 candidate_status { last_received { term: 0 index: 0 } } ignore_live_leader: false dest_uuid: "24eac2d2769946738a3fe4a30aeb13a8"
I20260608 13:01:26.361851   833 raft_consensus.cc:3060] T 2139ef127fdf4a2c810f17371aa975a1 P 24eac2d2769946738a3fe4a30aeb13a8 [term 0 FOLLOWER]: Advancing to term 1
I20260608 13:01:26.363373  1063 raft_consensus.cc:515] T 54f25812d63f40c98543da173e9530f3 P ab87d1a15cde45c8b26322434e9d6b0b [term 1 FOLLOWER]: Starting leader election with config: opid_index: -1 OBSOLETE_local: false peers { permanent_uuid: "24eac2d2769946738a3fe4a30aeb13a8" member_type: VOTER last_known_addr { host: "127.28.21.129" port: 33525 } } peers { permanent_uuid: "ab87d1a15cde45c8b26322434e9d6b0b" member_type: VOTER last_known_addr { host: "127.28.21.130" port: 40593 } } peers { permanent_uuid: "0a5c372f9da54e93836d131fb46d58cd" member_type: VOTER last_known_addr { host: "127.28.21.131" port: 35189 } }
I20260608 13:01:26.336248  1028 raft_consensus.cc:740] T 7dad731b814a45ac9ebc8e2676df2269 P 24eac2d2769946738a3fe4a30aeb13a8 [term 0 FOLLOWER]: Becoming Follower/Learner. State: Replica: 24eac2d2769946738a3fe4a30aeb13a8, State: Initialized, Role: FOLLOWER
I20260608 13:01:26.364768  1028 consensus_queue.cc:260] T 7dad731b814a45ac9ebc8e2676df2269 P 24eac2d2769946738a3fe4a30aeb13a8 [NON_LEADER]: Queue going to NON_LEADER mode. State: All replicated index: 0, Majority replicated index: 0, Committed index: 0, Last appended: 0.0, Last appended by leader: 0, Current term: 0, Majority size: -1, State: 0, Mode: NON_LEADER, active raft config: opid_index: -1 OBSOLETE_local: false peers { permanent_uuid: "24eac2d2769946738a3fe4a30aeb13a8" member_type: VOTER last_known_addr { host: "127.28.21.129" port: 33525 } } peers { permanent_uuid: "ab87d1a15cde45c8b26322434e9d6b0b" member_type: VOTER last_known_addr { host: "127.28.21.130" port: 40593 } } peers { permanent_uuid: "0a5c372f9da54e93836d131fb46d58cd" member_type: VOTER last_known_addr { host: "127.28.21.131" port: 35189 } }
I20260608 13:01:26.370467  1030 tablet_bootstrap.cc:492] T 77a021494eca490a99d39558b449ec15 P 0a5c372f9da54e93836d131fb46d58cd: Bootstrap starting.
I20260608 13:01:26.373268   907 tablet_service.cc:1917] Received RequestConsensusVote() RPC: tablet_id: "2139ef127fdf4a2c810f17371aa975a1" candidate_uuid: "0a5c372f9da54e93836d131fb46d58cd" candidate_term: 1 candidate_status { last_received { term: 0 index: 0 } } ignore_live_leader: false dest_uuid: "ab87d1a15cde45c8b26322434e9d6b0b"
I20260608 13:01:26.373927   907 raft_consensus.cc:3060] T 2139ef127fdf4a2c810f17371aa975a1 P ab87d1a15cde45c8b26322434e9d6b0b [term 0 FOLLOWER]: Advancing to term 1
I20260608 13:01:26.371873  1035 leader_election.cc:290] T 2139ef127fdf4a2c810f17371aa975a1 P 0a5c372f9da54e93836d131fb46d58cd [CANDIDATE]: Term 1 election: Requested vote from peers 24eac2d2769946738a3fe4a30aeb13a8 (127.28.21.129:33525), ab87d1a15cde45c8b26322434e9d6b0b (127.28.21.130:40593)
I20260608 13:01:26.374507   833 raft_consensus.cc:2468] T 2139ef127fdf4a2c810f17371aa975a1 P 24eac2d2769946738a3fe4a30aeb13a8 [term 1 FOLLOWER]: Leader election vote request: Granting yes vote for candidate 0a5c372f9da54e93836d131fb46d58cd in term 1.
I20260608 13:01:26.375828   946 leader_election.cc:304] T 2139ef127fdf4a2c810f17371aa975a1 P 0a5c372f9da54e93836d131fb46d58cd [CANDIDATE]: Term 1 election: Election decided. Result: candidate won. Election summary: received 2 responses out of 3 voters: 2 yes votes; 0 no votes. yes voters: 0a5c372f9da54e93836d131fb46d58cd, 24eac2d2769946738a3fe4a30aeb13a8; no voters: 
I20260608 13:01:26.381013   908 tablet_service.cc:1917] Received RequestConsensusVote() RPC: tablet_id: "2139ef127fdf4a2c810f17371aa975a1" candidate_uuid: "24eac2d2769946738a3fe4a30aeb13a8" candidate_term: 1 candidate_status { last_received { term: 0 index: 0 } } ignore_live_leader: false dest_uuid: "ab87d1a15cde45c8b26322434e9d6b0b" is_pre_election: true
I20260608 13:01:26.387225  1063 leader_election.cc:290] T 54f25812d63f40c98543da173e9530f3 P ab87d1a15cde45c8b26322434e9d6b0b [CANDIDATE]: Term 1 election: Requested vote from peers 24eac2d2769946738a3fe4a30aeb13a8 (127.28.21.129:33525), 0a5c372f9da54e93836d131fb46d58cd (127.28.21.131:35189)
I20260608 13:01:26.387604   982 tablet_service.cc:1917] Received RequestConsensusVote() RPC: tablet_id: "2139ef127fdf4a2c810f17371aa975a1" candidate_uuid: "24eac2d2769946738a3fe4a30aeb13a8" candidate_term: 1 candidate_status { last_received { term: 0 index: 0 } } ignore_live_leader: false dest_uuid: "0a5c372f9da54e93836d131fb46d58cd" is_pre_election: true
I20260608 13:01:26.388669  1068 raft_consensus.cc:493] T d4edf8d4bafc4d148ff0825720b54a5b P 24eac2d2769946738a3fe4a30aeb13a8 [term 0 FOLLOWER]: Starting pre-election (no leader contacted us within the election timeout)
I20260608 13:01:26.389354   833 tablet_service.cc:1917] Received RequestConsensusVote() RPC: tablet_id: "54f25812d63f40c98543da173e9530f3" candidate_uuid: "ab87d1a15cde45c8b26322434e9d6b0b" candidate_term: 1 candidate_status { last_received { term: 0 index: 0 } } ignore_live_leader: false dest_uuid: "24eac2d2769946738a3fe4a30aeb13a8"
I20260608 13:01:26.389191  1068 raft_consensus.cc:515] T d4edf8d4bafc4d148ff0825720b54a5b P 24eac2d2769946738a3fe4a30aeb13a8 [term 0 FOLLOWER]: Starting pre-election with config: opid_index: -1 OBSOLETE_local: false peers { permanent_uuid: "24eac2d2769946738a3fe4a30aeb13a8" member_type: VOTER last_known_addr { host: "127.28.21.129" port: 33525 } } peers { permanent_uuid: "ab87d1a15cde45c8b26322434e9d6b0b" member_type: VOTER last_known_addr { host: "127.28.21.130" port: 40593 } } peers { permanent_uuid: "0a5c372f9da54e93836d131fb46d58cd" member_type: VOTER last_known_addr { host: "127.28.21.131" port: 35189 } }
I20260608 13:01:26.389955   833 raft_consensus.cc:3060] T 54f25812d63f40c98543da173e9530f3 P 24eac2d2769946738a3fe4a30aeb13a8 [term 0 FOLLOWER]: Advancing to term 1
I20260608 13:01:26.391436  1068 leader_election.cc:290] T d4edf8d4bafc4d148ff0825720b54a5b P 24eac2d2769946738a3fe4a30aeb13a8 [CANDIDATE]: Term 1 pre-election: Requested pre-vote from peers ab87d1a15cde45c8b26322434e9d6b0b (127.28.21.130:40593), 0a5c372f9da54e93836d131fb46d58cd (127.28.21.131:35189)
I20260608 13:01:26.392179   981 tablet_service.cc:1917] Received RequestConsensusVote() RPC: tablet_id: "54f25812d63f40c98543da173e9530f3" candidate_uuid: "ab87d1a15cde45c8b26322434e9d6b0b" candidate_term: 1 candidate_status { last_received { term: 0 index: 0 } } ignore_live_leader: false dest_uuid: "0a5c372f9da54e93836d131fb46d58cd"
I20260608 13:01:26.393659   981 raft_consensus.cc:3060] T 54f25812d63f40c98543da173e9530f3 P 0a5c372f9da54e93836d131fb46d58cd [term 0 FOLLOWER]: Advancing to term 1
I20260608 13:01:26.397444   833 raft_consensus.cc:2468] T 54f25812d63f40c98543da173e9530f3 P 24eac2d2769946738a3fe4a30aeb13a8 [term 1 FOLLOWER]: Leader election vote request: Granting yes vote for candidate ab87d1a15cde45c8b26322434e9d6b0b in term 1.
I20260608 13:01:26.398708   907 raft_consensus.cc:2468] T 2139ef127fdf4a2c810f17371aa975a1 P ab87d1a15cde45c8b26322434e9d6b0b [term 1 FOLLOWER]: Leader election vote request: Granting yes vote for candidate 0a5c372f9da54e93836d131fb46d58cd in term 1.
I20260608 13:01:26.399868   908 tablet_service.cc:1917] Received RequestConsensusVote() RPC: tablet_id: "d4edf8d4bafc4d148ff0825720b54a5b" candidate_uuid: "24eac2d2769946738a3fe4a30aeb13a8" candidate_term: 1 candidate_status { last_received { term: 0 index: 0 } } ignore_live_leader: false dest_uuid: "ab87d1a15cde45c8b26322434e9d6b0b" is_pre_election: true
I20260608 13:01:26.401268   872 leader_election.cc:304] T 54f25812d63f40c98543da173e9530f3 P ab87d1a15cde45c8b26322434e9d6b0b [CANDIDATE]: Term 1 election: Election decided. Result: candidate won. Election summary: received 2 responses out of 3 voters: 2 yes votes; 0 no votes. yes voters: 24eac2d2769946738a3fe4a30aeb13a8, ab87d1a15cde45c8b26322434e9d6b0b; no voters: 
I20260608 13:01:26.403589  1063 raft_consensus.cc:2804] T 54f25812d63f40c98543da173e9530f3 P ab87d1a15cde45c8b26322434e9d6b0b [term 1 FOLLOWER]: Leader election won for term 1
I20260608 13:01:26.404134  1063 raft_consensus.cc:697] T 54f25812d63f40c98543da173e9530f3 P ab87d1a15cde45c8b26322434e9d6b0b [term 1 LEADER]: Becoming Leader. State: Replica: ab87d1a15cde45c8b26322434e9d6b0b, State: Running, Role: LEADER
I20260608 13:01:26.401494   980 tablet_service.cc:1917] Received RequestConsensusVote() RPC: tablet_id: "d4edf8d4bafc4d148ff0825720b54a5b" candidate_uuid: "24eac2d2769946738a3fe4a30aeb13a8" candidate_term: 1 candidate_status { last_received { term: 0 index: 0 } } ignore_live_leader: false dest_uuid: "0a5c372f9da54e93836d131fb46d58cd" is_pre_election: true
I20260608 13:01:26.406368  1063 consensus_queue.cc:237] T 54f25812d63f40c98543da173e9530f3 P ab87d1a15cde45c8b26322434e9d6b0b [LEADER]: Queue going to LEADER mode. State: All replicated index: 0, Majority replicated index: 0, Committed index: 0, Last appended: 0.0, Last appended by leader: 0, Current term: 1, Majority size: 2, State: 0, Mode: LEADER, active raft config: opid_index: -1 OBSOLETE_local: false peers { permanent_uuid: "24eac2d2769946738a3fe4a30aeb13a8" member_type: VOTER last_known_addr { host: "127.28.21.129" port: 33525 } } peers { permanent_uuid: "ab87d1a15cde45c8b26322434e9d6b0b" member_type: VOTER last_known_addr { host: "127.28.21.130" port: 40593 } } peers { permanent_uuid: "0a5c372f9da54e93836d131fb46d58cd" member_type: VOTER last_known_addr { host: "127.28.21.131" port: 35189 } }
W20260608 13:01:26.407606   796 leader_election.cc:343] T d4edf8d4bafc4d148ff0825720b54a5b P 24eac2d2769946738a3fe4a30aeb13a8 [CANDIDATE]: Term 1 pre-election: Tablet error from VoteRequest() call to peer 0a5c372f9da54e93836d131fb46d58cd (127.28.21.131:35189): Illegal state: must be running to vote when last-logged opid is not known
W20260608 13:01:26.408394   796 leader_election.cc:343] T d4edf8d4bafc4d148ff0825720b54a5b P 24eac2d2769946738a3fe4a30aeb13a8 [CANDIDATE]: Term 1 pre-election: Tablet error from VoteRequest() call to peer ab87d1a15cde45c8b26322434e9d6b0b (127.28.21.130:40593): Illegal state: must be running to vote when last-logged opid is not known
I20260608 13:01:26.408821   796 leader_election.cc:304] T d4edf8d4bafc4d148ff0825720b54a5b P 24eac2d2769946738a3fe4a30aeb13a8 [CANDIDATE]: Term 1 pre-election: Election decided. Result: candidate lost. Election summary: received 3 responses out of 3 voters: 1 yes votes; 2 no votes. yes voters: 24eac2d2769946738a3fe4a30aeb13a8; no voters: 0a5c372f9da54e93836d131fb46d58cd, ab87d1a15cde45c8b26322434e9d6b0b
I20260608 13:01:26.382397  1035 raft_consensus.cc:2804] T 2139ef127fdf4a2c810f17371aa975a1 P 0a5c372f9da54e93836d131fb46d58cd [term 1 FOLLOWER]: Leader election won for term 1
I20260608 13:01:26.410548  1030 tablet_bootstrap.cc:654] T 77a021494eca490a99d39558b449ec15 P 0a5c372f9da54e93836d131fb46d58cd: Neither blocks nor log segments found. Creating new log.
I20260608 13:01:26.407066  1029 tablet_bootstrap.cc:492] T 74a3567bdda644c1a91c53a215758ded P ab87d1a15cde45c8b26322434e9d6b0b: No bootstrap required, opened a new log
I20260608 13:01:26.411435  1029 ts_tablet_manager.cc:1403] T 74a3567bdda644c1a91c53a215758ded P ab87d1a15cde45c8b26322434e9d6b0b: Time spent bootstrapping tablet: real 0.092s	user 0.011s	sys 0.020s
I20260608 13:01:26.415526  1035 raft_consensus.cc:697] T 2139ef127fdf4a2c810f17371aa975a1 P 0a5c372f9da54e93836d131fb46d58cd [term 1 LEADER]: Becoming Leader. State: Replica: 0a5c372f9da54e93836d131fb46d58cd, State: Running, Role: LEADER
I20260608 13:01:26.422240  1035 consensus_queue.cc:237] T 2139ef127fdf4a2c810f17371aa975a1 P 0a5c372f9da54e93836d131fb46d58cd [LEADER]: Queue going to LEADER mode. State: All replicated index: 0, Majority replicated index: 0, Committed index: 0, Last appended: 0.0, Last appended by leader: 0, Current term: 1, Majority size: 2, State: 0, Mode: LEADER, active raft config: opid_index: -1 OBSOLETE_local: false peers { permanent_uuid: "24eac2d2769946738a3fe4a30aeb13a8" member_type: VOTER last_known_addr { host: "127.28.21.129" port: 33525 } } peers { permanent_uuid: "ab87d1a15cde45c8b26322434e9d6b0b" member_type: VOTER last_known_addr { host: "127.28.21.130" port: 40593 } } peers { permanent_uuid: "0a5c372f9da54e93836d131fb46d58cd" member_type: VOTER last_known_addr { host: "127.28.21.131" port: 35189 } }
I20260608 13:01:26.426072  1028 ts_tablet_manager.cc:1434] T 7dad731b814a45ac9ebc8e2676df2269 P 24eac2d2769946738a3fe4a30aeb13a8: Time spent starting tablet: real 0.106s	user 0.012s	sys 0.004s
I20260608 13:01:26.428753  1072 raft_consensus.cc:2749] T d4edf8d4bafc4d148ff0825720b54a5b P 24eac2d2769946738a3fe4a30aeb13a8 [term 0 FOLLOWER]: Leader pre-election lost for term 1. Reason: could not achieve majority
I20260608 13:01:26.429366  1028 tablet_bootstrap.cc:492] T 74a3567bdda644c1a91c53a215758ded P 24eac2d2769946738a3fe4a30aeb13a8: Bootstrap starting.
I20260608 13:01:26.428434   731 catalog_manager.cc:5696] T 77a021494eca490a99d39558b449ec15 P 24eac2d2769946738a3fe4a30aeb13a8 reported cstate change: term changed from 0 to 1, leader changed from <none> to 24eac2d2769946738a3fe4a30aeb13a8 (127.28.21.129). New cstate: current_term: 1 leader_uuid: "24eac2d2769946738a3fe4a30aeb13a8" committed_config { opid_index: -1 OBSOLETE_local: false peers { permanent_uuid: "ab87d1a15cde45c8b26322434e9d6b0b" member_type: VOTER last_known_addr { host: "127.28.21.130" port: 40593 } health_report { overall_health: UNKNOWN } } peers { permanent_uuid: "24eac2d2769946738a3fe4a30aeb13a8" member_type: VOTER last_known_addr { host: "127.28.21.129" port: 33525 } health_report { overall_health: HEALTHY } } peers { permanent_uuid: "0a5c372f9da54e93836d131fb46d58cd" member_type: VOTER last_known_addr { host: "127.28.21.131" port: 35189 } health_report { overall_health: UNKNOWN } } }
I20260608 13:01:26.431648  1053 raft_consensus.cc:493] T 14b2dcfbe7244267b4da4fecd557cb8b P 0a5c372f9da54e93836d131fb46d58cd [term 0 FOLLOWER]: Starting pre-election (no leader contacted us within the election timeout)
I20260608 13:01:26.432154  1053 raft_consensus.cc:515] T 14b2dcfbe7244267b4da4fecd557cb8b P 0a5c372f9da54e93836d131fb46d58cd [term 0 FOLLOWER]: Starting pre-election with config: opid_index: -1 OBSOLETE_local: false peers { permanent_uuid: "24eac2d2769946738a3fe4a30aeb13a8" member_type: VOTER last_known_addr { host: "127.28.21.129" port: 33525 } } peers { permanent_uuid: "ab87d1a15cde45c8b26322434e9d6b0b" member_type: VOTER last_known_addr { host: "127.28.21.130" port: 40593 } } peers { permanent_uuid: "0a5c372f9da54e93836d131fb46d58cd" member_type: VOTER last_known_addr { host: "127.28.21.131" port: 35189 } }
I20260608 13:01:26.435422   833 tablet_service.cc:1917] Received RequestConsensusVote() RPC: tablet_id: "14b2dcfbe7244267b4da4fecd557cb8b" candidate_uuid: "0a5c372f9da54e93836d131fb46d58cd" candidate_term: 1 candidate_status { last_received { term: 0 index: 0 } } ignore_live_leader: false dest_uuid: "24eac2d2769946738a3fe4a30aeb13a8" is_pre_election: true
W20260608 13:01:26.436913   946 leader_election.cc:343] T 14b2dcfbe7244267b4da4fecd557cb8b P 0a5c372f9da54e93836d131fb46d58cd [CANDIDATE]: Term 1 pre-election: Tablet error from VoteRequest() call to peer 24eac2d2769946738a3fe4a30aeb13a8 (127.28.21.129:33525): Illegal state: must be running to vote when last-logged opid is not known
I20260608 13:01:26.438114  1028 tablet_bootstrap.cc:654] T 74a3567bdda644c1a91c53a215758ded P 24eac2d2769946738a3fe4a30aeb13a8: Neither blocks nor log segments found. Creating new log.
I20260608 13:01:26.438870   907 tablet_service.cc:1917] Received RequestConsensusVote() RPC: tablet_id: "14b2dcfbe7244267b4da4fecd557cb8b" candidate_uuid: "0a5c372f9da54e93836d131fb46d58cd" candidate_term: 1 candidate_status { last_received { term: 0 index: 0 } } ignore_live_leader: false dest_uuid: "ab87d1a15cde45c8b26322434e9d6b0b" is_pre_election: true
I20260608 13:01:26.440353  1053 leader_election.cc:290] T 14b2dcfbe7244267b4da4fecd557cb8b P 0a5c372f9da54e93836d131fb46d58cd [CANDIDATE]: Term 1 pre-election: Requested pre-vote from peers 24eac2d2769946738a3fe4a30aeb13a8 (127.28.21.129:33525), ab87d1a15cde45c8b26322434e9d6b0b (127.28.21.130:40593)
W20260608 13:01:26.442435   945 leader_election.cc:343] T 14b2dcfbe7244267b4da4fecd557cb8b P 0a5c372f9da54e93836d131fb46d58cd [CANDIDATE]: Term 1 pre-election: Tablet error from VoteRequest() call to peer ab87d1a15cde45c8b26322434e9d6b0b (127.28.21.130:40593): Illegal state: must be running to vote when last-logged opid is not known
I20260608 13:01:26.443174   945 leader_election.cc:304] T 14b2dcfbe7244267b4da4fecd557cb8b P 0a5c372f9da54e93836d131fb46d58cd [CANDIDATE]: Term 1 pre-election: Election decided. Result: candidate lost. Election summary: received 3 responses out of 3 voters: 1 yes votes; 2 no votes. yes voters: 0a5c372f9da54e93836d131fb46d58cd; no voters: 24eac2d2769946738a3fe4a30aeb13a8, ab87d1a15cde45c8b26322434e9d6b0b
I20260608 13:01:26.446120  1053 raft_consensus.cc:2749] T 14b2dcfbe7244267b4da4fecd557cb8b P 0a5c372f9da54e93836d131fb46d58cd [term 0 FOLLOWER]: Leader pre-election lost for term 1. Reason: could not achieve majority
I20260608 13:01:26.448473   981 raft_consensus.cc:2468] T 54f25812d63f40c98543da173e9530f3 P 0a5c372f9da54e93836d131fb46d58cd [term 1 FOLLOWER]: Leader election vote request: Granting yes vote for candidate ab87d1a15cde45c8b26322434e9d6b0b in term 1.
I20260608 13:01:26.449517  1029 raft_consensus.cc:359] T 74a3567bdda644c1a91c53a215758ded P ab87d1a15cde45c8b26322434e9d6b0b [term 0 FOLLOWER]: Replica starting. Triggering 0 pending ops. Active config: opid_index: -1 OBSOLETE_local: false peers { permanent_uuid: "24eac2d2769946738a3fe4a30aeb13a8" member_type: VOTER last_known_addr { host: "127.28.21.129" port: 33525 } } peers { permanent_uuid: "ab87d1a15cde45c8b26322434e9d6b0b" member_type: VOTER last_known_addr { host: "127.28.21.130" port: 40593 } } peers { permanent_uuid: "0a5c372f9da54e93836d131fb46d58cd" member_type: VOTER last_known_addr { host: "127.28.21.131" port: 35189 } }
I20260608 13:01:26.450947  1029 raft_consensus.cc:385] T 74a3567bdda644c1a91c53a215758ded P ab87d1a15cde45c8b26322434e9d6b0b [term 0 FOLLOWER]: Consensus starting up: Expiring failure detector timer to make a prompt election more likely
I20260608 13:01:26.451278  1029 raft_consensus.cc:740] T 74a3567bdda644c1a91c53a215758ded P ab87d1a15cde45c8b26322434e9d6b0b [term 0 FOLLOWER]: Becoming Follower/Learner. State: Replica: ab87d1a15cde45c8b26322434e9d6b0b, State: Initialized, Role: FOLLOWER
I20260608 13:01:26.452188  1029 consensus_queue.cc:260] T 74a3567bdda644c1a91c53a215758ded P ab87d1a15cde45c8b26322434e9d6b0b [NON_LEADER]: Queue going to NON_LEADER mode. State: All replicated index: 0, Majority replicated index: 0, Committed index: 0, Last appended: 0.0, Last appended by leader: 0, Current term: 0, Majority size: -1, State: 0, Mode: NON_LEADER, active raft config: opid_index: -1 OBSOLETE_local: false peers { permanent_uuid: "24eac2d2769946738a3fe4a30aeb13a8" member_type: VOTER last_known_addr { host: "127.28.21.129" port: 33525 } } peers { permanent_uuid: "ab87d1a15cde45c8b26322434e9d6b0b" member_type: VOTER last_known_addr { host: "127.28.21.130" port: 40593 } } peers { permanent_uuid: "0a5c372f9da54e93836d131fb46d58cd" member_type: VOTER last_known_addr { host: "127.28.21.131" port: 35189 } }
I20260608 13:01:26.454895  1029 ts_tablet_manager.cc:1434] T 74a3567bdda644c1a91c53a215758ded P ab87d1a15cde45c8b26322434e9d6b0b: Time spent starting tablet: real 0.043s	user 0.003s	sys 0.004s
I20260608 13:01:26.455969  1029 tablet_bootstrap.cc:492] T 14b2dcfbe7244267b4da4fecd557cb8b P ab87d1a15cde45c8b26322434e9d6b0b: Bootstrap starting.
I20260608 13:01:26.455754   731 catalog_manager.cc:5696] T 9c10b360d2cc4f69a25800233fd59a1d P 24eac2d2769946738a3fe4a30aeb13a8 reported cstate change: term changed from 0 to 1, leader changed from <none> to 24eac2d2769946738a3fe4a30aeb13a8 (127.28.21.129). New cstate: current_term: 1 leader_uuid: "24eac2d2769946738a3fe4a30aeb13a8" committed_config { opid_index: -1 OBSOLETE_local: false peers { permanent_uuid: "24eac2d2769946738a3fe4a30aeb13a8" member_type: VOTER last_known_addr { host: "127.28.21.129" port: 33525 } health_report { overall_health: HEALTHY } } peers { permanent_uuid: "ab87d1a15cde45c8b26322434e9d6b0b" member_type: VOTER last_known_addr { host: "127.28.21.130" port: 40593 } health_report { overall_health: UNKNOWN } } peers { permanent_uuid: "0a5c372f9da54e93836d131fb46d58cd" member_type: VOTER last_known_addr { host: "127.28.21.131" port: 35189 } health_report { overall_health: UNKNOWN } } }
I20260608 13:01:26.457023   730 catalog_manager.cc:5696] T 54f25812d63f40c98543da173e9530f3 P ab87d1a15cde45c8b26322434e9d6b0b reported cstate change: term changed from 0 to 1, leader changed from <none> to ab87d1a15cde45c8b26322434e9d6b0b (127.28.21.130). New cstate: current_term: 1 leader_uuid: "ab87d1a15cde45c8b26322434e9d6b0b" committed_config { opid_index: -1 OBSOLETE_local: false peers { permanent_uuid: "24eac2d2769946738a3fe4a30aeb13a8" member_type: VOTER last_known_addr { host: "127.28.21.129" port: 33525 } health_report { overall_health: UNKNOWN } } peers { permanent_uuid: "ab87d1a15cde45c8b26322434e9d6b0b" member_type: VOTER last_known_addr { host: "127.28.21.130" port: 40593 } health_report { overall_health: HEALTHY } } peers { permanent_uuid: "0a5c372f9da54e93836d131fb46d58cd" member_type: VOTER last_known_addr { host: "127.28.21.131" port: 35189 } health_report { overall_health: UNKNOWN } } }
I20260608 13:01:26.462661  1030 tablet_bootstrap.cc:492] T 77a021494eca490a99d39558b449ec15 P 0a5c372f9da54e93836d131fb46d58cd: No bootstrap required, opened a new log
I20260608 13:01:26.463326  1030 ts_tablet_manager.cc:1403] T 77a021494eca490a99d39558b449ec15 P 0a5c372f9da54e93836d131fb46d58cd: Time spent bootstrapping tablet: real 0.093s	user 0.020s	sys 0.004s
I20260608 13:01:26.466377  1030 raft_consensus.cc:359] T 77a021494eca490a99d39558b449ec15 P 0a5c372f9da54e93836d131fb46d58cd [term 0 FOLLOWER]: Replica starting. Triggering 0 pending ops. Active config: opid_index: -1 OBSOLETE_local: false peers { permanent_uuid: "ab87d1a15cde45c8b26322434e9d6b0b" member_type: VOTER last_known_addr { host: "127.28.21.130" port: 40593 } } peers { permanent_uuid: "24eac2d2769946738a3fe4a30aeb13a8" member_type: VOTER last_known_addr { host: "127.28.21.129" port: 33525 } } peers { permanent_uuid: "0a5c372f9da54e93836d131fb46d58cd" member_type: VOTER last_known_addr { host: "127.28.21.131" port: 35189 } }
I20260608 13:01:26.466806  1029 tablet_bootstrap.cc:654] T 14b2dcfbe7244267b4da4fecd557cb8b P ab87d1a15cde45c8b26322434e9d6b0b: Neither blocks nor log segments found. Creating new log.
I20260608 13:01:26.467048  1030 raft_consensus.cc:385] T 77a021494eca490a99d39558b449ec15 P 0a5c372f9da54e93836d131fb46d58cd [term 0 FOLLOWER]: Consensus starting up: Expiring failure detector timer to make a prompt election more likely
I20260608 13:01:26.467392  1030 raft_consensus.cc:740] T 77a021494eca490a99d39558b449ec15 P 0a5c372f9da54e93836d131fb46d58cd [term 0 FOLLOWER]: Becoming Follower/Learner. State: Replica: 0a5c372f9da54e93836d131fb46d58cd, State: Initialized, Role: FOLLOWER
I20260608 13:01:26.472525  1030 consensus_queue.cc:260] T 77a021494eca490a99d39558b449ec15 P 0a5c372f9da54e93836d131fb46d58cd [NON_LEADER]: Queue going to NON_LEADER mode. State: All replicated index: 0, Majority replicated index: 0, Committed index: 0, Last appended: 0.0, Last appended by leader: 0, Current term: 0, Majority size: -1, State: 0, Mode: NON_LEADER, active raft config: opid_index: -1 OBSOLETE_local: false peers { permanent_uuid: "ab87d1a15cde45c8b26322434e9d6b0b" member_type: VOTER last_known_addr { host: "127.28.21.130" port: 40593 } } peers { permanent_uuid: "24eac2d2769946738a3fe4a30aeb13a8" member_type: VOTER last_known_addr { host: "127.28.21.129" port: 33525 } } peers { permanent_uuid: "0a5c372f9da54e93836d131fb46d58cd" member_type: VOTER last_known_addr { host: "127.28.21.131" port: 35189 } }
I20260608 13:01:26.474980  1028 tablet_bootstrap.cc:492] T 74a3567bdda644c1a91c53a215758ded P 24eac2d2769946738a3fe4a30aeb13a8: No bootstrap required, opened a new log
I20260608 13:01:26.475497  1028 ts_tablet_manager.cc:1403] T 74a3567bdda644c1a91c53a215758ded P 24eac2d2769946738a3fe4a30aeb13a8: Time spent bootstrapping tablet: real 0.046s	user 0.015s	sys 0.000s
I20260608 13:01:26.476616   796 leader_election.cc:304] T 2139ef127fdf4a2c810f17371aa975a1 P 24eac2d2769946738a3fe4a30aeb13a8 [CANDIDATE]: Term 1 pre-election: Election decided. Result: candidate lost. Election summary: received 3 responses out of 3 voters: 1 yes votes; 2 no votes. yes voters: 24eac2d2769946738a3fe4a30aeb13a8; no voters: 0a5c372f9da54e93836d131fb46d58cd, ab87d1a15cde45c8b26322434e9d6b0b
I20260608 13:01:26.479148  1030 ts_tablet_manager.cc:1434] T 77a021494eca490a99d39558b449ec15 P 0a5c372f9da54e93836d131fb46d58cd: Time spent starting tablet: real 0.016s	user 0.008s	sys 0.000s
I20260608 13:01:26.480176  1030 tablet_bootstrap.cc:492] T 9c10b360d2cc4f69a25800233fd59a1d P 0a5c372f9da54e93836d131fb46d58cd: Bootstrap starting.
I20260608 13:01:26.480664  1074 raft_consensus.cc:2749] T 2139ef127fdf4a2c810f17371aa975a1 P 24eac2d2769946738a3fe4a30aeb13a8 [term 1 FOLLOWER]: Leader pre-election lost for term 1. Reason: could not achieve majority
I20260608 13:01:26.483812  1053 raft_consensus.cc:493] T d9cc49c2b2e94a1a9d4fde5a5e95f89d P 0a5c372f9da54e93836d131fb46d58cd [term 0 FOLLOWER]: Starting pre-election (no leader contacted us within the election timeout)
I20260608 13:01:26.484543  1053 raft_consensus.cc:515] T d9cc49c2b2e94a1a9d4fde5a5e95f89d P 0a5c372f9da54e93836d131fb46d58cd [term 0 FOLLOWER]: Starting pre-election with config: opid_index: -1 OBSOLETE_local: false peers { permanent_uuid: "24eac2d2769946738a3fe4a30aeb13a8" member_type: VOTER last_known_addr { host: "127.28.21.129" port: 33525 } } peers { permanent_uuid: "ab87d1a15cde45c8b26322434e9d6b0b" member_type: VOTER last_known_addr { host: "127.28.21.130" port: 40593 } } peers { permanent_uuid: "0a5c372f9da54e93836d131fb46d58cd" member_type: VOTER last_known_addr { host: "127.28.21.131" port: 35189 } }
I20260608 13:01:26.480106   729 catalog_manager.cc:5696] T 2139ef127fdf4a2c810f17371aa975a1 P 0a5c372f9da54e93836d131fb46d58cd reported cstate change: term changed from 0 to 1, leader changed from <none> to 0a5c372f9da54e93836d131fb46d58cd (127.28.21.131). New cstate: current_term: 1 leader_uuid: "0a5c372f9da54e93836d131fb46d58cd" committed_config { opid_index: -1 OBSOLETE_local: false peers { permanent_uuid: "24eac2d2769946738a3fe4a30aeb13a8" member_type: VOTER last_known_addr { host: "127.28.21.129" port: 33525 } health_report { overall_health: UNKNOWN } } peers { permanent_uuid: "ab87d1a15cde45c8b26322434e9d6b0b" member_type: VOTER last_known_addr { host: "127.28.21.130" port: 40593 } health_report { overall_health: UNKNOWN } } peers { permanent_uuid: "0a5c372f9da54e93836d131fb46d58cd" member_type: VOTER last_known_addr { host: "127.28.21.131" port: 35189 } health_report { overall_health: HEALTHY } } }
I20260608 13:01:26.488727   833 tablet_service.cc:1917] Received RequestConsensusVote() RPC: tablet_id: "d9cc49c2b2e94a1a9d4fde5a5e95f89d" candidate_uuid: "0a5c372f9da54e93836d131fb46d58cd" candidate_term: 1 candidate_status { last_received { term: 0 index: 0 } } ignore_live_leader: false dest_uuid: "24eac2d2769946738a3fe4a30aeb13a8" is_pre_election: true
I20260608 13:01:26.490271  1030 tablet_bootstrap.cc:654] T 9c10b360d2cc4f69a25800233fd59a1d P 0a5c372f9da54e93836d131fb46d58cd: Neither blocks nor log segments found. Creating new log.
W20260608 13:01:26.490772   946 leader_election.cc:343] T d9cc49c2b2e94a1a9d4fde5a5e95f89d P 0a5c372f9da54e93836d131fb46d58cd [CANDIDATE]: Term 1 pre-election: Tablet error from VoteRequest() call to peer 24eac2d2769946738a3fe4a30aeb13a8 (127.28.21.129:33525): Illegal state: must be running to vote when last-logged opid is not known
I20260608 13:01:26.492372  1028 raft_consensus.cc:359] T 74a3567bdda644c1a91c53a215758ded P 24eac2d2769946738a3fe4a30aeb13a8 [term 0 FOLLOWER]: Replica starting. Triggering 0 pending ops. Active config: opid_index: -1 OBSOLETE_local: false peers { permanent_uuid: "24eac2d2769946738a3fe4a30aeb13a8" member_type: VOTER last_known_addr { host: "127.28.21.129" port: 33525 } } peers { permanent_uuid: "ab87d1a15cde45c8b26322434e9d6b0b" member_type: VOTER last_known_addr { host: "127.28.21.130" port: 40593 } } peers { permanent_uuid: "0a5c372f9da54e93836d131fb46d58cd" member_type: VOTER last_known_addr { host: "127.28.21.131" port: 35189 } }
I20260608 13:01:26.493134  1028 raft_consensus.cc:385] T 74a3567bdda644c1a91c53a215758ded P 24eac2d2769946738a3fe4a30aeb13a8 [term 0 FOLLOWER]: Consensus starting up: Expiring failure detector timer to make a prompt election more likely
I20260608 13:01:26.493463  1028 raft_consensus.cc:740] T 74a3567bdda644c1a91c53a215758ded P 24eac2d2769946738a3fe4a30aeb13a8 [term 0 FOLLOWER]: Becoming Follower/Learner. State: Replica: 24eac2d2769946738a3fe4a30aeb13a8, State: Initialized, Role: FOLLOWER
I20260608 13:01:26.493854   907 tablet_service.cc:1917] Received RequestConsensusVote() RPC: tablet_id: "d9cc49c2b2e94a1a9d4fde5a5e95f89d" candidate_uuid: "0a5c372f9da54e93836d131fb46d58cd" candidate_term: 1 candidate_status { last_received { term: 0 index: 0 } } ignore_live_leader: false dest_uuid: "ab87d1a15cde45c8b26322434e9d6b0b" is_pre_election: true
I20260608 13:01:26.494266  1028 consensus_queue.cc:260] T 74a3567bdda644c1a91c53a215758ded P 24eac2d2769946738a3fe4a30aeb13a8 [NON_LEADER]: Queue going to NON_LEADER mode. State: All replicated index: 0, Majority replicated index: 0, Committed index: 0, Last appended: 0.0, Last appended by leader: 0, Current term: 0, Majority size: -1, State: 0, Mode: NON_LEADER, active raft config: opid_index: -1 OBSOLETE_local: false peers { permanent_uuid: "24eac2d2769946738a3fe4a30aeb13a8" member_type: VOTER last_known_addr { host: "127.28.21.129" port: 33525 } } peers { permanent_uuid: "ab87d1a15cde45c8b26322434e9d6b0b" member_type: VOTER last_known_addr { host: "127.28.21.130" port: 40593 } } peers { permanent_uuid: "0a5c372f9da54e93836d131fb46d58cd" member_type: VOTER last_known_addr { host: "127.28.21.131" port: 35189 } }
W20260608 13:01:26.496011   945 leader_election.cc:343] T d9cc49c2b2e94a1a9d4fde5a5e95f89d P 0a5c372f9da54e93836d131fb46d58cd [CANDIDATE]: Term 1 pre-election: Tablet error from VoteRequest() call to peer ab87d1a15cde45c8b26322434e9d6b0b (127.28.21.130:40593): Illegal state: must be running to vote when last-logged opid is not known
I20260608 13:01:26.496686   945 leader_election.cc:304] T d9cc49c2b2e94a1a9d4fde5a5e95f89d P 0a5c372f9da54e93836d131fb46d58cd [CANDIDATE]: Term 1 pre-election: Election decided. Result: candidate lost. Election summary: received 3 responses out of 3 voters: 1 yes votes; 2 no votes. yes voters: 0a5c372f9da54e93836d131fb46d58cd; no voters: 24eac2d2769946738a3fe4a30aeb13a8, ab87d1a15cde45c8b26322434e9d6b0b
I20260608 13:01:26.497097  1028 ts_tablet_manager.cc:1434] T 74a3567bdda644c1a91c53a215758ded P 24eac2d2769946738a3fe4a30aeb13a8: Time spent starting tablet: real 0.021s	user 0.009s	sys 0.000s
I20260608 13:01:26.497843  1053 leader_election.cc:290] T d9cc49c2b2e94a1a9d4fde5a5e95f89d P 0a5c372f9da54e93836d131fb46d58cd [CANDIDATE]: Term 1 pre-election: Requested pre-vote from peers 24eac2d2769946738a3fe4a30aeb13a8 (127.28.21.129:33525), ab87d1a15cde45c8b26322434e9d6b0b (127.28.21.130:40593)
I20260608 13:01:26.498324  1028 tablet_bootstrap.cc:492] T cce0538a8e47487f857773019cfd073d P 24eac2d2769946738a3fe4a30aeb13a8: Bootstrap starting.
I20260608 13:01:26.498927  1053 raft_consensus.cc:2749] T d9cc49c2b2e94a1a9d4fde5a5e95f89d P 0a5c372f9da54e93836d131fb46d58cd [term 0 FOLLOWER]: Leader pre-election lost for term 1. Reason: could not achieve majority
I20260608 13:01:26.502698  1029 tablet_bootstrap.cc:492] T 14b2dcfbe7244267b4da4fecd557cb8b P ab87d1a15cde45c8b26322434e9d6b0b: No bootstrap required, opened a new log
I20260608 13:01:26.503173  1029 ts_tablet_manager.cc:1403] T 14b2dcfbe7244267b4da4fecd557cb8b P ab87d1a15cde45c8b26322434e9d6b0b: Time spent bootstrapping tablet: real 0.047s	user 0.017s	sys 0.022s
I20260608 13:01:26.505170  1028 tablet_bootstrap.cc:654] T cce0538a8e47487f857773019cfd073d P 24eac2d2769946738a3fe4a30aeb13a8: Neither blocks nor log segments found. Creating new log.
I20260608 13:01:26.505986  1029 raft_consensus.cc:359] T 14b2dcfbe7244267b4da4fecd557cb8b P ab87d1a15cde45c8b26322434e9d6b0b [term 0 FOLLOWER]: Replica starting. Triggering 0 pending ops. Active config: opid_index: -1 OBSOLETE_local: false peers { permanent_uuid: "24eac2d2769946738a3fe4a30aeb13a8" member_type: VOTER last_known_addr { host: "127.28.21.129" port: 33525 } } peers { permanent_uuid: "ab87d1a15cde45c8b26322434e9d6b0b" member_type: VOTER last_known_addr { host: "127.28.21.130" port: 40593 } } peers { permanent_uuid: "0a5c372f9da54e93836d131fb46d58cd" member_type: VOTER last_known_addr { host: "127.28.21.131" port: 35189 } }
I20260608 13:01:26.506538  1029 raft_consensus.cc:385] T 14b2dcfbe7244267b4da4fecd557cb8b P ab87d1a15cde45c8b26322434e9d6b0b [term 0 FOLLOWER]: Consensus starting up: Expiring failure detector timer to make a prompt election more likely
I20260608 13:01:26.506772  1029 raft_consensus.cc:740] T 14b2dcfbe7244267b4da4fecd557cb8b P ab87d1a15cde45c8b26322434e9d6b0b [term 0 FOLLOWER]: Becoming Follower/Learner. State: Replica: ab87d1a15cde45c8b26322434e9d6b0b, State: Initialized, Role: FOLLOWER
I20260608 13:01:26.507627  1029 consensus_queue.cc:260] T 14b2dcfbe7244267b4da4fecd557cb8b P ab87d1a15cde45c8b26322434e9d6b0b [NON_LEADER]: Queue going to NON_LEADER mode. State: All replicated index: 0, Majority replicated index: 0, Committed index: 0, Last appended: 0.0, Last appended by leader: 0, Current term: 0, Majority size: -1, State: 0, Mode: NON_LEADER, active raft config: opid_index: -1 OBSOLETE_local: false peers { permanent_uuid: "24eac2d2769946738a3fe4a30aeb13a8" member_type: VOTER last_known_addr { host: "127.28.21.129" port: 33525 } } peers { permanent_uuid: "ab87d1a15cde45c8b26322434e9d6b0b" member_type: VOTER last_known_addr { host: "127.28.21.130" port: 40593 } } peers { permanent_uuid: "0a5c372f9da54e93836d131fb46d58cd" member_type: VOTER last_known_addr { host: "127.28.21.131" port: 35189 } }
I20260608 13:01:26.513038  1029 ts_tablet_manager.cc:1434] T 14b2dcfbe7244267b4da4fecd557cb8b P ab87d1a15cde45c8b26322434e9d6b0b: Time spent starting tablet: real 0.010s	user 0.008s	sys 0.000s
I20260608 13:01:26.514003  1029 tablet_bootstrap.cc:492] T d9cc49c2b2e94a1a9d4fde5a5e95f89d P ab87d1a15cde45c8b26322434e9d6b0b: Bootstrap starting.
I20260608 13:01:26.518790  1030 tablet_bootstrap.cc:492] T 9c10b360d2cc4f69a25800233fd59a1d P 0a5c372f9da54e93836d131fb46d58cd: No bootstrap required, opened a new log
I20260608 13:01:26.519297  1030 ts_tablet_manager.cc:1403] T 9c10b360d2cc4f69a25800233fd59a1d P 0a5c372f9da54e93836d131fb46d58cd: Time spent bootstrapping tablet: real 0.039s	user 0.012s	sys 0.004s
I20260608 13:01:26.519376  1029 tablet_bootstrap.cc:654] T d9cc49c2b2e94a1a9d4fde5a5e95f89d P ab87d1a15cde45c8b26322434e9d6b0b: Neither blocks nor log segments found. Creating new log.
I20260608 13:01:26.522377  1030 raft_consensus.cc:359] T 9c10b360d2cc4f69a25800233fd59a1d P 0a5c372f9da54e93836d131fb46d58cd [term 0 FOLLOWER]: Replica starting. Triggering 0 pending ops. Active config: opid_index: -1 OBSOLETE_local: false peers { permanent_uuid: "24eac2d2769946738a3fe4a30aeb13a8" member_type: VOTER last_known_addr { host: "127.28.21.129" port: 33525 } } peers { permanent_uuid: "ab87d1a15cde45c8b26322434e9d6b0b" member_type: VOTER last_known_addr { host: "127.28.21.130" port: 40593 } } peers { permanent_uuid: "0a5c372f9da54e93836d131fb46d58cd" member_type: VOTER last_known_addr { host: "127.28.21.131" port: 35189 } }
