I20260608 12:59:29.950594  4665 raft_consensus.cc:740] T 8327acb860974ed383af437f6c48b5a5 P 8cacd9b91c8d4beeb18345cba0be496b [term 0 FOLLOWER]: Becoming Follower/Learner. State: Replica: 8cacd9b91c8d4beeb18345cba0be496b, State: Initialized, Role: FOLLOWER
I20260608 12:59:29.950793  4669 tablet_bootstrap.cc:492] T d4addc8ed1c34a6fb34998d0ce271d50 P 20a7ad2673574199bc5349cbb49c38e0: Bootstrap starting.
I20260608 12:59:29.951169  4666 ts_tablet_manager.cc:1403] T 546684eedb2b4680965ebbdfdab887ab P b7de4bcb83164027a3ea032fc436ece8: Time spent bootstrapping tablet: real 0.018s	user 0.009s	sys 0.008s
I20260608 12:59:29.951541  4665 consensus_queue.cc:260] T 8327acb860974ed383af437f6c48b5a5 P 8cacd9b91c8d4beeb18345cba0be496b [NON_LEADER]: Queue going to NON_LEADER mode. State: All replicated index: 0, Majority replicated index: 0, Committed index: 0, Last appended: 0.0, Last appended by leader: 0, Current term: 0, Majority size: -1, State: 0, Mode: NON_LEADER, active raft config: opid_index: -1 OBSOLETE_local: true peers { permanent_uuid: "8cacd9b91c8d4beeb18345cba0be496b" member_type: VOTER last_known_addr { host: "127.2.255.1" port: 34045 } }
I20260608 12:59:29.952150  4665 raft_consensus.cc:399] T 8327acb860974ed383af437f6c48b5a5 P 8cacd9b91c8d4beeb18345cba0be496b [term 0 FOLLOWER]: Only one voter in the Raft config. Triggering election immediately
I20260608 12:59:29.952407  4665 raft_consensus.cc:493] T 8327acb860974ed383af437f6c48b5a5 P 8cacd9b91c8d4beeb18345cba0be496b [term 0 FOLLOWER]: Starting leader election (initial election of a single-replica configuration)
I20260608 12:59:29.952713  4665 raft_consensus.cc:3060] T 8327acb860974ed383af437f6c48b5a5 P 8cacd9b91c8d4beeb18345cba0be496b [term 0 FOLLOWER]: Advancing to term 1
I20260608 12:59:29.954535  4666 raft_consensus.cc:359] T 546684eedb2b4680965ebbdfdab887ab P b7de4bcb83164027a3ea032fc436ece8 [term 0 FOLLOWER]: Replica starting. Triggering 0 pending ops. Active config: opid_index: -1 OBSOLETE_local: true peers { permanent_uuid: "b7de4bcb83164027a3ea032fc436ece8" member_type: VOTER last_known_addr { host: "127.2.255.3" port: 38507 } }
I20260608 12:59:29.955217  4666 raft_consensus.cc:385] T 546684eedb2b4680965ebbdfdab887ab P b7de4bcb83164027a3ea032fc436ece8 [term 0 FOLLOWER]: Consensus starting up: Expiring failure detector timer to make a prompt election more likely
I20260608 12:59:29.955535  4666 raft_consensus.cc:740] T 546684eedb2b4680965ebbdfdab887ab P b7de4bcb83164027a3ea032fc436ece8 [term 0 FOLLOWER]: Becoming Follower/Learner. State: Replica: b7de4bcb83164027a3ea032fc436ece8, State: Initialized, Role: FOLLOWER
I20260608 12:59:29.956491  4666 consensus_queue.cc:260] T 546684eedb2b4680965ebbdfdab887ab P b7de4bcb83164027a3ea032fc436ece8 [NON_LEADER]: Queue going to NON_LEADER mode. State: All replicated index: 0, Majority replicated index: 0, Committed index: 0, Last appended: 0.0, Last appended by leader: 0, Current term: 0, Majority size: -1, State: 0, Mode: NON_LEADER, active raft config: opid_index: -1 OBSOLETE_local: true peers { permanent_uuid: "b7de4bcb83164027a3ea032fc436ece8" member_type: VOTER last_known_addr { host: "127.2.255.3" port: 38507 } }
I20260608 12:59:29.957255  4666 raft_consensus.cc:399] T 546684eedb2b4680965ebbdfdab887ab P b7de4bcb83164027a3ea032fc436ece8 [term 0 FOLLOWER]: Only one voter in the Raft config. Triggering election immediately
I20260608 12:59:29.957643  4666 raft_consensus.cc:493] T 546684eedb2b4680965ebbdfdab887ab P b7de4bcb83164027a3ea032fc436ece8 [term 0 FOLLOWER]: Starting leader election (initial election of a single-replica configuration)
I20260608 12:59:29.958076  4666 raft_consensus.cc:3060] T 546684eedb2b4680965ebbdfdab887ab P b7de4bcb83164027a3ea032fc436ece8 [term 0 FOLLOWER]: Advancing to term 1
I20260608 12:59:29.958014  4665 raft_consensus.cc:515] T 8327acb860974ed383af437f6c48b5a5 P 8cacd9b91c8d4beeb18345cba0be496b [term 1 FOLLOWER]: Starting leader election with config: opid_index: -1 OBSOLETE_local: true peers { permanent_uuid: "8cacd9b91c8d4beeb18345cba0be496b" member_type: VOTER last_known_addr { host: "127.2.255.1" port: 34045 } }
I20260608 12:59:29.959041  4665 leader_election.cc:304] T 8327acb860974ed383af437f6c48b5a5 P 8cacd9b91c8d4beeb18345cba0be496b [CANDIDATE]: Term 1 election: Election decided. Result: candidate won. Election summary: received 1 responses out of 1 voters: 1 yes votes; 0 no votes. yes voters: 8cacd9b91c8d4beeb18345cba0be496b; no voters: 
I20260608 12:59:29.958417  4669 tablet_bootstrap.cc:654] T d4addc8ed1c34a6fb34998d0ce271d50 P 20a7ad2673574199bc5349cbb49c38e0: Neither blocks nor log segments found. Creating new log.
I20260608 12:59:29.964118  4665 leader_election.cc:290] T 8327acb860974ed383af437f6c48b5a5 P 8cacd9b91c8d4beeb18345cba0be496b [CANDIDATE]: Term 1 election: Requested vote from peers 
I20260608 12:59:29.966238  4669 tablet_bootstrap.cc:492] T d4addc8ed1c34a6fb34998d0ce271d50 P 20a7ad2673574199bc5349cbb49c38e0: No bootstrap required, opened a new log
I20260608 12:59:29.966296  4666 raft_consensus.cc:515] T 546684eedb2b4680965ebbdfdab887ab P b7de4bcb83164027a3ea032fc436ece8 [term 1 FOLLOWER]: Starting leader election with config: opid_index: -1 OBSOLETE_local: true peers { permanent_uuid: "b7de4bcb83164027a3ea032fc436ece8" member_type: VOTER last_known_addr { host: "127.2.255.3" port: 38507 } }
I20260608 12:59:29.967007  4665 ts_tablet_manager.cc:1434] T 8327acb860974ed383af437f6c48b5a5 P 8cacd9b91c8d4beeb18345cba0be496b: Time spent starting tablet: real 0.020s	user 0.014s	sys 0.005s
I20260608 12:59:29.967005  4669 ts_tablet_manager.cc:1403] T d4addc8ed1c34a6fb34998d0ce271d50 P 20a7ad2673574199bc5349cbb49c38e0: Time spent bootstrapping tablet: real 0.016s	user 0.014s	sys 0.000s
I20260608 12:59:29.967298  4666 leader_election.cc:304] T 546684eedb2b4680965ebbdfdab887ab P b7de4bcb83164027a3ea032fc436ece8 [CANDIDATE]: Term 1 election: Election decided. Result: candidate won. Election summary: received 1 responses out of 1 voters: 1 yes votes; 0 no votes. yes voters: b7de4bcb83164027a3ea032fc436ece8; no voters: 
I20260608 12:59:29.969610  4670 raft_consensus.cc:2804] T 8327acb860974ed383af437f6c48b5a5 P 8cacd9b91c8d4beeb18345cba0be496b [term 1 FOLLOWER]: Leader election won for term 1
I20260608 12:59:29.970252  4670 raft_consensus.cc:697] T 8327acb860974ed383af437f6c48b5a5 P 8cacd9b91c8d4beeb18345cba0be496b [term 1 LEADER]: Becoming Leader. State: Replica: 8cacd9b91c8d4beeb18345cba0be496b, State: Running, Role: LEADER
I20260608 12:59:29.971387  4670 consensus_queue.cc:237] T 8327acb860974ed383af437f6c48b5a5 P 8cacd9b91c8d4beeb18345cba0be496b [LEADER]: Queue going to LEADER mode. State: All replicated index: 0, Majority replicated index: 0, Committed index: 0, Last appended: 0.0, Last appended by leader: 0, Current term: 1, Majority size: 1, State: 0, Mode: LEADER, active raft config: opid_index: -1 OBSOLETE_local: true peers { permanent_uuid: "8cacd9b91c8d4beeb18345cba0be496b" member_type: VOTER last_known_addr { host: "127.2.255.1" port: 34045 } }
I20260608 12:59:29.971582  4669 raft_consensus.cc:359] T d4addc8ed1c34a6fb34998d0ce271d50 P 20a7ad2673574199bc5349cbb49c38e0 [term 0 FOLLOWER]: Replica starting. Triggering 0 pending ops. Active config: opid_index: -1 OBSOLETE_local: true peers { permanent_uuid: "20a7ad2673574199bc5349cbb49c38e0" member_type: VOTER last_known_addr { host: "127.2.255.2" port: 34579 } }
I20260608 12:59:29.972448  4669 raft_consensus.cc:385] T d4addc8ed1c34a6fb34998d0ce271d50 P 20a7ad2673574199bc5349cbb49c38e0 [term 0 FOLLOWER]: Consensus starting up: Expiring failure detector timer to make a prompt election more likely
I20260608 12:59:29.972985  4669 raft_consensus.cc:740] T d4addc8ed1c34a6fb34998d0ce271d50 P 20a7ad2673574199bc5349cbb49c38e0 [term 0 FOLLOWER]: Becoming Follower/Learner. State: Replica: 20a7ad2673574199bc5349cbb49c38e0, State: Initialized, Role: FOLLOWER
I20260608 12:59:29.975967  4673 raft_consensus.cc:2804] T 546684eedb2b4680965ebbdfdab887ab P b7de4bcb83164027a3ea032fc436ece8 [term 1 FOLLOWER]: Leader election won for term 1
I20260608 12:59:29.974259  4669 consensus_queue.cc:260] T d4addc8ed1c34a6fb34998d0ce271d50 P 20a7ad2673574199bc5349cbb49c38e0 [NON_LEADER]: Queue going to NON_LEADER mode. State: All replicated index: 0, Majority replicated index: 0, Committed index: 0, Last appended: 0.0, Last appended by leader: 0, Current term: 0, Majority size: -1, State: 0, Mode: NON_LEADER, active raft config: opid_index: -1 OBSOLETE_local: true peers { permanent_uuid: "20a7ad2673574199bc5349cbb49c38e0" member_type: VOTER last_known_addr { host: "127.2.255.2" port: 34579 } }
I20260608 12:59:29.976444  4666 leader_election.cc:290] T 546684eedb2b4680965ebbdfdab887ab P b7de4bcb83164027a3ea032fc436ece8 [CANDIDATE]: Term 1 election: Requested vote from peers 
I20260608 12:59:29.977488  4669 raft_consensus.cc:399] T d4addc8ed1c34a6fb34998d0ce271d50 P 20a7ad2673574199bc5349cbb49c38e0 [term 0 FOLLOWER]: Only one voter in the Raft config. Triggering election immediately
I20260608 12:59:29.978281  4669 raft_consensus.cc:493] T d4addc8ed1c34a6fb34998d0ce271d50 P 20a7ad2673574199bc5349cbb49c38e0 [term 0 FOLLOWER]: Starting leader election (initial election of a single-replica configuration)
I20260608 12:59:29.978802  4669 raft_consensus.cc:3060] T d4addc8ed1c34a6fb34998d0ce271d50 P 20a7ad2673574199bc5349cbb49c38e0 [term 0 FOLLOWER]: Advancing to term 1
I20260608 12:59:29.986182  4669 raft_consensus.cc:515] T d4addc8ed1c34a6fb34998d0ce271d50 P 20a7ad2673574199bc5349cbb49c38e0 [term 1 FOLLOWER]: Starting leader election with config: opid_index: -1 OBSOLETE_local: true peers { permanent_uuid: "20a7ad2673574199bc5349cbb49c38e0" member_type: VOTER last_known_addr { host: "127.2.255.2" port: 34579 } }
I20260608 12:59:29.983731  4673 raft_consensus.cc:697] T 546684eedb2b4680965ebbdfdab887ab P b7de4bcb83164027a3ea032fc436ece8 [term 1 LEADER]: Becoming Leader. State: Replica: b7de4bcb83164027a3ea032fc436ece8, State: Running, Role: LEADER
I20260608 12:59:29.987470  4673 consensus_queue.cc:237] T 546684eedb2b4680965ebbdfdab887ab P b7de4bcb83164027a3ea032fc436ece8 [LEADER]: Queue going to LEADER mode. State: All replicated index: 0, Majority replicated index: 0, Committed index: 0, Last appended: 0.0, Last appended by leader: 0, Current term: 1, Majority size: 1, State: 0, Mode: LEADER, active raft config: opid_index: -1 OBSOLETE_local: true peers { permanent_uuid: "b7de4bcb83164027a3ea032fc436ece8" member_type: VOTER last_known_addr { host: "127.2.255.3" port: 38507 } }
I20260608 12:59:29.990160  4245 catalog_manager.cc:5696] T 8327acb860974ed383af437f6c48b5a5 P 8cacd9b91c8d4beeb18345cba0be496b reported cstate change: term changed from 0 to 1, leader changed from <none> to 8cacd9b91c8d4beeb18345cba0be496b (127.2.255.1). New cstate: current_term: 1 leader_uuid: "8cacd9b91c8d4beeb18345cba0be496b" committed_config { opid_index: -1 OBSOLETE_local: true peers { permanent_uuid: "8cacd9b91c8d4beeb18345cba0be496b" member_type: VOTER last_known_addr { host: "127.2.255.1" port: 34045 } health_report { overall_health: HEALTHY } } }
I20260608 12:59:29.994122  4669 leader_election.cc:304] T d4addc8ed1c34a6fb34998d0ce271d50 P 20a7ad2673574199bc5349cbb49c38e0 [CANDIDATE]: Term 1 election: Election decided. Result: candidate won. Election summary: received 1 responses out of 1 voters: 1 yes votes; 0 no votes. yes voters: 20a7ad2673574199bc5349cbb49c38e0; no voters: 
I20260608 12:59:30.007019  4679 raft_consensus.cc:2804] T d4addc8ed1c34a6fb34998d0ce271d50 P 20a7ad2673574199bc5349cbb49c38e0 [term 1 FOLLOWER]: Leader election won for term 1
I20260608 12:59:30.007606  4669 leader_election.cc:290] T d4addc8ed1c34a6fb34998d0ce271d50 P 20a7ad2673574199bc5349cbb49c38e0 [CANDIDATE]: Term 1 election: Requested vote from peers 
I20260608 12:59:30.022848  4669 ts_tablet_manager.cc:1434] T d4addc8ed1c34a6fb34998d0ce271d50 P 20a7ad2673574199bc5349cbb49c38e0: Time spent starting tablet: real 0.055s	user 0.020s	sys 0.009s
I20260608 12:59:30.023178  4679 raft_consensus.cc:697] T d4addc8ed1c34a6fb34998d0ce271d50 P 20a7ad2673574199bc5349cbb49c38e0 [term 1 LEADER]: Becoming Leader. State: Replica: 20a7ad2673574199bc5349cbb49c38e0, State: Running, Role: LEADER
I20260608 12:59:30.024042  4666 ts_tablet_manager.cc:1434] T 546684eedb2b4680965ebbdfdab887ab P b7de4bcb83164027a3ea032fc436ece8: Time spent starting tablet: real 0.072s	user 0.021s	sys 0.043s
I20260608 12:59:30.024024  4679 consensus_queue.cc:237] T d4addc8ed1c34a6fb34998d0ce271d50 P 20a7ad2673574199bc5349cbb49c38e0 [LEADER]: Queue going to LEADER mode. State: All replicated index: 0, Majority replicated index: 0, Committed index: 0, Last appended: 0.0, Last appended by leader: 0, Current term: 1, Majority size: 1, State: 0, Mode: LEADER, active raft config: opid_index: -1 OBSOLETE_local: true peers { permanent_uuid: "20a7ad2673574199bc5349cbb49c38e0" member_type: VOTER last_known_addr { host: "127.2.255.2" port: 34579 } }
I20260608 12:59:30.026203  4244 catalog_manager.cc:5696] T 546684eedb2b4680965ebbdfdab887ab P b7de4bcb83164027a3ea032fc436ece8 reported cstate change: term changed from 0 to 1, leader changed from <none> to b7de4bcb83164027a3ea032fc436ece8 (127.2.255.3). New cstate: current_term: 1 leader_uuid: "b7de4bcb83164027a3ea032fc436ece8" committed_config { opid_index: -1 OBSOLETE_local: true peers { permanent_uuid: "b7de4bcb83164027a3ea032fc436ece8" member_type: VOTER last_known_addr { host: "127.2.255.3" port: 38507 } health_report { overall_health: HEALTHY } } }
I20260608 12:59:30.041424  4243 catalog_manager.cc:5696] T d4addc8ed1c34a6fb34998d0ce271d50 P 20a7ad2673574199bc5349cbb49c38e0 reported cstate change: term changed from 0 to 1, leader changed from <none> to 20a7ad2673574199bc5349cbb49c38e0 (127.2.255.2). New cstate: current_term: 1 leader_uuid: "20a7ad2673574199bc5349cbb49c38e0" committed_config { opid_index: -1 OBSOLETE_local: true peers { permanent_uuid: "20a7ad2673574199bc5349cbb49c38e0" member_type: VOTER last_known_addr { host: "127.2.255.2" port: 34579 } health_report { overall_health: HEALTHY } } }
I20260608 12:59:30.109829  3068 master.cc:562] Master@127.2.255.61:41741 shutting down...
I20260608 12:59:30.126272  3068 raft_consensus.cc:2243] T 00000000000000000000000000000000 P da074b2816f5442b83ac0cef6cf6b7d0 [term 1 LEADER]: Raft consensus shutting down.
I20260608 12:59:30.127202  3068 raft_consensus.cc:2272] T 00000000000000000000000000000000 P da074b2816f5442b83ac0cef6cf6b7d0 [term 1 FOLLOWER]: Raft consensus is shut down!
I20260608 12:59:30.127606  3068 tablet_replica.cc:333] T 00000000000000000000000000000000 P da074b2816f5442b83ac0cef6cf6b7d0: stopping tablet replica
I20260608 12:59:30.141225  3068 master.cc:584] Master@127.2.255.61:41741 shutdown complete.
W20260608 12:59:31.084806  4474 heartbeater.cc:646] Failed to heartbeat to 127.2.255.61:41741 (0 consecutive failures): Network error: Failed to send heartbeat to master: Client connection negotiation failed: client connection to 127.2.255.61:41741: connect: Connection refused (error 111)
I20260608 12:59:31.597019  4690 raft_consensus.cc:493] T 00000000000000000000000000000000 P 6ec15ed7181a49a9a4a0d39e4892c19f [term 1 FOLLOWER]: Starting pre-election (detected failure of leader da074b2816f5442b83ac0cef6cf6b7d0)
I20260608 12:59:31.598336  4690 raft_consensus.cc:515] T 00000000000000000000000000000000 P 6ec15ed7181a49a9a4a0d39e4892c19f [term 1 FOLLOWER]: Starting pre-election with config: opid_index: -1 OBSOLETE_local: false peers { permanent_uuid: "6ec15ed7181a49a9a4a0d39e4892c19f" member_type: VOTER last_known_addr { host: "127.2.255.62" port: 46399 } } peers { permanent_uuid: "da074b2816f5442b83ac0cef6cf6b7d0" member_type: VOTER last_known_addr { host: "127.2.255.61" port: 41741 } } peers { permanent_uuid: "0d2c3356fe754cef892ad56dc0c1d8ec" member_type: VOTER last_known_addr { host: "127.2.255.60" port: 35473 } }
I20260608 12:59:31.598688  4691 raft_consensus.cc:493] T 00000000000000000000000000000000 P 0d2c3356fe754cef892ad56dc0c1d8ec [term 1 FOLLOWER]: Starting pre-election (detected failure of leader da074b2816f5442b83ac0cef6cf6b7d0)
I20260608 12:59:31.599632  4691 raft_consensus.cc:515] T 00000000000000000000000000000000 P 0d2c3356fe754cef892ad56dc0c1d8ec [term 1 FOLLOWER]: Starting pre-election with config: opid_index: -1 OBSOLETE_local: false peers { permanent_uuid: "6ec15ed7181a49a9a4a0d39e4892c19f" member_type: VOTER last_known_addr { host: "127.2.255.62" port: 46399 } } peers { permanent_uuid: "da074b2816f5442b83ac0cef6cf6b7d0" member_type: VOTER last_known_addr { host: "127.2.255.61" port: 41741 } } peers { permanent_uuid: "0d2c3356fe754cef892ad56dc0c1d8ec" member_type: VOTER last_known_addr { host: "127.2.255.60" port: 35473 } }
I20260608 12:59:31.601056  4690 leader_election.cc:290] T 00000000000000000000000000000000 P 6ec15ed7181a49a9a4a0d39e4892c19f [CANDIDATE]: Term 2 pre-election: Requested pre-vote from peers da074b2816f5442b83ac0cef6cf6b7d0 (127.2.255.61:41741), 0d2c3356fe754cef892ad56dc0c1d8ec (127.2.255.60:35473)
I20260608 12:59:31.604025  4691 leader_election.cc:290] T 00000000000000000000000000000000 P 0d2c3356fe754cef892ad56dc0c1d8ec [CANDIDATE]: Term 2 pre-election: Requested pre-vote from peers 6ec15ed7181a49a9a4a0d39e4892c19f (127.2.255.62:46399), da074b2816f5442b83ac0cef6cf6b7d0 (127.2.255.61:41741)
I20260608 12:59:31.604750  4190 tablet_service.cc:1917] Received RequestConsensusVote() RPC: tablet_id: "00000000000000000000000000000000" candidate_uuid: "0d2c3356fe754cef892ad56dc0c1d8ec" candidate_term: 2 candidate_status { last_received { term: 1 index: 10 } } ignore_live_leader: false dest_uuid: "6ec15ed7181a49a9a4a0d39e4892c19f" is_pre_election: true
I20260608 12:59:31.607015  4190 raft_consensus.cc:2468] T 00000000000000000000000000000000 P 6ec15ed7181a49a9a4a0d39e4892c19f [term 1 FOLLOWER]: Leader pre-election vote request: Granting yes vote for candidate 0d2c3356fe754cef892ad56dc0c1d8ec in term 1.
I20260608 12:59:31.607642  4321 tablet_service.cc:1917] Received RequestConsensusVote() RPC: tablet_id: "00000000000000000000000000000000" candidate_uuid: "6ec15ed7181a49a9a4a0d39e4892c19f" candidate_term: 2 candidate_status { last_received { term: 1 index: 10 } } ignore_live_leader: false dest_uuid: "0d2c3356fe754cef892ad56dc0c1d8ec" is_pre_election: true
I20260608 12:59:31.608475  4321 raft_consensus.cc:2468] T 00000000000000000000000000000000 P 0d2c3356fe754cef892ad56dc0c1d8ec [term 1 FOLLOWER]: Leader pre-election vote request: Granting yes vote for candidate 6ec15ed7181a49a9a4a0d39e4892c19f in term 1.
I20260608 12:59:31.610818  4297 leader_election.cc:304] T 00000000000000000000000000000000 P 0d2c3356fe754cef892ad56dc0c1d8ec [CANDIDATE]: Term 2 pre-election: Election decided. Result: candidate won. Election summary: received 2 responses out of 3 voters: 2 yes votes; 0 no votes. yes voters: 0d2c3356fe754cef892ad56dc0c1d8ec, 6ec15ed7181a49a9a4a0d39e4892c19f; no voters: 
I20260608 12:59:31.611807  4691 raft_consensus.cc:2804] T 00000000000000000000000000000000 P 0d2c3356fe754cef892ad56dc0c1d8ec [term 1 FOLLOWER]: Leader pre-election won for term 2
I20260608 12:59:31.612246  4691 raft_consensus.cc:493] T 00000000000000000000000000000000 P 0d2c3356fe754cef892ad56dc0c1d8ec [term 1 FOLLOWER]: Starting leader election (detected failure of leader da074b2816f5442b83ac0cef6cf6b7d0)
I20260608 12:59:31.612687  4691 raft_consensus.cc:3060] T 00000000000000000000000000000000 P 0d2c3356fe754cef892ad56dc0c1d8ec [term 1 FOLLOWER]: Advancing to term 2
W20260608 12:59:31.615772  4297 leader_election.cc:336] T 00000000000000000000000000000000 P 0d2c3356fe754cef892ad56dc0c1d8ec [CANDIDATE]: Term 2 pre-election: RPC error from VoteRequest() call to peer da074b2816f5442b83ac0cef6cf6b7d0 (127.2.255.61:41741): Network error: Client connection negotiation failed: client connection to 127.2.255.61:41741: connect: Connection refused (error 111)
I20260608 12:59:31.620151  4166 leader_election.cc:304] T 00000000000000000000000000000000 P 6ec15ed7181a49a9a4a0d39e4892c19f [CANDIDATE]: Term 2 pre-election: Election decided. Result: candidate won. Election summary: received 2 responses out of 3 voters: 2 yes votes; 0 no votes. yes voters: 0d2c3356fe754cef892ad56dc0c1d8ec, 6ec15ed7181a49a9a4a0d39e4892c19f; no voters: 
I20260608 12:59:31.621166  4690 raft_consensus.cc:2804] T 00000000000000000000000000000000 P 6ec15ed7181a49a9a4a0d39e4892c19f [term 1 FOLLOWER]: Leader pre-election won for term 2
I20260608 12:59:31.621598  4690 raft_consensus.cc:493] T 00000000000000000000000000000000 P 6ec15ed7181a49a9a4a0d39e4892c19f [term 1 FOLLOWER]: Starting leader election (detected failure of leader da074b2816f5442b83ac0cef6cf6b7d0)
I20260608 12:59:31.622011  4690 raft_consensus.cc:3060] T 00000000000000000000000000000000 P 6ec15ed7181a49a9a4a0d39e4892c19f [term 1 FOLLOWER]: Advancing to term 2
I20260608 12:59:31.621897  4691 raft_consensus.cc:515] T 00000000000000000000000000000000 P 0d2c3356fe754cef892ad56dc0c1d8ec [term 2 FOLLOWER]: Starting leader election with config: opid_index: -1 OBSOLETE_local: false peers { permanent_uuid: "6ec15ed7181a49a9a4a0d39e4892c19f" member_type: VOTER last_known_addr { host: "127.2.255.62" port: 46399 } } peers { permanent_uuid: "da074b2816f5442b83ac0cef6cf6b7d0" member_type: VOTER last_known_addr { host: "127.2.255.61" port: 41741 } } peers { permanent_uuid: "0d2c3356fe754cef892ad56dc0c1d8ec" member_type: VOTER last_known_addr { host: "127.2.255.60" port: 35473 } }
W20260608 12:59:31.623255  4166 leader_election.cc:336] T 00000000000000000000000000000000 P 6ec15ed7181a49a9a4a0d39e4892c19f [CANDIDATE]: Term 2 pre-election: RPC error from VoteRequest() call to peer da074b2816f5442b83ac0cef6cf6b7d0 (127.2.255.61:41741): Network error: Client connection negotiation failed: client connection to 127.2.255.61:41741: connect: Connection refused (error 111)
I20260608 12:59:31.625205  4691 leader_election.cc:290] T 00000000000000000000000000000000 P 0d2c3356fe754cef892ad56dc0c1d8ec [CANDIDATE]: Term 2 election: Requested vote from peers 6ec15ed7181a49a9a4a0d39e4892c19f (127.2.255.62:46399), da074b2816f5442b83ac0cef6cf6b7d0 (127.2.255.61:41741)
I20260608 12:59:31.626042  4190 tablet_service.cc:1917] Received RequestConsensusVote() RPC: tablet_id: "00000000000000000000000000000000" candidate_uuid: "0d2c3356fe754cef892ad56dc0c1d8ec" candidate_term: 2 candidate_status { last_received { term: 1 index: 10 } } ignore_live_leader: false dest_uuid: "6ec15ed7181a49a9a4a0d39e4892c19f"
I20260608 12:59:31.629774  4690 raft_consensus.cc:515] T 00000000000000000000000000000000 P 6ec15ed7181a49a9a4a0d39e4892c19f [term 2 FOLLOWER]: Starting leader election with config: opid_index: -1 OBSOLETE_local: false peers { permanent_uuid: "6ec15ed7181a49a9a4a0d39e4892c19f" member_type: VOTER last_known_addr { host: "127.2.255.62" port: 46399 } } peers { permanent_uuid: "da074b2816f5442b83ac0cef6cf6b7d0" member_type: VOTER last_known_addr { host: "127.2.255.61" port: 41741 } } peers { permanent_uuid: "0d2c3356fe754cef892ad56dc0c1d8ec" member_type: VOTER last_known_addr { host: "127.2.255.60" port: 35473 } }
W20260608 12:59:31.630321  4297 leader_election.cc:336] T 00000000000000000000000000000000 P 0d2c3356fe754cef892ad56dc0c1d8ec [CANDIDATE]: Term 2 election: RPC error from VoteRequest() call to peer da074b2816f5442b83ac0cef6cf6b7d0 (127.2.255.61:41741): Network error: Client connection negotiation failed: client connection to 127.2.255.61:41741: connect: Connection refused (error 111)
I20260608 12:59:31.631096  4190 raft_consensus.cc:2393] T 00000000000000000000000000000000 P 6ec15ed7181a49a9a4a0d39e4892c19f [term 2 FOLLOWER]: Leader election vote request: Denying vote to candidate 0d2c3356fe754cef892ad56dc0c1d8ec in current term 2: Already voted for candidate 6ec15ed7181a49a9a4a0d39e4892c19f in this term.
I20260608 12:59:31.632534  4690 leader_election.cc:290] T 00000000000000000000000000000000 P 6ec15ed7181a49a9a4a0d39e4892c19f [CANDIDATE]: Term 2 election: Requested vote from peers da074b2816f5442b83ac0cef6cf6b7d0 (127.2.255.61:41741), 0d2c3356fe754cef892ad56dc0c1d8ec (127.2.255.60:35473)
I20260608 12:59:31.634682  4321 tablet_service.cc:1917] Received RequestConsensusVote() RPC: tablet_id: "00000000000000000000000000000000" candidate_uuid: "6ec15ed7181a49a9a4a0d39e4892c19f" candidate_term: 2 candidate_status { last_received { term: 1 index: 10 } } ignore_live_leader: false dest_uuid: "0d2c3356fe754cef892ad56dc0c1d8ec"
I20260608 12:59:31.635435  4321 raft_consensus.cc:2393] T 00000000000000000000000000000000 P 0d2c3356fe754cef892ad56dc0c1d8ec [term 2 FOLLOWER]: Leader election vote request: Denying vote to candidate 6ec15ed7181a49a9a4a0d39e4892c19f in current term 2: Already voted for candidate 0d2c3356fe754cef892ad56dc0c1d8ec in this term.
I20260608 12:59:31.636358  4297 leader_election.cc:304] T 00000000000000000000000000000000 P 0d2c3356fe754cef892ad56dc0c1d8ec [CANDIDATE]: Term 2 election: Election decided. Result: candidate lost. Election summary: received 3 responses out of 3 voters: 1 yes votes; 2 no votes. yes voters: 0d2c3356fe754cef892ad56dc0c1d8ec; no voters: 6ec15ed7181a49a9a4a0d39e4892c19f, da074b2816f5442b83ac0cef6cf6b7d0
I20260608 12:59:31.637152  4691 raft_consensus.cc:2749] T 00000000000000000000000000000000 P 0d2c3356fe754cef892ad56dc0c1d8ec [term 2 FOLLOWER]: Leader election lost for term 2. Reason: could not achieve majority
W20260608 12:59:31.638893  4166 leader_election.cc:336] T 00000000000000000000000000000000 P 6ec15ed7181a49a9a4a0d39e4892c19f [CANDIDATE]: Term 2 election: RPC error from VoteRequest() call to peer da074b2816f5442b83ac0cef6cf6b7d0 (127.2.255.61:41741): Network error: Client connection negotiation failed: client connection to 127.2.255.61:41741: connect: Connection refused (error 111)
I20260608 12:59:31.639381  4166 leader_election.cc:304] T 00000000000000000000000000000000 P 6ec15ed7181a49a9a4a0d39e4892c19f [CANDIDATE]: Term 2 election: Election decided. Result: candidate lost. Election summary: received 3 responses out of 3 voters: 1 yes votes; 2 no votes. yes voters: 6ec15ed7181a49a9a4a0d39e4892c19f; no voters: 0d2c3356fe754cef892ad56dc0c1d8ec, da074b2816f5442b83ac0cef6cf6b7d0
I20260608 12:59:31.640194  4690 raft_consensus.cc:2749] T 00000000000000000000000000000000 P 6ec15ed7181a49a9a4a0d39e4892c19f [term 2 FOLLOWER]: Leader election lost for term 2. Reason: could not achieve majority
I20260608 12:59:33.700438  4703 raft_consensus.cc:493] T 00000000000000000000000000000000 P 0d2c3356fe754cef892ad56dc0c1d8ec [term 2 FOLLOWER]: Starting pre-election (no leader contacted us within the election timeout)
I20260608 12:59:33.701047  4703 raft_consensus.cc:515] T 00000000000000000000000000000000 P 0d2c3356fe754cef892ad56dc0c1d8ec [term 2 FOLLOWER]: Starting pre-election with config: opid_index: -1 OBSOLETE_local: false peers { permanent_uuid: "6ec15ed7181a49a9a4a0d39e4892c19f" member_type: VOTER last_known_addr { host: "127.2.255.62" port: 46399 } } peers { permanent_uuid: "da074b2816f5442b83ac0cef6cf6b7d0" member_type: VOTER last_known_addr { host: "127.2.255.61" port: 41741 } } peers { permanent_uuid: "0d2c3356fe754cef892ad56dc0c1d8ec" member_type: VOTER last_known_addr { host: "127.2.255.60" port: 35473 } }
I20260608 12:59:33.703222  4703 leader_election.cc:290] T 00000000000000000000000000000000 P 0d2c3356fe754cef892ad56dc0c1d8ec [CANDIDATE]: Term 3 pre-election: Requested pre-vote from peers 6ec15ed7181a49a9a4a0d39e4892c19f (127.2.255.62:46399), da074b2816f5442b83ac0cef6cf6b7d0 (127.2.255.61:41741)
I20260608 12:59:33.704128  4190 tablet_service.cc:1917] Received RequestConsensusVote() RPC: tablet_id: "00000000000000000000000000000000" candidate_uuid: "0d2c3356fe754cef892ad56dc0c1d8ec" candidate_term: 3 candidate_status { last_received { term: 1 index: 10 } } ignore_live_leader: false dest_uuid: "6ec15ed7181a49a9a4a0d39e4892c19f" is_pre_election: true
I20260608 12:59:33.705080  4190 raft_consensus.cc:2468] T 00000000000000000000000000000000 P 6ec15ed7181a49a9a4a0d39e4892c19f [term 2 FOLLOWER]: Leader pre-election vote request: Granting yes vote for candidate 0d2c3356fe754cef892ad56dc0c1d8ec in term 2.
I20260608 12:59:33.706626  4297 leader_election.cc:304] T 00000000000000000000000000000000 P 0d2c3356fe754cef892ad56dc0c1d8ec [CANDIDATE]: Term 3 pre-election: Election decided. Result: candidate won. Election summary: received 2 responses out of 3 voters: 2 yes votes; 0 no votes. yes voters: 0d2c3356fe754cef892ad56dc0c1d8ec, 6ec15ed7181a49a9a4a0d39e4892c19f; no voters: 
W20260608 12:59:33.707499  4297 proxy.cc:239] Call had error, refreshing address and retrying: Network error: Client connection negotiation failed: client connection to 127.2.255.61:41741: connect: Connection refused (error 111) [suppressed 11 similar messages]
I20260608 12:59:33.707527  4703 raft_consensus.cc:2804] T 00000000000000000000000000000000 P 0d2c3356fe754cef892ad56dc0c1d8ec [term 2 FOLLOWER]: Leader pre-election won for term 3
I20260608 12:59:33.708074  4703 raft_consensus.cc:493] T 00000000000000000000000000000000 P 0d2c3356fe754cef892ad56dc0c1d8ec [term 2 FOLLOWER]: Starting leader election (no leader contacted us within the election timeout)
I20260608 12:59:33.708415  4703 raft_consensus.cc:3060] T 00000000000000000000000000000000 P 0d2c3356fe754cef892ad56dc0c1d8ec [term 2 FOLLOWER]: Advancing to term 3
W20260608 12:59:33.711531  4297 leader_election.cc:336] T 00000000000000000000000000000000 P 0d2c3356fe754cef892ad56dc0c1d8ec [CANDIDATE]: Term 3 pre-election: RPC error from VoteRequest() call to peer da074b2816f5442b83ac0cef6cf6b7d0 (127.2.255.61:41741): Network error: Client connection negotiation failed: client connection to 127.2.255.61:41741: connect: Connection refused (error 111)
I20260608 12:59:33.714027  4703 raft_consensus.cc:515] T 00000000000000000000000000000000 P 0d2c3356fe754cef892ad56dc0c1d8ec [term 3 FOLLOWER]: Starting leader election with config: opid_index: -1 OBSOLETE_local: false peers { permanent_uuid: "6ec15ed7181a49a9a4a0d39e4892c19f" member_type: VOTER last_known_addr { host: "127.2.255.62" port: 46399 } } peers { permanent_uuid: "da074b2816f5442b83ac0cef6cf6b7d0" member_type: VOTER last_known_addr { host: "127.2.255.61" port: 41741 } } peers { permanent_uuid: "0d2c3356fe754cef892ad56dc0c1d8ec" member_type: VOTER last_known_addr { host: "127.2.255.60" port: 35473 } }
I20260608 12:59:33.716411  4703 leader_election.cc:290] T 00000000000000000000000000000000 P 0d2c3356fe754cef892ad56dc0c1d8ec [CANDIDATE]: Term 3 election: Requested vote from peers 6ec15ed7181a49a9a4a0d39e4892c19f (127.2.255.62:46399), da074b2816f5442b83ac0cef6cf6b7d0 (127.2.255.61:41741)
I20260608 12:59:33.717415  4190 tablet_service.cc:1917] Received RequestConsensusVote() RPC: tablet_id: "00000000000000000000000000000000" candidate_uuid: "0d2c3356fe754cef892ad56dc0c1d8ec" candidate_term: 3 candidate_status { last_received { term: 1 index: 10 } } ignore_live_leader: false dest_uuid: "6ec15ed7181a49a9a4a0d39e4892c19f"
I20260608 12:59:33.717938  4190 raft_consensus.cc:3060] T 00000000000000000000000000000000 P 6ec15ed7181a49a9a4a0d39e4892c19f [term 2 FOLLOWER]: Advancing to term 3
W20260608 12:59:33.720636  4297 leader_election.cc:336] T 00000000000000000000000000000000 P 0d2c3356fe754cef892ad56dc0c1d8ec [CANDIDATE]: Term 3 election: RPC error from VoteRequest() call to peer da074b2816f5442b83ac0cef6cf6b7d0 (127.2.255.61:41741): Network error: Client connection negotiation failed: client connection to 127.2.255.61:41741: connect: Connection refused (error 111)
I20260608 12:59:33.723465  4190 raft_consensus.cc:2468] T 00000000000000000000000000000000 P 6ec15ed7181a49a9a4a0d39e4892c19f [term 3 FOLLOWER]: Leader election vote request: Granting yes vote for candidate 0d2c3356fe754cef892ad56dc0c1d8ec in term 3.
I20260608 12:59:33.724696  4297 leader_election.cc:304] T 00000000000000000000000000000000 P 0d2c3356fe754cef892ad56dc0c1d8ec [CANDIDATE]: Term 3 election: Election decided. Result: candidate won. Election summary: received 3 responses out of 3 voters: 2 yes votes; 1 no votes. yes voters: 0d2c3356fe754cef892ad56dc0c1d8ec, 6ec15ed7181a49a9a4a0d39e4892c19f; no voters: da074b2816f5442b83ac0cef6cf6b7d0
I20260608 12:59:33.725672  4703 raft_consensus.cc:2804] T 00000000000000000000000000000000 P 0d2c3356fe754cef892ad56dc0c1d8ec [term 3 FOLLOWER]: Leader election won for term 3
I20260608 12:59:33.726953  4703 raft_consensus.cc:697] T 00000000000000000000000000000000 P 0d2c3356fe754cef892ad56dc0c1d8ec [term 3 LEADER]: Becoming Leader. State: Replica: 0d2c3356fe754cef892ad56dc0c1d8ec, State: Running, Role: LEADER
I20260608 12:59:33.727936  4703 consensus_queue.cc:237] T 00000000000000000000000000000000 P 0d2c3356fe754cef892ad56dc0c1d8ec [LEADER]: Queue going to LEADER mode. State: All replicated index: 0, Majority replicated index: 10, Committed index: 10, Last appended: 1.10, Last appended by leader: 10, Current term: 3, Majority size: 2, State: 0, Mode: LEADER, active raft config: opid_index: -1 OBSOLETE_local: false peers { permanent_uuid: "6ec15ed7181a49a9a4a0d39e4892c19f" member_type: VOTER last_known_addr { host: "127.2.255.62" port: 46399 } } peers { permanent_uuid: "da074b2816f5442b83ac0cef6cf6b7d0" member_type: VOTER last_known_addr { host: "127.2.255.61" port: 41741 } } peers { permanent_uuid: "0d2c3356fe754cef892ad56dc0c1d8ec" member_type: VOTER last_known_addr { host: "127.2.255.60" port: 35473 } }
I20260608 12:59:33.735453  4706 sys_catalog.cc:455] T 00000000000000000000000000000000 P 0d2c3356fe754cef892ad56dc0c1d8ec [sys.catalog]: SysCatalogTable state changed. Reason: New leader 0d2c3356fe754cef892ad56dc0c1d8ec. Latest consensus state: current_term: 3 leader_uuid: "0d2c3356fe754cef892ad56dc0c1d8ec" committed_config { opid_index: -1 OBSOLETE_local: false peers { permanent_uuid: "6ec15ed7181a49a9a4a0d39e4892c19f" member_type: VOTER last_known_addr { host: "127.2.255.62" port: 46399 } } peers { permanent_uuid: "da074b2816f5442b83ac0cef6cf6b7d0" member_type: VOTER last_known_addr { host: "127.2.255.61" port: 41741 } } peers { permanent_uuid: "0d2c3356fe754cef892ad56dc0c1d8ec" member_type: VOTER last_known_addr { host: "127.2.255.60" port: 35473 } } }
I20260608 12:59:33.736227  4706 sys_catalog.cc:458] T 00000000000000000000000000000000 P 0d2c3356fe754cef892ad56dc0c1d8ec [sys.catalog]: This master's current role is: LEADER
I20260608 12:59:33.738379  4708 catalog_manager.cc:1510] Loading table and tablet metadata into memory...
I20260608 12:59:33.744503  4708 catalog_manager.cc:679] Loaded metadata for table test-workload [id=0506684dbf084b6fb480aae4eb33ccf2]
I20260608 12:59:33.750146  4708 tablet_loader.cc:96] loaded metadata for tablet 546684eedb2b4680965ebbdfdab887ab (table test-workload [id=0506684dbf084b6fb480aae4eb33ccf2])
I20260608 12:59:33.751699  4708 tablet_loader.cc:96] loaded metadata for tablet 8327acb860974ed383af437f6c48b5a5 (table test-workload [id=0506684dbf084b6fb480aae4eb33ccf2])
I20260608 12:59:33.752882  4708 tablet_loader.cc:96] loaded metadata for tablet d4addc8ed1c34a6fb34998d0ce271d50 (table test-workload [id=0506684dbf084b6fb480aae4eb33ccf2])
I20260608 12:59:33.753965  4708 catalog_manager.cc:1519] Initializing Kudu cluster ID...
I20260608 12:59:33.757581  4708 catalog_manager.cc:1294] Loaded cluster ID: eb72ec75e21445c48b06ddda69bfd236
I20260608 12:59:33.757874  4708 catalog_manager.cc:1530] Initializing Kudu internal certificate authority...
I20260608 12:59:33.761950  4708 catalog_manager.cc:1539] Loading token signing keys...
I20260608 12:59:33.765568  4708 catalog_manager.cc:6080] T 00000000000000000000000000000000 P 0d2c3356fe754cef892ad56dc0c1d8ec: Loaded TSK: 0
I20260608 12:59:33.766683  4708 catalog_manager.cc:1549] Initializing in-progress tserver states...
I20260608 12:59:34.275296  4190 raft_consensus.cc:1275] T 00000000000000000000000000000000 P 6ec15ed7181a49a9a4a0d39e4892c19f [term 3 FOLLOWER]: Refusing update from remote peer 0d2c3356fe754cef892ad56dc0c1d8ec: Log matching property violated. Preceding OpId in replica: term: 1 index: 10. Preceding OpId from leader: term: 3 index: 11. (index mismatch)
I20260608 12:59:34.277241  4712 consensus_queue.cc:1048] T 00000000000000000000000000000000 P 0d2c3356fe754cef892ad56dc0c1d8ec [LEADER]: Connected to new peer: Peer: permanent_uuid: "6ec15ed7181a49a9a4a0d39e4892c19f" member_type: VOTER last_known_addr { host: "127.2.255.62" port: 46399 }, Status: LMP_MISMATCH, Last received: 0.0, Next index: 11, Last known committed idx: 10, Time since last communication: 0.000s
I20260608 12:59:34.285619  4713 sys_catalog.cc:455] T 00000000000000000000000000000000 P 6ec15ed7181a49a9a4a0d39e4892c19f [sys.catalog]: SysCatalogTable state changed. Reason: New leader 0d2c3356fe754cef892ad56dc0c1d8ec. Latest consensus state: current_term: 3 leader_uuid: "0d2c3356fe754cef892ad56dc0c1d8ec" committed_config { opid_index: -1 OBSOLETE_local: false peers { permanent_uuid: "6ec15ed7181a49a9a4a0d39e4892c19f" member_type: VOTER last_known_addr { host: "127.2.255.62" port: 46399 } } peers { permanent_uuid: "da074b2816f5442b83ac0cef6cf6b7d0" member_type: VOTER last_known_addr { host: "127.2.255.61" port: 41741 } } peers { permanent_uuid: "0d2c3356fe754cef892ad56dc0c1d8ec" member_type: VOTER last_known_addr { host: "127.2.255.60" port: 35473 } } }
I20260608 12:59:34.286494  4713 sys_catalog.cc:458] T 00000000000000000000000000000000 P 6ec15ed7181a49a9a4a0d39e4892c19f [sys.catalog]: This master's current role is: FOLLOWER
W20260608 12:59:34.288419  4297 consensus_peers.cc:597] T 00000000000000000000000000000000 P 0d2c3356fe754cef892ad56dc0c1d8ec -> Peer da074b2816f5442b83ac0cef6cf6b7d0 (127.2.255.61:41741): Couldn't send request to peer da074b2816f5442b83ac0cef6cf6b7d0. Status: Network error: Client connection negotiation failed: client connection to 127.2.255.61:41741: connect: Connection refused (error 111). This is attempt 1: this message will repeat every 5th retry.
I20260608 12:59:34.291340  4717 sys_catalog.cc:455] T 00000000000000000000000000000000 P 0d2c3356fe754cef892ad56dc0c1d8ec [sys.catalog]: SysCatalogTable state changed. Reason: Peer health change. Latest consensus state: current_term: 3 leader_uuid: "0d2c3356fe754cef892ad56dc0c1d8ec" committed_config { opid_index: -1 OBSOLETE_local: false peers { permanent_uuid: "6ec15ed7181a49a9a4a0d39e4892c19f" member_type: VOTER last_known_addr { host: "127.2.255.62" port: 46399 } } peers { permanent_uuid: "da074b2816f5442b83ac0cef6cf6b7d0" member_type: VOTER last_known_addr { host: "127.2.255.61" port: 41741 } } peers { permanent_uuid: "0d2c3356fe754cef892ad56dc0c1d8ec" member_type: VOTER last_known_addr { host: "127.2.255.60" port: 35473 } } }
I20260608 12:59:34.292397  4717 sys_catalog.cc:458] T 00000000000000000000000000000000 P 0d2c3356fe754cef892ad56dc0c1d8ec [sys.catalog]: This master's current role is: LEADER
I20260608 12:59:34.293592  4713 sys_catalog.cc:455] T 00000000000000000000000000000000 P 6ec15ed7181a49a9a4a0d39e4892c19f [sys.catalog]: SysCatalogTable state changed. Reason: Replicated consensus-only round. Latest consensus state: current_term: 3 leader_uuid: "0d2c3356fe754cef892ad56dc0c1d8ec" committed_config { opid_index: -1 OBSOLETE_local: false peers { permanent_uuid: "6ec15ed7181a49a9a4a0d39e4892c19f" member_type: VOTER last_known_addr { host: "127.2.255.62" port: 46399 } } peers { permanent_uuid: "da074b2816f5442b83ac0cef6cf6b7d0" member_type: VOTER last_known_addr { host: "127.2.255.61" port: 41741 } } peers { permanent_uuid: "0d2c3356fe754cef892ad56dc0c1d8ec" member_type: VOTER last_known_addr { host: "127.2.255.60" port: 35473 } } }
I20260608 12:59:34.294476  4713 sys_catalog.cc:458] T 00000000000000000000000000000000 P 6ec15ed7181a49a9a4a0d39e4892c19f [sys.catalog]: This master's current role is: FOLLOWER
I20260608 12:59:35.019238  4473 heartbeater.cc:499] Master 127.2.255.60:35473 was elected leader, sending a full tablet report...
I20260608 12:59:35.083166  4629 heartbeater.cc:499] Master 127.2.255.60:35473 was elected leader, sending a full tablet report...
I20260608 12:59:35.083504  4551 heartbeater.cc:499] Master 127.2.255.60:35473 was elected leader, sending a full tablet report...
I20260608 12:59:35.717656  4365 auto_leader_rebalancer.cc:140] leader rebalance for table test-workload
I20260608 12:59:35.718087  4365 auto_leader_rebalancer.cc:451] All tables' leader rebalancing finished this round
I20260608 12:59:35.839326  3068 tablet_server.cc:179] TabletServer@127.2.255.1:0 shutting down...
I20260608 12:59:35.870014  3068 ts_tablet_manager.cc:1507] Shutting down tablet manager...
I20260608 12:59:35.870862  3068 tablet_replica.cc:333] T 8327acb860974ed383af437f6c48b5a5 P 8cacd9b91c8d4beeb18345cba0be496b: stopping tablet replica
I20260608 12:59:35.871590  3068 raft_consensus.cc:2243] T 8327acb860974ed383af437f6c48b5a5 P 8cacd9b91c8d4beeb18345cba0be496b [term 1 LEADER]: Raft consensus shutting down.
I20260608 12:59:35.872149  3068 raft_consensus.cc:2272] T 8327acb860974ed383af437f6c48b5a5 P 8cacd9b91c8d4beeb18345cba0be496b [term 1 FOLLOWER]: Raft consensus is shut down!
I20260608 12:59:35.892027  3068 tablet_server.cc:196] TabletServer@127.2.255.1:0 shutdown complete.
I20260608 12:59:35.904868  3068 tablet_server.cc:179] TabletServer@127.2.255.2:0 shutting down...
I20260608 12:59:35.927901  3068 ts_tablet_manager.cc:1507] Shutting down tablet manager...
I20260608 12:59:35.928814  3068 tablet_replica.cc:333] T d4addc8ed1c34a6fb34998d0ce271d50 P 20a7ad2673574199bc5349cbb49c38e0: stopping tablet replica
I20260608 12:59:35.929509  3068 raft_consensus.cc:2243] T d4addc8ed1c34a6fb34998d0ce271d50 P 20a7ad2673574199bc5349cbb49c38e0 [term 1 LEADER]: Raft consensus shutting down.
I20260608 12:59:35.930079  3068 raft_consensus.cc:2272] T d4addc8ed1c34a6fb34998d0ce271d50 P 20a7ad2673574199bc5349cbb49c38e0 [term 1 FOLLOWER]: Raft consensus is shut down!
I20260608 12:59:35.950255  3068 tablet_server.cc:196] TabletServer@127.2.255.2:0 shutdown complete.
I20260608 12:59:35.961587  3068 tablet_server.cc:179] TabletServer@127.2.255.3:0 shutting down...
I20260608 12:59:35.995059  3068 ts_tablet_manager.cc:1507] Shutting down tablet manager...
I20260608 12:59:35.995823  3068 tablet_replica.cc:333] T 546684eedb2b4680965ebbdfdab887ab P b7de4bcb83164027a3ea032fc436ece8: stopping tablet replica
I20260608 12:59:35.996426  3068 raft_consensus.cc:2243] T 546684eedb2b4680965ebbdfdab887ab P b7de4bcb83164027a3ea032fc436ece8 [term 1 LEADER]: Raft consensus shutting down.
I20260608 12:59:35.997116  3068 raft_consensus.cc:2272] T 546684eedb2b4680965ebbdfdab887ab P b7de4bcb83164027a3ea032fc436ece8 [term 1 FOLLOWER]: Raft consensus is shut down!
I20260608 12:59:36.016916  3068 tablet_server.cc:196] TabletServer@127.2.255.3:0 shutdown complete.
I20260608 12:59:36.028924  3068 master.cc:562] Master@127.2.255.62:46399 shutting down...
I20260608 12:59:36.051236  3068 raft_consensus.cc:2243] T 00000000000000000000000000000000 P 6ec15ed7181a49a9a4a0d39e4892c19f [term 3 FOLLOWER]: Raft consensus shutting down.
I20260608 12:59:36.051908  3068 raft_consensus.cc:2272] T 00000000000000000000000000000000 P 6ec15ed7181a49a9a4a0d39e4892c19f [term 3 FOLLOWER]: Raft consensus is shut down!
I20260608 12:59:36.052287  3068 tablet_replica.cc:333] T 00000000000000000000000000000000 P 6ec15ed7181a49a9a4a0d39e4892c19f: stopping tablet replica
I20260608 12:59:36.073083  3068 master.cc:584] Master@127.2.255.62:46399 shutdown complete.
I20260608 12:59:36.088243  3068 master.cc:562] Master@127.2.255.60:35473 shutting down...
I20260608 12:59:36.112489  3068 raft_consensus.cc:2243] T 00000000000000000000000000000000 P 0d2c3356fe754cef892ad56dc0c1d8ec [term 3 LEADER]: Raft consensus shutting down.
I20260608 12:59:36.113711  3068 raft_consensus.cc:2272] T 00000000000000000000000000000000 P 0d2c3356fe754cef892ad56dc0c1d8ec [term 3 FOLLOWER]: Raft consensus is shut down!
I20260608 12:59:36.114081  3068 tablet_replica.cc:333] T 00000000000000000000000000000000 P 0d2c3356fe754cef892ad56dc0c1d8ec: stopping tablet replica
I20260608 12:59:36.135421  3068 master.cc:584] Master@127.2.255.60:35473 shutdown complete.
[       OK ] AutoRebalancerTest.NextLeaderResumesAutoRebalancing (8848 ms)
[ RUN      ] AutoRebalancerTest.MovesScheduledIfAddTserver
I20260608 12:59:36.170903  3068 internal_mini_cluster.cc:156] Creating distributed mini masters. Addrs: 127.2.255.62:36779
I20260608 12:59:36.172221  3068 file_cache.cc:492] Constructed file cache file cache with capacity 419430
W20260608 12:59:36.178907  4726 instance_detector.cc:116] could not retrieve AWS instance metadata: Network error: curl error: HTTP response code said error: The requested URL returned error: 404
W20260608 12:59:36.179126  4727 instance_detector.cc:116] could not retrieve Azure instance metadata: Network error: curl error: HTTP response code said error: The requested URL returned error: 404
W20260608 12:59:36.180193  4729 instance_detector.cc:116] could not retrieve OpenStack instance metadata: Network error: curl error: HTTP response code said error: The requested URL returned error: 404
I20260608 12:59:36.180382  3068 server_base.cc:1061] running on GCE node
I20260608 12:59:36.181384  3068 hybrid_clock.cc:584] initializing the hybrid clock with 'system_unsync' time source
W20260608 12:59:36.181576  3068 system_unsync_time.cc:38] NTP support is disabled. Clock error bounds will not be accurate. This configuration is not suitable for distributed clusters.
I20260608 12:59:36.181772  3068 hybrid_clock.cc:648] HybridClock initialized: now 1780923576181737 us; error 0 us; skew 500 ppm
I20260608 12:59:36.182370  3068 server_base.cc:861] Flag tcmalloc_max_total_thread_cache_bytes is not working since tcmalloc is not enabled.
I20260608 12:59:36.185096  3068 webserver.cc:533] Webserver started at http://127.2.255.62:34925/ using document root <none> and password file <none>
I20260608 12:59:36.185678  3068 fs_manager.cc:362] Metadata directory not provided
I20260608 12:59:36.185854  3068 fs_manager.cc:368] Using write-ahead log directory (fs_wal_dir) as metadata directory
I20260608 12:59:36.186160  3068 server_base.cc:909] This appears to be a new deployment of Kudu; creating new FS layout
I20260608 12:59:36.187485  3068 fs_manager.cc:1068] Generated new instance metadata in path /tmp/dist-test-task2UOPFH/test-tmp/auto_rebalancer-test.0.AutoRebalancerTest.MovesScheduledIfAddTserver.1780923551160391-3068-0/minicluster-data/master-0-root/instance:
uuid: "d28a6bd209c94b55bb70740bc42bca79"
format_stamp: "Formatted at 2026-06-08 12:59:36 on dist-test-slave-w6rt"
I20260608 12:59:36.192612  3068 fs_manager.cc:696] Time spent creating directory manager: real 0.005s	user 0.007s	sys 0.000s
I20260608 12:59:36.196723  4734 log_block_manager.cc:4031] Time spent loading block containers with low live blocks: real 0.000s	user 0.000s	sys 0.000s
I20260608 12:59:36.197801  3068 fs_manager.cc:730] Time spent opening block manager: real 0.003s	user 0.003s	sys 0.000s
I20260608 12:59:36.198256  3068 fs_manager.cc:647] Opened local filesystem: /tmp/dist-test-task2UOPFH/test-tmp/auto_rebalancer-test.0.AutoRebalancerTest.MovesScheduledIfAddTserver.1780923551160391-3068-0/minicluster-data/master-0-root
uuid: "d28a6bd209c94b55bb70740bc42bca79"
format_stamp: "Formatted at 2026-06-08 12:59:36 on dist-test-slave-w6rt"
I20260608 12:59:36.198611  3068 fs_report.cc:389] FS layout report
--------------------
wal directory: /tmp/dist-test-task2UOPFH/test-tmp/auto_rebalancer-test.0.AutoRebalancerTest.MovesScheduledIfAddTserver.1780923551160391-3068-0/minicluster-data/master-0-root
metadata directory: /tmp/dist-test-task2UOPFH/test-tmp/auto_rebalancer-test.0.AutoRebalancerTest.MovesScheduledIfAddTserver.1780923551160391-3068-0/minicluster-data/master-0-root
1 data directories: /tmp/dist-test-task2UOPFH/test-tmp/auto_rebalancer-test.0.AutoRebalancerTest.MovesScheduledIfAddTserver.1780923551160391-3068-0/minicluster-data/master-0-root/data
Total live blocks: 0
Total live bytes: 0
Total live bytes (after alignment): 0
Total number of LBM containers: 0 (0 full)
Did not check for missing blocks
Did not check for orphaned blocks
Total full LBM containers with extra space: 0 (0 repaired)
Total full LBM container extra space in bytes: 0 (0 repaired)
Total incomplete LBM containers: 0 (0 repaired)
Total LBM partial records: 0 (0 repaired)
Total corrupted LBM metadata records in RocksDB: 0 (0 repaired)
I20260608 12:59:36.212451  3068 rpc_server.cc:225] running with OpenSSL 1.1.1  11 Sep 2018
I20260608 12:59:36.213958  3068 kserver.cc:163] Server-wide thread pool size limit: 3276
I20260608 12:59:36.256904  3068 rpc_server.cc:307] RPC server started. Bound to: 127.2.255.62:36779
I20260608 12:59:36.257105  4785 acceptor_pool.cc:272] collecting diagnostics on the listening RPC socket 127.2.255.62:36779 every 8 connection(s)
I20260608 12:59:36.261610  4786 data_dirs.cc:400] Could only allocate 1 dirs of requested 3 for tablet 00000000000000000000000000000000. 1 dirs total, 0 dirs full, 0 dirs failed
I20260608 12:59:36.272370  4786 tablet_bootstrap.cc:492] T 00000000000000000000000000000000 P d28a6bd209c94b55bb70740bc42bca79: Bootstrap starting.
I20260608 12:59:36.277791  4786 tablet_bootstrap.cc:654] T 00000000000000000000000000000000 P d28a6bd209c94b55bb70740bc42bca79: Neither blocks nor log segments found. Creating new log.
I20260608 12:59:36.282637  4786 tablet_bootstrap.cc:492] T 00000000000000000000000000000000 P d28a6bd209c94b55bb70740bc42bca79: No bootstrap required, opened a new log
I20260608 12:59:36.285107  4786 raft_consensus.cc:359] T 00000000000000000000000000000000 P d28a6bd209c94b55bb70740bc42bca79 [term 0 FOLLOWER]: Replica starting. Triggering 0 pending ops. Active config: opid_index: -1 OBSOLETE_local: true peers { permanent_uuid: "d28a6bd209c94b55bb70740bc42bca79" member_type: VOTER }
