I20260608 13:00:33.207383  6048 tablet_service.cc:1511] Processing CreateTablet for tablet 12f61bb159df413db11a6523bb05400d (DEFAULT_TABLE table=range_aware_rebalance_new_range [id=c6514f2a72ac4123812428b23307b6e8]), partition=HASH (key) PARTITION 7, RANGE (key) PARTITION 0 <= VALUES < 10
I20260608 13:00:33.210829  6200 tablet_service.cc:1511] Processing CreateTablet for tablet 0f3094b6e38344058e2784a8a29c2456 (DEFAULT_TABLE table=range_aware_rebalance_new_range [id=c6514f2a72ac4123812428b23307b6e8]), partition=HASH (key) PARTITION 5, RANGE (key) PARTITION 0 <= VALUES < 10
I20260608 13:00:33.211728  6199 tablet_service.cc:1511] Processing CreateTablet for tablet 823afae7aee3494e8b31d435519e31ab (DEFAULT_TABLE table=range_aware_rebalance_new_range [id=c6514f2a72ac4123812428b23307b6e8]), partition=HASH (key) PARTITION 6, RANGE (key) PARTITION 0 <= VALUES < 10
I20260608 13:00:33.212488  6200 data_dirs.cc:400] Could only allocate 1 dirs of requested 3 for tablet 0f3094b6e38344058e2784a8a29c2456. 1 dirs total, 0 dirs full, 0 dirs failed
I20260608 13:00:33.213510  6199 data_dirs.cc:400] Could only allocate 1 dirs of requested 3 for tablet 823afae7aee3494e8b31d435519e31ab. 1 dirs total, 0 dirs full, 0 dirs failed
I20260608 13:00:33.214231  6198 tablet_service.cc:1511] Processing CreateTablet for tablet 12f61bb159df413db11a6523bb05400d (DEFAULT_TABLE table=range_aware_rebalance_new_range [id=c6514f2a72ac4123812428b23307b6e8]), partition=HASH (key) PARTITION 7, RANGE (key) PARTITION 0 <= VALUES < 10
I20260608 13:00:33.214829  6125 tablet_service.cc:1511] Processing CreateTablet for tablet 823afae7aee3494e8b31d435519e31ab (DEFAULT_TABLE table=range_aware_rebalance_new_range [id=c6514f2a72ac4123812428b23307b6e8]), partition=HASH (key) PARTITION 6, RANGE (key) PARTITION 0 <= VALUES < 10
I20260608 13:00:33.215847  6198 data_dirs.cc:400] Could only allocate 1 dirs of requested 3 for tablet 12f61bb159df413db11a6523bb05400d. 1 dirs total, 0 dirs full, 0 dirs failed
I20260608 13:00:33.209379  6126 data_dirs.cc:400] Could only allocate 1 dirs of requested 3 for tablet 0f3094b6e38344058e2784a8a29c2456. 1 dirs total, 0 dirs full, 0 dirs failed
I20260608 13:00:33.218310  6124 tablet_service.cc:1511] Processing CreateTablet for tablet 12f61bb159df413db11a6523bb05400d (DEFAULT_TABLE table=range_aware_rebalance_new_range [id=c6514f2a72ac4123812428b23307b6e8]), partition=HASH (key) PARTITION 7, RANGE (key) PARTITION 0 <= VALUES < 10
I20260608 13:00:33.219852  6124 data_dirs.cc:400] Could only allocate 1 dirs of requested 3 for tablet 12f61bb159df413db11a6523bb05400d. 1 dirs total, 0 dirs full, 0 dirs failed
I20260608 13:00:33.221496  6125 data_dirs.cc:400] Could only allocate 1 dirs of requested 3 for tablet 823afae7aee3494e8b31d435519e31ab. 1 dirs total, 0 dirs full, 0 dirs failed
I20260608 13:00:33.224557  6055 data_dirs.cc:400] Could only allocate 1 dirs of requested 3 for tablet aad9cca760054957a633b126a5dcee63. 1 dirs total, 0 dirs full, 0 dirs failed
I20260608 13:00:33.228554  6049 data_dirs.cc:400] Could only allocate 1 dirs of requested 3 for tablet 823afae7aee3494e8b31d435519e31ab. 1 dirs total, 0 dirs full, 0 dirs failed
I20260608 13:00:33.233448  6051 data_dirs.cc:400] Could only allocate 1 dirs of requested 3 for tablet 0faafbab82224453bcf592a932e59af4. 1 dirs total, 0 dirs full, 0 dirs failed
I20260608 13:00:33.237385  6054 data_dirs.cc:400] Could only allocate 1 dirs of requested 3 for tablet 4b8ddbaa7afd499199fa0c5a40e507c8. 1 dirs total, 0 dirs full, 0 dirs failed
I20260608 13:00:33.245365  6050 data_dirs.cc:400] Could only allocate 1 dirs of requested 3 for tablet 0f3094b6e38344058e2784a8a29c2456. 1 dirs total, 0 dirs full, 0 dirs failed
I20260608 13:00:33.253557  6048 data_dirs.cc:400] Could only allocate 1 dirs of requested 3 for tablet 12f61bb159df413db11a6523bb05400d. 1 dirs total, 0 dirs full, 0 dirs failed
I20260608 13:00:33.338029  6261 tablet_bootstrap.cc:492] T 823afae7aee3494e8b31d435519e31ab P a8e21129a46b45a8a2d8efccc7b833ee: Bootstrap starting.
I20260608 13:00:33.342151  6260 tablet_bootstrap.cc:492] T 4b8ddbaa7afd499199fa0c5a40e507c8 P 2f95ff53da0c442db76553a2cb2d8498: Bootstrap starting.
I20260608 13:00:33.349462  6261 tablet_bootstrap.cc:654] T 823afae7aee3494e8b31d435519e31ab P a8e21129a46b45a8a2d8efccc7b833ee: Neither blocks nor log segments found. Creating new log.
I20260608 13:00:33.354838  6262 tablet_bootstrap.cc:492] T 0faafbab82224453bcf592a932e59af4 P 3ae48c07a71a4ba588c0077189c34987: Bootstrap starting.
I20260608 13:00:33.356442  6260 tablet_bootstrap.cc:654] T 4b8ddbaa7afd499199fa0c5a40e507c8 P 2f95ff53da0c442db76553a2cb2d8498: Neither blocks nor log segments found. Creating new log.
I20260608 13:00:33.372360  6262 tablet_bootstrap.cc:654] T 0faafbab82224453bcf592a932e59af4 P 3ae48c07a71a4ba588c0077189c34987: Neither blocks nor log segments found. Creating new log.
I20260608 13:00:33.372560  6261 tablet_bootstrap.cc:492] T 823afae7aee3494e8b31d435519e31ab P a8e21129a46b45a8a2d8efccc7b833ee: No bootstrap required, opened a new log
I20260608 13:00:33.373199  6261 ts_tablet_manager.cc:1403] T 823afae7aee3494e8b31d435519e31ab P a8e21129a46b45a8a2d8efccc7b833ee: Time spent bootstrapping tablet: real 0.036s	user 0.007s	sys 0.010s
I20260608 13:00:33.373536  6260 tablet_bootstrap.cc:492] T 4b8ddbaa7afd499199fa0c5a40e507c8 P 2f95ff53da0c442db76553a2cb2d8498: No bootstrap required, opened a new log
I20260608 13:00:33.374130  6260 ts_tablet_manager.cc:1403] T 4b8ddbaa7afd499199fa0c5a40e507c8 P 2f95ff53da0c442db76553a2cb2d8498: Time spent bootstrapping tablet: real 0.033s	user 0.014s	sys 0.000s
I20260608 13:00:33.376161  6261 raft_consensus.cc:359] T 823afae7aee3494e8b31d435519e31ab P a8e21129a46b45a8a2d8efccc7b833ee [term 0 FOLLOWER]: Replica starting. Triggering 0 pending ops. Active config: opid_index: -1 OBSOLETE_local: false peers { permanent_uuid: "a8e21129a46b45a8a2d8efccc7b833ee" member_type: VOTER last_known_addr { host: "127.2.255.1" port: 42145 } } peers { permanent_uuid: "2f95ff53da0c442db76553a2cb2d8498" member_type: VOTER last_known_addr { host: "127.2.255.2" port: 35655 } } peers { permanent_uuid: "3ae48c07a71a4ba588c0077189c34987" member_type: VOTER last_known_addr { host: "127.2.255.3" port: 41369 } }
I20260608 13:00:33.377305  6261 raft_consensus.cc:385] T 823afae7aee3494e8b31d435519e31ab P a8e21129a46b45a8a2d8efccc7b833ee [term 0 FOLLOWER]: Consensus starting up: Expiring failure detector timer to make a prompt election more likely
I20260608 13:00:33.377612  6261 raft_consensus.cc:740] T 823afae7aee3494e8b31d435519e31ab P a8e21129a46b45a8a2d8efccc7b833ee [term 0 FOLLOWER]: Becoming Follower/Learner. State: Replica: a8e21129a46b45a8a2d8efccc7b833ee, State: Initialized, Role: FOLLOWER
I20260608 13:00:33.378028  6260 raft_consensus.cc:359] T 4b8ddbaa7afd499199fa0c5a40e507c8 P 2f95ff53da0c442db76553a2cb2d8498 [term 0 FOLLOWER]: Replica starting. Triggering 0 pending ops. Active config: opid_index: -1 OBSOLETE_local: false peers { permanent_uuid: "a8e21129a46b45a8a2d8efccc7b833ee" member_type: VOTER last_known_addr { host: "127.2.255.1" port: 42145 } } peers { permanent_uuid: "2f95ff53da0c442db76553a2cb2d8498" member_type: VOTER last_known_addr { host: "127.2.255.2" port: 35655 } } peers { permanent_uuid: "3ae48c07a71a4ba588c0077189c34987" member_type: VOTER last_known_addr { host: "127.2.255.3" port: 41369 } }
I20260608 13:00:33.378428  6261 consensus_queue.cc:260] T 823afae7aee3494e8b31d435519e31ab P a8e21129a46b45a8a2d8efccc7b833ee [NON_LEADER]: Queue going to NON_LEADER mode. State: All replicated index: 0, Majority replicated index: 0, Committed index: 0, Last appended: 0.0, Last appended by leader: 0, Current term: 0, Majority size: -1, State: 0, Mode: NON_LEADER, active raft config: opid_index: -1 OBSOLETE_local: false peers { permanent_uuid: "a8e21129a46b45a8a2d8efccc7b833ee" member_type: VOTER last_known_addr { host: "127.2.255.1" port: 42145 } } peers { permanent_uuid: "2f95ff53da0c442db76553a2cb2d8498" member_type: VOTER last_known_addr { host: "127.2.255.2" port: 35655 } } peers { permanent_uuid: "3ae48c07a71a4ba588c0077189c34987" member_type: VOTER last_known_addr { host: "127.2.255.3" port: 41369 } }
I20260608 13:00:33.378939  6260 raft_consensus.cc:385] T 4b8ddbaa7afd499199fa0c5a40e507c8 P 2f95ff53da0c442db76553a2cb2d8498 [term 0 FOLLOWER]: Consensus starting up: Expiring failure detector timer to make a prompt election more likely
I20260608 13:00:33.379245  6262 tablet_bootstrap.cc:492] T 0faafbab82224453bcf592a932e59af4 P 3ae48c07a71a4ba588c0077189c34987: No bootstrap required, opened a new log
I20260608 13:00:33.379375  6260 raft_consensus.cc:740] T 4b8ddbaa7afd499199fa0c5a40e507c8 P 2f95ff53da0c442db76553a2cb2d8498 [term 0 FOLLOWER]: Becoming Follower/Learner. State: Replica: 2f95ff53da0c442db76553a2cb2d8498, State: Initialized, Role: FOLLOWER
I20260608 13:00:33.379914  6262 ts_tablet_manager.cc:1403] T 0faafbab82224453bcf592a932e59af4 P 3ae48c07a71a4ba588c0077189c34987: Time spent bootstrapping tablet: real 0.026s	user 0.010s	sys 0.006s
I20260608 13:00:33.380445  6260 consensus_queue.cc:260] T 4b8ddbaa7afd499199fa0c5a40e507c8 P 2f95ff53da0c442db76553a2cb2d8498 [NON_LEADER]: Queue going to NON_LEADER mode. State: All replicated index: 0, Majority replicated index: 0, Committed index: 0, Last appended: 0.0, Last appended by leader: 0, Current term: 0, Majority size: -1, State: 0, Mode: NON_LEADER, active raft config: opid_index: -1 OBSOLETE_local: false peers { permanent_uuid: "a8e21129a46b45a8a2d8efccc7b833ee" member_type: VOTER last_known_addr { host: "127.2.255.1" port: 42145 } } peers { permanent_uuid: "2f95ff53da0c442db76553a2cb2d8498" member_type: VOTER last_known_addr { host: "127.2.255.2" port: 35655 } } peers { permanent_uuid: "3ae48c07a71a4ba588c0077189c34987" member_type: VOTER last_known_addr { host: "127.2.255.3" port: 41369 } }
I20260608 13:00:33.383137  6261 ts_tablet_manager.cc:1434] T 823afae7aee3494e8b31d435519e31ab P a8e21129a46b45a8a2d8efccc7b833ee: Time spent starting tablet: real 0.010s	user 0.008s	sys 0.000s
I20260608 13:00:33.384342  6261 tablet_bootstrap.cc:492] T 12f61bb159df413db11a6523bb05400d P a8e21129a46b45a8a2d8efccc7b833ee: Bootstrap starting.
I20260608 13:00:33.384272  6262 raft_consensus.cc:359] T 0faafbab82224453bcf592a932e59af4 P 3ae48c07a71a4ba588c0077189c34987 [term 0 FOLLOWER]: Replica starting. Triggering 0 pending ops. Active config: opid_index: -1 OBSOLETE_local: false peers { permanent_uuid: "a8e21129a46b45a8a2d8efccc7b833ee" member_type: VOTER last_known_addr { host: "127.2.255.1" port: 42145 } } peers { permanent_uuid: "2f95ff53da0c442db76553a2cb2d8498" member_type: VOTER last_known_addr { host: "127.2.255.2" port: 35655 } } peers { permanent_uuid: "3ae48c07a71a4ba588c0077189c34987" member_type: VOTER last_known_addr { host: "127.2.255.3" port: 41369 } }
I20260608 13:00:33.385622  6262 raft_consensus.cc:385] T 0faafbab82224453bcf592a932e59af4 P 3ae48c07a71a4ba588c0077189c34987 [term 0 FOLLOWER]: Consensus starting up: Expiring failure detector timer to make a prompt election more likely
I20260608 13:00:33.386029  6262 raft_consensus.cc:740] T 0faafbab82224453bcf592a932e59af4 P 3ae48c07a71a4ba588c0077189c34987 [term 0 FOLLOWER]: Becoming Follower/Learner. State: Replica: 3ae48c07a71a4ba588c0077189c34987, State: Initialized, Role: FOLLOWER
I20260608 13:00:33.387341  6262 consensus_queue.cc:260] T 0faafbab82224453bcf592a932e59af4 P 3ae48c07a71a4ba588c0077189c34987 [NON_LEADER]: Queue going to NON_LEADER mode. State: All replicated index: 0, Majority replicated index: 0, Committed index: 0, Last appended: 0.0, Last appended by leader: 0, Current term: 0, Majority size: -1, State: 0, Mode: NON_LEADER, active raft config: opid_index: -1 OBSOLETE_local: false peers { permanent_uuid: "a8e21129a46b45a8a2d8efccc7b833ee" member_type: VOTER last_known_addr { host: "127.2.255.1" port: 42145 } } peers { permanent_uuid: "2f95ff53da0c442db76553a2cb2d8498" member_type: VOTER last_known_addr { host: "127.2.255.2" port: 35655 } } peers { permanent_uuid: "3ae48c07a71a4ba588c0077189c34987" member_type: VOTER last_known_addr { host: "127.2.255.3" port: 41369 } }
I20260608 13:00:33.391413  6260 ts_tablet_manager.cc:1434] T 4b8ddbaa7afd499199fa0c5a40e507c8 P 2f95ff53da0c442db76553a2cb2d8498: Time spent starting tablet: real 0.017s	user 0.012s	sys 0.005s
I20260608 13:00:33.392467  6261 tablet_bootstrap.cc:654] T 12f61bb159df413db11a6523bb05400d P a8e21129a46b45a8a2d8efccc7b833ee: Neither blocks nor log segments found. Creating new log.
I20260608 13:00:33.392704  6260 tablet_bootstrap.cc:492] T d70063a7532240e4b28a3a98e028e405 P 2f95ff53da0c442db76553a2cb2d8498: Bootstrap starting.
I20260608 13:00:33.399369  6262 ts_tablet_manager.cc:1434] T 0faafbab82224453bcf592a932e59af4 P 3ae48c07a71a4ba588c0077189c34987: Time spent starting tablet: real 0.019s	user 0.008s	sys 0.004s
I20260608 13:00:33.402475  6260 tablet_bootstrap.cc:654] T d70063a7532240e4b28a3a98e028e405 P 2f95ff53da0c442db76553a2cb2d8498: Neither blocks nor log segments found. Creating new log.
I20260608 13:00:33.406523  6262 tablet_bootstrap.cc:492] T aad9cca760054957a633b126a5dcee63 P 3ae48c07a71a4ba588c0077189c34987: Bootstrap starting.
I20260608 13:00:33.409205  6261 tablet_bootstrap.cc:492] T 12f61bb159df413db11a6523bb05400d P a8e21129a46b45a8a2d8efccc7b833ee: No bootstrap required, opened a new log
I20260608 13:00:33.409914  6261 ts_tablet_manager.cc:1403] T 12f61bb159df413db11a6523bb05400d P a8e21129a46b45a8a2d8efccc7b833ee: Time spent bootstrapping tablet: real 0.026s	user 0.017s	sys 0.007s
I20260608 13:00:33.413333  6260 tablet_bootstrap.cc:492] T d70063a7532240e4b28a3a98e028e405 P 2f95ff53da0c442db76553a2cb2d8498: No bootstrap required, opened a new log
I20260608 13:00:33.414011  6260 ts_tablet_manager.cc:1403] T d70063a7532240e4b28a3a98e028e405 P 2f95ff53da0c442db76553a2cb2d8498: Time spent bootstrapping tablet: real 0.022s	user 0.017s	sys 0.000s
I20260608 13:00:33.413456  6261 raft_consensus.cc:359] T 12f61bb159df413db11a6523bb05400d P a8e21129a46b45a8a2d8efccc7b833ee [term 0 FOLLOWER]: Replica starting. Triggering 0 pending ops. Active config: opid_index: -1 OBSOLETE_local: false peers { permanent_uuid: "a8e21129a46b45a8a2d8efccc7b833ee" member_type: VOTER last_known_addr { host: "127.2.255.1" port: 42145 } } peers { permanent_uuid: "2f95ff53da0c442db76553a2cb2d8498" member_type: VOTER last_known_addr { host: "127.2.255.2" port: 35655 } } peers { permanent_uuid: "3ae48c07a71a4ba588c0077189c34987" member_type: VOTER last_known_addr { host: "127.2.255.3" port: 41369 } }
I20260608 13:00:33.414598  6261 raft_consensus.cc:385] T 12f61bb159df413db11a6523bb05400d P a8e21129a46b45a8a2d8efccc7b833ee [term 0 FOLLOWER]: Consensus starting up: Expiring failure detector timer to make a prompt election more likely
I20260608 13:00:33.415004  6261 raft_consensus.cc:740] T 12f61bb159df413db11a6523bb05400d P a8e21129a46b45a8a2d8efccc7b833ee [term 0 FOLLOWER]: Becoming Follower/Learner. State: Replica: a8e21129a46b45a8a2d8efccc7b833ee, State: Initialized, Role: FOLLOWER
I20260608 13:00:33.416029  6261 consensus_queue.cc:260] T 12f61bb159df413db11a6523bb05400d P a8e21129a46b45a8a2d8efccc7b833ee [NON_LEADER]: Queue going to NON_LEADER mode. State: All replicated index: 0, Majority replicated index: 0, Committed index: 0, Last appended: 0.0, Last appended by leader: 0, Current term: 0, Majority size: -1, State: 0, Mode: NON_LEADER, active raft config: opid_index: -1 OBSOLETE_local: false peers { permanent_uuid: "a8e21129a46b45a8a2d8efccc7b833ee" member_type: VOTER last_known_addr { host: "127.2.255.1" port: 42145 } } peers { permanent_uuid: "2f95ff53da0c442db76553a2cb2d8498" member_type: VOTER last_known_addr { host: "127.2.255.2" port: 35655 } } peers { permanent_uuid: "3ae48c07a71a4ba588c0077189c34987" member_type: VOTER last_known_addr { host: "127.2.255.3" port: 41369 } }
I20260608 13:00:33.417616  6260 raft_consensus.cc:359] T d70063a7532240e4b28a3a98e028e405 P 2f95ff53da0c442db76553a2cb2d8498 [term 0 FOLLOWER]: Replica starting. Triggering 0 pending ops. Active config: opid_index: -1 OBSOLETE_local: false peers { permanent_uuid: "a8e21129a46b45a8a2d8efccc7b833ee" member_type: VOTER last_known_addr { host: "127.2.255.1" port: 42145 } } peers { permanent_uuid: "2f95ff53da0c442db76553a2cb2d8498" member_type: VOTER last_known_addr { host: "127.2.255.2" port: 35655 } } peers { permanent_uuid: "3ae48c07a71a4ba588c0077189c34987" member_type: VOTER last_known_addr { host: "127.2.255.3" port: 41369 } }
I20260608 13:00:33.418437  6260 raft_consensus.cc:385] T d70063a7532240e4b28a3a98e028e405 P 2f95ff53da0c442db76553a2cb2d8498 [term 0 FOLLOWER]: Consensus starting up: Expiring failure detector timer to make a prompt election more likely
I20260608 13:00:33.418758  6260 raft_consensus.cc:740] T d70063a7532240e4b28a3a98e028e405 P 2f95ff53da0c442db76553a2cb2d8498 [term 0 FOLLOWER]: Becoming Follower/Learner. State: Replica: 2f95ff53da0c442db76553a2cb2d8498, State: Initialized, Role: FOLLOWER
I20260608 13:00:33.419621  6260 consensus_queue.cc:260] T d70063a7532240e4b28a3a98e028e405 P 2f95ff53da0c442db76553a2cb2d8498 [NON_LEADER]: Queue going to NON_LEADER mode. State: All replicated index: 0, Majority replicated index: 0, Committed index: 0, Last appended: 0.0, Last appended by leader: 0, Current term: 0, Majority size: -1, State: 0, Mode: NON_LEADER, active raft config: opid_index: -1 OBSOLETE_local: false peers { permanent_uuid: "a8e21129a46b45a8a2d8efccc7b833ee" member_type: VOTER last_known_addr { host: "127.2.255.1" port: 42145 } } peers { permanent_uuid: "2f95ff53da0c442db76553a2cb2d8498" member_type: VOTER last_known_addr { host: "127.2.255.2" port: 35655 } } peers { permanent_uuid: "3ae48c07a71a4ba588c0077189c34987" member_type: VOTER last_known_addr { host: "127.2.255.3" port: 41369 } }
I20260608 13:00:33.422140  6260 ts_tablet_manager.cc:1434] T d70063a7532240e4b28a3a98e028e405 P 2f95ff53da0c442db76553a2cb2d8498: Time spent starting tablet: real 0.008s	user 0.008s	sys 0.000s
I20260608 13:00:33.422942  6262 tablet_bootstrap.cc:654] T aad9cca760054957a633b126a5dcee63 P 3ae48c07a71a4ba588c0077189c34987: Neither blocks nor log segments found. Creating new log.
I20260608 13:00:33.423220  6260 tablet_bootstrap.cc:492] T 12f61bb159df413db11a6523bb05400d P 2f95ff53da0c442db76553a2cb2d8498: Bootstrap starting.
I20260608 13:00:33.432761  6260 tablet_bootstrap.cc:654] T 12f61bb159df413db11a6523bb05400d P 2f95ff53da0c442db76553a2cb2d8498: Neither blocks nor log segments found. Creating new log.
I20260608 13:00:33.435513  6262 tablet_bootstrap.cc:492] T aad9cca760054957a633b126a5dcee63 P 3ae48c07a71a4ba588c0077189c34987: No bootstrap required, opened a new log
I20260608 13:00:33.436213  6262 ts_tablet_manager.cc:1403] T aad9cca760054957a633b126a5dcee63 P 3ae48c07a71a4ba588c0077189c34987: Time spent bootstrapping tablet: real 0.030s	user 0.017s	sys 0.005s
I20260608 13:00:33.440675  6262 raft_consensus.cc:359] T aad9cca760054957a633b126a5dcee63 P 3ae48c07a71a4ba588c0077189c34987 [term 0 FOLLOWER]: Replica starting. Triggering 0 pending ops. Active config: opid_index: -1 OBSOLETE_local: false peers { permanent_uuid: "2f95ff53da0c442db76553a2cb2d8498" member_type: VOTER last_known_addr { host: "127.2.255.2" port: 35655 } } peers { permanent_uuid: "3ae48c07a71a4ba588c0077189c34987" member_type: VOTER last_known_addr { host: "127.2.255.3" port: 41369 } } peers { permanent_uuid: "a8e21129a46b45a8a2d8efccc7b833ee" member_type: VOTER last_known_addr { host: "127.2.255.1" port: 42145 } }
I20260608 13:00:33.441934  6262 raft_consensus.cc:385] T aad9cca760054957a633b126a5dcee63 P 3ae48c07a71a4ba588c0077189c34987 [term 0 FOLLOWER]: Consensus starting up: Expiring failure detector timer to make a prompt election more likely
I20260608 13:00:33.442348  6262 raft_consensus.cc:740] T aad9cca760054957a633b126a5dcee63 P 3ae48c07a71a4ba588c0077189c34987 [term 0 FOLLOWER]: Becoming Follower/Learner. State: Replica: 3ae48c07a71a4ba588c0077189c34987, State: Initialized, Role: FOLLOWER
I20260608 13:00:33.443856  6262 consensus_queue.cc:260] T aad9cca760054957a633b126a5dcee63 P 3ae48c07a71a4ba588c0077189c34987 [NON_LEADER]: Queue going to NON_LEADER mode. State: All replicated index: 0, Majority replicated index: 0, Committed index: 0, Last appended: 0.0, Last appended by leader: 0, Current term: 0, Majority size: -1, State: 0, Mode: NON_LEADER, active raft config: opid_index: -1 OBSOLETE_local: false peers { permanent_uuid: "2f95ff53da0c442db76553a2cb2d8498" member_type: VOTER last_known_addr { host: "127.2.255.2" port: 35655 } } peers { permanent_uuid: "3ae48c07a71a4ba588c0077189c34987" member_type: VOTER last_known_addr { host: "127.2.255.3" port: 41369 } } peers { permanent_uuid: "a8e21129a46b45a8a2d8efccc7b833ee" member_type: VOTER last_known_addr { host: "127.2.255.1" port: 42145 } }
I20260608 13:00:33.452207  6268 raft_consensus.cc:493] T aad9cca760054957a633b126a5dcee63 P 3ae48c07a71a4ba588c0077189c34987 [term 0 FOLLOWER]: Starting pre-election (no leader contacted us within the election timeout)
I20260608 13:00:33.453117  6268 raft_consensus.cc:515] T aad9cca760054957a633b126a5dcee63 P 3ae48c07a71a4ba588c0077189c34987 [term 0 FOLLOWER]: Starting pre-election with config: opid_index: -1 OBSOLETE_local: false peers { permanent_uuid: "2f95ff53da0c442db76553a2cb2d8498" member_type: VOTER last_known_addr { host: "127.2.255.2" port: 35655 } } peers { permanent_uuid: "3ae48c07a71a4ba588c0077189c34987" member_type: VOTER last_known_addr { host: "127.2.255.3" port: 41369 } } peers { permanent_uuid: "a8e21129a46b45a8a2d8efccc7b833ee" member_type: VOTER last_known_addr { host: "127.2.255.1" port: 42145 } }
I20260608 13:00:33.469523  6261 ts_tablet_manager.cc:1434] T 12f61bb159df413db11a6523bb05400d P a8e21129a46b45a8a2d8efccc7b833ee: Time spent starting tablet: real 0.059s	user 0.016s	sys 0.041s
I20260608 13:00:33.470710  6261 tablet_bootstrap.cc:492] T 0faafbab82224453bcf592a932e59af4 P a8e21129a46b45a8a2d8efccc7b833ee: Bootstrap starting.
I20260608 13:00:33.473606  6268 leader_election.cc:290] T aad9cca760054957a633b126a5dcee63 P 3ae48c07a71a4ba588c0077189c34987 [CANDIDATE]: Term 1 pre-election: Requested pre-vote from peers 2f95ff53da0c442db76553a2cb2d8498 (127.2.255.2:35655), a8e21129a46b45a8a2d8efccc7b833ee (127.2.255.1:42145)
I20260608 13:00:33.477631  6261 tablet_bootstrap.cc:654] T 0faafbab82224453bcf592a932e59af4 P a8e21129a46b45a8a2d8efccc7b833ee: Neither blocks nor log segments found. Creating new log.
I20260608 13:00:33.451287  6262 ts_tablet_manager.cc:1434] T aad9cca760054957a633b126a5dcee63 P 3ae48c07a71a4ba588c0077189c34987: Time spent starting tablet: real 0.015s	user 0.006s	sys 0.002s
I20260608 13:00:33.484426  6262 tablet_bootstrap.cc:492] T 823afae7aee3494e8b31d435519e31ab P 3ae48c07a71a4ba588c0077189c34987: Bootstrap starting.
I20260608 13:00:33.484545  6260 tablet_bootstrap.cc:492] T 12f61bb159df413db11a6523bb05400d P 2f95ff53da0c442db76553a2cb2d8498: No bootstrap required, opened a new log
I20260608 13:00:33.485114  6260 ts_tablet_manager.cc:1403] T 12f61bb159df413db11a6523bb05400d P 2f95ff53da0c442db76553a2cb2d8498: Time spent bootstrapping tablet: real 0.062s	user 0.030s	sys 0.031s
I20260608 13:00:33.488437  6260 raft_consensus.cc:359] T 12f61bb159df413db11a6523bb05400d P 2f95ff53da0c442db76553a2cb2d8498 [term 0 FOLLOWER]: Replica starting. Triggering 0 pending ops. Active config: opid_index: -1 OBSOLETE_local: false peers { permanent_uuid: "a8e21129a46b45a8a2d8efccc7b833ee" member_type: VOTER last_known_addr { host: "127.2.255.1" port: 42145 } } peers { permanent_uuid: "2f95ff53da0c442db76553a2cb2d8498" member_type: VOTER last_known_addr { host: "127.2.255.2" port: 35655 } } peers { permanent_uuid: "3ae48c07a71a4ba588c0077189c34987" member_type: VOTER last_known_addr { host: "127.2.255.3" port: 41369 } }
I20260608 13:00:33.493628  6262 tablet_bootstrap.cc:654] T 823afae7aee3494e8b31d435519e31ab P 3ae48c07a71a4ba588c0077189c34987: Neither blocks nor log segments found. Creating new log.
I20260608 13:00:33.489287  6260 raft_consensus.cc:385] T 12f61bb159df413db11a6523bb05400d P 2f95ff53da0c442db76553a2cb2d8498 [term 0 FOLLOWER]: Consensus starting up: Expiring failure detector timer to make a prompt election more likely
I20260608 13:00:33.498616  6260 raft_consensus.cc:740] T 12f61bb159df413db11a6523bb05400d P 2f95ff53da0c442db76553a2cb2d8498 [term 0 FOLLOWER]: Becoming Follower/Learner. State: Replica: 2f95ff53da0c442db76553a2cb2d8498, State: Initialized, Role: FOLLOWER
I20260608 13:00:33.500097  6261 tablet_bootstrap.cc:492] T 0faafbab82224453bcf592a932e59af4 P a8e21129a46b45a8a2d8efccc7b833ee: No bootstrap required, opened a new log
I20260608 13:00:33.499519  6260 consensus_queue.cc:260] T 12f61bb159df413db11a6523bb05400d P 2f95ff53da0c442db76553a2cb2d8498 [NON_LEADER]: Queue going to NON_LEADER mode. State: All replicated index: 0, Majority replicated index: 0, Committed index: 0, Last appended: 0.0, Last appended by leader: 0, Current term: 0, Majority size: -1, State: 0, Mode: NON_LEADER, active raft config: opid_index: -1 OBSOLETE_local: false peers { permanent_uuid: "a8e21129a46b45a8a2d8efccc7b833ee" member_type: VOTER last_known_addr { host: "127.2.255.1" port: 42145 } } peers { permanent_uuid: "2f95ff53da0c442db76553a2cb2d8498" member_type: VOTER last_known_addr { host: "127.2.255.2" port: 35655 } } peers { permanent_uuid: "3ae48c07a71a4ba588c0077189c34987" member_type: VOTER last_known_addr { host: "127.2.255.3" port: 41369 } }
I20260608 13:00:33.500483  6262 tablet_bootstrap.cc:492] T 823afae7aee3494e8b31d435519e31ab P 3ae48c07a71a4ba588c0077189c34987: No bootstrap required, opened a new log
I20260608 13:00:33.500762  6261 ts_tablet_manager.cc:1403] T 0faafbab82224453bcf592a932e59af4 P a8e21129a46b45a8a2d8efccc7b833ee: Time spent bootstrapping tablet: real 0.030s	user 0.010s	sys 0.020s
I20260608 13:00:33.501044  6262 ts_tablet_manager.cc:1403] T 823afae7aee3494e8b31d435519e31ab P 3ae48c07a71a4ba588c0077189c34987: Time spent bootstrapping tablet: real 0.017s	user 0.012s	sys 0.003s
I20260608 13:00:33.504189  6261 raft_consensus.cc:359] T 0faafbab82224453bcf592a932e59af4 P a8e21129a46b45a8a2d8efccc7b833ee [term 0 FOLLOWER]: Replica starting. Triggering 0 pending ops. Active config: opid_index: -1 OBSOLETE_local: false peers { permanent_uuid: "a8e21129a46b45a8a2d8efccc7b833ee" member_type: VOTER last_known_addr { host: "127.2.255.1" port: 42145 } } peers { permanent_uuid: "2f95ff53da0c442db76553a2cb2d8498" member_type: VOTER last_known_addr { host: "127.2.255.2" port: 35655 } } peers { permanent_uuid: "3ae48c07a71a4ba588c0077189c34987" member_type: VOTER last_known_addr { host: "127.2.255.3" port: 41369 } }
I20260608 13:00:33.504405  6262 raft_consensus.cc:359] T 823afae7aee3494e8b31d435519e31ab P 3ae48c07a71a4ba588c0077189c34987 [term 0 FOLLOWER]: Replica starting. Triggering 0 pending ops. Active config: opid_index: -1 OBSOLETE_local: false peers { permanent_uuid: "a8e21129a46b45a8a2d8efccc7b833ee" member_type: VOTER last_known_addr { host: "127.2.255.1" port: 42145 } } peers { permanent_uuid: "2f95ff53da0c442db76553a2cb2d8498" member_type: VOTER last_known_addr { host: "127.2.255.2" port: 35655 } } peers { permanent_uuid: "3ae48c07a71a4ba588c0077189c34987" member_type: VOTER last_known_addr { host: "127.2.255.3" port: 41369 } }
I20260608 13:00:33.505133  6261 raft_consensus.cc:385] T 0faafbab82224453bcf592a932e59af4 P a8e21129a46b45a8a2d8efccc7b833ee [term 0 FOLLOWER]: Consensus starting up: Expiring failure detector timer to make a prompt election more likely
I20260608 13:00:33.505144  6262 raft_consensus.cc:385] T 823afae7aee3494e8b31d435519e31ab P 3ae48c07a71a4ba588c0077189c34987 [term 0 FOLLOWER]: Consensus starting up: Expiring failure detector timer to make a prompt election more likely
I20260608 13:00:33.505806  6261 raft_consensus.cc:740] T 0faafbab82224453bcf592a932e59af4 P a8e21129a46b45a8a2d8efccc7b833ee [term 0 FOLLOWER]: Becoming Follower/Learner. State: Replica: a8e21129a46b45a8a2d8efccc7b833ee, State: Initialized, Role: FOLLOWER
I20260608 13:00:33.505853  6262 raft_consensus.cc:740] T 823afae7aee3494e8b31d435519e31ab P 3ae48c07a71a4ba588c0077189c34987 [term 0 FOLLOWER]: Becoming Follower/Learner. State: Replica: 3ae48c07a71a4ba588c0077189c34987, State: Initialized, Role: FOLLOWER
I20260608 13:00:33.506978  6261 consensus_queue.cc:260] T 0faafbab82224453bcf592a932e59af4 P a8e21129a46b45a8a2d8efccc7b833ee [NON_LEADER]: Queue going to NON_LEADER mode. State: All replicated index: 0, Majority replicated index: 0, Committed index: 0, Last appended: 0.0, Last appended by leader: 0, Current term: 0, Majority size: -1, State: 0, Mode: NON_LEADER, active raft config: opid_index: -1 OBSOLETE_local: false peers { permanent_uuid: "a8e21129a46b45a8a2d8efccc7b833ee" member_type: VOTER last_known_addr { host: "127.2.255.1" port: 42145 } } peers { permanent_uuid: "2f95ff53da0c442db76553a2cb2d8498" member_type: VOTER last_known_addr { host: "127.2.255.2" port: 35655 } } peers { permanent_uuid: "3ae48c07a71a4ba588c0077189c34987" member_type: VOTER last_known_addr { host: "127.2.255.3" port: 41369 } }
I20260608 13:00:33.506978  6262 consensus_queue.cc:260] T 823afae7aee3494e8b31d435519e31ab P 3ae48c07a71a4ba588c0077189c34987 [NON_LEADER]: Queue going to NON_LEADER mode. State: All replicated index: 0, Majority replicated index: 0, Committed index: 0, Last appended: 0.0, Last appended by leader: 0, Current term: 0, Majority size: -1, State: 0, Mode: NON_LEADER, active raft config: opid_index: -1 OBSOLETE_local: false peers { permanent_uuid: "a8e21129a46b45a8a2d8efccc7b833ee" member_type: VOTER last_known_addr { host: "127.2.255.1" port: 42145 } } peers { permanent_uuid: "2f95ff53da0c442db76553a2cb2d8498" member_type: VOTER last_known_addr { host: "127.2.255.2" port: 35655 } } peers { permanent_uuid: "3ae48c07a71a4ba588c0077189c34987" member_type: VOTER last_known_addr { host: "127.2.255.3" port: 41369 } }
I20260608 13:00:33.509855  6260 ts_tablet_manager.cc:1434] T 12f61bb159df413db11a6523bb05400d P 2f95ff53da0c442db76553a2cb2d8498: Time spent starting tablet: real 0.024s	user 0.007s	sys 0.000s
I20260608 13:00:33.511384  6261 ts_tablet_manager.cc:1434] T 0faafbab82224453bcf592a932e59af4 P a8e21129a46b45a8a2d8efccc7b833ee: Time spent starting tablet: real 0.010s	user 0.005s	sys 0.002s
I20260608 13:00:33.512477  6268 raft_consensus.cc:493] T 823afae7aee3494e8b31d435519e31ab P 3ae48c07a71a4ba588c0077189c34987 [term 0 FOLLOWER]: Starting pre-election (no leader contacted us within the election timeout)
I20260608 13:00:33.512986  6268 raft_consensus.cc:515] T 823afae7aee3494e8b31d435519e31ab P 3ae48c07a71a4ba588c0077189c34987 [term 0 FOLLOWER]: Starting pre-election with config: opid_index: -1 OBSOLETE_local: false peers { permanent_uuid: "a8e21129a46b45a8a2d8efccc7b833ee" member_type: VOTER last_known_addr { host: "127.2.255.1" port: 42145 } } peers { permanent_uuid: "2f95ff53da0c442db76553a2cb2d8498" member_type: VOTER last_known_addr { host: "127.2.255.2" port: 35655 } } peers { permanent_uuid: "3ae48c07a71a4ba588c0077189c34987" member_type: VOTER last_known_addr { host: "127.2.255.3" port: 41369 } }
I20260608 13:00:33.515043  6261 tablet_bootstrap.cc:492] T aad9cca760054957a633b126a5dcee63 P a8e21129a46b45a8a2d8efccc7b833ee: Bootstrap starting.
I20260608 13:00:33.515357  6268 leader_election.cc:290] T 823afae7aee3494e8b31d435519e31ab P 3ae48c07a71a4ba588c0077189c34987 [CANDIDATE]: Term 1 pre-election: Requested pre-vote from peers a8e21129a46b45a8a2d8efccc7b833ee (127.2.255.1:42145), 2f95ff53da0c442db76553a2cb2d8498 (127.2.255.2:35655)
I20260608 13:00:33.512008  6262 ts_tablet_manager.cc:1434] T 823afae7aee3494e8b31d435519e31ab P 3ae48c07a71a4ba588c0077189c34987: Time spent starting tablet: real 0.011s	user 0.003s	sys 0.004s
I20260608 13:00:33.517257  6260 tablet_bootstrap.cc:492] T aad9cca760054957a633b126a5dcee63 P 2f95ff53da0c442db76553a2cb2d8498: Bootstrap starting.
I20260608 13:00:33.521624  6262 tablet_bootstrap.cc:492] T 5bd1f3af0529470c84ea8aa811b89253 P 3ae48c07a71a4ba588c0077189c34987: Bootstrap starting.
I20260608 13:00:33.522758  6261 tablet_bootstrap.cc:654] T aad9cca760054957a633b126a5dcee63 P a8e21129a46b45a8a2d8efccc7b833ee: Neither blocks nor log segments found. Creating new log.
I20260608 13:00:33.524847  6260 tablet_bootstrap.cc:654] T aad9cca760054957a633b126a5dcee63 P 2f95ff53da0c442db76553a2cb2d8498: Neither blocks nor log segments found. Creating new log.
I20260608 13:00:33.530297  6262 tablet_bootstrap.cc:654] T 5bd1f3af0529470c84ea8aa811b89253 P 3ae48c07a71a4ba588c0077189c34987: Neither blocks nor log segments found. Creating new log.
I20260608 13:00:33.537346  6260 tablet_bootstrap.cc:492] T aad9cca760054957a633b126a5dcee63 P 2f95ff53da0c442db76553a2cb2d8498: No bootstrap required, opened a new log
I20260608 13:00:33.537951  6065 tablet_service.cc:1917] Received RequestConsensusVote() RPC: tablet_id: "aad9cca760054957a633b126a5dcee63" candidate_uuid: "3ae48c07a71a4ba588c0077189c34987" candidate_term: 1 candidate_status { last_received { term: 0 index: 0 } } ignore_live_leader: false dest_uuid: "a8e21129a46b45a8a2d8efccc7b833ee" is_pre_election: true
I20260608 13:00:33.538573  6064 tablet_service.cc:1917] Received RequestConsensusVote() RPC: tablet_id: "823afae7aee3494e8b31d435519e31ab" candidate_uuid: "3ae48c07a71a4ba588c0077189c34987" candidate_term: 1 candidate_status { last_received { term: 0 index: 0 } } ignore_live_leader: false dest_uuid: "a8e21129a46b45a8a2d8efccc7b833ee" is_pre_election: true
I20260608 13:00:33.539302  6064 raft_consensus.cc:2468] T 823afae7aee3494e8b31d435519e31ab P a8e21129a46b45a8a2d8efccc7b833ee [term 0 FOLLOWER]: Leader pre-election vote request: Granting yes vote for candidate 3ae48c07a71a4ba588c0077189c34987 in term 0.
I20260608 13:00:33.540091  6261 tablet_bootstrap.cc:492] T aad9cca760054957a633b126a5dcee63 P a8e21129a46b45a8a2d8efccc7b833ee: No bootstrap required, opened a new log
W20260608 13:00:33.540076  6179 leader_election.cc:343] T aad9cca760054957a633b126a5dcee63 P 3ae48c07a71a4ba588c0077189c34987 [CANDIDATE]: Term 1 pre-election: Tablet error from VoteRequest() call to peer a8e21129a46b45a8a2d8efccc7b833ee (127.2.255.1:42145): Illegal state: must be running to vote when last-logged opid is not known
I20260608 13:00:33.540908  6261 ts_tablet_manager.cc:1403] T aad9cca760054957a633b126a5dcee63 P a8e21129a46b45a8a2d8efccc7b833ee: Time spent bootstrapping tablet: real 0.026s	user 0.015s	sys 0.007s
I20260608 13:00:33.541229  6179 leader_election.cc:304] T 823afae7aee3494e8b31d435519e31ab P 3ae48c07a71a4ba588c0077189c34987 [CANDIDATE]: Term 1 pre-election: Election decided. Result: candidate won. Election summary: received 2 responses out of 3 voters: 2 yes votes; 0 no votes. yes voters: 3ae48c07a71a4ba588c0077189c34987, a8e21129a46b45a8a2d8efccc7b833ee; no voters: 
I20260608 13:00:33.537930  6260 ts_tablet_manager.cc:1403] T aad9cca760054957a633b126a5dcee63 P 2f95ff53da0c442db76553a2cb2d8498: Time spent bootstrapping tablet: real 0.021s	user 0.012s	sys 0.007s
I20260608 13:00:33.542227  6268 raft_consensus.cc:2804] T 823afae7aee3494e8b31d435519e31ab P 3ae48c07a71a4ba588c0077189c34987 [term 0 FOLLOWER]: Leader pre-election won for term 1
I20260608 13:00:33.542414  6141 tablet_service.cc:1917] Received RequestConsensusVote() RPC: tablet_id: "aad9cca760054957a633b126a5dcee63" candidate_uuid: "3ae48c07a71a4ba588c0077189c34987" candidate_term: 1 candidate_status { last_received { term: 0 index: 0 } } ignore_live_leader: false dest_uuid: "2f95ff53da0c442db76553a2cb2d8498" is_pre_election: true
I20260608 13:00:33.542690  6268 raft_consensus.cc:493] T 823afae7aee3494e8b31d435519e31ab P 3ae48c07a71a4ba588c0077189c34987 [term 0 FOLLOWER]: Starting leader election (no leader contacted us within the election timeout)
I20260608 13:00:33.543118  6268 raft_consensus.cc:3060] T 823afae7aee3494e8b31d435519e31ab P 3ae48c07a71a4ba588c0077189c34987 [term 0 FOLLOWER]: Advancing to term 1
I20260608 13:00:33.544302  6140 tablet_service.cc:1917] Received RequestConsensusVote() RPC: tablet_id: "823afae7aee3494e8b31d435519e31ab" candidate_uuid: "3ae48c07a71a4ba588c0077189c34987" candidate_term: 1 candidate_status { last_received { term: 0 index: 0 } } ignore_live_leader: false dest_uuid: "2f95ff53da0c442db76553a2cb2d8498" is_pre_election: true
I20260608 13:00:33.544425  6261 raft_consensus.cc:359] T aad9cca760054957a633b126a5dcee63 P a8e21129a46b45a8a2d8efccc7b833ee [term 0 FOLLOWER]: Replica starting. Triggering 0 pending ops. Active config: opid_index: -1 OBSOLETE_local: false peers { permanent_uuid: "2f95ff53da0c442db76553a2cb2d8498" member_type: VOTER last_known_addr { host: "127.2.255.2" port: 35655 } } peers { permanent_uuid: "3ae48c07a71a4ba588c0077189c34987" member_type: VOTER last_known_addr { host: "127.2.255.3" port: 41369 } } peers { permanent_uuid: "a8e21129a46b45a8a2d8efccc7b833ee" member_type: VOTER last_known_addr { host: "127.2.255.1" port: 42145 } }
I20260608 13:00:33.545150  6261 raft_consensus.cc:385] T aad9cca760054957a633b126a5dcee63 P a8e21129a46b45a8a2d8efccc7b833ee [term 0 FOLLOWER]: Consensus starting up: Expiring failure detector timer to make a prompt election more likely
I20260608 13:00:33.545468  6261 raft_consensus.cc:740] T aad9cca760054957a633b126a5dcee63 P a8e21129a46b45a8a2d8efccc7b833ee [term 0 FOLLOWER]: Becoming Follower/Learner. State: Replica: a8e21129a46b45a8a2d8efccc7b833ee, State: Initialized, Role: FOLLOWER
I20260608 13:00:33.545662  6260 raft_consensus.cc:359] T aad9cca760054957a633b126a5dcee63 P 2f95ff53da0c442db76553a2cb2d8498 [term 0 FOLLOWER]: Replica starting. Triggering 0 pending ops. Active config: opid_index: -1 OBSOLETE_local: false peers { permanent_uuid: "2f95ff53da0c442db76553a2cb2d8498" member_type: VOTER last_known_addr { host: "127.2.255.2" port: 35655 } } peers { permanent_uuid: "3ae48c07a71a4ba588c0077189c34987" member_type: VOTER last_known_addr { host: "127.2.255.3" port: 41369 } } peers { permanent_uuid: "a8e21129a46b45a8a2d8efccc7b833ee" member_type: VOTER last_known_addr { host: "127.2.255.1" port: 42145 } }
I20260608 13:00:33.547253  6260 raft_consensus.cc:385] T aad9cca760054957a633b126a5dcee63 P 2f95ff53da0c442db76553a2cb2d8498 [term 0 FOLLOWER]: Consensus starting up: Expiring failure detector timer to make a prompt election more likely
I20260608 13:00:33.547574  6260 raft_consensus.cc:740] T aad9cca760054957a633b126a5dcee63 P 2f95ff53da0c442db76553a2cb2d8498 [term 0 FOLLOWER]: Becoming Follower/Learner. State: Replica: 2f95ff53da0c442db76553a2cb2d8498, State: Initialized, Role: FOLLOWER
W20260608 13:00:33.547821  6178 leader_election.cc:343] T 823afae7aee3494e8b31d435519e31ab P 3ae48c07a71a4ba588c0077189c34987 [CANDIDATE]: Term 1 pre-election: Tablet error from VoteRequest() call to peer 2f95ff53da0c442db76553a2cb2d8498 (127.2.255.2:35655): Illegal state: must be running to vote when last-logged opid is not known
I20260608 13:00:33.548578  6260 consensus_queue.cc:260] T aad9cca760054957a633b126a5dcee63 P 2f95ff53da0c442db76553a2cb2d8498 [NON_LEADER]: Queue going to NON_LEADER mode. State: All replicated index: 0, Majority replicated index: 0, Committed index: 0, Last appended: 0.0, Last appended by leader: 0, Current term: 0, Majority size: -1, State: 0, Mode: NON_LEADER, active raft config: opid_index: -1 OBSOLETE_local: false peers { permanent_uuid: "2f95ff53da0c442db76553a2cb2d8498" member_type: VOTER last_known_addr { host: "127.2.255.2" port: 35655 } } peers { permanent_uuid: "3ae48c07a71a4ba588c0077189c34987" member_type: VOTER last_known_addr { host: "127.2.255.3" port: 41369 } } peers { permanent_uuid: "a8e21129a46b45a8a2d8efccc7b833ee" member_type: VOTER last_known_addr { host: "127.2.255.1" port: 42145 } }
I20260608 13:00:33.549724  6141 raft_consensus.cc:2468] T aad9cca760054957a633b126a5dcee63 P 2f95ff53da0c442db76553a2cb2d8498 [term 0 FOLLOWER]: Leader pre-election vote request: Granting yes vote for candidate 3ae48c07a71a4ba588c0077189c34987 in term 0.
I20260608 13:00:33.551116  6262 tablet_bootstrap.cc:492] T 5bd1f3af0529470c84ea8aa811b89253 P 3ae48c07a71a4ba588c0077189c34987: No bootstrap required, opened a new log
I20260608 13:00:33.551288  6260 ts_tablet_manager.cc:1434] T aad9cca760054957a633b126a5dcee63 P 2f95ff53da0c442db76553a2cb2d8498: Time spent starting tablet: real 0.009s	user 0.003s	sys 0.003s
I20260608 13:00:33.551952  6262 ts_tablet_manager.cc:1403] T 5bd1f3af0529470c84ea8aa811b89253 P 3ae48c07a71a4ba588c0077189c34987: Time spent bootstrapping tablet: real 0.031s	user 0.018s	sys 0.000s
I20260608 13:00:33.552479  6260 tablet_bootstrap.cc:492] T 0f3094b6e38344058e2784a8a29c2456 P 2f95ff53da0c442db76553a2cb2d8498: Bootstrap starting.
I20260608 13:00:33.555248  6178 leader_election.cc:304] T aad9cca760054957a633b126a5dcee63 P 3ae48c07a71a4ba588c0077189c34987 [CANDIDATE]: Term 1 pre-election: Election decided. Result: candidate won. Election summary: received 3 responses out of 3 voters: 2 yes votes; 1 no votes. yes voters: 2f95ff53da0c442db76553a2cb2d8498, 3ae48c07a71a4ba588c0077189c34987; no voters: a8e21129a46b45a8a2d8efccc7b833ee
I20260608 13:00:33.555930  6268 raft_consensus.cc:515] T 823afae7aee3494e8b31d435519e31ab P 3ae48c07a71a4ba588c0077189c34987 [term 1 FOLLOWER]: Starting leader election with config: opid_index: -1 OBSOLETE_local: false peers { permanent_uuid: "a8e21129a46b45a8a2d8efccc7b833ee" member_type: VOTER last_known_addr { host: "127.2.255.1" port: 42145 } } peers { permanent_uuid: "2f95ff53da0c442db76553a2cb2d8498" member_type: VOTER last_known_addr { host: "127.2.255.2" port: 35655 } } peers { permanent_uuid: "3ae48c07a71a4ba588c0077189c34987" member_type: VOTER last_known_addr { host: "127.2.255.3" port: 41369 } }
I20260608 13:00:33.546597  6261 consensus_queue.cc:260] T aad9cca760054957a633b126a5dcee63 P a8e21129a46b45a8a2d8efccc7b833ee [NON_LEADER]: Queue going to NON_LEADER mode. State: All replicated index: 0, Majority replicated index: 0, Committed index: 0, Last appended: 0.0, Last appended by leader: 0, Current term: 0, Majority size: -1, State: 0, Mode: NON_LEADER, active raft config: opid_index: -1 OBSOLETE_local: false peers { permanent_uuid: "2f95ff53da0c442db76553a2cb2d8498" member_type: VOTER last_known_addr { host: "127.2.255.2" port: 35655 } } peers { permanent_uuid: "3ae48c07a71a4ba588c0077189c34987" member_type: VOTER last_known_addr { host: "127.2.255.3" port: 41369 } } peers { permanent_uuid: "a8e21129a46b45a8a2d8efccc7b833ee" member_type: VOTER last_known_addr { host: "127.2.255.1" port: 42145 } }
I20260608 13:00:33.560220  6260 tablet_bootstrap.cc:654] T 0f3094b6e38344058e2784a8a29c2456 P 2f95ff53da0c442db76553a2cb2d8498: Neither blocks nor log segments found. Creating new log.
I20260608 13:00:33.560266  6271 raft_consensus.cc:493] T aad9cca760054957a633b126a5dcee63 P a8e21129a46b45a8a2d8efccc7b833ee [term 0 FOLLOWER]: Starting pre-election (no leader contacted us within the election timeout)
I20260608 13:00:33.561074  6271 raft_consensus.cc:515] T aad9cca760054957a633b126a5dcee63 P a8e21129a46b45a8a2d8efccc7b833ee [term 0 FOLLOWER]: Starting pre-election with config: opid_index: -1 OBSOLETE_local: false peers { permanent_uuid: "2f95ff53da0c442db76553a2cb2d8498" member_type: VOTER last_known_addr { host: "127.2.255.2" port: 35655 } } peers { permanent_uuid: "3ae48c07a71a4ba588c0077189c34987" member_type: VOTER last_known_addr { host: "127.2.255.3" port: 41369 } } peers { permanent_uuid: "a8e21129a46b45a8a2d8efccc7b833ee" member_type: VOTER last_known_addr { host: "127.2.255.1" port: 42145 } }
I20260608 13:00:33.561724  6262 raft_consensus.cc:359] T 5bd1f3af0529470c84ea8aa811b89253 P 3ae48c07a71a4ba588c0077189c34987 [term 0 FOLLOWER]: Replica starting. Triggering 0 pending ops. Active config: opid_index: -1 OBSOLETE_local: false peers { permanent_uuid: "a8e21129a46b45a8a2d8efccc7b833ee" member_type: VOTER last_known_addr { host: "127.2.255.1" port: 42145 } } peers { permanent_uuid: "2f95ff53da0c442db76553a2cb2d8498" member_type: VOTER last_known_addr { host: "127.2.255.2" port: 35655 } } peers { permanent_uuid: "3ae48c07a71a4ba588c0077189c34987" member_type: VOTER last_known_addr { host: "127.2.255.3" port: 41369 } }
I20260608 13:00:33.562502  6262 raft_consensus.cc:385] T 5bd1f3af0529470c84ea8aa811b89253 P 3ae48c07a71a4ba588c0077189c34987 [term 0 FOLLOWER]: Consensus starting up: Expiring failure detector timer to make a prompt election more likely
I20260608 13:00:33.562824  6262 raft_consensus.cc:740] T 5bd1f3af0529470c84ea8aa811b89253 P 3ae48c07a71a4ba588c0077189c34987 [term 0 FOLLOWER]: Becoming Follower/Learner. State: Replica: 3ae48c07a71a4ba588c0077189c34987, State: Initialized, Role: FOLLOWER
I20260608 13:00:33.566354  6271 leader_election.cc:290] T aad9cca760054957a633b126a5dcee63 P a8e21129a46b45a8a2d8efccc7b833ee [CANDIDATE]: Term 1 pre-election: Requested pre-vote from peers 2f95ff53da0c442db76553a2cb2d8498 (127.2.255.2:35655), 3ae48c07a71a4ba588c0077189c34987 (127.2.255.3:41369)
I20260608 13:00:33.567512  6282 raft_consensus.cc:493] T 0faafbab82224453bcf592a932e59af4 P 3ae48c07a71a4ba588c0077189c34987 [term 0 FOLLOWER]: Starting pre-election (no leader contacted us within the election timeout)
I20260608 13:00:33.567803  6267 raft_consensus.cc:493] T 4b8ddbaa7afd499199fa0c5a40e507c8 P 2f95ff53da0c442db76553a2cb2d8498 [term 0 FOLLOWER]: Starting pre-election (no leader contacted us within the election timeout)
I20260608 13:00:33.568113  6282 raft_consensus.cc:515] T 0faafbab82224453bcf592a932e59af4 P 3ae48c07a71a4ba588c0077189c34987 [term 0 FOLLOWER]: Starting pre-election with config: opid_index: -1 OBSOLETE_local: false peers { permanent_uuid: "a8e21129a46b45a8a2d8efccc7b833ee" member_type: VOTER last_known_addr { host: "127.2.255.1" port: 42145 } } peers { permanent_uuid: "2f95ff53da0c442db76553a2cb2d8498" member_type: VOTER last_known_addr { host: "127.2.255.2" port: 35655 } } peers { permanent_uuid: "3ae48c07a71a4ba588c0077189c34987" member_type: VOTER last_known_addr { host: "127.2.255.3" port: 41369 } }
I20260608 13:00:33.568387  6267 raft_consensus.cc:515] T 4b8ddbaa7afd499199fa0c5a40e507c8 P 2f95ff53da0c442db76553a2cb2d8498 [term 0 FOLLOWER]: Starting pre-election with config: opid_index: -1 OBSOLETE_local: false peers { permanent_uuid: "a8e21129a46b45a8a2d8efccc7b833ee" member_type: VOTER last_known_addr { host: "127.2.255.1" port: 42145 } } peers { permanent_uuid: "2f95ff53da0c442db76553a2cb2d8498" member_type: VOTER last_known_addr { host: "127.2.255.2" port: 35655 } } peers { permanent_uuid: "3ae48c07a71a4ba588c0077189c34987" member_type: VOTER last_known_addr { host: "127.2.255.3" port: 41369 } }
I20260608 13:00:33.569332  6261 ts_tablet_manager.cc:1434] T aad9cca760054957a633b126a5dcee63 P a8e21129a46b45a8a2d8efccc7b833ee: Time spent starting tablet: real 0.028s	user 0.005s	sys 0.003s
I20260608 13:00:33.569723  6262 consensus_queue.cc:260] T 5bd1f3af0529470c84ea8aa811b89253 P 3ae48c07a71a4ba588c0077189c34987 [NON_LEADER]: Queue going to NON_LEADER mode. State: All replicated index: 0, Majority replicated index: 0, Committed index: 0, Last appended: 0.0, Last appended by leader: 0, Current term: 0, Majority size: -1, State: 0, Mode: NON_LEADER, active raft config: opid_index: -1 OBSOLETE_local: false peers { permanent_uuid: "a8e21129a46b45a8a2d8efccc7b833ee" member_type: VOTER last_known_addr { host: "127.2.255.1" port: 42145 } } peers { permanent_uuid: "2f95ff53da0c442db76553a2cb2d8498" member_type: VOTER last_known_addr { host: "127.2.255.2" port: 35655 } } peers { permanent_uuid: "3ae48c07a71a4ba588c0077189c34987" member_type: VOTER last_known_addr { host: "127.2.255.3" port: 41369 } }
I20260608 13:00:33.570482  6261 tablet_bootstrap.cc:492] T 0f3094b6e38344058e2784a8a29c2456 P a8e21129a46b45a8a2d8efccc7b833ee: Bootstrap starting.
I20260608 13:00:33.571821  6267 leader_election.cc:290] T 4b8ddbaa7afd499199fa0c5a40e507c8 P 2f95ff53da0c442db76553a2cb2d8498 [CANDIDATE]: Term 1 pre-election: Requested pre-vote from peers a8e21129a46b45a8a2d8efccc7b833ee (127.2.255.1:42145), 3ae48c07a71a4ba588c0077189c34987 (127.2.255.3:41369)
I20260608 13:00:33.572175  6281 raft_consensus.cc:2804] T aad9cca760054957a633b126a5dcee63 P 3ae48c07a71a4ba588c0077189c34987 [term 0 FOLLOWER]: Leader pre-election won for term 1
I20260608 13:00:33.572592  6281 raft_consensus.cc:493] T aad9cca760054957a633b126a5dcee63 P 3ae48c07a71a4ba588c0077189c34987 [term 0 FOLLOWER]: Starting leader election (no leader contacted us within the election timeout)
I20260608 13:00:33.573021  6281 raft_consensus.cc:3060] T aad9cca760054957a633b126a5dcee63 P 3ae48c07a71a4ba588c0077189c34987 [term 0 FOLLOWER]: Advancing to term 1
I20260608 13:00:33.576619  6268 leader_election.cc:290] T 823afae7aee3494e8b31d435519e31ab P 3ae48c07a71a4ba588c0077189c34987 [CANDIDATE]: Term 1 election: Requested vote from peers a8e21129a46b45a8a2d8efccc7b833ee (127.2.255.1:42145), 2f95ff53da0c442db76553a2cb2d8498 (127.2.255.2:35655)
I20260608 13:00:33.589630  6282 leader_election.cc:290] T 0faafbab82224453bcf592a932e59af4 P 3ae48c07a71a4ba588c0077189c34987 [CANDIDATE]: Term 1 pre-election: Requested pre-vote from peers a8e21129a46b45a8a2d8efccc7b833ee (127.2.255.1:42145), 2f95ff53da0c442db76553a2cb2d8498 (127.2.255.2:35655)
I20260608 13:00:33.592458  6262 ts_tablet_manager.cc:1434] T 5bd1f3af0529470c84ea8aa811b89253 P 3ae48c07a71a4ba588c0077189c34987: Time spent starting tablet: real 0.040s	user 0.008s	sys 0.000s
I20260608 13:00:33.592681  6261 tablet_bootstrap.cc:654] T 0f3094b6e38344058e2784a8a29c2456 P a8e21129a46b45a8a2d8efccc7b833ee: Neither blocks nor log segments found. Creating new log.
W20260608 13:00:33.600335  6010 auto_rebalancer.cc:259] Could not retrieve cluster info: Service unavailable: Tablet not running
I20260608 13:00:33.602344  6015 auto_leader_rebalancer.cc:140] leader rebalance for table range_aware_rebalance_new_range
