I20260608 12:39:45.219887  3223 raft_consensus.cc:385] T 03cc72a9e5ed41b395f7d7e44b722a95 P 698963f641ee4196910093b0f58329fb [term 0 FOLLOWER]: Consensus starting up: Expiring failure detector timer to make a prompt election more likely
I20260608 12:39:45.220268  3223 raft_consensus.cc:740] T 03cc72a9e5ed41b395f7d7e44b722a95 P 698963f641ee4196910093b0f58329fb [term 0 FOLLOWER]: Becoming Follower/Learner. State: Replica: 698963f641ee4196910093b0f58329fb, State: Initialized, Role: FOLLOWER
I20260608 12:39:45.220662  3220 consensus_queue.cc:260] T 9ca70c59f1b641ed8f83874a4325373b P b3a8fb6282b74d7ca570cf64c81d5827 [NON_LEADER]: Queue going to NON_LEADER mode. State: All replicated index: 0, Majority replicated index: 0, Committed index: 0, Last appended: 0.0, Last appended by leader: 0, Current term: 0, Majority size: -1, State: 0, Mode: NON_LEADER, active raft config: opid_index: -1 OBSOLETE_local: false peers { permanent_uuid: "d24243f7f4524b5890ec116f58969108" member_type: VOTER last_known_addr { host: "127.0.107.195" port: 43451 } } peers { permanent_uuid: "b3a8fb6282b74d7ca570cf64c81d5827" member_type: VOTER last_known_addr { host: "127.0.107.193" port: 45265 } } peers { permanent_uuid: "698963f641ee4196910093b0f58329fb" member_type: VOTER last_known_addr { host: "127.0.107.194" port: 42649 } }
I20260608 12:39:45.221069  3223 consensus_queue.cc:260] T 03cc72a9e5ed41b395f7d7e44b722a95 P 698963f641ee4196910093b0f58329fb [NON_LEADER]: Queue going to NON_LEADER mode. State: All replicated index: 0, Majority replicated index: 0, Committed index: 0, Last appended: 0.0, Last appended by leader: 0, Current term: 0, Majority size: -1, State: 0, Mode: NON_LEADER, active raft config: opid_index: -1 OBSOLETE_local: false peers { permanent_uuid: "b3a8fb6282b74d7ca570cf64c81d5827" member_type: VOTER last_known_addr { host: "127.0.107.193" port: 45265 } } peers { permanent_uuid: "698963f641ee4196910093b0f58329fb" member_type: VOTER last_known_addr { host: "127.0.107.194" port: 42649 } } peers { permanent_uuid: "d24243f7f4524b5890ec116f58969108" member_type: VOTER last_known_addr { host: "127.0.107.195" port: 43451 } }
I20260608 12:39:45.222499  3221 raft_consensus.cc:359] T 03cc72a9e5ed41b395f7d7e44b722a95 P d24243f7f4524b5890ec116f58969108 [term 0 FOLLOWER]: Replica starting. Triggering 0 pending ops. Active config: opid_index: -1 OBSOLETE_local: false peers { permanent_uuid: "b3a8fb6282b74d7ca570cf64c81d5827" member_type: VOTER last_known_addr { host: "127.0.107.193" port: 45265 } } peers { permanent_uuid: "698963f641ee4196910093b0f58329fb" member_type: VOTER last_known_addr { host: "127.0.107.194" port: 42649 } } peers { permanent_uuid: "d24243f7f4524b5890ec116f58969108" member_type: VOTER last_known_addr { host: "127.0.107.195" port: 43451 } }
I20260608 12:39:45.223467  3221 raft_consensus.cc:385] T 03cc72a9e5ed41b395f7d7e44b722a95 P d24243f7f4524b5890ec116f58969108 [term 0 FOLLOWER]: Consensus starting up: Expiring failure detector timer to make a prompt election more likely
I20260608 12:39:45.223634  3220 ts_tablet_manager.cc:1434] T 9ca70c59f1b641ed8f83874a4325373b P b3a8fb6282b74d7ca570cf64c81d5827: Time spent starting tablet: real 0.008s	user 0.003s	sys 0.007s
I20260608 12:39:45.223881  3221 raft_consensus.cc:740] T 03cc72a9e5ed41b395f7d7e44b722a95 P d24243f7f4524b5890ec116f58969108 [term 0 FOLLOWER]: Becoming Follower/Learner. State: Replica: d24243f7f4524b5890ec116f58969108, State: Initialized, Role: FOLLOWER
I20260608 12:39:45.224716  3220 tablet_bootstrap.cc:492] T 03cc72a9e5ed41b395f7d7e44b722a95 P b3a8fb6282b74d7ca570cf64c81d5827: Bootstrap starting.
I20260608 12:39:45.224984  3221 consensus_queue.cc:260] T 03cc72a9e5ed41b395f7d7e44b722a95 P d24243f7f4524b5890ec116f58969108 [NON_LEADER]: Queue going to NON_LEADER mode. State: All replicated index: 0, Majority replicated index: 0, Committed index: 0, Last appended: 0.0, Last appended by leader: 0, Current term: 0, Majority size: -1, State: 0, Mode: NON_LEADER, active raft config: opid_index: -1 OBSOLETE_local: false peers { permanent_uuid: "b3a8fb6282b74d7ca570cf64c81d5827" member_type: VOTER last_known_addr { host: "127.0.107.193" port: 45265 } } peers { permanent_uuid: "698963f641ee4196910093b0f58329fb" member_type: VOTER last_known_addr { host: "127.0.107.194" port: 42649 } } peers { permanent_uuid: "d24243f7f4524b5890ec116f58969108" member_type: VOTER last_known_addr { host: "127.0.107.195" port: 43451 } }
I20260608 12:39:45.228438  3221 ts_tablet_manager.cc:1434] T 03cc72a9e5ed41b395f7d7e44b722a95 P d24243f7f4524b5890ec116f58969108: Time spent starting tablet: real 0.009s	user 0.007s	sys 0.000s
I20260608 12:39:45.229836  3221 tablet_bootstrap.cc:492] T 9ca70c59f1b641ed8f83874a4325373b P d24243f7f4524b5890ec116f58969108: Bootstrap starting.
I20260608 12:39:45.232323  3220 tablet_bootstrap.cc:654] T 03cc72a9e5ed41b395f7d7e44b722a95 P b3a8fb6282b74d7ca570cf64c81d5827: Neither blocks nor log segments found. Creating new log.
I20260608 12:39:45.235381  3223 ts_tablet_manager.cc:1434] T 03cc72a9e5ed41b395f7d7e44b722a95 P 698963f641ee4196910093b0f58329fb: Time spent starting tablet: real 0.019s	user 0.014s	sys 0.006s
I20260608 12:39:45.236577  3223 tablet_bootstrap.cc:492] T 9ca70c59f1b641ed8f83874a4325373b P 698963f641ee4196910093b0f58329fb: Bootstrap starting.
I20260608 12:39:45.238080  3221 tablet_bootstrap.cc:654] T 9ca70c59f1b641ed8f83874a4325373b P d24243f7f4524b5890ec116f58969108: Neither blocks nor log segments found. Creating new log.
I20260608 12:39:45.244515  3223 tablet_bootstrap.cc:654] T 9ca70c59f1b641ed8f83874a4325373b P 698963f641ee4196910093b0f58329fb: Neither blocks nor log segments found. Creating new log.
I20260608 12:39:45.245404  3220 tablet_bootstrap.cc:492] T 03cc72a9e5ed41b395f7d7e44b722a95 P b3a8fb6282b74d7ca570cf64c81d5827: No bootstrap required, opened a new log
I20260608 12:39:45.245993  3220 ts_tablet_manager.cc:1403] T 03cc72a9e5ed41b395f7d7e44b722a95 P b3a8fb6282b74d7ca570cf64c81d5827: Time spent bootstrapping tablet: real 0.022s	user 0.011s	sys 0.003s
I20260608 12:39:45.252357  3220 raft_consensus.cc:359] T 03cc72a9e5ed41b395f7d7e44b722a95 P b3a8fb6282b74d7ca570cf64c81d5827 [term 0 FOLLOWER]: Replica starting. Triggering 0 pending ops. Active config: opid_index: -1 OBSOLETE_local: false peers { permanent_uuid: "b3a8fb6282b74d7ca570cf64c81d5827" member_type: VOTER last_known_addr { host: "127.0.107.193" port: 45265 } } peers { permanent_uuid: "698963f641ee4196910093b0f58329fb" member_type: VOTER last_known_addr { host: "127.0.107.194" port: 42649 } } peers { permanent_uuid: "d24243f7f4524b5890ec116f58969108" member_type: VOTER last_known_addr { host: "127.0.107.195" port: 43451 } }
I20260608 12:39:45.253159  3220 raft_consensus.cc:385] T 03cc72a9e5ed41b395f7d7e44b722a95 P b3a8fb6282b74d7ca570cf64c81d5827 [term 0 FOLLOWER]: Consensus starting up: Expiring failure detector timer to make a prompt election more likely
I20260608 12:39:45.253505  3220 raft_consensus.cc:740] T 03cc72a9e5ed41b395f7d7e44b722a95 P b3a8fb6282b74d7ca570cf64c81d5827 [term 0 FOLLOWER]: Becoming Follower/Learner. State: Replica: b3a8fb6282b74d7ca570cf64c81d5827, State: Initialized, Role: FOLLOWER
I20260608 12:39:45.254459  3220 consensus_queue.cc:260] T 03cc72a9e5ed41b395f7d7e44b722a95 P b3a8fb6282b74d7ca570cf64c81d5827 [NON_LEADER]: Queue going to NON_LEADER mode. State: All replicated index: 0, Majority replicated index: 0, Committed index: 0, Last appended: 0.0, Last appended by leader: 0, Current term: 0, Majority size: -1, State: 0, Mode: NON_LEADER, active raft config: opid_index: -1 OBSOLETE_local: false peers { permanent_uuid: "b3a8fb6282b74d7ca570cf64c81d5827" member_type: VOTER last_known_addr { host: "127.0.107.193" port: 45265 } } peers { permanent_uuid: "698963f641ee4196910093b0f58329fb" member_type: VOTER last_known_addr { host: "127.0.107.194" port: 42649 } } peers { permanent_uuid: "d24243f7f4524b5890ec116f58969108" member_type: VOTER last_known_addr { host: "127.0.107.195" port: 43451 } }
I20260608 12:39:45.256645  3220 ts_tablet_manager.cc:1434] T 03cc72a9e5ed41b395f7d7e44b722a95 P b3a8fb6282b74d7ca570cf64c81d5827: Time spent starting tablet: real 0.010s	user 0.005s	sys 0.000s
I20260608 12:39:45.256718  3223 tablet_bootstrap.cc:492] T 9ca70c59f1b641ed8f83874a4325373b P 698963f641ee4196910093b0f58329fb: No bootstrap required, opened a new log
I20260608 12:39:45.257295  3223 ts_tablet_manager.cc:1403] T 9ca70c59f1b641ed8f83874a4325373b P 698963f641ee4196910093b0f58329fb: Time spent bootstrapping tablet: real 0.021s	user 0.006s	sys 0.011s
I20260608 12:39:45.257660  3220 tablet_bootstrap.cc:492] T 81651759e269425abebaff0123957eff P b3a8fb6282b74d7ca570cf64c81d5827: Bootstrap starting.
I20260608 12:39:45.258590  3229 raft_consensus.cc:493] T 03cc72a9e5ed41b395f7d7e44b722a95 P 698963f641ee4196910093b0f58329fb [term 0 FOLLOWER]: Starting pre-election (no leader contacted us within the election timeout)
I20260608 12:39:45.259078  3221 tablet_bootstrap.cc:492] T 9ca70c59f1b641ed8f83874a4325373b P d24243f7f4524b5890ec116f58969108: No bootstrap required, opened a new log
I20260608 12:39:45.259585  3221 ts_tablet_manager.cc:1403] T 9ca70c59f1b641ed8f83874a4325373b P d24243f7f4524b5890ec116f58969108: Time spent bootstrapping tablet: real 0.030s	user 0.007s	sys 0.017s
I20260608 12:39:45.260548  3223 raft_consensus.cc:359] T 9ca70c59f1b641ed8f83874a4325373b P 698963f641ee4196910093b0f58329fb [term 0 FOLLOWER]: Replica starting. Triggering 0 pending ops. Active config: opid_index: -1 OBSOLETE_local: false peers { permanent_uuid: "d24243f7f4524b5890ec116f58969108" member_type: VOTER last_known_addr { host: "127.0.107.195" port: 43451 } } peers { permanent_uuid: "b3a8fb6282b74d7ca570cf64c81d5827" member_type: VOTER last_known_addr { host: "127.0.107.193" port: 45265 } } peers { permanent_uuid: "698963f641ee4196910093b0f58329fb" member_type: VOTER last_known_addr { host: "127.0.107.194" port: 42649 } }
I20260608 12:39:45.261376  3223 raft_consensus.cc:385] T 9ca70c59f1b641ed8f83874a4325373b P 698963f641ee4196910093b0f58329fb [term 0 FOLLOWER]: Consensus starting up: Expiring failure detector timer to make a prompt election more likely
I20260608 12:39:45.261699  3223 raft_consensus.cc:740] T 9ca70c59f1b641ed8f83874a4325373b P 698963f641ee4196910093b0f58329fb [term 0 FOLLOWER]: Becoming Follower/Learner. State: Replica: 698963f641ee4196910093b0f58329fb, State: Initialized, Role: FOLLOWER
I20260608 12:39:45.262732  3221 raft_consensus.cc:359] T 9ca70c59f1b641ed8f83874a4325373b P d24243f7f4524b5890ec116f58969108 [term 0 FOLLOWER]: Replica starting. Triggering 0 pending ops. Active config: opid_index: -1 OBSOLETE_local: false peers { permanent_uuid: "d24243f7f4524b5890ec116f58969108" member_type: VOTER last_known_addr { host: "127.0.107.195" port: 43451 } } peers { permanent_uuid: "b3a8fb6282b74d7ca570cf64c81d5827" member_type: VOTER last_known_addr { host: "127.0.107.193" port: 45265 } } peers { permanent_uuid: "698963f641ee4196910093b0f58329fb" member_type: VOTER last_known_addr { host: "127.0.107.194" port: 42649 } }
I20260608 12:39:45.262632  3223 consensus_queue.cc:260] T 9ca70c59f1b641ed8f83874a4325373b P 698963f641ee4196910093b0f58329fb [NON_LEADER]: Queue going to NON_LEADER mode. State: All replicated index: 0, Majority replicated index: 0, Committed index: 0, Last appended: 0.0, Last appended by leader: 0, Current term: 0, Majority size: -1, State: 0, Mode: NON_LEADER, active raft config: opid_index: -1 OBSOLETE_local: false peers { permanent_uuid: "d24243f7f4524b5890ec116f58969108" member_type: VOTER last_known_addr { host: "127.0.107.195" port: 43451 } } peers { permanent_uuid: "b3a8fb6282b74d7ca570cf64c81d5827" member_type: VOTER last_known_addr { host: "127.0.107.193" port: 45265 } } peers { permanent_uuid: "698963f641ee4196910093b0f58329fb" member_type: VOTER last_known_addr { host: "127.0.107.194" port: 42649 } }
I20260608 12:39:45.263455  3221 raft_consensus.cc:385] T 9ca70c59f1b641ed8f83874a4325373b P d24243f7f4524b5890ec116f58969108 [term 0 FOLLOWER]: Consensus starting up: Expiring failure detector timer to make a prompt election more likely
I20260608 12:39:45.263782  3221 raft_consensus.cc:740] T 9ca70c59f1b641ed8f83874a4325373b P d24243f7f4524b5890ec116f58969108 [term 0 FOLLOWER]: Becoming Follower/Learner. State: Replica: d24243f7f4524b5890ec116f58969108, State: Initialized, Role: FOLLOWER
I20260608 12:39:45.265637  3220 tablet_bootstrap.cc:654] T 81651759e269425abebaff0123957eff P b3a8fb6282b74d7ca570cf64c81d5827: Neither blocks nor log segments found. Creating new log.
I20260608 12:39:45.264942  3221 consensus_queue.cc:260] T 9ca70c59f1b641ed8f83874a4325373b P d24243f7f4524b5890ec116f58969108 [NON_LEADER]: Queue going to NON_LEADER mode. State: All replicated index: 0, Majority replicated index: 0, Committed index: 0, Last appended: 0.0, Last appended by leader: 0, Current term: 0, Majority size: -1, State: 0, Mode: NON_LEADER, active raft config: opid_index: -1 OBSOLETE_local: false peers { permanent_uuid: "d24243f7f4524b5890ec116f58969108" member_type: VOTER last_known_addr { host: "127.0.107.195" port: 43451 } } peers { permanent_uuid: "b3a8fb6282b74d7ca570cf64c81d5827" member_type: VOTER last_known_addr { host: "127.0.107.193" port: 45265 } } peers { permanent_uuid: "698963f641ee4196910093b0f58329fb" member_type: VOTER last_known_addr { host: "127.0.107.194" port: 42649 } }
I20260608 12:39:45.259092  3229 raft_consensus.cc:515] T 03cc72a9e5ed41b395f7d7e44b722a95 P 698963f641ee4196910093b0f58329fb [term 0 FOLLOWER]: Starting pre-election with config: opid_index: -1 OBSOLETE_local: false peers { permanent_uuid: "b3a8fb6282b74d7ca570cf64c81d5827" member_type: VOTER last_known_addr { host: "127.0.107.193" port: 45265 } } peers { permanent_uuid: "698963f641ee4196910093b0f58329fb" member_type: VOTER last_known_addr { host: "127.0.107.194" port: 42649 } } peers { permanent_uuid: "d24243f7f4524b5890ec116f58969108" member_type: VOTER last_known_addr { host: "127.0.107.195" port: 43451 } }
I20260608 12:39:45.267752  3221 ts_tablet_manager.cc:1434] T 9ca70c59f1b641ed8f83874a4325373b P d24243f7f4524b5890ec116f58969108: Time spent starting tablet: real 0.008s	user 0.006s	sys 0.002s
I20260608 12:39:45.275189  3221 tablet_bootstrap.cc:492] T 81651759e269425abebaff0123957eff P d24243f7f4524b5890ec116f58969108: Bootstrap starting.
I20260608 12:39:45.276469  3223 ts_tablet_manager.cc:1434] T 9ca70c59f1b641ed8f83874a4325373b P 698963f641ee4196910093b0f58329fb: Time spent starting tablet: real 0.019s	user 0.009s	sys 0.005s
I20260608 12:39:45.279487  3223 tablet_bootstrap.cc:492] T 81651759e269425abebaff0123957eff P 698963f641ee4196910093b0f58329fb: Bootstrap starting.
I20260608 12:39:45.282568  3221 tablet_bootstrap.cc:654] T 81651759e269425abebaff0123957eff P d24243f7f4524b5890ec116f58969108: Neither blocks nor log segments found. Creating new log.
I20260608 12:39:45.290578  3223 tablet_bootstrap.cc:654] T 81651759e269425abebaff0123957eff P 698963f641ee4196910093b0f58329fb: Neither blocks nor log segments found. Creating new log.
I20260608 12:39:45.298306  3224 raft_consensus.cc:493] T 03cc72a9e5ed41b395f7d7e44b722a95 P d24243f7f4524b5890ec116f58969108 [term 0 FOLLOWER]: Starting pre-election (no leader contacted us within the election timeout)
I20260608 12:39:45.299348  3229 leader_election.cc:290] T 03cc72a9e5ed41b395f7d7e44b722a95 P 698963f641ee4196910093b0f58329fb [CANDIDATE]: Term 1 pre-election: Requested pre-vote from peers b3a8fb6282b74d7ca570cf64c81d5827 (127.0.107.193:45265), d24243f7f4524b5890ec116f58969108 (127.0.107.195:43451)
I20260608 12:39:45.299000  3224 raft_consensus.cc:515] T 03cc72a9e5ed41b395f7d7e44b722a95 P d24243f7f4524b5890ec116f58969108 [term 0 FOLLOWER]: Starting pre-election with config: opid_index: -1 OBSOLETE_local: false peers { permanent_uuid: "b3a8fb6282b74d7ca570cf64c81d5827" member_type: VOTER last_known_addr { host: "127.0.107.193" port: 45265 } } peers { permanent_uuid: "698963f641ee4196910093b0f58329fb" member_type: VOTER last_known_addr { host: "127.0.107.194" port: 42649 } } peers { permanent_uuid: "d24243f7f4524b5890ec116f58969108" member_type: VOTER last_known_addr { host: "127.0.107.195" port: 43451 } }
I20260608 12:39:45.305924  3224 leader_election.cc:290] T 03cc72a9e5ed41b395f7d7e44b722a95 P d24243f7f4524b5890ec116f58969108 [CANDIDATE]: Term 1 pre-election: Requested pre-vote from peers b3a8fb6282b74d7ca570cf64c81d5827 (127.0.107.193:45265), 698963f641ee4196910093b0f58329fb (127.0.107.194:42649)
I20260608 12:39:45.309981  3221 tablet_bootstrap.cc:492] T 81651759e269425abebaff0123957eff P d24243f7f4524b5890ec116f58969108: No bootstrap required, opened a new log
I20260608 12:39:45.310667  3221 ts_tablet_manager.cc:1403] T 81651759e269425abebaff0123957eff P d24243f7f4524b5890ec116f58969108: Time spent bootstrapping tablet: real 0.036s	user 0.020s	sys 0.014s
I20260608 12:39:45.314535  3221 raft_consensus.cc:359] T 81651759e269425abebaff0123957eff P d24243f7f4524b5890ec116f58969108 [term 0 FOLLOWER]: Replica starting. Triggering 0 pending ops. Active config: opid_index: -1 OBSOLETE_local: false peers { permanent_uuid: "b3a8fb6282b74d7ca570cf64c81d5827" member_type: VOTER last_known_addr { host: "127.0.107.193" port: 45265 } } peers { permanent_uuid: "698963f641ee4196910093b0f58329fb" member_type: VOTER last_known_addr { host: "127.0.107.194" port: 42649 } } peers { permanent_uuid: "d24243f7f4524b5890ec116f58969108" member_type: VOTER last_known_addr { host: "127.0.107.195" port: 43451 } }
I20260608 12:39:45.315487  3221 raft_consensus.cc:385] T 81651759e269425abebaff0123957eff P d24243f7f4524b5890ec116f58969108 [term 0 FOLLOWER]: Consensus starting up: Expiring failure detector timer to make a prompt election more likely
I20260608 12:39:45.315850  3221 raft_consensus.cc:740] T 81651759e269425abebaff0123957eff P d24243f7f4524b5890ec116f58969108 [term 0 FOLLOWER]: Becoming Follower/Learner. State: Replica: d24243f7f4524b5890ec116f58969108, State: Initialized, Role: FOLLOWER
I20260608 12:39:45.317106  3221 consensus_queue.cc:260] T 81651759e269425abebaff0123957eff P d24243f7f4524b5890ec116f58969108 [NON_LEADER]: Queue going to NON_LEADER mode. State: All replicated index: 0, Majority replicated index: 0, Committed index: 0, Last appended: 0.0, Last appended by leader: 0, Current term: 0, Majority size: -1, State: 0, Mode: NON_LEADER, active raft config: opid_index: -1 OBSOLETE_local: false peers { permanent_uuid: "b3a8fb6282b74d7ca570cf64c81d5827" member_type: VOTER last_known_addr { host: "127.0.107.193" port: 45265 } } peers { permanent_uuid: "698963f641ee4196910093b0f58329fb" member_type: VOTER last_known_addr { host: "127.0.107.194" port: 42649 } } peers { permanent_uuid: "d24243f7f4524b5890ec116f58969108" member_type: VOTER last_known_addr { host: "127.0.107.195" port: 43451 } }
I20260608 12:39:45.320204  3221 ts_tablet_manager.cc:1434] T 81651759e269425abebaff0123957eff P d24243f7f4524b5890ec116f58969108: Time spent starting tablet: real 0.009s	user 0.008s	sys 0.000s
I20260608 12:39:45.322121  3223 tablet_bootstrap.cc:492] T 81651759e269425abebaff0123957eff P 698963f641ee4196910093b0f58329fb: No bootstrap required, opened a new log
I20260608 12:39:45.322803  3223 ts_tablet_manager.cc:1403] T 81651759e269425abebaff0123957eff P 698963f641ee4196910093b0f58329fb: Time spent bootstrapping tablet: real 0.044s	user 0.015s	sys 0.006s
I20260608 12:39:45.326679  3223 raft_consensus.cc:359] T 81651759e269425abebaff0123957eff P 698963f641ee4196910093b0f58329fb [term 0 FOLLOWER]: Replica starting. Triggering 0 pending ops. Active config: opid_index: -1 OBSOLETE_local: false peers { permanent_uuid: "b3a8fb6282b74d7ca570cf64c81d5827" member_type: VOTER last_known_addr { host: "127.0.107.193" port: 45265 } } peers { permanent_uuid: "698963f641ee4196910093b0f58329fb" member_type: VOTER last_known_addr { host: "127.0.107.194" port: 42649 } } peers { permanent_uuid: "d24243f7f4524b5890ec116f58969108" member_type: VOTER last_known_addr { host: "127.0.107.195" port: 43451 } }
I20260608 12:39:45.327646  3223 raft_consensus.cc:385] T 81651759e269425abebaff0123957eff P 698963f641ee4196910093b0f58329fb [term 0 FOLLOWER]: Consensus starting up: Expiring failure detector timer to make a prompt election more likely
I20260608 12:39:45.328016  3223 raft_consensus.cc:740] T 81651759e269425abebaff0123957eff P 698963f641ee4196910093b0f58329fb [term 0 FOLLOWER]: Becoming Follower/Learner. State: Replica: 698963f641ee4196910093b0f58329fb, State: Initialized, Role: FOLLOWER
I20260608 12:39:45.329191  3223 consensus_queue.cc:260] T 81651759e269425abebaff0123957eff P 698963f641ee4196910093b0f58329fb [NON_LEADER]: Queue going to NON_LEADER mode. State: All replicated index: 0, Majority replicated index: 0, Committed index: 0, Last appended: 0.0, Last appended by leader: 0, Current term: 0, Majority size: -1, State: 0, Mode: NON_LEADER, active raft config: opid_index: -1 OBSOLETE_local: false peers { permanent_uuid: "b3a8fb6282b74d7ca570cf64c81d5827" member_type: VOTER last_known_addr { host: "127.0.107.193" port: 45265 } } peers { permanent_uuid: "698963f641ee4196910093b0f58329fb" member_type: VOTER last_known_addr { host: "127.0.107.194" port: 42649 } } peers { permanent_uuid: "d24243f7f4524b5890ec116f58969108" member_type: VOTER last_known_addr { host: "127.0.107.195" port: 43451 } }
I20260608 12:39:45.332237  3223 ts_tablet_manager.cc:1434] T 81651759e269425abebaff0123957eff P 698963f641ee4196910093b0f58329fb: Time spent starting tablet: real 0.009s	user 0.008s	sys 0.000s
I20260608 12:39:45.333469  3223 tablet_bootstrap.cc:492] T 166fb7e0c830421cbcd1af4e3aae48c3 P 698963f641ee4196910093b0f58329fb: Bootstrap starting.
I20260608 12:39:45.341841  3223 tablet_bootstrap.cc:654] T 166fb7e0c830421cbcd1af4e3aae48c3 P 698963f641ee4196910093b0f58329fb: Neither blocks nor log segments found. Creating new log.
I20260608 12:39:45.355048  3223 tablet_bootstrap.cc:492] T 166fb7e0c830421cbcd1af4e3aae48c3 P 698963f641ee4196910093b0f58329fb: No bootstrap required, opened a new log
I20260608 12:39:45.355705  3223 ts_tablet_manager.cc:1403] T 166fb7e0c830421cbcd1af4e3aae48c3 P 698963f641ee4196910093b0f58329fb: Time spent bootstrapping tablet: real 0.023s	user 0.012s	sys 0.007s
I20260608 12:39:45.360074  3223 raft_consensus.cc:359] T 166fb7e0c830421cbcd1af4e3aae48c3 P 698963f641ee4196910093b0f58329fb [term 0 FOLLOWER]: Replica starting. Triggering 0 pending ops. Active config: opid_index: -1 OBSOLETE_local: false peers { permanent_uuid: "b3a8fb6282b74d7ca570cf64c81d5827" member_type: VOTER last_known_addr { host: "127.0.107.193" port: 45265 } } peers { permanent_uuid: "698963f641ee4196910093b0f58329fb" member_type: VOTER last_known_addr { host: "127.0.107.194" port: 42649 } } peers { permanent_uuid: "d24243f7f4524b5890ec116f58969108" member_type: VOTER last_known_addr { host: "127.0.107.195" port: 43451 } }
I20260608 12:39:45.361080  3223 raft_consensus.cc:385] T 166fb7e0c830421cbcd1af4e3aae48c3 P 698963f641ee4196910093b0f58329fb [term 0 FOLLOWER]: Consensus starting up: Expiring failure detector timer to make a prompt election more likely
I20260608 12:39:45.361414  3223 raft_consensus.cc:740] T 166fb7e0c830421cbcd1af4e3aae48c3 P 698963f641ee4196910093b0f58329fb [term 0 FOLLOWER]: Becoming Follower/Learner. State: Replica: 698963f641ee4196910093b0f58329fb, State: Initialized, Role: FOLLOWER
I20260608 12:39:45.362291  3223 consensus_queue.cc:260] T 166fb7e0c830421cbcd1af4e3aae48c3 P 698963f641ee4196910093b0f58329fb [NON_LEADER]: Queue going to NON_LEADER mode. State: All replicated index: 0, Majority replicated index: 0, Committed index: 0, Last appended: 0.0, Last appended by leader: 0, Current term: 0, Majority size: -1, State: 0, Mode: NON_LEADER, active raft config: opid_index: -1 OBSOLETE_local: false peers { permanent_uuid: "b3a8fb6282b74d7ca570cf64c81d5827" member_type: VOTER last_known_addr { host: "127.0.107.193" port: 45265 } } peers { permanent_uuid: "698963f641ee4196910093b0f58329fb" member_type: VOTER last_known_addr { host: "127.0.107.194" port: 42649 } } peers { permanent_uuid: "d24243f7f4524b5890ec116f58969108" member_type: VOTER last_known_addr { host: "127.0.107.195" port: 43451 } }
I20260608 12:39:45.367795  3223 ts_tablet_manager.cc:1434] T 166fb7e0c830421cbcd1af4e3aae48c3 P 698963f641ee4196910093b0f58329fb: Time spent starting tablet: real 0.012s	user 0.010s	sys 0.000s
I20260608 12:39:45.367961  3026 tablet_service.cc:1917] Received RequestConsensusVote() RPC: tablet_id: "03cc72a9e5ed41b395f7d7e44b722a95" candidate_uuid: "698963f641ee4196910093b0f58329fb" candidate_term: 1 candidate_status { last_received { term: 0 index: 0 } } ignore_live_leader: false dest_uuid: "b3a8fb6282b74d7ca570cf64c81d5827" is_pre_election: true
I20260608 12:39:45.368872  3026 raft_consensus.cc:2468] T 03cc72a9e5ed41b395f7d7e44b722a95 P b3a8fb6282b74d7ca570cf64c81d5827 [term 0 FOLLOWER]: Leader pre-election vote request: Granting yes vote for candidate 698963f641ee4196910093b0f58329fb in term 0.
I20260608 12:39:45.367998  3228 raft_consensus.cc:493] T 9ca70c59f1b641ed8f83874a4325373b P b3a8fb6282b74d7ca570cf64c81d5827 [term 0 FOLLOWER]: Starting pre-election (no leader contacted us within the election timeout)
I20260608 12:39:45.370500  3228 raft_consensus.cc:515] T 9ca70c59f1b641ed8f83874a4325373b P b3a8fb6282b74d7ca570cf64c81d5827 [term 0 FOLLOWER]: Starting pre-election with config: opid_index: -1 OBSOLETE_local: false peers { permanent_uuid: "d24243f7f4524b5890ec116f58969108" member_type: VOTER last_known_addr { host: "127.0.107.195" port: 43451 } } peers { permanent_uuid: "b3a8fb6282b74d7ca570cf64c81d5827" member_type: VOTER last_known_addr { host: "127.0.107.193" port: 45265 } } peers { permanent_uuid: "698963f641ee4196910093b0f58329fb" member_type: VOTER last_known_addr { host: "127.0.107.194" port: 42649 } }
I20260608 12:39:45.375983  3026 tablet_service.cc:1917] Received RequestConsensusVote() RPC: tablet_id: "03cc72a9e5ed41b395f7d7e44b722a95" candidate_uuid: "d24243f7f4524b5890ec116f58969108" candidate_term: 1 candidate_status { last_received { term: 0 index: 0 } } ignore_live_leader: false dest_uuid: "b3a8fb6282b74d7ca570cf64c81d5827" is_pre_election: true
I20260608 12:39:45.376189  3066 leader_election.cc:304] T 03cc72a9e5ed41b395f7d7e44b722a95 P 698963f641ee4196910093b0f58329fb [CANDIDATE]: Term 1 pre-election: Election decided. Result: candidate won. Election summary: received 2 responses out of 3 voters: 2 yes votes; 0 no votes. yes voters: 698963f641ee4196910093b0f58329fb, b3a8fb6282b74d7ca570cf64c81d5827; no voters: 
I20260608 12:39:45.379667  3026 raft_consensus.cc:2468] T 03cc72a9e5ed41b395f7d7e44b722a95 P b3a8fb6282b74d7ca570cf64c81d5827 [term 0 FOLLOWER]: Leader pre-election vote request: Granting yes vote for candidate d24243f7f4524b5890ec116f58969108 in term 0.
I20260608 12:39:45.384581  3229 raft_consensus.cc:493] T 81651759e269425abebaff0123957eff P 698963f641ee4196910093b0f58329fb [term 0 FOLLOWER]: Starting pre-election (no leader contacted us within the election timeout)
I20260608 12:39:45.375190  3228 leader_election.cc:290] T 9ca70c59f1b641ed8f83874a4325373b P b3a8fb6282b74d7ca570cf64c81d5827 [CANDIDATE]: Term 1 pre-election: Requested pre-vote from peers d24243f7f4524b5890ec116f58969108 (127.0.107.195:43451), 698963f641ee4196910093b0f58329fb (127.0.107.194:42649)
I20260608 12:39:45.385169  3233 raft_consensus.cc:493] T 9ca70c59f1b641ed8f83874a4325373b P 698963f641ee4196910093b0f58329fb [term 0 FOLLOWER]: Starting pre-election (no leader contacted us within the election timeout)
I20260608 12:39:45.387184  3229 raft_consensus.cc:515] T 81651759e269425abebaff0123957eff P 698963f641ee4196910093b0f58329fb [term 0 FOLLOWER]: Starting pre-election with config: opid_index: -1 OBSOLETE_local: false peers { permanent_uuid: "b3a8fb6282b74d7ca570cf64c81d5827" member_type: VOTER last_known_addr { host: "127.0.107.193" port: 45265 } } peers { permanent_uuid: "698963f641ee4196910093b0f58329fb" member_type: VOTER last_known_addr { host: "127.0.107.194" port: 42649 } } peers { permanent_uuid: "d24243f7f4524b5890ec116f58969108" member_type: VOTER last_known_addr { host: "127.0.107.195" port: 43451 } }
I20260608 12:39:45.392609  3220 tablet_bootstrap.cc:492] T 81651759e269425abebaff0123957eff P b3a8fb6282b74d7ca570cf64c81d5827: No bootstrap required, opened a new log
I20260608 12:39:45.393237  3233 raft_consensus.cc:515] T 9ca70c59f1b641ed8f83874a4325373b P 698963f641ee4196910093b0f58329fb [term 0 FOLLOWER]: Starting pre-election with config: opid_index: -1 OBSOLETE_local: false peers { permanent_uuid: "d24243f7f4524b5890ec116f58969108" member_type: VOTER last_known_addr { host: "127.0.107.195" port: 43451 } } peers { permanent_uuid: "b3a8fb6282b74d7ca570cf64c81d5827" member_type: VOTER last_known_addr { host: "127.0.107.193" port: 45265 } } peers { permanent_uuid: "698963f641ee4196910093b0f58329fb" member_type: VOTER last_known_addr { host: "127.0.107.194" port: 42649 } }
I20260608 12:39:45.395988  3233 leader_election.cc:290] T 9ca70c59f1b641ed8f83874a4325373b P 698963f641ee4196910093b0f58329fb [CANDIDATE]: Term 1 pre-election: Requested pre-vote from peers d24243f7f4524b5890ec116f58969108 (127.0.107.195:43451), b3a8fb6282b74d7ca570cf64c81d5827 (127.0.107.193:45265)
I20260608 12:39:45.396526  3233 raft_consensus.cc:2804] T 03cc72a9e5ed41b395f7d7e44b722a95 P 698963f641ee4196910093b0f58329fb [term 0 FOLLOWER]: Leader pre-election won for term 1
I20260608 12:39:45.396878  3233 raft_consensus.cc:493] T 03cc72a9e5ed41b395f7d7e44b722a95 P 698963f641ee4196910093b0f58329fb [term 0 FOLLOWER]: Starting leader election (no leader contacted us within the election timeout)
I20260608 12:39:45.397261  3233 raft_consensus.cc:3060] T 03cc72a9e5ed41b395f7d7e44b722a95 P 698963f641ee4196910093b0f58329fb [term 0 FOLLOWER]: Advancing to term 1
I20260608 12:39:45.398337  3220 ts_tablet_manager.cc:1403] T 81651759e269425abebaff0123957eff P b3a8fb6282b74d7ca570cf64c81d5827: Time spent bootstrapping tablet: real 0.141s	user 0.027s	sys 0.024s
I20260608 12:39:45.401618  3229 leader_election.cc:290] T 81651759e269425abebaff0123957eff P 698963f641ee4196910093b0f58329fb [CANDIDATE]: Term 1 pre-election: Requested pre-vote from peers b3a8fb6282b74d7ca570cf64c81d5827 (127.0.107.193:45265), d24243f7f4524b5890ec116f58969108 (127.0.107.195:43451)
I20260608 12:39:45.395169  3140 leader_election.cc:304] T 03cc72a9e5ed41b395f7d7e44b722a95 P d24243f7f4524b5890ec116f58969108 [CANDIDATE]: Term 1 pre-election: Election decided. Result: candidate won. Election summary: received 2 responses out of 3 voters: 2 yes votes; 0 no votes. yes voters: b3a8fb6282b74d7ca570cf64c81d5827, d24243f7f4524b5890ec116f58969108; no voters: 
I20260608 12:39:45.404826  3101 tablet_service.cc:1917] Received RequestConsensusVote() RPC: tablet_id: "03cc72a9e5ed41b395f7d7e44b722a95" candidate_uuid: "d24243f7f4524b5890ec116f58969108" candidate_term: 1 candidate_status { last_received { term: 0 index: 0 } } ignore_live_leader: false dest_uuid: "698963f641ee4196910093b0f58329fb" is_pre_election: true
I20260608 12:39:45.405194  3224 raft_consensus.cc:2804] T 03cc72a9e5ed41b395f7d7e44b722a95 P d24243f7f4524b5890ec116f58969108 [term 0 FOLLOWER]: Leader pre-election won for term 1
I20260608 12:39:45.405710  3224 raft_consensus.cc:493] T 03cc72a9e5ed41b395f7d7e44b722a95 P d24243f7f4524b5890ec116f58969108 [term 0 FOLLOWER]: Starting leader election (no leader contacted us within the election timeout)
I20260608 12:39:45.406122  3224 raft_consensus.cc:3060] T 03cc72a9e5ed41b395f7d7e44b722a95 P d24243f7f4524b5890ec116f58969108 [term 0 FOLLOWER]: Advancing to term 1
I20260608 12:39:45.406721  3175 tablet_service.cc:1917] Received RequestConsensusVote() RPC: tablet_id: "03cc72a9e5ed41b395f7d7e44b722a95" candidate_uuid: "698963f641ee4196910093b0f58329fb" candidate_term: 1 candidate_status { last_received { term: 0 index: 0 } } ignore_live_leader: false dest_uuid: "d24243f7f4524b5890ec116f58969108" is_pre_election: true
I20260608 12:39:45.408497  3173 tablet_service.cc:1917] Received RequestConsensusVote() RPC: tablet_id: "9ca70c59f1b641ed8f83874a4325373b" candidate_uuid: "698963f641ee4196910093b0f58329fb" candidate_term: 1 candidate_status { last_received { term: 0 index: 0 } } ignore_live_leader: false dest_uuid: "d24243f7f4524b5890ec116f58969108" is_pre_election: true
I20260608 12:39:45.409211  3173 raft_consensus.cc:2468] T 9ca70c59f1b641ed8f83874a4325373b P d24243f7f4524b5890ec116f58969108 [term 0 FOLLOWER]: Leader pre-election vote request: Granting yes vote for candidate 698963f641ee4196910093b0f58329fb in term 0.
I20260608 12:39:45.410262  3174 tablet_service.cc:1917] Received RequestConsensusVote() RPC: tablet_id: "81651759e269425abebaff0123957eff" candidate_uuid: "698963f641ee4196910093b0f58329fb" candidate_term: 1 candidate_status { last_received { term: 0 index: 0 } } ignore_live_leader: false dest_uuid: "d24243f7f4524b5890ec116f58969108" is_pre_election: true
I20260608 12:39:45.410957  3174 raft_consensus.cc:2468] T 81651759e269425abebaff0123957eff P d24243f7f4524b5890ec116f58969108 [term 0 FOLLOWER]: Leader pre-election vote request: Granting yes vote for candidate 698963f641ee4196910093b0f58329fb in term 0.
I20260608 12:39:45.412135  3220 raft_consensus.cc:359] T 81651759e269425abebaff0123957eff P b3a8fb6282b74d7ca570cf64c81d5827 [term 0 FOLLOWER]: Replica starting. Triggering 0 pending ops. Active config: opid_index: -1 OBSOLETE_local: false peers { permanent_uuid: "b3a8fb6282b74d7ca570cf64c81d5827" member_type: VOTER last_known_addr { host: "127.0.107.193" port: 45265 } } peers { permanent_uuid: "698963f641ee4196910093b0f58329fb" member_type: VOTER last_known_addr { host: "127.0.107.194" port: 42649 } } peers { permanent_uuid: "d24243f7f4524b5890ec116f58969108" member_type: VOTER last_known_addr { host: "127.0.107.195" port: 43451 } }
I20260608 12:39:45.414299  3220 raft_consensus.cc:385] T 81651759e269425abebaff0123957eff P b3a8fb6282b74d7ca570cf64c81d5827 [term 0 FOLLOWER]: Consensus starting up: Expiring failure detector timer to make a prompt election more likely
I20260608 12:39:45.414680  3220 raft_consensus.cc:740] T 81651759e269425abebaff0123957eff P b3a8fb6282b74d7ca570cf64c81d5827 [term 0 FOLLOWER]: Becoming Follower/Learner. State: Replica: b3a8fb6282b74d7ca570cf64c81d5827, State: Initialized, Role: FOLLOWER
I20260608 12:39:45.415493  3220 consensus_queue.cc:260] T 81651759e269425abebaff0123957eff P b3a8fb6282b74d7ca570cf64c81d5827 [NON_LEADER]: Queue going to NON_LEADER mode. State: All replicated index: 0, Majority replicated index: 0, Committed index: 0, Last appended: 0.0, Last appended by leader: 0, Current term: 0, Majority size: -1, State: 0, Mode: NON_LEADER, active raft config: opid_index: -1 OBSOLETE_local: false peers { permanent_uuid: "b3a8fb6282b74d7ca570cf64c81d5827" member_type: VOTER last_known_addr { host: "127.0.107.193" port: 45265 } } peers { permanent_uuid: "698963f641ee4196910093b0f58329fb" member_type: VOTER last_known_addr { host: "127.0.107.194" port: 42649 } } peers { permanent_uuid: "d24243f7f4524b5890ec116f58969108" member_type: VOTER last_known_addr { host: "127.0.107.195" port: 43451 } }
I20260608 12:39:45.414686  3224 raft_consensus.cc:515] T 03cc72a9e5ed41b395f7d7e44b722a95 P d24243f7f4524b5890ec116f58969108 [term 1 FOLLOWER]: Starting leader election with config: opid_index: -1 OBSOLETE_local: false peers { permanent_uuid: "b3a8fb6282b74d7ca570cf64c81d5827" member_type: VOTER last_known_addr { host: "127.0.107.193" port: 45265 } } peers { permanent_uuid: "698963f641ee4196910093b0f58329fb" member_type: VOTER last_known_addr { host: "127.0.107.194" port: 42649 } } peers { permanent_uuid: "d24243f7f4524b5890ec116f58969108" member_type: VOTER last_known_addr { host: "127.0.107.195" port: 43451 } }
I20260608 12:39:45.417116  3026 tablet_service.cc:1917] Received RequestConsensusVote() RPC: tablet_id: "81651759e269425abebaff0123957eff" candidate_uuid: "698963f641ee4196910093b0f58329fb" candidate_term: 1 candidate_status { last_received { term: 0 index: 0 } } ignore_live_leader: false dest_uuid: "b3a8fb6282b74d7ca570cf64c81d5827" is_pre_election: true
I20260608 12:39:45.417277  3100 tablet_service.cc:1917] Received RequestConsensusVote() RPC: tablet_id: "9ca70c59f1b641ed8f83874a4325373b" candidate_uuid: "b3a8fb6282b74d7ca570cf64c81d5827" candidate_term: 1 candidate_status { last_received { term: 0 index: 0 } } ignore_live_leader: false dest_uuid: "698963f641ee4196910093b0f58329fb" is_pre_election: true
I20260608 12:39:45.417886  3175 raft_consensus.cc:2393] T 03cc72a9e5ed41b395f7d7e44b722a95 P d24243f7f4524b5890ec116f58969108 [term 1 FOLLOWER]: Leader pre-election vote request: Denying vote to candidate 698963f641ee4196910093b0f58329fb in current term 1: Already voted for candidate d24243f7f4524b5890ec116f58969108 in this term.
I20260608 12:39:45.417768  3026 raft_consensus.cc:2468] T 81651759e269425abebaff0123957eff P b3a8fb6282b74d7ca570cf64c81d5827 [term 0 FOLLOWER]: Leader pre-election vote request: Granting yes vote for candidate 698963f641ee4196910093b0f58329fb in term 0.
I20260608 12:39:45.418082  3100 raft_consensus.cc:2468] T 9ca70c59f1b641ed8f83874a4325373b P 698963f641ee4196910093b0f58329fb [term 0 FOLLOWER]: Leader pre-election vote request: Granting yes vote for candidate b3a8fb6282b74d7ca570cf64c81d5827 in term 0.
I20260608 12:39:45.419368  3224 leader_election.cc:290] T 03cc72a9e5ed41b395f7d7e44b722a95 P d24243f7f4524b5890ec116f58969108 [CANDIDATE]: Term 1 election: Requested vote from peers b3a8fb6282b74d7ca570cf64c81d5827 (127.0.107.193:45265), 698963f641ee4196910093b0f58329fb (127.0.107.194:42649)
I20260608 12:39:45.419538  3026 tablet_service.cc:1917] Received RequestConsensusVote() RPC: tablet_id: "9ca70c59f1b641ed8f83874a4325373b" candidate_uuid: "698963f641ee4196910093b0f58329fb" candidate_term: 1 candidate_status { last_received { term: 0 index: 0 } } ignore_live_leader: false dest_uuid: "b3a8fb6282b74d7ca570cf64c81d5827" is_pre_election: true
I20260608 12:39:45.420161  3026 raft_consensus.cc:2468] T 9ca70c59f1b641ed8f83874a4325373b P b3a8fb6282b74d7ca570cf64c81d5827 [term 0 FOLLOWER]: Leader pre-election vote request: Granting yes vote for candidate 698963f641ee4196910093b0f58329fb in term 0.
I20260608 12:39:45.421264  3066 leader_election.cc:304] T 81651759e269425abebaff0123957eff P 698963f641ee4196910093b0f58329fb [CANDIDATE]: Term 1 pre-election: Election decided. Result: candidate won. Election summary: received 2 responses out of 3 voters: 2 yes votes; 0 no votes. yes voters: 698963f641ee4196910093b0f58329fb, b3a8fb6282b74d7ca570cf64c81d5827; no voters: 
I20260608 12:39:45.421715  3220 ts_tablet_manager.cc:1434] T 81651759e269425abebaff0123957eff P b3a8fb6282b74d7ca570cf64c81d5827: Time spent starting tablet: real 0.019s	user 0.005s	sys 0.002s
I20260608 12:39:45.422338  2990 leader_election.cc:304] T 9ca70c59f1b641ed8f83874a4325373b P b3a8fb6282b74d7ca570cf64c81d5827 [CANDIDATE]: Term 1 pre-election: Election decided. Result: candidate won. Election summary: received 2 responses out of 3 voters: 2 yes votes; 0 no votes. yes voters: 698963f641ee4196910093b0f58329fb, b3a8fb6282b74d7ca570cf64c81d5827; no voters: 
I20260608 12:39:45.422767  3220 tablet_bootstrap.cc:492] T 166fb7e0c830421cbcd1af4e3aae48c3 P b3a8fb6282b74d7ca570cf64c81d5827: Bootstrap starting.
I20260608 12:39:45.422433  3026 tablet_service.cc:1917] Received RequestConsensusVote() RPC: tablet_id: "03cc72a9e5ed41b395f7d7e44b722a95" candidate_uuid: "d24243f7f4524b5890ec116f58969108" candidate_term: 1 candidate_status { last_received { term: 0 index: 0 } } ignore_live_leader: false dest_uuid: "b3a8fb6282b74d7ca570cf64c81d5827"
I20260608 12:39:45.423374  3026 raft_consensus.cc:3060] T 03cc72a9e5ed41b395f7d7e44b722a95 P b3a8fb6282b74d7ca570cf64c81d5827 [term 0 FOLLOWER]: Advancing to term 1
I20260608 12:39:45.423560  3228 raft_consensus.cc:2804] T 9ca70c59f1b641ed8f83874a4325373b P b3a8fb6282b74d7ca570cf64c81d5827 [term 0 FOLLOWER]: Leader pre-election won for term 1
I20260608 12:39:45.423717  3066 leader_election.cc:304] T 9ca70c59f1b641ed8f83874a4325373b P 698963f641ee4196910093b0f58329fb [CANDIDATE]: Term 1 pre-election: Election decided. Result: candidate won. Election summary: received 2 responses out of 3 voters: 2 yes votes; 0 no votes. yes voters: 698963f641ee4196910093b0f58329fb, b3a8fb6282b74d7ca570cf64c81d5827; no voters: 
I20260608 12:39:45.424121  3228 raft_consensus.cc:493] T 9ca70c59f1b641ed8f83874a4325373b P b3a8fb6282b74d7ca570cf64c81d5827 [term 0 FOLLOWER]: Starting leader election (no leader contacted us within the election timeout)
I20260608 12:39:45.424580  3228 raft_consensus.cc:3060] T 9ca70c59f1b641ed8f83874a4325373b P b3a8fb6282b74d7ca570cf64c81d5827 [term 0 FOLLOWER]: Advancing to term 1
I20260608 12:39:45.424683  3229 raft_consensus.cc:2804] T 81651759e269425abebaff0123957eff P 698963f641ee4196910093b0f58329fb [term 0 FOLLOWER]: Leader pre-election won for term 1
I20260608 12:39:45.425163  3229 raft_consensus.cc:493] T 81651759e269425abebaff0123957eff P 698963f641ee4196910093b0f58329fb [term 0 FOLLOWER]: Starting leader election (no leader contacted us within the election timeout)
I20260608 12:39:45.425511  3229 raft_consensus.cc:3060] T 81651759e269425abebaff0123957eff P 698963f641ee4196910093b0f58329fb [term 0 FOLLOWER]: Advancing to term 1
I20260608 12:39:45.431499  3026 raft_consensus.cc:2468] T 03cc72a9e5ed41b395f7d7e44b722a95 P b3a8fb6282b74d7ca570cf64c81d5827 [term 1 FOLLOWER]: Leader election vote request: Granting yes vote for candidate d24243f7f4524b5890ec116f58969108 in term 1.
I20260608 12:39:45.431913  3247 raft_consensus.cc:2804] T 9ca70c59f1b641ed8f83874a4325373b P 698963f641ee4196910093b0f58329fb [term 0 FOLLOWER]: Leader pre-election won for term 1
I20260608 12:39:45.432469  3247 raft_consensus.cc:493] T 9ca70c59f1b641ed8f83874a4325373b P 698963f641ee4196910093b0f58329fb [term 0 FOLLOWER]: Starting leader election (no leader contacted us within the election timeout)
I20260608 12:39:45.432947  3247 raft_consensus.cc:3060] T 9ca70c59f1b641ed8f83874a4325373b P 698963f641ee4196910093b0f58329fb [term 0 FOLLOWER]: Advancing to term 1
I20260608 12:39:45.433475  3140 leader_election.cc:304] T 03cc72a9e5ed41b395f7d7e44b722a95 P d24243f7f4524b5890ec116f58969108 [CANDIDATE]: Term 1 election: Election decided. Result: candidate won. Election summary: received 2 responses out of 3 voters: 2 yes votes; 0 no votes. yes voters: b3a8fb6282b74d7ca570cf64c81d5827, d24243f7f4524b5890ec116f58969108; no voters: 
I20260608 12:39:45.435242  3224 raft_consensus.cc:2804] T 03cc72a9e5ed41b395f7d7e44b722a95 P d24243f7f4524b5890ec116f58969108 [term 1 FOLLOWER]: Leader election won for term 1
I20260608 12:39:45.436935  3100 tablet_service.cc:1917] Received RequestConsensusVote() RPC: tablet_id: "03cc72a9e5ed41b395f7d7e44b722a95" candidate_uuid: "d24243f7f4524b5890ec116f58969108" candidate_term: 1 candidate_status { last_received { term: 0 index: 0 } } ignore_live_leader: false dest_uuid: "698963f641ee4196910093b0f58329fb"
I20260608 12:39:45.437574  3175 tablet_service.cc:1917] Received RequestConsensusVote() RPC: tablet_id: "9ca70c59f1b641ed8f83874a4325373b" candidate_uuid: "b3a8fb6282b74d7ca570cf64c81d5827" candidate_term: 1 candidate_status { last_received { term: 0 index: 0 } } ignore_live_leader: false dest_uuid: "d24243f7f4524b5890ec116f58969108" is_pre_election: true
I20260608 12:39:45.438283  3175 raft_consensus.cc:2468] T 9ca70c59f1b641ed8f83874a4325373b P d24243f7f4524b5890ec116f58969108 [term 0 FOLLOWER]: Leader pre-election vote request: Granting yes vote for candidate b3a8fb6282b74d7ca570cf64c81d5827 in term 0.
I20260608 12:39:45.440183  3220 tablet_bootstrap.cc:654] T 166fb7e0c830421cbcd1af4e3aae48c3 P b3a8fb6282b74d7ca570cf64c81d5827: Neither blocks nor log segments found. Creating new log.
I20260608 12:39:45.441618  3228 raft_consensus.cc:515] T 9ca70c59f1b641ed8f83874a4325373b P b3a8fb6282b74d7ca570cf64c81d5827 [term 1 FOLLOWER]: Starting leader election with config: opid_index: -1 OBSOLETE_local: false peers { permanent_uuid: "d24243f7f4524b5890ec116f58969108" member_type: VOTER last_known_addr { host: "127.0.107.195" port: 43451 } } peers { permanent_uuid: "b3a8fb6282b74d7ca570cf64c81d5827" member_type: VOTER last_known_addr { host: "127.0.107.193" port: 45265 } } peers { permanent_uuid: "698963f641ee4196910093b0f58329fb" member_type: VOTER last_known_addr { host: "127.0.107.194" port: 42649 } }
I20260608 12:39:45.441898  3229 raft_consensus.cc:515] T 81651759e269425abebaff0123957eff P 698963f641ee4196910093b0f58329fb [term 1 FOLLOWER]: Starting leader election with config: opid_index: -1 OBSOLETE_local: false peers { permanent_uuid: "b3a8fb6282b74d7ca570cf64c81d5827" member_type: VOTER last_known_addr { host: "127.0.107.193" port: 45265 } } peers { permanent_uuid: "698963f641ee4196910093b0f58329fb" member_type: VOTER last_known_addr { host: "127.0.107.194" port: 42649 } } peers { permanent_uuid: "d24243f7f4524b5890ec116f58969108" member_type: VOTER last_known_addr { host: "127.0.107.195" port: 43451 } }
I20260608 12:39:45.442550  3224 raft_consensus.cc:697] T 03cc72a9e5ed41b395f7d7e44b722a95 P d24243f7f4524b5890ec116f58969108 [term 1 LEADER]: Becoming Leader. State: Replica: d24243f7f4524b5890ec116f58969108, State: Running, Role: LEADER
I20260608 12:39:45.441457  3247 raft_consensus.cc:515] T 9ca70c59f1b641ed8f83874a4325373b P 698963f641ee4196910093b0f58329fb [term 1 FOLLOWER]: Starting leader election with config: opid_index: -1 OBSOLETE_local: false peers { permanent_uuid: "d24243f7f4524b5890ec116f58969108" member_type: VOTER last_known_addr { host: "127.0.107.195" port: 43451 } } peers { permanent_uuid: "b3a8fb6282b74d7ca570cf64c81d5827" member_type: VOTER last_known_addr { host: "127.0.107.193" port: 45265 } } peers { permanent_uuid: "698963f641ee4196910093b0f58329fb" member_type: VOTER last_known_addr { host: "127.0.107.194" port: 42649 } }
I20260608 12:39:45.444636  3224 consensus_queue.cc:237] T 03cc72a9e5ed41b395f7d7e44b722a95 P d24243f7f4524b5890ec116f58969108 [LEADER]: Queue going to LEADER mode. State: All replicated index: 0, Majority replicated index: 0, Committed index: 0, Last appended: 0.0, Last appended by leader: 0, Current term: 1, Majority size: 2, State: 0, Mode: LEADER, active raft config: opid_index: -1 OBSOLETE_local: false peers { permanent_uuid: "b3a8fb6282b74d7ca570cf64c81d5827" member_type: VOTER last_known_addr { host: "127.0.107.193" port: 45265 } } peers { permanent_uuid: "698963f641ee4196910093b0f58329fb" member_type: VOTER last_known_addr { host: "127.0.107.194" port: 42649 } } peers { permanent_uuid: "d24243f7f4524b5890ec116f58969108" member_type: VOTER last_known_addr { host: "127.0.107.195" port: 43451 } }
I20260608 12:39:45.445976  3247 leader_election.cc:290] T 9ca70c59f1b641ed8f83874a4325373b P 698963f641ee4196910093b0f58329fb [CANDIDATE]: Term 1 election: Requested vote from peers d24243f7f4524b5890ec116f58969108 (127.0.107.195:43451), b3a8fb6282b74d7ca570cf64c81d5827 (127.0.107.193:45265)
I20260608 12:39:45.447010  3175 tablet_service.cc:1917] Received RequestConsensusVote() RPC: tablet_id: "9ca70c59f1b641ed8f83874a4325373b" candidate_uuid: "b3a8fb6282b74d7ca570cf64c81d5827" candidate_term: 1 candidate_status { last_received { term: 0 index: 0 } } ignore_live_leader: false dest_uuid: "d24243f7f4524b5890ec116f58969108"
I20260608 12:39:45.447438  3228 leader_election.cc:290] T 9ca70c59f1b641ed8f83874a4325373b P b3a8fb6282b74d7ca570cf64c81d5827 [CANDIDATE]: Term 1 election: Requested vote from peers d24243f7f4524b5890ec116f58969108 (127.0.107.195:43451), 698963f641ee4196910093b0f58329fb (127.0.107.194:42649)
I20260608 12:39:45.447821  3175 raft_consensus.cc:3060] T 9ca70c59f1b641ed8f83874a4325373b P d24243f7f4524b5890ec116f58969108 [term 0 FOLLOWER]: Advancing to term 1
I20260608 12:39:45.447741  3174 tablet_service.cc:1917] Received RequestConsensusVote() RPC: tablet_id: "9ca70c59f1b641ed8f83874a4325373b" candidate_uuid: "698963f641ee4196910093b0f58329fb" candidate_term: 1 candidate_status { last_received { term: 0 index: 0 } } ignore_live_leader: false dest_uuid: "d24243f7f4524b5890ec116f58969108"
I20260608 12:39:45.449389  3100 tablet_service.cc:1917] Received RequestConsensusVote() RPC: tablet_id: "9ca70c59f1b641ed8f83874a4325373b" candidate_uuid: "b3a8fb6282b74d7ca570cf64c81d5827" candidate_term: 1 candidate_status { last_received { term: 0 index: 0 } } ignore_live_leader: false dest_uuid: "698963f641ee4196910093b0f58329fb"
I20260608 12:39:45.450357  3100 raft_consensus.cc:2393] T 9ca70c59f1b641ed8f83874a4325373b P 698963f641ee4196910093b0f58329fb [term 1 FOLLOWER]: Leader election vote request: Denying vote to candidate b3a8fb6282b74d7ca570cf64c81d5827 in current term 1: Already voted for candidate 698963f641ee4196910093b0f58329fb in this term.
I20260608 12:39:45.451161  3026 tablet_service.cc:1917] Received RequestConsensusVote() RPC: tablet_id: "9ca70c59f1b641ed8f83874a4325373b" candidate_uuid: "698963f641ee4196910093b0f58329fb" candidate_term: 1 candidate_status { last_received { term: 0 index: 0 } } ignore_live_leader: false dest_uuid: "b3a8fb6282b74d7ca570cf64c81d5827"
I20260608 12:39:45.451987  3026 raft_consensus.cc:2393] T 9ca70c59f1b641ed8f83874a4325373b P b3a8fb6282b74d7ca570cf64c81d5827 [term 1 FOLLOWER]: Leader election vote request: Denying vote to candidate 698963f641ee4196910093b0f58329fb in current term 1: Already voted for candidate b3a8fb6282b74d7ca570cf64c81d5827 in this term.
