I20260608 13:00:22.070511 32115 tablet_bootstrap.cc:654] T 290853d6511d4e7c8013f614a0c88849 P 53ace6d6548f458a91836bd6dd9ad67b: Neither blocks nor log segments found. Creating new log.
I20260608 13:00:22.072279 31904 data_dirs.cc:400] Could only allocate 1 dirs of requested 3 for tablet 3558723c443245e294e2613c3e1f27a9. 1 dirs total, 0 dirs full, 0 dirs failed
I20260608 13:00:22.077366 31903 tablet_service.cc:1511] Processing CreateTablet for tablet fa41f967f6234281a2b81ba2d6104501 (DEFAULT_TABLE table=range_aware_rebalance_new_range [id=0db1495e87b34fa6b6dc501464a363c3]), partition=HASH (key) PARTITION 7, RANGE (key) PARTITION 0 <= VALUES < 10
I20260608 13:00:22.079136 31903 data_dirs.cc:400] Could only allocate 1 dirs of requested 3 for tablet fa41f967f6234281a2b81ba2d6104501. 1 dirs total, 0 dirs full, 0 dirs failed
I20260608 13:00:22.094125 32114 tablet_bootstrap.cc:654] T 112c69c2ba1d410d85ee15208e34d71a P fd0a572b41d145068a2b3937f1eba3de: Neither blocks nor log segments found. Creating new log.
I20260608 13:00:22.152791 32118 tablet_bootstrap.cc:492] T 112c69c2ba1d410d85ee15208e34d71a P a89fd0327caf4e0dafe9174e397ac9ba: Bootstrap starting.
I20260608 13:00:22.158807 32115 tablet_bootstrap.cc:492] T 290853d6511d4e7c8013f614a0c88849 P 53ace6d6548f458a91836bd6dd9ad67b: No bootstrap required, opened a new log
I20260608 13:00:22.159531 32115 ts_tablet_manager.cc:1403] T 290853d6511d4e7c8013f614a0c88849 P 53ace6d6548f458a91836bd6dd9ad67b: Time spent bootstrapping tablet: real 0.099s	user 0.031s	sys 0.034s
I20260608 13:00:22.161864 32118 tablet_bootstrap.cc:654] T 112c69c2ba1d410d85ee15208e34d71a P a89fd0327caf4e0dafe9174e397ac9ba: Neither blocks nor log segments found. Creating new log.
I20260608 13:00:22.163656 32115 raft_consensus.cc:359] T 290853d6511d4e7c8013f614a0c88849 P 53ace6d6548f458a91836bd6dd9ad67b [term 0 FOLLOWER]: Replica starting. Triggering 0 pending ops. Active config: opid_index: -1 OBSOLETE_local: false peers { permanent_uuid: "fd0a572b41d145068a2b3937f1eba3de" member_type: VOTER last_known_addr { host: "127.28.67.66" port: 33725 } } peers { permanent_uuid: "a89fd0327caf4e0dafe9174e397ac9ba" member_type: VOTER last_known_addr { host: "127.28.67.65" port: 35235 } } peers { permanent_uuid: "53ace6d6548f458a91836bd6dd9ad67b" member_type: VOTER last_known_addr { host: "127.28.67.67" port: 35637 } }
I20260608 13:00:22.165091 32115 raft_consensus.cc:385] T 290853d6511d4e7c8013f614a0c88849 P 53ace6d6548f458a91836bd6dd9ad67b [term 0 FOLLOWER]: Consensus starting up: Expiring failure detector timer to make a prompt election more likely
I20260608 13:00:22.165480 32115 raft_consensus.cc:740] T 290853d6511d4e7c8013f614a0c88849 P 53ace6d6548f458a91836bd6dd9ad67b [term 0 FOLLOWER]: Becoming Follower/Learner. State: Replica: 53ace6d6548f458a91836bd6dd9ad67b, State: Initialized, Role: FOLLOWER
I20260608 13:00:22.166648 32115 consensus_queue.cc:260] T 290853d6511d4e7c8013f614a0c88849 P 53ace6d6548f458a91836bd6dd9ad67b [NON_LEADER]: Queue going to NON_LEADER mode. State: All replicated index: 0, Majority replicated index: 0, Committed index: 0, Last appended: 0.0, Last appended by leader: 0, Current term: 0, Majority size: -1, State: 0, Mode: NON_LEADER, active raft config: opid_index: -1 OBSOLETE_local: false peers { permanent_uuid: "fd0a572b41d145068a2b3937f1eba3de" member_type: VOTER last_known_addr { host: "127.28.67.66" port: 33725 } } peers { permanent_uuid: "a89fd0327caf4e0dafe9174e397ac9ba" member_type: VOTER last_known_addr { host: "127.28.67.65" port: 35235 } } peers { permanent_uuid: "53ace6d6548f458a91836bd6dd9ad67b" member_type: VOTER last_known_addr { host: "127.28.67.67" port: 35637 } }
I20260608 13:00:22.171096 32114 tablet_bootstrap.cc:492] T 112c69c2ba1d410d85ee15208e34d71a P fd0a572b41d145068a2b3937f1eba3de: No bootstrap required, opened a new log
I20260608 13:00:22.171715 32114 ts_tablet_manager.cc:1403] T 112c69c2ba1d410d85ee15208e34d71a P fd0a572b41d145068a2b3937f1eba3de: Time spent bootstrapping tablet: real 0.112s	user 0.018s	sys 0.018s
I20260608 13:00:22.175127 32114 raft_consensus.cc:359] T 112c69c2ba1d410d85ee15208e34d71a P fd0a572b41d145068a2b3937f1eba3de [term 0 FOLLOWER]: Replica starting. Triggering 0 pending ops. Active config: opid_index: -1 OBSOLETE_local: false peers { permanent_uuid: "53ace6d6548f458a91836bd6dd9ad67b" member_type: VOTER last_known_addr { host: "127.28.67.67" port: 35637 } } peers { permanent_uuid: "a89fd0327caf4e0dafe9174e397ac9ba" member_type: VOTER last_known_addr { host: "127.28.67.65" port: 35235 } } peers { permanent_uuid: "fd0a572b41d145068a2b3937f1eba3de" member_type: VOTER last_known_addr { host: "127.28.67.66" port: 33725 } }
I20260608 13:00:22.177726 32115 ts_tablet_manager.cc:1434] T 290853d6511d4e7c8013f614a0c88849 P 53ace6d6548f458a91836bd6dd9ad67b: Time spent starting tablet: real 0.018s	user 0.008s	sys 0.001s
I20260608 13:00:22.175800 32114 raft_consensus.cc:385] T 112c69c2ba1d410d85ee15208e34d71a P fd0a572b41d145068a2b3937f1eba3de [term 0 FOLLOWER]: Consensus starting up: Expiring failure detector timer to make a prompt election more likely
I20260608 13:00:22.178664 32114 raft_consensus.cc:740] T 112c69c2ba1d410d85ee15208e34d71a P fd0a572b41d145068a2b3937f1eba3de [term 0 FOLLOWER]: Becoming Follower/Learner. State: Replica: fd0a572b41d145068a2b3937f1eba3de, State: Initialized, Role: FOLLOWER
I20260608 13:00:22.179636 32114 consensus_queue.cc:260] T 112c69c2ba1d410d85ee15208e34d71a P fd0a572b41d145068a2b3937f1eba3de [NON_LEADER]: Queue going to NON_LEADER mode. State: All replicated index: 0, Majority replicated index: 0, Committed index: 0, Last appended: 0.0, Last appended by leader: 0, Current term: 0, Majority size: -1, State: 0, Mode: NON_LEADER, active raft config: opid_index: -1 OBSOLETE_local: false peers { permanent_uuid: "53ace6d6548f458a91836bd6dd9ad67b" member_type: VOTER last_known_addr { host: "127.28.67.67" port: 35637 } } peers { permanent_uuid: "a89fd0327caf4e0dafe9174e397ac9ba" member_type: VOTER last_known_addr { host: "127.28.67.65" port: 35235 } } peers { permanent_uuid: "fd0a572b41d145068a2b3937f1eba3de" member_type: VOTER last_known_addr { host: "127.28.67.66" port: 33725 } }
I20260608 13:00:22.186664 32114 ts_tablet_manager.cc:1434] T 112c69c2ba1d410d85ee15208e34d71a P fd0a572b41d145068a2b3937f1eba3de: Time spent starting tablet: real 0.015s	user 0.009s	sys 0.000s
I20260608 13:00:22.187573 32118 tablet_bootstrap.cc:492] T 112c69c2ba1d410d85ee15208e34d71a P a89fd0327caf4e0dafe9174e397ac9ba: No bootstrap required, opened a new log
I20260608 13:00:22.187724 32114 tablet_bootstrap.cc:492] T fa41f967f6234281a2b81ba2d6104501 P fd0a572b41d145068a2b3937f1eba3de: Bootstrap starting.
I20260608 13:00:22.188238 32118 ts_tablet_manager.cc:1403] T 112c69c2ba1d410d85ee15208e34d71a P a89fd0327caf4e0dafe9174e397ac9ba: Time spent bootstrapping tablet: real 0.036s	user 0.020s	sys 0.000s
I20260608 13:00:22.190963 32115 tablet_bootstrap.cc:492] T 112c69c2ba1d410d85ee15208e34d71a P 53ace6d6548f458a91836bd6dd9ad67b: Bootstrap starting.
I20260608 13:00:22.194094 32114 tablet_bootstrap.cc:654] T fa41f967f6234281a2b81ba2d6104501 P fd0a572b41d145068a2b3937f1eba3de: Neither blocks nor log segments found. Creating new log.
I20260608 13:00:22.195647 32118 raft_consensus.cc:359] T 112c69c2ba1d410d85ee15208e34d71a P a89fd0327caf4e0dafe9174e397ac9ba [term 0 FOLLOWER]: Replica starting. Triggering 0 pending ops. Active config: opid_index: -1 OBSOLETE_local: false peers { permanent_uuid: "53ace6d6548f458a91836bd6dd9ad67b" member_type: VOTER last_known_addr { host: "127.28.67.67" port: 35637 } } peers { permanent_uuid: "a89fd0327caf4e0dafe9174e397ac9ba" member_type: VOTER last_known_addr { host: "127.28.67.65" port: 35235 } } peers { permanent_uuid: "fd0a572b41d145068a2b3937f1eba3de" member_type: VOTER last_known_addr { host: "127.28.67.66" port: 33725 } }
I20260608 13:00:22.196552 32118 raft_consensus.cc:385] T 112c69c2ba1d410d85ee15208e34d71a P a89fd0327caf4e0dafe9174e397ac9ba [term 0 FOLLOWER]: Consensus starting up: Expiring failure detector timer to make a prompt election more likely
I20260608 13:00:22.196911 32118 raft_consensus.cc:740] T 112c69c2ba1d410d85ee15208e34d71a P a89fd0327caf4e0dafe9174e397ac9ba [term 0 FOLLOWER]: Becoming Follower/Learner. State: Replica: a89fd0327caf4e0dafe9174e397ac9ba, State: Initialized, Role: FOLLOWER
I20260608 13:00:22.198325 32115 tablet_bootstrap.cc:654] T 112c69c2ba1d410d85ee15208e34d71a P 53ace6d6548f458a91836bd6dd9ad67b: Neither blocks nor log segments found. Creating new log.
I20260608 13:00:22.197882 32118 consensus_queue.cc:260] T 112c69c2ba1d410d85ee15208e34d71a P a89fd0327caf4e0dafe9174e397ac9ba [NON_LEADER]: Queue going to NON_LEADER mode. State: All replicated index: 0, Majority replicated index: 0, Committed index: 0, Last appended: 0.0, Last appended by leader: 0, Current term: 0, Majority size: -1, State: 0, Mode: NON_LEADER, active raft config: opid_index: -1 OBSOLETE_local: false peers { permanent_uuid: "53ace6d6548f458a91836bd6dd9ad67b" member_type: VOTER last_known_addr { host: "127.28.67.67" port: 35637 } } peers { permanent_uuid: "a89fd0327caf4e0dafe9174e397ac9ba" member_type: VOTER last_known_addr { host: "127.28.67.65" port: 35235 } } peers { permanent_uuid: "fd0a572b41d145068a2b3937f1eba3de" member_type: VOTER last_known_addr { host: "127.28.67.66" port: 33725 } }
I20260608 13:00:22.206245 32118 ts_tablet_manager.cc:1434] T 112c69c2ba1d410d85ee15208e34d71a P a89fd0327caf4e0dafe9174e397ac9ba: Time spent starting tablet: real 0.018s	user 0.006s	sys 0.004s
I20260608 13:00:22.207607 32118 tablet_bootstrap.cc:492] T fa41f967f6234281a2b81ba2d6104501 P a89fd0327caf4e0dafe9174e397ac9ba: Bootstrap starting.
I20260608 13:00:22.214960 32114 tablet_bootstrap.cc:492] T fa41f967f6234281a2b81ba2d6104501 P fd0a572b41d145068a2b3937f1eba3de: No bootstrap required, opened a new log
I20260608 13:00:22.215471 32114 ts_tablet_manager.cc:1403] T fa41f967f6234281a2b81ba2d6104501 P fd0a572b41d145068a2b3937f1eba3de: Time spent bootstrapping tablet: real 0.028s	user 0.015s	sys 0.010s
I20260608 13:00:22.216710 32118 tablet_bootstrap.cc:654] T fa41f967f6234281a2b81ba2d6104501 P a89fd0327caf4e0dafe9174e397ac9ba: Neither blocks nor log segments found. Creating new log.
I20260608 13:00:22.218626 32114 raft_consensus.cc:359] T fa41f967f6234281a2b81ba2d6104501 P fd0a572b41d145068a2b3937f1eba3de [term 0 FOLLOWER]: Replica starting. Triggering 0 pending ops. Active config: opid_index: -1 OBSOLETE_local: false peers { permanent_uuid: "fd0a572b41d145068a2b3937f1eba3de" member_type: VOTER last_known_addr { host: "127.28.67.66" port: 33725 } } peers { permanent_uuid: "a89fd0327caf4e0dafe9174e397ac9ba" member_type: VOTER last_known_addr { host: "127.28.67.65" port: 35235 } } peers { permanent_uuid: "53ace6d6548f458a91836bd6dd9ad67b" member_type: VOTER last_known_addr { host: "127.28.67.67" port: 35637 } }
I20260608 13:00:22.219340 32114 raft_consensus.cc:385] T fa41f967f6234281a2b81ba2d6104501 P fd0a572b41d145068a2b3937f1eba3de [term 0 FOLLOWER]: Consensus starting up: Expiring failure detector timer to make a prompt election more likely
I20260608 13:00:22.219681 32114 raft_consensus.cc:740] T fa41f967f6234281a2b81ba2d6104501 P fd0a572b41d145068a2b3937f1eba3de [term 0 FOLLOWER]: Becoming Follower/Learner. State: Replica: fd0a572b41d145068a2b3937f1eba3de, State: Initialized, Role: FOLLOWER
I20260608 13:00:22.220567 32114 consensus_queue.cc:260] T fa41f967f6234281a2b81ba2d6104501 P fd0a572b41d145068a2b3937f1eba3de [NON_LEADER]: Queue going to NON_LEADER mode. State: All replicated index: 0, Majority replicated index: 0, Committed index: 0, Last appended: 0.0, Last appended by leader: 0, Current term: 0, Majority size: -1, State: 0, Mode: NON_LEADER, active raft config: opid_index: -1 OBSOLETE_local: false peers { permanent_uuid: "fd0a572b41d145068a2b3937f1eba3de" member_type: VOTER last_known_addr { host: "127.28.67.66" port: 33725 } } peers { permanent_uuid: "a89fd0327caf4e0dafe9174e397ac9ba" member_type: VOTER last_known_addr { host: "127.28.67.65" port: 35235 } } peers { permanent_uuid: "53ace6d6548f458a91836bd6dd9ad67b" member_type: VOTER last_known_addr { host: "127.28.67.67" port: 35637 } }
I20260608 13:00:22.222296 32115 tablet_bootstrap.cc:492] T 112c69c2ba1d410d85ee15208e34d71a P 53ace6d6548f458a91836bd6dd9ad67b: No bootstrap required, opened a new log
I20260608 13:00:22.222793 32115 ts_tablet_manager.cc:1403] T 112c69c2ba1d410d85ee15208e34d71a P 53ace6d6548f458a91836bd6dd9ad67b: Time spent bootstrapping tablet: real 0.032s	user 0.019s	sys 0.011s
I20260608 13:00:22.223805 32114 ts_tablet_manager.cc:1434] T fa41f967f6234281a2b81ba2d6104501 P fd0a572b41d145068a2b3937f1eba3de: Time spent starting tablet: real 0.008s	user 0.008s	sys 0.000s
I20260608 13:00:22.225114 32114 tablet_bootstrap.cc:492] T 3558723c443245e294e2613c3e1f27a9 P fd0a572b41d145068a2b3937f1eba3de: Bootstrap starting.
I20260608 13:00:22.225927 32115 raft_consensus.cc:359] T 112c69c2ba1d410d85ee15208e34d71a P 53ace6d6548f458a91836bd6dd9ad67b [term 0 FOLLOWER]: Replica starting. Triggering 0 pending ops. Active config: opid_index: -1 OBSOLETE_local: false peers { permanent_uuid: "53ace6d6548f458a91836bd6dd9ad67b" member_type: VOTER last_known_addr { host: "127.28.67.67" port: 35637 } } peers { permanent_uuid: "a89fd0327caf4e0dafe9174e397ac9ba" member_type: VOTER last_known_addr { host: "127.28.67.65" port: 35235 } } peers { permanent_uuid: "fd0a572b41d145068a2b3937f1eba3de" member_type: VOTER last_known_addr { host: "127.28.67.66" port: 33725 } }
I20260608 13:00:22.227918 32115 raft_consensus.cc:385] T 112c69c2ba1d410d85ee15208e34d71a P 53ace6d6548f458a91836bd6dd9ad67b [term 0 FOLLOWER]: Consensus starting up: Expiring failure detector timer to make a prompt election more likely
I20260608 13:00:22.228224 32115 raft_consensus.cc:740] T 112c69c2ba1d410d85ee15208e34d71a P 53ace6d6548f458a91836bd6dd9ad67b [term 0 FOLLOWER]: Becoming Follower/Learner. State: Replica: 53ace6d6548f458a91836bd6dd9ad67b, State: Initialized, Role: FOLLOWER
I20260608 13:00:22.229110 32115 consensus_queue.cc:260] T 112c69c2ba1d410d85ee15208e34d71a P 53ace6d6548f458a91836bd6dd9ad67b [NON_LEADER]: Queue going to NON_LEADER mode. State: All replicated index: 0, Majority replicated index: 0, Committed index: 0, Last appended: 0.0, Last appended by leader: 0, Current term: 0, Majority size: -1, State: 0, Mode: NON_LEADER, active raft config: opid_index: -1 OBSOLETE_local: false peers { permanent_uuid: "53ace6d6548f458a91836bd6dd9ad67b" member_type: VOTER last_known_addr { host: "127.28.67.67" port: 35637 } } peers { permanent_uuid: "a89fd0327caf4e0dafe9174e397ac9ba" member_type: VOTER last_known_addr { host: "127.28.67.65" port: 35235 } } peers { permanent_uuid: "fd0a572b41d145068a2b3937f1eba3de" member_type: VOTER last_known_addr { host: "127.28.67.66" port: 33725 } }
I20260608 13:00:22.229593 32118 tablet_bootstrap.cc:492] T fa41f967f6234281a2b81ba2d6104501 P a89fd0327caf4e0dafe9174e397ac9ba: No bootstrap required, opened a new log
I20260608 13:00:22.230259 32118 ts_tablet_manager.cc:1403] T fa41f967f6234281a2b81ba2d6104501 P a89fd0327caf4e0dafe9174e397ac9ba: Time spent bootstrapping tablet: real 0.023s	user 0.010s	sys 0.009s
I20260608 13:00:22.231722 32115 ts_tablet_manager.cc:1434] T 112c69c2ba1d410d85ee15208e34d71a P 53ace6d6548f458a91836bd6dd9ad67b: Time spent starting tablet: real 0.009s	user 0.009s	sys 0.000s
I20260608 13:00:22.232754 32115 tablet_bootstrap.cc:492] T d9282449eb824228930a8077c7762458 P 53ace6d6548f458a91836bd6dd9ad67b: Bootstrap starting.
I20260608 13:00:22.233018 32114 tablet_bootstrap.cc:654] T 3558723c443245e294e2613c3e1f27a9 P fd0a572b41d145068a2b3937f1eba3de: Neither blocks nor log segments found. Creating new log.
I20260608 13:00:22.233381 32118 raft_consensus.cc:359] T fa41f967f6234281a2b81ba2d6104501 P a89fd0327caf4e0dafe9174e397ac9ba [term 0 FOLLOWER]: Replica starting. Triggering 0 pending ops. Active config: opid_index: -1 OBSOLETE_local: false peers { permanent_uuid: "fd0a572b41d145068a2b3937f1eba3de" member_type: VOTER last_known_addr { host: "127.28.67.66" port: 33725 } } peers { permanent_uuid: "a89fd0327caf4e0dafe9174e397ac9ba" member_type: VOTER last_known_addr { host: "127.28.67.65" port: 35235 } } peers { permanent_uuid: "53ace6d6548f458a91836bd6dd9ad67b" member_type: VOTER last_known_addr { host: "127.28.67.67" port: 35637 } }
I20260608 13:00:22.234126 32118 raft_consensus.cc:385] T fa41f967f6234281a2b81ba2d6104501 P a89fd0327caf4e0dafe9174e397ac9ba [term 0 FOLLOWER]: Consensus starting up: Expiring failure detector timer to make a prompt election more likely
I20260608 13:00:22.234434 32118 raft_consensus.cc:740] T fa41f967f6234281a2b81ba2d6104501 P a89fd0327caf4e0dafe9174e397ac9ba [term 0 FOLLOWER]: Becoming Follower/Learner. State: Replica: a89fd0327caf4e0dafe9174e397ac9ba, State: Initialized, Role: FOLLOWER
I20260608 13:00:22.235364 32118 consensus_queue.cc:260] T fa41f967f6234281a2b81ba2d6104501 P a89fd0327caf4e0dafe9174e397ac9ba [NON_LEADER]: Queue going to NON_LEADER mode. State: All replicated index: 0, Majority replicated index: 0, Committed index: 0, Last appended: 0.0, Last appended by leader: 0, Current term: 0, Majority size: -1, State: 0, Mode: NON_LEADER, active raft config: opid_index: -1 OBSOLETE_local: false peers { permanent_uuid: "fd0a572b41d145068a2b3937f1eba3de" member_type: VOTER last_known_addr { host: "127.28.67.66" port: 33725 } } peers { permanent_uuid: "a89fd0327caf4e0dafe9174e397ac9ba" member_type: VOTER last_known_addr { host: "127.28.67.65" port: 35235 } } peers { permanent_uuid: "53ace6d6548f458a91836bd6dd9ad67b" member_type: VOTER last_known_addr { host: "127.28.67.67" port: 35637 } }
I20260608 13:00:22.238216 32118 ts_tablet_manager.cc:1434] T fa41f967f6234281a2b81ba2d6104501 P a89fd0327caf4e0dafe9174e397ac9ba: Time spent starting tablet: real 0.008s	user 0.006s	sys 0.000s
I20260608 13:00:22.239570 32118 tablet_bootstrap.cc:492] T 3558723c443245e294e2613c3e1f27a9 P a89fd0327caf4e0dafe9174e397ac9ba: Bootstrap starting.
I20260608 13:00:22.240293 32115 tablet_bootstrap.cc:654] T d9282449eb824228930a8077c7762458 P 53ace6d6548f458a91836bd6dd9ad67b: Neither blocks nor log segments found. Creating new log.
I20260608 13:00:22.245579 32114 tablet_bootstrap.cc:492] T 3558723c443245e294e2613c3e1f27a9 P fd0a572b41d145068a2b3937f1eba3de: No bootstrap required, opened a new log
I20260608 13:00:22.246136 32114 ts_tablet_manager.cc:1403] T 3558723c443245e294e2613c3e1f27a9 P fd0a572b41d145068a2b3937f1eba3de: Time spent bootstrapping tablet: real 0.021s	user 0.012s	sys 0.005s
I20260608 13:00:22.249248 32114 raft_consensus.cc:359] T 3558723c443245e294e2613c3e1f27a9 P fd0a572b41d145068a2b3937f1eba3de [term 0 FOLLOWER]: Replica starting. Triggering 0 pending ops. Active config: opid_index: -1 OBSOLETE_local: false peers { permanent_uuid: "fd0a572b41d145068a2b3937f1eba3de" member_type: VOTER last_known_addr { host: "127.28.67.66" port: 33725 } } peers { permanent_uuid: "a89fd0327caf4e0dafe9174e397ac9ba" member_type: VOTER last_known_addr { host: "127.28.67.65" port: 35235 } } peers { permanent_uuid: "53ace6d6548f458a91836bd6dd9ad67b" member_type: VOTER last_known_addr { host: "127.28.67.67" port: 35637 } }
I20260608 13:00:22.249996 32114 raft_consensus.cc:385] T 3558723c443245e294e2613c3e1f27a9 P fd0a572b41d145068a2b3937f1eba3de [term 0 FOLLOWER]: Consensus starting up: Expiring failure detector timer to make a prompt election more likely
I20260608 13:00:22.250303 32114 raft_consensus.cc:740] T 3558723c443245e294e2613c3e1f27a9 P fd0a572b41d145068a2b3937f1eba3de [term 0 FOLLOWER]: Becoming Follower/Learner. State: Replica: fd0a572b41d145068a2b3937f1eba3de, State: Initialized, Role: FOLLOWER
I20260608 13:00:22.251319 32114 consensus_queue.cc:260] T 3558723c443245e294e2613c3e1f27a9 P fd0a572b41d145068a2b3937f1eba3de [NON_LEADER]: Queue going to NON_LEADER mode. State: All replicated index: 0, Majority replicated index: 0, Committed index: 0, Last appended: 0.0, Last appended by leader: 0, Current term: 0, Majority size: -1, State: 0, Mode: NON_LEADER, active raft config: opid_index: -1 OBSOLETE_local: false peers { permanent_uuid: "fd0a572b41d145068a2b3937f1eba3de" member_type: VOTER last_known_addr { host: "127.28.67.66" port: 33725 } } peers { permanent_uuid: "a89fd0327caf4e0dafe9174e397ac9ba" member_type: VOTER last_known_addr { host: "127.28.67.65" port: 35235 } } peers { permanent_uuid: "53ace6d6548f458a91836bd6dd9ad67b" member_type: VOTER last_known_addr { host: "127.28.67.67" port: 35637 } }
I20260608 13:00:22.253013 32118 tablet_bootstrap.cc:654] T 3558723c443245e294e2613c3e1f27a9 P a89fd0327caf4e0dafe9174e397ac9ba: Neither blocks nor log segments found. Creating new log.
I20260608 13:00:22.253856 32114 ts_tablet_manager.cc:1434] T 3558723c443245e294e2613c3e1f27a9 P fd0a572b41d145068a2b3937f1eba3de: Time spent starting tablet: real 0.007s	user 0.008s	sys 0.000s
I20260608 13:00:22.254715 32119 raft_consensus.cc:493] T 290853d6511d4e7c8013f614a0c88849 P 53ace6d6548f458a91836bd6dd9ad67b [term 0 FOLLOWER]: Starting pre-election (no leader contacted us within the election timeout)
I20260608 13:00:22.254988 32114 tablet_bootstrap.cc:492] T d9282449eb824228930a8077c7762458 P fd0a572b41d145068a2b3937f1eba3de: Bootstrap starting.
I20260608 13:00:22.255446 32119 raft_consensus.cc:515] T 290853d6511d4e7c8013f614a0c88849 P 53ace6d6548f458a91836bd6dd9ad67b [term 0 FOLLOWER]: Starting pre-election with config: opid_index: -1 OBSOLETE_local: false peers { permanent_uuid: "fd0a572b41d145068a2b3937f1eba3de" member_type: VOTER last_known_addr { host: "127.28.67.66" port: 33725 } } peers { permanent_uuid: "a89fd0327caf4e0dafe9174e397ac9ba" member_type: VOTER last_known_addr { host: "127.28.67.65" port: 35235 } } peers { permanent_uuid: "53ace6d6548f458a91836bd6dd9ad67b" member_type: VOTER last_known_addr { host: "127.28.67.67" port: 35637 } }
I20260608 13:00:22.264709 32114 tablet_bootstrap.cc:654] T d9282449eb824228930a8077c7762458 P fd0a572b41d145068a2b3937f1eba3de: Neither blocks nor log segments found. Creating new log.
I20260608 13:00:22.263242 32119 leader_election.cc:290] T 290853d6511d4e7c8013f614a0c88849 P 53ace6d6548f458a91836bd6dd9ad67b [CANDIDATE]: Term 1 pre-election: Requested pre-vote from peers fd0a572b41d145068a2b3937f1eba3de (127.28.67.66:33725), a89fd0327caf4e0dafe9174e397ac9ba (127.28.67.65:35235)
I20260608 13:00:22.270615 32118 tablet_bootstrap.cc:492] T 3558723c443245e294e2613c3e1f27a9 P a89fd0327caf4e0dafe9174e397ac9ba: No bootstrap required, opened a new log
I20260608 13:00:22.271147 32118 ts_tablet_manager.cc:1403] T 3558723c443245e294e2613c3e1f27a9 P a89fd0327caf4e0dafe9174e397ac9ba: Time spent bootstrapping tablet: real 0.032s	user 0.013s	sys 0.009s
I20260608 13:00:22.274317 32118 raft_consensus.cc:359] T 3558723c443245e294e2613c3e1f27a9 P a89fd0327caf4e0dafe9174e397ac9ba [term 0 FOLLOWER]: Replica starting. Triggering 0 pending ops. Active config: opid_index: -1 OBSOLETE_local: false peers { permanent_uuid: "fd0a572b41d145068a2b3937f1eba3de" member_type: VOTER last_known_addr { host: "127.28.67.66" port: 33725 } } peers { permanent_uuid: "a89fd0327caf4e0dafe9174e397ac9ba" member_type: VOTER last_known_addr { host: "127.28.67.65" port: 35235 } } peers { permanent_uuid: "53ace6d6548f458a91836bd6dd9ad67b" member_type: VOTER last_known_addr { host: "127.28.67.67" port: 35637 } }
I20260608 13:00:22.275069 32118 raft_consensus.cc:385] T 3558723c443245e294e2613c3e1f27a9 P a89fd0327caf4e0dafe9174e397ac9ba [term 0 FOLLOWER]: Consensus starting up: Expiring failure detector timer to make a prompt election more likely
I20260608 13:00:22.275379 32118 raft_consensus.cc:740] T 3558723c443245e294e2613c3e1f27a9 P a89fd0327caf4e0dafe9174e397ac9ba [term 0 FOLLOWER]: Becoming Follower/Learner. State: Replica: a89fd0327caf4e0dafe9174e397ac9ba, State: Initialized, Role: FOLLOWER
I20260608 13:00:22.277112 32114 tablet_bootstrap.cc:492] T d9282449eb824228930a8077c7762458 P fd0a572b41d145068a2b3937f1eba3de: No bootstrap required, opened a new log
I20260608 13:00:22.278538 32114 ts_tablet_manager.cc:1403] T d9282449eb824228930a8077c7762458 P fd0a572b41d145068a2b3937f1eba3de: Time spent bootstrapping tablet: real 0.024s	user 0.016s	sys 0.005s
I20260608 13:00:22.280131 32118 consensus_queue.cc:260] T 3558723c443245e294e2613c3e1f27a9 P a89fd0327caf4e0dafe9174e397ac9ba [NON_LEADER]: Queue going to NON_LEADER mode. State: All replicated index: 0, Majority replicated index: 0, Committed index: 0, Last appended: 0.0, Last appended by leader: 0, Current term: 0, Majority size: -1, State: 0, Mode: NON_LEADER, active raft config: opid_index: -1 OBSOLETE_local: false peers { permanent_uuid: "fd0a572b41d145068a2b3937f1eba3de" member_type: VOTER last_known_addr { host: "127.28.67.66" port: 33725 } } peers { permanent_uuid: "a89fd0327caf4e0dafe9174e397ac9ba" member_type: VOTER last_known_addr { host: "127.28.67.65" port: 35235 } } peers { permanent_uuid: "53ace6d6548f458a91836bd6dd9ad67b" member_type: VOTER last_known_addr { host: "127.28.67.67" port: 35637 } }
I20260608 13:00:22.281858 32114 raft_consensus.cc:359] T d9282449eb824228930a8077c7762458 P fd0a572b41d145068a2b3937f1eba3de [term 0 FOLLOWER]: Replica starting. Triggering 0 pending ops. Active config: opid_index: -1 OBSOLETE_local: false peers { permanent_uuid: "a89fd0327caf4e0dafe9174e397ac9ba" member_type: VOTER last_known_addr { host: "127.28.67.65" port: 35235 } } peers { permanent_uuid: "fd0a572b41d145068a2b3937f1eba3de" member_type: VOTER last_known_addr { host: "127.28.67.66" port: 33725 } } peers { permanent_uuid: "53ace6d6548f458a91836bd6dd9ad67b" member_type: VOTER last_known_addr { host: "127.28.67.67" port: 35637 } }
I20260608 13:00:22.282577 32114 raft_consensus.cc:385] T d9282449eb824228930a8077c7762458 P fd0a572b41d145068a2b3937f1eba3de [term 0 FOLLOWER]: Consensus starting up: Expiring failure detector timer to make a prompt election more likely
I20260608 13:00:22.282881 32114 raft_consensus.cc:740] T d9282449eb824228930a8077c7762458 P fd0a572b41d145068a2b3937f1eba3de [term 0 FOLLOWER]: Becoming Follower/Learner. State: Replica: fd0a572b41d145068a2b3937f1eba3de, State: Initialized, Role: FOLLOWER
I20260608 13:00:22.284437 32118 ts_tablet_manager.cc:1434] T 3558723c443245e294e2613c3e1f27a9 P a89fd0327caf4e0dafe9174e397ac9ba: Time spent starting tablet: real 0.013s	user 0.006s	sys 0.003s
I20260608 13:00:22.285604 32118 tablet_bootstrap.cc:492] T d9282449eb824228930a8077c7762458 P a89fd0327caf4e0dafe9174e397ac9ba: Bootstrap starting.
I20260608 13:00:22.286420 32114 consensus_queue.cc:260] T d9282449eb824228930a8077c7762458 P fd0a572b41d145068a2b3937f1eba3de [NON_LEADER]: Queue going to NON_LEADER mode. State: All replicated index: 0, Majority replicated index: 0, Committed index: 0, Last appended: 0.0, Last appended by leader: 0, Current term: 0, Majority size: -1, State: 0, Mode: NON_LEADER, active raft config: opid_index: -1 OBSOLETE_local: false peers { permanent_uuid: "a89fd0327caf4e0dafe9174e397ac9ba" member_type: VOTER last_known_addr { host: "127.28.67.65" port: 35235 } } peers { permanent_uuid: "fd0a572b41d145068a2b3937f1eba3de" member_type: VOTER last_known_addr { host: "127.28.67.66" port: 33725 } } peers { permanent_uuid: "53ace6d6548f458a91836bd6dd9ad67b" member_type: VOTER last_known_addr { host: "127.28.67.67" port: 35637 } }
I20260608 13:00:22.289090 32114 ts_tablet_manager.cc:1434] T d9282449eb824228930a8077c7762458 P fd0a572b41d145068a2b3937f1eba3de: Time spent starting tablet: real 0.010s	user 0.004s	sys 0.002s
I20260608 13:00:22.290092 32114 tablet_bootstrap.cc:492] T 290853d6511d4e7c8013f614a0c88849 P fd0a572b41d145068a2b3937f1eba3de: Bootstrap starting.
I20260608 13:00:22.296942 32114 tablet_bootstrap.cc:654] T 290853d6511d4e7c8013f614a0c88849 P fd0a572b41d145068a2b3937f1eba3de: Neither blocks nor log segments found. Creating new log.
I20260608 13:00:22.301043 32118 tablet_bootstrap.cc:654] T d9282449eb824228930a8077c7762458 P a89fd0327caf4e0dafe9174e397ac9ba: Neither blocks nor log segments found. Creating new log.
I20260608 13:00:22.305722 31995 tablet_service.cc:1917] Received RequestConsensusVote() RPC: tablet_id: "290853d6511d4e7c8013f614a0c88849" candidate_uuid: "53ace6d6548f458a91836bd6dd9ad67b" candidate_term: 1 candidate_status { last_received { term: 0 index: 0 } } ignore_live_leader: false dest_uuid: "fd0a572b41d145068a2b3937f1eba3de" is_pre_election: true
W20260608 13:00:22.308090 32033 leader_election.cc:343] T 290853d6511d4e7c8013f614a0c88849 P 53ace6d6548f458a91836bd6dd9ad67b [CANDIDATE]: Term 1 pre-election: Tablet error from VoteRequest() call to peer fd0a572b41d145068a2b3937f1eba3de (127.28.67.66:33725): Illegal state: must be running to vote when last-logged opid is not known
I20260608 13:00:22.308670 31920 tablet_service.cc:1917] Received RequestConsensusVote() RPC: tablet_id: "290853d6511d4e7c8013f614a0c88849" candidate_uuid: "53ace6d6548f458a91836bd6dd9ad67b" candidate_term: 1 candidate_status { last_received { term: 0 index: 0 } } ignore_live_leader: false dest_uuid: "a89fd0327caf4e0dafe9174e397ac9ba" is_pre_election: true
W20260608 13:00:22.310447 32035 leader_election.cc:343] T 290853d6511d4e7c8013f614a0c88849 P 53ace6d6548f458a91836bd6dd9ad67b [CANDIDATE]: Term 1 pre-election: Tablet error from VoteRequest() call to peer a89fd0327caf4e0dafe9174e397ac9ba (127.28.67.65:35235): Illegal state: must be running to vote when last-logged opid is not known
I20260608 13:00:22.311091 32035 leader_election.cc:304] T 290853d6511d4e7c8013f614a0c88849 P 53ace6d6548f458a91836bd6dd9ad67b [CANDIDATE]: Term 1 pre-election: Election decided. Result: candidate lost. Election summary: received 3 responses out of 3 voters: 1 yes votes; 2 no votes. yes voters: 53ace6d6548f458a91836bd6dd9ad67b; no voters: a89fd0327caf4e0dafe9174e397ac9ba, fd0a572b41d145068a2b3937f1eba3de
I20260608 13:00:22.312148 32115 tablet_bootstrap.cc:492] T d9282449eb824228930a8077c7762458 P 53ace6d6548f458a91836bd6dd9ad67b: No bootstrap required, opened a new log
I20260608 13:00:22.312677 32119 raft_consensus.cc:2749] T 290853d6511d4e7c8013f614a0c88849 P 53ace6d6548f458a91836bd6dd9ad67b [term 0 FOLLOWER]: Leader pre-election lost for term 1. Reason: could not achieve majority
I20260608 13:00:22.312911 32115 ts_tablet_manager.cc:1403] T d9282449eb824228930a8077c7762458 P 53ace6d6548f458a91836bd6dd9ad67b: Time spent bootstrapping tablet: real 0.080s	user 0.014s	sys 0.037s
I20260608 13:00:22.316591 32118 tablet_bootstrap.cc:492] T d9282449eb824228930a8077c7762458 P a89fd0327caf4e0dafe9174e397ac9ba: No bootstrap required, opened a new log
I20260608 13:00:22.316356 32115 raft_consensus.cc:359] T d9282449eb824228930a8077c7762458 P 53ace6d6548f458a91836bd6dd9ad67b [term 0 FOLLOWER]: Replica starting. Triggering 0 pending ops. Active config: opid_index: -1 OBSOLETE_local: false peers { permanent_uuid: "a89fd0327caf4e0dafe9174e397ac9ba" member_type: VOTER last_known_addr { host: "127.28.67.65" port: 35235 } } peers { permanent_uuid: "fd0a572b41d145068a2b3937f1eba3de" member_type: VOTER last_known_addr { host: "127.28.67.66" port: 33725 } } peers { permanent_uuid: "53ace6d6548f458a91836bd6dd9ad67b" member_type: VOTER last_known_addr { host: "127.28.67.67" port: 35637 } }
I20260608 13:00:22.317073 32115 raft_consensus.cc:385] T d9282449eb824228930a8077c7762458 P 53ace6d6548f458a91836bd6dd9ad67b [term 0 FOLLOWER]: Consensus starting up: Expiring failure detector timer to make a prompt election more likely
I20260608 13:00:22.317093 32118 ts_tablet_manager.cc:1403] T d9282449eb824228930a8077c7762458 P a89fd0327caf4e0dafe9174e397ac9ba: Time spent bootstrapping tablet: real 0.032s	user 0.012s	sys 0.005s
I20260608 13:00:22.317510 32114 tablet_bootstrap.cc:492] T 290853d6511d4e7c8013f614a0c88849 P fd0a572b41d145068a2b3937f1eba3de: No bootstrap required, opened a new log
I20260608 13:00:22.318009 32114 ts_tablet_manager.cc:1403] T 290853d6511d4e7c8013f614a0c88849 P fd0a572b41d145068a2b3937f1eba3de: Time spent bootstrapping tablet: real 0.028s	user 0.018s	sys 0.003s
I20260608 13:00:22.318765 32115 raft_consensus.cc:740] T d9282449eb824228930a8077c7762458 P 53ace6d6548f458a91836bd6dd9ad67b [term 0 FOLLOWER]: Becoming Follower/Learner. State: Replica: 53ace6d6548f458a91836bd6dd9ad67b, State: Initialized, Role: FOLLOWER
I20260608 13:00:22.319633 32115 consensus_queue.cc:260] T d9282449eb824228930a8077c7762458 P 53ace6d6548f458a91836bd6dd9ad67b [NON_LEADER]: Queue going to NON_LEADER mode. State: All replicated index: 0, Majority replicated index: 0, Committed index: 0, Last appended: 0.0, Last appended by leader: 0, Current term: 0, Majority size: -1, State: 0, Mode: NON_LEADER, active raft config: opid_index: -1 OBSOLETE_local: false peers { permanent_uuid: "a89fd0327caf4e0dafe9174e397ac9ba" member_type: VOTER last_known_addr { host: "127.28.67.65" port: 35235 } } peers { permanent_uuid: "fd0a572b41d145068a2b3937f1eba3de" member_type: VOTER last_known_addr { host: "127.28.67.66" port: 33725 } } peers { permanent_uuid: "53ace6d6548f458a91836bd6dd9ad67b" member_type: VOTER last_known_addr { host: "127.28.67.67" port: 35637 } }
I20260608 13:00:22.320485 32118 raft_consensus.cc:359] T d9282449eb824228930a8077c7762458 P a89fd0327caf4e0dafe9174e397ac9ba [term 0 FOLLOWER]: Replica starting. Triggering 0 pending ops. Active config: opid_index: -1 OBSOLETE_local: false peers { permanent_uuid: "a89fd0327caf4e0dafe9174e397ac9ba" member_type: VOTER last_known_addr { host: "127.28.67.65" port: 35235 } } peers { permanent_uuid: "fd0a572b41d145068a2b3937f1eba3de" member_type: VOTER last_known_addr { host: "127.28.67.66" port: 33725 } } peers { permanent_uuid: "53ace6d6548f458a91836bd6dd9ad67b" member_type: VOTER last_known_addr { host: "127.28.67.67" port: 35637 } }
I20260608 13:00:22.320648 32114 raft_consensus.cc:359] T 290853d6511d4e7c8013f614a0c88849 P fd0a572b41d145068a2b3937f1eba3de [term 0 FOLLOWER]: Replica starting. Triggering 0 pending ops. Active config: opid_index: -1 OBSOLETE_local: false peers { permanent_uuid: "fd0a572b41d145068a2b3937f1eba3de" member_type: VOTER last_known_addr { host: "127.28.67.66" port: 33725 } } peers { permanent_uuid: "a89fd0327caf4e0dafe9174e397ac9ba" member_type: VOTER last_known_addr { host: "127.28.67.65" port: 35235 } } peers { permanent_uuid: "53ace6d6548f458a91836bd6dd9ad67b" member_type: VOTER last_known_addr { host: "127.28.67.67" port: 35637 } }
I20260608 13:00:22.321277 32118 raft_consensus.cc:385] T d9282449eb824228930a8077c7762458 P a89fd0327caf4e0dafe9174e397ac9ba [term 0 FOLLOWER]: Consensus starting up: Expiring failure detector timer to make a prompt election more likely
I20260608 13:00:22.321403 32114 raft_consensus.cc:385] T 290853d6511d4e7c8013f614a0c88849 P fd0a572b41d145068a2b3937f1eba3de [term 0 FOLLOWER]: Consensus starting up: Expiring failure detector timer to make a prompt election more likely
I20260608 13:00:22.321682 32118 raft_consensus.cc:740] T d9282449eb824228930a8077c7762458 P a89fd0327caf4e0dafe9174e397ac9ba [term 0 FOLLOWER]: Becoming Follower/Learner. State: Replica: a89fd0327caf4e0dafe9174e397ac9ba, State: Initialized, Role: FOLLOWER
I20260608 13:00:22.321907 32115 ts_tablet_manager.cc:1434] T d9282449eb824228930a8077c7762458 P 53ace6d6548f458a91836bd6dd9ad67b: Time spent starting tablet: real 0.008s	user 0.005s	sys 0.000s
I20260608 13:00:22.323030 32115 tablet_bootstrap.cc:492] T 3558723c443245e294e2613c3e1f27a9 P 53ace6d6548f458a91836bd6dd9ad67b: Bootstrap starting.
I20260608 13:00:22.322583 32118 consensus_queue.cc:260] T d9282449eb824228930a8077c7762458 P a89fd0327caf4e0dafe9174e397ac9ba [NON_LEADER]: Queue going to NON_LEADER mode. State: All replicated index: 0, Majority replicated index: 0, Committed index: 0, Last appended: 0.0, Last appended by leader: 0, Current term: 0, Majority size: -1, State: 0, Mode: NON_LEADER, active raft config: opid_index: -1 OBSOLETE_local: false peers { permanent_uuid: "a89fd0327caf4e0dafe9174e397ac9ba" member_type: VOTER last_known_addr { host: "127.28.67.65" port: 35235 } } peers { permanent_uuid: "fd0a572b41d145068a2b3937f1eba3de" member_type: VOTER last_known_addr { host: "127.28.67.66" port: 33725 } } peers { permanent_uuid: "53ace6d6548f458a91836bd6dd9ad67b" member_type: VOTER last_known_addr { host: "127.28.67.67" port: 35637 } }
I20260608 13:00:22.325089 32118 ts_tablet_manager.cc:1434] T d9282449eb824228930a8077c7762458 P a89fd0327caf4e0dafe9174e397ac9ba: Time spent starting tablet: real 0.007s	user 0.006s	sys 0.000s
I20260608 13:00:22.321807 32114 raft_consensus.cc:740] T 290853d6511d4e7c8013f614a0c88849 P fd0a572b41d145068a2b3937f1eba3de [term 0 FOLLOWER]: Becoming Follower/Learner. State: Replica: fd0a572b41d145068a2b3937f1eba3de, State: Initialized, Role: FOLLOWER
I20260608 13:00:22.327720 32118 tablet_bootstrap.cc:492] T 9341e687824d4417aa6b73e546b669a9 P a89fd0327caf4e0dafe9174e397ac9ba: Bootstrap starting.
I20260608 13:00:22.328467 32114 consensus_queue.cc:260] T 290853d6511d4e7c8013f614a0c88849 P fd0a572b41d145068a2b3937f1eba3de [NON_LEADER]: Queue going to NON_LEADER mode. State: All replicated index: 0, Majority replicated index: 0, Committed index: 0, Last appended: 0.0, Last appended by leader: 0, Current term: 0, Majority size: -1, State: 0, Mode: NON_LEADER, active raft config: opid_index: -1 OBSOLETE_local: false peers { permanent_uuid: "fd0a572b41d145068a2b3937f1eba3de" member_type: VOTER last_known_addr { host: "127.28.67.66" port: 33725 } } peers { permanent_uuid: "a89fd0327caf4e0dafe9174e397ac9ba" member_type: VOTER last_known_addr { host: "127.28.67.65" port: 35235 } } peers { permanent_uuid: "53ace6d6548f458a91836bd6dd9ad67b" member_type: VOTER last_known_addr { host: "127.28.67.67" port: 35637 } }
I20260608 13:00:22.330916 32114 ts_tablet_manager.cc:1434] T 290853d6511d4e7c8013f614a0c88849 P fd0a572b41d145068a2b3937f1eba3de: Time spent starting tablet: real 0.013s	user 0.007s	sys 0.001s
I20260608 13:00:22.331981 32114 tablet_bootstrap.cc:492] T 0928146204e34cc68c4d109c8946075e P fd0a572b41d145068a2b3937f1eba3de: Bootstrap starting.
I20260608 13:00:22.336526 32118 tablet_bootstrap.cc:654] T 9341e687824d4417aa6b73e546b669a9 P a89fd0327caf4e0dafe9174e397ac9ba: Neither blocks nor log segments found. Creating new log.
I20260608 13:00:22.342032 32115 tablet_bootstrap.cc:654] T 3558723c443245e294e2613c3e1f27a9 P 53ace6d6548f458a91836bd6dd9ad67b: Neither blocks nor log segments found. Creating new log.
I20260608 13:00:22.338763 32114 tablet_bootstrap.cc:654] T 0928146204e34cc68c4d109c8946075e P fd0a572b41d145068a2b3937f1eba3de: Neither blocks nor log segments found. Creating new log.
I20260608 13:00:22.345623 32123 raft_consensus.cc:493] T 112c69c2ba1d410d85ee15208e34d71a P a89fd0327caf4e0dafe9174e397ac9ba [term 0 FOLLOWER]: Starting pre-election (no leader contacted us within the election timeout)
I20260608 13:00:22.346205 32123 raft_consensus.cc:515] T 112c69c2ba1d410d85ee15208e34d71a P a89fd0327caf4e0dafe9174e397ac9ba [term 0 FOLLOWER]: Starting pre-election with config: opid_index: -1 OBSOLETE_local: false peers { permanent_uuid: "53ace6d6548f458a91836bd6dd9ad67b" member_type: VOTER last_known_addr { host: "127.28.67.67" port: 35637 } } peers { permanent_uuid: "a89fd0327caf4e0dafe9174e397ac9ba" member_type: VOTER last_known_addr { host: "127.28.67.65" port: 35235 } } peers { permanent_uuid: "fd0a572b41d145068a2b3937f1eba3de" member_type: VOTER last_known_addr { host: "127.28.67.66" port: 33725 } }
I20260608 13:00:22.349509 32118 tablet_bootstrap.cc:492] T 9341e687824d4417aa6b73e546b669a9 P a89fd0327caf4e0dafe9174e397ac9ba: No bootstrap required, opened a new log
I20260608 13:00:22.350205 32118 ts_tablet_manager.cc:1403] T 9341e687824d4417aa6b73e546b669a9 P a89fd0327caf4e0dafe9174e397ac9ba: Time spent bootstrapping tablet: real 0.023s	user 0.007s	sys 0.011s
I20260608 13:00:22.353597 32123 leader_election.cc:290] T 112c69c2ba1d410d85ee15208e34d71a P a89fd0327caf4e0dafe9174e397ac9ba [CANDIDATE]: Term 1 pre-election: Requested pre-vote from peers 53ace6d6548f458a91836bd6dd9ad67b (127.28.67.67:35637), fd0a572b41d145068a2b3937f1eba3de (127.28.67.66:33725)
I20260608 13:00:22.365366 32121 raft_consensus.cc:493] T d9282449eb824228930a8077c7762458 P fd0a572b41d145068a2b3937f1eba3de [term 0 FOLLOWER]: Starting pre-election (no leader contacted us within the election timeout)
I20260608 13:00:22.366129 32121 raft_consensus.cc:515] T d9282449eb824228930a8077c7762458 P fd0a572b41d145068a2b3937f1eba3de [term 0 FOLLOWER]: Starting pre-election with config: opid_index: -1 OBSOLETE_local: false peers { permanent_uuid: "a89fd0327caf4e0dafe9174e397ac9ba" member_type: VOTER last_known_addr { host: "127.28.67.65" port: 35235 } } peers { permanent_uuid: "fd0a572b41d145068a2b3937f1eba3de" member_type: VOTER last_known_addr { host: "127.28.67.66" port: 33725 } } peers { permanent_uuid: "53ace6d6548f458a91836bd6dd9ad67b" member_type: VOTER last_known_addr { host: "127.28.67.67" port: 35637 } }
I20260608 13:00:22.388640 32121 leader_election.cc:290] T d9282449eb824228930a8077c7762458 P fd0a572b41d145068a2b3937f1eba3de [CANDIDATE]: Term 1 pre-election: Requested pre-vote from peers a89fd0327caf4e0dafe9174e397ac9ba (127.28.67.65:35235), 53ace6d6548f458a91836bd6dd9ad67b (127.28.67.67:35637)
I20260608 13:00:22.392189 32121 raft_consensus.cc:493] T 3558723c443245e294e2613c3e1f27a9 P fd0a572b41d145068a2b3937f1eba3de [term 0 FOLLOWER]: Starting pre-election (no leader contacted us within the election timeout)
I20260608 13:00:22.393000 32121 raft_consensus.cc:515] T 3558723c443245e294e2613c3e1f27a9 P fd0a572b41d145068a2b3937f1eba3de [term 0 FOLLOWER]: Starting pre-election with config: opid_index: -1 OBSOLETE_local: false peers { permanent_uuid: "fd0a572b41d145068a2b3937f1eba3de" member_type: VOTER last_known_addr { host: "127.28.67.66" port: 33725 } } peers { permanent_uuid: "a89fd0327caf4e0dafe9174e397ac9ba" member_type: VOTER last_known_addr { host: "127.28.67.65" port: 35235 } } peers { permanent_uuid: "53ace6d6548f458a91836bd6dd9ad67b" member_type: VOTER last_known_addr { host: "127.28.67.67" port: 35637 } }
I20260608 13:00:22.398792 32123 raft_consensus.cc:493] T 3558723c443245e294e2613c3e1f27a9 P a89fd0327caf4e0dafe9174e397ac9ba [term 0 FOLLOWER]: Starting pre-election (no leader contacted us within the election timeout)
I20260608 13:00:22.399461 32123 raft_consensus.cc:515] T 3558723c443245e294e2613c3e1f27a9 P a89fd0327caf4e0dafe9174e397ac9ba [term 0 FOLLOWER]: Starting pre-election with config: opid_index: -1 OBSOLETE_local: false peers { permanent_uuid: "fd0a572b41d145068a2b3937f1eba3de" member_type: VOTER last_known_addr { host: "127.28.67.66" port: 33725 } } peers { permanent_uuid: "a89fd0327caf4e0dafe9174e397ac9ba" member_type: VOTER last_known_addr { host: "127.28.67.65" port: 35235 } } peers { permanent_uuid: "53ace6d6548f458a91836bd6dd9ad67b" member_type: VOTER last_known_addr { host: "127.28.67.67" port: 35637 } }
I20260608 13:00:22.364723 32118 raft_consensus.cc:359] T 9341e687824d4417aa6b73e546b669a9 P a89fd0327caf4e0dafe9174e397ac9ba [term 0 FOLLOWER]: Replica starting. Triggering 0 pending ops. Active config: opid_index: -1 OBSOLETE_local: false peers { permanent_uuid: "fd0a572b41d145068a2b3937f1eba3de" member_type: VOTER last_known_addr { host: "127.28.67.66" port: 33725 } } peers { permanent_uuid: "a89fd0327caf4e0dafe9174e397ac9ba" member_type: VOTER last_known_addr { host: "127.28.67.65" port: 35235 } } peers { permanent_uuid: "53ace6d6548f458a91836bd6dd9ad67b" member_type: VOTER last_known_addr { host: "127.28.67.67" port: 35637 } }
I20260608 13:00:22.401120 32118 raft_consensus.cc:385] T 9341e687824d4417aa6b73e546b669a9 P a89fd0327caf4e0dafe9174e397ac9ba [term 0 FOLLOWER]: Consensus starting up: Expiring failure detector timer to make a prompt election more likely
I20260608 13:00:22.401549 32118 raft_consensus.cc:740] T 9341e687824d4417aa6b73e546b669a9 P a89fd0327caf4e0dafe9174e397ac9ba [term 0 FOLLOWER]: Becoming Follower/Learner. State: Replica: a89fd0327caf4e0dafe9174e397ac9ba, State: Initialized, Role: FOLLOWER
I20260608 13:00:22.402230 32123 leader_election.cc:290] T 3558723c443245e294e2613c3e1f27a9 P a89fd0327caf4e0dafe9174e397ac9ba [CANDIDATE]: Term 1 pre-election: Requested pre-vote from peers fd0a572b41d145068a2b3937f1eba3de (127.28.67.66:33725), 53ace6d6548f458a91836bd6dd9ad67b (127.28.67.67:35637)
I20260608 13:00:22.402547 32118 consensus_queue.cc:260] T 9341e687824d4417aa6b73e546b669a9 P a89fd0327caf4e0dafe9174e397ac9ba [NON_LEADER]: Queue going to NON_LEADER mode. State: All replicated index: 0, Majority replicated index: 0, Committed index: 0, Last appended: 0.0, Last appended by leader: 0, Current term: 0, Majority size: -1, State: 0, Mode: NON_LEADER, active raft config: opid_index: -1 OBSOLETE_local: false peers { permanent_uuid: "fd0a572b41d145068a2b3937f1eba3de" member_type: VOTER last_known_addr { host: "127.28.67.66" port: 33725 } } peers { permanent_uuid: "a89fd0327caf4e0dafe9174e397ac9ba" member_type: VOTER last_known_addr { host: "127.28.67.65" port: 35235 } } peers { permanent_uuid: "53ace6d6548f458a91836bd6dd9ad67b" member_type: VOTER last_known_addr { host: "127.28.67.67" port: 35637 } }
I20260608 13:00:22.408784 32121 leader_election.cc:290] T 3558723c443245e294e2613c3e1f27a9 P fd0a572b41d145068a2b3937f1eba3de [CANDIDATE]: Term 1 pre-election: Requested pre-vote from peers a89fd0327caf4e0dafe9174e397ac9ba (127.28.67.65:35235), 53ace6d6548f458a91836bd6dd9ad67b (127.28.67.67:35637)
I20260608 13:00:22.417608 32114 tablet_bootstrap.cc:492] T 0928146204e34cc68c4d109c8946075e P fd0a572b41d145068a2b3937f1eba3de: No bootstrap required, opened a new log
I20260608 13:00:22.419152 32114 ts_tablet_manager.cc:1403] T 0928146204e34cc68c4d109c8946075e P fd0a572b41d145068a2b3937f1eba3de: Time spent bootstrapping tablet: real 0.087s	user 0.027s	sys 0.003s
I20260608 13:00:22.419780 32118 ts_tablet_manager.cc:1434] T 9341e687824d4417aa6b73e546b669a9 P a89fd0327caf4e0dafe9174e397ac9ba: Time spent starting tablet: real 0.069s	user 0.012s	sys 0.000s
I20260608 13:00:22.421393 32118 tablet_bootstrap.cc:492] T 0de5718ddc344cdb9ab81fa78ddb9e65 P a89fd0327caf4e0dafe9174e397ac9ba: Bootstrap starting.
I20260608 13:00:22.424106 32115 tablet_bootstrap.cc:492] T 3558723c443245e294e2613c3e1f27a9 P 53ace6d6548f458a91836bd6dd9ad67b: No bootstrap required, opened a new log
I20260608 13:00:22.424621 32115 ts_tablet_manager.cc:1403] T 3558723c443245e294e2613c3e1f27a9 P 53ace6d6548f458a91836bd6dd9ad67b: Time spent bootstrapping tablet: real 0.102s	user 0.035s	sys 0.045s
I20260608 13:00:22.429895 32114 raft_consensus.cc:359] T 0928146204e34cc68c4d109c8946075e P fd0a572b41d145068a2b3937f1eba3de [term 0 FOLLOWER]: Replica starting. Triggering 0 pending ops. Active config: opid_index: -1 OBSOLETE_local: false peers { permanent_uuid: "a89fd0327caf4e0dafe9174e397ac9ba" member_type: VOTER last_known_addr { host: "127.28.67.65" port: 35235 } } peers { permanent_uuid: "fd0a572b41d145068a2b3937f1eba3de" member_type: VOTER last_known_addr { host: "127.28.67.66" port: 33725 } } peers { permanent_uuid: "53ace6d6548f458a91836bd6dd9ad67b" member_type: VOTER last_known_addr { host: "127.28.67.67" port: 35637 } }
I20260608 13:00:22.432950 32115 raft_consensus.cc:359] T 3558723c443245e294e2613c3e1f27a9 P 53ace6d6548f458a91836bd6dd9ad67b [term 0 FOLLOWER]: Replica starting. Triggering 0 pending ops. Active config: opid_index: -1 OBSOLETE_local: false peers { permanent_uuid: "fd0a572b41d145068a2b3937f1eba3de" member_type: VOTER last_known_addr { host: "127.28.67.66" port: 33725 } } peers { permanent_uuid: "a89fd0327caf4e0dafe9174e397ac9ba" member_type: VOTER last_known_addr { host: "127.28.67.65" port: 35235 } } peers { permanent_uuid: "53ace6d6548f458a91836bd6dd9ad67b" member_type: VOTER last_known_addr { host: "127.28.67.67" port: 35637 } }
I20260608 13:00:22.433738 32115 raft_consensus.cc:385] T 3558723c443245e294e2613c3e1f27a9 P 53ace6d6548f458a91836bd6dd9ad67b [term 0 FOLLOWER]: Consensus starting up: Expiring failure detector timer to make a prompt election more likely
I20260608 13:00:22.434039 32115 raft_consensus.cc:740] T 3558723c443245e294e2613c3e1f27a9 P 53ace6d6548f458a91836bd6dd9ad67b [term 0 FOLLOWER]: Becoming Follower/Learner. State: Replica: 53ace6d6548f458a91836bd6dd9ad67b, State: Initialized, Role: FOLLOWER
I20260608 13:00:22.434849 32115 consensus_queue.cc:260] T 3558723c443245e294e2613c3e1f27a9 P 53ace6d6548f458a91836bd6dd9ad67b [NON_LEADER]: Queue going to NON_LEADER mode. State: All replicated index: 0, Majority replicated index: 0, Committed index: 0, Last appended: 0.0, Last appended by leader: 0, Current term: 0, Majority size: -1, State: 0, Mode: NON_LEADER, active raft config: opid_index: -1 OBSOLETE_local: false peers { permanent_uuid: "fd0a572b41d145068a2b3937f1eba3de" member_type: VOTER last_known_addr { host: "127.28.67.66" port: 33725 } } peers { permanent_uuid: "a89fd0327caf4e0dafe9174e397ac9ba" member_type: VOTER last_known_addr { host: "127.28.67.65" port: 35235 } } peers { permanent_uuid: "53ace6d6548f458a91836bd6dd9ad67b" member_type: VOTER last_known_addr { host: "127.28.67.67" port: 35637 } }
I20260608 13:00:22.437180 32115 ts_tablet_manager.cc:1434] T 3558723c443245e294e2613c3e1f27a9 P 53ace6d6548f458a91836bd6dd9ad67b: Time spent starting tablet: real 0.012s	user 0.007s	sys 0.000s
I20260608 13:00:22.438217 32115 tablet_bootstrap.cc:492] T 9341e687824d4417aa6b73e546b669a9 P 53ace6d6548f458a91836bd6dd9ad67b: Bootstrap starting.
I20260608 13:00:22.438138 31995 tablet_service.cc:1917] Received RequestConsensusVote() RPC: tablet_id: "112c69c2ba1d410d85ee15208e34d71a" candidate_uuid: "a89fd0327caf4e0dafe9174e397ac9ba" candidate_term: 1 candidate_status { last_received { term: 0 index: 0 } } ignore_live_leader: false dest_uuid: "fd0a572b41d145068a2b3937f1eba3de" is_pre_election: true
