I20260608 13:00:56.409214  1524 raft_consensus.cc:359] T b8b8f1cb633e4aaf86aa0d42e56c6316 P 77092dcb1da3466db05c0bb2f2215bd5 [term 0 FOLLOWER]: Replica starting. Triggering 0 pending ops. Active config: opid_index: -1 OBSOLETE_local: false peers { permanent_uuid: "77092dcb1da3466db05c0bb2f2215bd5" member_type: VOTER last_known_addr { host: "127.28.172.129" port: 44867 } } peers { permanent_uuid: "1080c6fc2ac24eef832e4c2913e85b3f" member_type: VOTER last_known_addr { host: "127.28.172.130" port: 34737 } } peers { permanent_uuid: "819e412d81804a9ab6e84d73db80d98f" member_type: VOTER last_known_addr { host: "127.28.172.131" port: 38303 } }
I20260608 13:00:56.416453  1524 raft_consensus.cc:385] T b8b8f1cb633e4aaf86aa0d42e56c6316 P 77092dcb1da3466db05c0bb2f2215bd5 [term 0 FOLLOWER]: Consensus starting up: Expiring failure detector timer to make a prompt election more likely
I20260608 13:00:56.416733  1524 raft_consensus.cc:740] T b8b8f1cb633e4aaf86aa0d42e56c6316 P 77092dcb1da3466db05c0bb2f2215bd5 [term 0 FOLLOWER]: Becoming Follower/Learner. State: Replica: 77092dcb1da3466db05c0bb2f2215bd5, State: Initialized, Role: FOLLOWER
I20260608 13:00:56.417618  1524 consensus_queue.cc:260] T b8b8f1cb633e4aaf86aa0d42e56c6316 P 77092dcb1da3466db05c0bb2f2215bd5 [NON_LEADER]: Queue going to NON_LEADER mode. State: All replicated index: 0, Majority replicated index: 0, Committed index: 0, Last appended: 0.0, Last appended by leader: 0, Current term: 0, Majority size: -1, State: 0, Mode: NON_LEADER, active raft config: opid_index: -1 OBSOLETE_local: false peers { permanent_uuid: "77092dcb1da3466db05c0bb2f2215bd5" member_type: VOTER last_known_addr { host: "127.28.172.129" port: 44867 } } peers { permanent_uuid: "1080c6fc2ac24eef832e4c2913e85b3f" member_type: VOTER last_known_addr { host: "127.28.172.130" port: 34737 } } peers { permanent_uuid: "819e412d81804a9ab6e84d73db80d98f" member_type: VOTER last_known_addr { host: "127.28.172.131" port: 38303 } }
W20260608 13:00:56.421336  1292 consensus_peers.cc:597] T 8792fa587ee54b1985d3e59947559f86 P 77092dcb1da3466db05c0bb2f2215bd5 -> Peer 1080c6fc2ac24eef832e4c2913e85b3f (127.28.172.130:34737): Couldn't send request to peer 1080c6fc2ac24eef832e4c2913e85b3f. Error code: TABLET_NOT_RUNNING (12). Status: Illegal state: Tablet not RUNNING: INITIALIZED. This is attempt 1: this message will repeat every 5th retry.
I20260608 13:00:56.423893  1524 ts_tablet_manager.cc:1434] T b8b8f1cb633e4aaf86aa0d42e56c6316 P 77092dcb1da3466db05c0bb2f2215bd5: Time spent starting tablet: real 0.017s	user 0.007s	sys 0.002s
I20260608 13:00:56.424937  1524 tablet_bootstrap.cc:492] T 715425e91f0a445085f45576be68202d P 77092dcb1da3466db05c0bb2f2215bd5: Bootstrap starting.
I20260608 13:00:56.425724  1546 raft_consensus.cc:493] T d8afa73e6224449798a221f0148bc83d P 77092dcb1da3466db05c0bb2f2215bd5 [term 0 FOLLOWER]: Starting pre-election (no leader contacted us within the election timeout)
I20260608 13:00:56.426240  1546 raft_consensus.cc:515] T d8afa73e6224449798a221f0148bc83d P 77092dcb1da3466db05c0bb2f2215bd5 [term 0 FOLLOWER]: Starting pre-election with config: opid_index: -1 OBSOLETE_local: false peers { permanent_uuid: "77092dcb1da3466db05c0bb2f2215bd5" member_type: VOTER last_known_addr { host: "127.28.172.129" port: 44867 } } peers { permanent_uuid: "1080c6fc2ac24eef832e4c2913e85b3f" member_type: VOTER last_known_addr { host: "127.28.172.130" port: 34737 } } peers { permanent_uuid: "819e412d81804a9ab6e84d73db80d98f" member_type: VOTER last_known_addr { host: "127.28.172.131" port: 38303 } }
I20260608 13:00:56.428520  1546 leader_election.cc:290] T d8afa73e6224449798a221f0148bc83d P 77092dcb1da3466db05c0bb2f2215bd5 [CANDIDATE]: Term 1 pre-election: Requested pre-vote from peers 1080c6fc2ac24eef832e4c2913e85b3f (127.28.172.130:34737), 819e412d81804a9ab6e84d73db80d98f (127.28.172.131:38303)
I20260608 13:00:56.430111  1404 tablet_service.cc:1917] Received RequestConsensusVote() RPC: tablet_id: "d8afa73e6224449798a221f0148bc83d" candidate_uuid: "77092dcb1da3466db05c0bb2f2215bd5" candidate_term: 1 candidate_status { last_received { term: 0 index: 0 } } ignore_live_leader: false dest_uuid: "1080c6fc2ac24eef832e4c2913e85b3f" is_pre_election: true
I20260608 13:00:56.430819  1476 tablet_service.cc:1917] Received RequestConsensusVote() RPC: tablet_id: "d8afa73e6224449798a221f0148bc83d" candidate_uuid: "77092dcb1da3466db05c0bb2f2215bd5" candidate_term: 1 candidate_status { last_received { term: 0 index: 0 } } ignore_live_leader: false dest_uuid: "819e412d81804a9ab6e84d73db80d98f" is_pre_election: true
W20260608 13:00:56.431737  1292 leader_election.cc:343] T d8afa73e6224449798a221f0148bc83d P 77092dcb1da3466db05c0bb2f2215bd5 [CANDIDATE]: Term 1 pre-election: Tablet error from VoteRequest() call to peer 1080c6fc2ac24eef832e4c2913e85b3f (127.28.172.130:34737): Illegal state: must be running to vote when last-logged opid is not known
W20260608 13:00:56.432243  1295 leader_election.cc:343] T d8afa73e6224449798a221f0148bc83d P 77092dcb1da3466db05c0bb2f2215bd5 [CANDIDATE]: Term 1 pre-election: Tablet error from VoteRequest() call to peer 819e412d81804a9ab6e84d73db80d98f (127.28.172.131:38303): Illegal state: must be running to vote when last-logged opid is not known
I20260608 13:00:56.432703  1295 leader_election.cc:304] T d8afa73e6224449798a221f0148bc83d P 77092dcb1da3466db05c0bb2f2215bd5 [CANDIDATE]: Term 1 pre-election: Election decided. Result: candidate lost. Election summary: received 3 responses out of 3 voters: 1 yes votes; 2 no votes. yes voters: 77092dcb1da3466db05c0bb2f2215bd5; no voters: 1080c6fc2ac24eef832e4c2913e85b3f, 819e412d81804a9ab6e84d73db80d98f
I20260608 13:00:56.433888  1546 raft_consensus.cc:2749] T d8afa73e6224449798a221f0148bc83d P 77092dcb1da3466db05c0bb2f2215bd5 [term 0 FOLLOWER]: Leader pre-election lost for term 1. Reason: could not achieve majority
I20260608 13:00:56.432700  1523 raft_consensus.cc:359] T d8afa73e6224449798a221f0148bc83d P 1080c6fc2ac24eef832e4c2913e85b3f [term 0 FOLLOWER]: Replica starting. Triggering 0 pending ops. Active config: opid_index: -1 OBSOLETE_local: false peers { permanent_uuid: "77092dcb1da3466db05c0bb2f2215bd5" member_type: VOTER last_known_addr { host: "127.28.172.129" port: 44867 } } peers { permanent_uuid: "1080c6fc2ac24eef832e4c2913e85b3f" member_type: VOTER last_known_addr { host: "127.28.172.130" port: 34737 } } peers { permanent_uuid: "819e412d81804a9ab6e84d73db80d98f" member_type: VOTER last_known_addr { host: "127.28.172.131" port: 38303 } }
I20260608 13:00:56.435364  1523 raft_consensus.cc:385] T d8afa73e6224449798a221f0148bc83d P 1080c6fc2ac24eef832e4c2913e85b3f [term 0 FOLLOWER]: Consensus starting up: Expiring failure detector timer to make a prompt election more likely
I20260608 13:00:56.435746  1523 raft_consensus.cc:740] T d8afa73e6224449798a221f0148bc83d P 1080c6fc2ac24eef832e4c2913e85b3f [term 0 FOLLOWER]: Becoming Follower/Learner. State: Replica: 1080c6fc2ac24eef832e4c2913e85b3f, State: Initialized, Role: FOLLOWER
I20260608 13:00:56.441895  1523 consensus_queue.cc:260] T d8afa73e6224449798a221f0148bc83d P 1080c6fc2ac24eef832e4c2913e85b3f [NON_LEADER]: Queue going to NON_LEADER mode. State: All replicated index: 0, Majority replicated index: 0, Committed index: 0, Last appended: 0.0, Last appended by leader: 0, Current term: 0, Majority size: -1, State: 0, Mode: NON_LEADER, active raft config: opid_index: -1 OBSOLETE_local: false peers { permanent_uuid: "77092dcb1da3466db05c0bb2f2215bd5" member_type: VOTER last_known_addr { host: "127.28.172.129" port: 44867 } } peers { permanent_uuid: "1080c6fc2ac24eef832e4c2913e85b3f" member_type: VOTER last_known_addr { host: "127.28.172.130" port: 34737 } } peers { permanent_uuid: "819e412d81804a9ab6e84d73db80d98f" member_type: VOTER last_known_addr { host: "127.28.172.131" port: 38303 } }
I20260608 13:00:56.444357  1523 ts_tablet_manager.cc:1434] T d8afa73e6224449798a221f0148bc83d P 1080c6fc2ac24eef832e4c2913e85b3f: Time spent starting tablet: real 0.035s	user 0.006s	sys 0.000s
I20260608 13:00:56.439260  1524 tablet_bootstrap.cc:654] T 715425e91f0a445085f45576be68202d P 77092dcb1da3466db05c0bb2f2215bd5: Neither blocks nor log segments found. Creating new log.
I20260608 13:00:56.441072  1525 tablet_bootstrap.cc:654] T d8afa73e6224449798a221f0148bc83d P 819e412d81804a9ab6e84d73db80d98f: Neither blocks nor log segments found. Creating new log.
I20260608 13:00:56.448393  1523 tablet_bootstrap.cc:492] T b8b8f1cb633e4aaf86aa0d42e56c6316 P 1080c6fc2ac24eef832e4c2913e85b3f: Bootstrap starting.
I20260608 13:00:56.451514  1524 tablet_bootstrap.cc:492] T 715425e91f0a445085f45576be68202d P 77092dcb1da3466db05c0bb2f2215bd5: No bootstrap required, opened a new log
I20260608 13:00:56.452710  1524 ts_tablet_manager.cc:1403] T 715425e91f0a445085f45576be68202d P 77092dcb1da3466db05c0bb2f2215bd5: Time spent bootstrapping tablet: real 0.028s	user 0.004s	sys 0.007s
I20260608 13:00:56.455494  1523 tablet_bootstrap.cc:654] T b8b8f1cb633e4aaf86aa0d42e56c6316 P 1080c6fc2ac24eef832e4c2913e85b3f: Neither blocks nor log segments found. Creating new log.
I20260608 13:00:56.455549  1524 raft_consensus.cc:359] T 715425e91f0a445085f45576be68202d P 77092dcb1da3466db05c0bb2f2215bd5 [term 0 FOLLOWER]: Replica starting. Triggering 0 pending ops. Active config: opid_index: -1 OBSOLETE_local: false peers { permanent_uuid: "77092dcb1da3466db05c0bb2f2215bd5" member_type: VOTER last_known_addr { host: "127.28.172.129" port: 44867 } } peers { permanent_uuid: "1080c6fc2ac24eef832e4c2913e85b3f" member_type: VOTER last_known_addr { host: "127.28.172.130" port: 34737 } } peers { permanent_uuid: "819e412d81804a9ab6e84d73db80d98f" member_type: VOTER last_known_addr { host: "127.28.172.131" port: 38303 } }
I20260608 13:00:56.460146  1524 raft_consensus.cc:385] T 715425e91f0a445085f45576be68202d P 77092dcb1da3466db05c0bb2f2215bd5 [term 0 FOLLOWER]: Consensus starting up: Expiring failure detector timer to make a prompt election more likely
I20260608 13:00:56.460475  1524 raft_consensus.cc:740] T 715425e91f0a445085f45576be68202d P 77092dcb1da3466db05c0bb2f2215bd5 [term 0 FOLLOWER]: Becoming Follower/Learner. State: Replica: 77092dcb1da3466db05c0bb2f2215bd5, State: Initialized, Role: FOLLOWER
I20260608 13:00:56.463493  1525 tablet_bootstrap.cc:492] T d8afa73e6224449798a221f0148bc83d P 819e412d81804a9ab6e84d73db80d98f: No bootstrap required, opened a new log
I20260608 13:00:56.464254  1525 ts_tablet_manager.cc:1403] T d8afa73e6224449798a221f0148bc83d P 819e412d81804a9ab6e84d73db80d98f: Time spent bootstrapping tablet: real 0.054s	user 0.015s	sys 0.000s
I20260608 13:00:56.468252  1524 consensus_queue.cc:260] T 715425e91f0a445085f45576be68202d P 77092dcb1da3466db05c0bb2f2215bd5 [NON_LEADER]: Queue going to NON_LEADER mode. State: All replicated index: 0, Majority replicated index: 0, Committed index: 0, Last appended: 0.0, Last appended by leader: 0, Current term: 0, Majority size: -1, State: 0, Mode: NON_LEADER, active raft config: opid_index: -1 OBSOLETE_local: false peers { permanent_uuid: "77092dcb1da3466db05c0bb2f2215bd5" member_type: VOTER last_known_addr { host: "127.28.172.129" port: 44867 } } peers { permanent_uuid: "1080c6fc2ac24eef832e4c2913e85b3f" member_type: VOTER last_known_addr { host: "127.28.172.130" port: 34737 } } peers { permanent_uuid: "819e412d81804a9ab6e84d73db80d98f" member_type: VOTER last_known_addr { host: "127.28.172.131" port: 38303 } }
I20260608 13:00:56.469888  1525 raft_consensus.cc:359] T d8afa73e6224449798a221f0148bc83d P 819e412d81804a9ab6e84d73db80d98f [term 0 FOLLOWER]: Replica starting. Triggering 0 pending ops. Active config: opid_index: -1 OBSOLETE_local: false peers { permanent_uuid: "77092dcb1da3466db05c0bb2f2215bd5" member_type: VOTER last_known_addr { host: "127.28.172.129" port: 44867 } } peers { permanent_uuid: "1080c6fc2ac24eef832e4c2913e85b3f" member_type: VOTER last_known_addr { host: "127.28.172.130" port: 34737 } } peers { permanent_uuid: "819e412d81804a9ab6e84d73db80d98f" member_type: VOTER last_known_addr { host: "127.28.172.131" port: 38303 } }
I20260608 13:00:56.470721  1525 raft_consensus.cc:385] T d8afa73e6224449798a221f0148bc83d P 819e412d81804a9ab6e84d73db80d98f [term 0 FOLLOWER]: Consensus starting up: Expiring failure detector timer to make a prompt election more likely
I20260608 13:00:56.471107  1525 raft_consensus.cc:740] T d8afa73e6224449798a221f0148bc83d P 819e412d81804a9ab6e84d73db80d98f [term 0 FOLLOWER]: Becoming Follower/Learner. State: Replica: 819e412d81804a9ab6e84d73db80d98f, State: Initialized, Role: FOLLOWER
I20260608 13:00:56.472548  1524 ts_tablet_manager.cc:1434] T 715425e91f0a445085f45576be68202d P 77092dcb1da3466db05c0bb2f2215bd5: Time spent starting tablet: real 0.020s	user 0.007s	sys 0.001s
I20260608 13:00:56.472038  1525 consensus_queue.cc:260] T d8afa73e6224449798a221f0148bc83d P 819e412d81804a9ab6e84d73db80d98f [NON_LEADER]: Queue going to NON_LEADER mode. State: All replicated index: 0, Majority replicated index: 0, Committed index: 0, Last appended: 0.0, Last appended by leader: 0, Current term: 0, Majority size: -1, State: 0, Mode: NON_LEADER, active raft config: opid_index: -1 OBSOLETE_local: false peers { permanent_uuid: "77092dcb1da3466db05c0bb2f2215bd5" member_type: VOTER last_known_addr { host: "127.28.172.129" port: 44867 } } peers { permanent_uuid: "1080c6fc2ac24eef832e4c2913e85b3f" member_type: VOTER last_known_addr { host: "127.28.172.130" port: 34737 } } peers { permanent_uuid: "819e412d81804a9ab6e84d73db80d98f" member_type: VOTER last_known_addr { host: "127.28.172.131" port: 38303 } }
I20260608 13:00:56.474685  1525 ts_tablet_manager.cc:1434] T d8afa73e6224449798a221f0148bc83d P 819e412d81804a9ab6e84d73db80d98f: Time spent starting tablet: real 0.010s	user 0.005s	sys 0.002s
I20260608 13:00:56.475750  1525 tablet_bootstrap.cc:492] T 715425e91f0a445085f45576be68202d P 819e412d81804a9ab6e84d73db80d98f: Bootstrap starting.
I20260608 13:00:56.480399  1525 tablet_bootstrap.cc:654] T 715425e91f0a445085f45576be68202d P 819e412d81804a9ab6e84d73db80d98f: Neither blocks nor log segments found. Creating new log.
I20260608 13:00:56.482054  1523 tablet_bootstrap.cc:492] T b8b8f1cb633e4aaf86aa0d42e56c6316 P 1080c6fc2ac24eef832e4c2913e85b3f: No bootstrap required, opened a new log
I20260608 13:00:56.482597  1523 ts_tablet_manager.cc:1403] T b8b8f1cb633e4aaf86aa0d42e56c6316 P 1080c6fc2ac24eef832e4c2913e85b3f: Time spent bootstrapping tablet: real 0.034s	user 0.015s	sys 0.008s
I20260608 13:00:56.486521  1523 raft_consensus.cc:359] T b8b8f1cb633e4aaf86aa0d42e56c6316 P 1080c6fc2ac24eef832e4c2913e85b3f [term 0 FOLLOWER]: Replica starting. Triggering 0 pending ops. Active config: opid_index: -1 OBSOLETE_local: false peers { permanent_uuid: "77092dcb1da3466db05c0bb2f2215bd5" member_type: VOTER last_known_addr { host: "127.28.172.129" port: 44867 } } peers { permanent_uuid: "1080c6fc2ac24eef832e4c2913e85b3f" member_type: VOTER last_known_addr { host: "127.28.172.130" port: 34737 } } peers { permanent_uuid: "819e412d81804a9ab6e84d73db80d98f" member_type: VOTER last_known_addr { host: "127.28.172.131" port: 38303 } }
I20260608 13:00:56.487735  1523 raft_consensus.cc:385] T b8b8f1cb633e4aaf86aa0d42e56c6316 P 1080c6fc2ac24eef832e4c2913e85b3f [term 0 FOLLOWER]: Consensus starting up: Expiring failure detector timer to make a prompt election more likely
I20260608 13:00:56.488173  1523 raft_consensus.cc:740] T b8b8f1cb633e4aaf86aa0d42e56c6316 P 1080c6fc2ac24eef832e4c2913e85b3f [term 0 FOLLOWER]: Becoming Follower/Learner. State: Replica: 1080c6fc2ac24eef832e4c2913e85b3f, State: Initialized, Role: FOLLOWER
I20260608 13:00:56.489303  1523 consensus_queue.cc:260] T b8b8f1cb633e4aaf86aa0d42e56c6316 P 1080c6fc2ac24eef832e4c2913e85b3f [NON_LEADER]: Queue going to NON_LEADER mode. State: All replicated index: 0, Majority replicated index: 0, Committed index: 0, Last appended: 0.0, Last appended by leader: 0, Current term: 0, Majority size: -1, State: 0, Mode: NON_LEADER, active raft config: opid_index: -1 OBSOLETE_local: false peers { permanent_uuid: "77092dcb1da3466db05c0bb2f2215bd5" member_type: VOTER last_known_addr { host: "127.28.172.129" port: 44867 } } peers { permanent_uuid: "1080c6fc2ac24eef832e4c2913e85b3f" member_type: VOTER last_known_addr { host: "127.28.172.130" port: 34737 } } peers { permanent_uuid: "819e412d81804a9ab6e84d73db80d98f" member_type: VOTER last_known_addr { host: "127.28.172.131" port: 38303 } }
I20260608 13:00:56.491858  1523 ts_tablet_manager.cc:1434] T b8b8f1cb633e4aaf86aa0d42e56c6316 P 1080c6fc2ac24eef832e4c2913e85b3f: Time spent starting tablet: real 0.009s	user 0.008s	sys 0.000s
I20260608 13:00:56.492902  1523 tablet_bootstrap.cc:492] T 8792fa587ee54b1985d3e59947559f86 P 1080c6fc2ac24eef832e4c2913e85b3f: Bootstrap starting.
I20260608 13:00:56.498567  1525 tablet_bootstrap.cc:492] T 715425e91f0a445085f45576be68202d P 819e412d81804a9ab6e84d73db80d98f: No bootstrap required, opened a new log
I20260608 13:00:56.499120  1525 ts_tablet_manager.cc:1403] T 715425e91f0a445085f45576be68202d P 819e412d81804a9ab6e84d73db80d98f: Time spent bootstrapping tablet: real 0.024s	user 0.014s	sys 0.003s
I20260608 13:00:56.500147  1523 tablet_bootstrap.cc:654] T 8792fa587ee54b1985d3e59947559f86 P 1080c6fc2ac24eef832e4c2913e85b3f: Neither blocks nor log segments found. Creating new log.
I20260608 13:00:56.508657  1525 raft_consensus.cc:359] T 715425e91f0a445085f45576be68202d P 819e412d81804a9ab6e84d73db80d98f [term 0 FOLLOWER]: Replica starting. Triggering 0 pending ops. Active config: opid_index: -1 OBSOLETE_local: false peers { permanent_uuid: "77092dcb1da3466db05c0bb2f2215bd5" member_type: VOTER last_known_addr { host: "127.28.172.129" port: 44867 } } peers { permanent_uuid: "1080c6fc2ac24eef832e4c2913e85b3f" member_type: VOTER last_known_addr { host: "127.28.172.130" port: 34737 } } peers { permanent_uuid: "819e412d81804a9ab6e84d73db80d98f" member_type: VOTER last_known_addr { host: "127.28.172.131" port: 38303 } }
I20260608 13:00:56.509647  1525 raft_consensus.cc:385] T 715425e91f0a445085f45576be68202d P 819e412d81804a9ab6e84d73db80d98f [term 0 FOLLOWER]: Consensus starting up: Expiring failure detector timer to make a prompt election more likely
I20260608 13:00:56.510041  1525 raft_consensus.cc:740] T 715425e91f0a445085f45576be68202d P 819e412d81804a9ab6e84d73db80d98f [term 0 FOLLOWER]: Becoming Follower/Learner. State: Replica: 819e412d81804a9ab6e84d73db80d98f, State: Initialized, Role: FOLLOWER
I20260608 13:00:56.512095  1525 consensus_queue.cc:260] T 715425e91f0a445085f45576be68202d P 819e412d81804a9ab6e84d73db80d98f [NON_LEADER]: Queue going to NON_LEADER mode. State: All replicated index: 0, Majority replicated index: 0, Committed index: 0, Last appended: 0.0, Last appended by leader: 0, Current term: 0, Majority size: -1, State: 0, Mode: NON_LEADER, active raft config: opid_index: -1 OBSOLETE_local: false peers { permanent_uuid: "77092dcb1da3466db05c0bb2f2215bd5" member_type: VOTER last_known_addr { host: "127.28.172.129" port: 44867 } } peers { permanent_uuid: "1080c6fc2ac24eef832e4c2913e85b3f" member_type: VOTER last_known_addr { host: "127.28.172.130" port: 34737 } } peers { permanent_uuid: "819e412d81804a9ab6e84d73db80d98f" member_type: VOTER last_known_addr { host: "127.28.172.131" port: 38303 } }
I20260608 13:00:56.515923  1525 ts_tablet_manager.cc:1434] T 715425e91f0a445085f45576be68202d P 819e412d81804a9ab6e84d73db80d98f: Time spent starting tablet: real 0.017s	user 0.004s	sys 0.006s
I20260608 13:00:56.516793  1565 raft_consensus.cc:493] T d8afa73e6224449798a221f0148bc83d P 819e412d81804a9ab6e84d73db80d98f [term 0 FOLLOWER]: Starting pre-election (no leader contacted us within the election timeout)
I20260608 13:00:56.517006  1525 tablet_bootstrap.cc:492] T b77895b1863c479389fd764c6bb135c0 P 819e412d81804a9ab6e84d73db80d98f: Bootstrap starting.
I20260608 13:00:56.517365  1565 raft_consensus.cc:515] T d8afa73e6224449798a221f0148bc83d P 819e412d81804a9ab6e84d73db80d98f [term 0 FOLLOWER]: Starting pre-election with config: opid_index: -1 OBSOLETE_local: false peers { permanent_uuid: "77092dcb1da3466db05c0bb2f2215bd5" member_type: VOTER last_known_addr { host: "127.28.172.129" port: 44867 } } peers { permanent_uuid: "1080c6fc2ac24eef832e4c2913e85b3f" member_type: VOTER last_known_addr { host: "127.28.172.130" port: 34737 } } peers { permanent_uuid: "819e412d81804a9ab6e84d73db80d98f" member_type: VOTER last_known_addr { host: "127.28.172.131" port: 38303 } }
I20260608 13:00:56.517939  1523 tablet_bootstrap.cc:492] T 8792fa587ee54b1985d3e59947559f86 P 1080c6fc2ac24eef832e4c2913e85b3f: No bootstrap required, opened a new log
I20260608 13:00:56.518520  1523 ts_tablet_manager.cc:1403] T 8792fa587ee54b1985d3e59947559f86 P 1080c6fc2ac24eef832e4c2913e85b3f: Time spent bootstrapping tablet: real 0.026s	user 0.011s	sys 0.011s
I20260608 13:00:56.519680  1565 leader_election.cc:290] T d8afa73e6224449798a221f0148bc83d P 819e412d81804a9ab6e84d73db80d98f [CANDIDATE]: Term 1 pre-election: Requested pre-vote from peers 77092dcb1da3466db05c0bb2f2215bd5 (127.28.172.129:44867), 1080c6fc2ac24eef832e4c2913e85b3f (127.28.172.130:34737)
I20260608 13:00:56.521454  1404 tablet_service.cc:1917] Received RequestConsensusVote() RPC: tablet_id: "d8afa73e6224449798a221f0148bc83d" candidate_uuid: "819e412d81804a9ab6e84d73db80d98f" candidate_term: 1 candidate_status { last_received { term: 0 index: 0 } } ignore_live_leader: false dest_uuid: "1080c6fc2ac24eef832e4c2913e85b3f" is_pre_election: true
I20260608 13:00:56.522137  1404 raft_consensus.cc:2468] T d8afa73e6224449798a221f0148bc83d P 1080c6fc2ac24eef832e4c2913e85b3f [term 0 FOLLOWER]: Leader pre-election vote request: Granting yes vote for candidate 819e412d81804a9ab6e84d73db80d98f in term 0.
I20260608 13:00:56.523599  1525 tablet_bootstrap.cc:654] T b77895b1863c479389fd764c6bb135c0 P 819e412d81804a9ab6e84d73db80d98f: Neither blocks nor log segments found. Creating new log.
I20260608 13:00:56.523373  1546 consensus_queue.cc:1048] T 8e914a7e09354618b1d6cc7d2b4498a2 P 77092dcb1da3466db05c0bb2f2215bd5 [LEADER]: Connected to new peer: Peer: permanent_uuid: "819e412d81804a9ab6e84d73db80d98f" member_type: VOTER last_known_addr { host: "127.28.172.131" port: 38303 }, Status: LMP_MISMATCH, Last received: 0.0, Next index: 1, Last known committed idx: 0, Time since last communication: 0.000s
I20260608 13:00:56.520494  1328 tablet_service.cc:1917] Received RequestConsensusVote() RPC: tablet_id: "d8afa73e6224449798a221f0148bc83d" candidate_uuid: "819e412d81804a9ab6e84d73db80d98f" candidate_term: 1 candidate_status { last_received { term: 0 index: 0 } } ignore_live_leader: false dest_uuid: "77092dcb1da3466db05c0bb2f2215bd5" is_pre_election: true
I20260608 13:00:56.525040  1441 leader_election.cc:304] T d8afa73e6224449798a221f0148bc83d P 819e412d81804a9ab6e84d73db80d98f [CANDIDATE]: Term 1 pre-election: Election decided. Result: candidate won. Election summary: received 2 responses out of 3 voters: 2 yes votes; 0 no votes. yes voters: 1080c6fc2ac24eef832e4c2913e85b3f, 819e412d81804a9ab6e84d73db80d98f; no voters: 
I20260608 13:00:56.525588  1328 raft_consensus.cc:2468] T d8afa73e6224449798a221f0148bc83d P 77092dcb1da3466db05c0bb2f2215bd5 [term 0 FOLLOWER]: Leader pre-election vote request: Granting yes vote for candidate 819e412d81804a9ab6e84d73db80d98f in term 0.
I20260608 13:00:56.525875  1565 raft_consensus.cc:2804] T d8afa73e6224449798a221f0148bc83d P 819e412d81804a9ab6e84d73db80d98f [term 0 FOLLOWER]: Leader pre-election won for term 1
I20260608 13:00:56.526263  1565 raft_consensus.cc:493] T d8afa73e6224449798a221f0148bc83d P 819e412d81804a9ab6e84d73db80d98f [term 0 FOLLOWER]: Starting leader election (no leader contacted us within the election timeout)
I20260608 13:00:56.526619  1565 raft_consensus.cc:3060] T d8afa73e6224449798a221f0148bc83d P 819e412d81804a9ab6e84d73db80d98f [term 0 FOLLOWER]: Advancing to term 1
I20260608 13:00:56.529446  1523 raft_consensus.cc:359] T 8792fa587ee54b1985d3e59947559f86 P 1080c6fc2ac24eef832e4c2913e85b3f [term 0 FOLLOWER]: Replica starting. Triggering 0 pending ops. Active config: opid_index: -1 OBSOLETE_local: false peers { permanent_uuid: "77092dcb1da3466db05c0bb2f2215bd5" member_type: VOTER last_known_addr { host: "127.28.172.129" port: 44867 } } peers { permanent_uuid: "1080c6fc2ac24eef832e4c2913e85b3f" member_type: VOTER last_known_addr { host: "127.28.172.130" port: 34737 } } peers { permanent_uuid: "819e412d81804a9ab6e84d73db80d98f" member_type: VOTER last_known_addr { host: "127.28.172.131" port: 38303 } }
I20260608 13:00:56.530189  1523 raft_consensus.cc:385] T 8792fa587ee54b1985d3e59947559f86 P 1080c6fc2ac24eef832e4c2913e85b3f [term 0 FOLLOWER]: Consensus starting up: Expiring failure detector timer to make a prompt election more likely
I20260608 13:00:56.530469  1523 raft_consensus.cc:740] T 8792fa587ee54b1985d3e59947559f86 P 1080c6fc2ac24eef832e4c2913e85b3f [term 0 FOLLOWER]: Becoming Follower/Learner. State: Replica: 1080c6fc2ac24eef832e4c2913e85b3f, State: Initialized, Role: FOLLOWER
I20260608 13:00:56.531265  1523 consensus_queue.cc:260] T 8792fa587ee54b1985d3e59947559f86 P 1080c6fc2ac24eef832e4c2913e85b3f [NON_LEADER]: Queue going to NON_LEADER mode. State: All replicated index: 0, Majority replicated index: 0, Committed index: 0, Last appended: 0.0, Last appended by leader: 0, Current term: 0, Majority size: -1, State: 0, Mode: NON_LEADER, active raft config: opid_index: -1 OBSOLETE_local: false peers { permanent_uuid: "77092dcb1da3466db05c0bb2f2215bd5" member_type: VOTER last_known_addr { host: "127.28.172.129" port: 44867 } } peers { permanent_uuid: "1080c6fc2ac24eef832e4c2913e85b3f" member_type: VOTER last_known_addr { host: "127.28.172.130" port: 34737 } } peers { permanent_uuid: "819e412d81804a9ab6e84d73db80d98f" member_type: VOTER last_known_addr { host: "127.28.172.131" port: 38303 } }
I20260608 13:00:56.533866  1565 raft_consensus.cc:515] T d8afa73e6224449798a221f0148bc83d P 819e412d81804a9ab6e84d73db80d98f [term 1 FOLLOWER]: Starting leader election with config: opid_index: -1 OBSOLETE_local: false peers { permanent_uuid: "77092dcb1da3466db05c0bb2f2215bd5" member_type: VOTER last_known_addr { host: "127.28.172.129" port: 44867 } } peers { permanent_uuid: "1080c6fc2ac24eef832e4c2913e85b3f" member_type: VOTER last_known_addr { host: "127.28.172.130" port: 34737 } } peers { permanent_uuid: "819e412d81804a9ab6e84d73db80d98f" member_type: VOTER last_known_addr { host: "127.28.172.131" port: 38303 } }
I20260608 13:00:56.537010  1328 tablet_service.cc:1917] Received RequestConsensusVote() RPC: tablet_id: "d8afa73e6224449798a221f0148bc83d" candidate_uuid: "819e412d81804a9ab6e84d73db80d98f" candidate_term: 1 candidate_status { last_received { term: 0 index: 0 } } ignore_live_leader: false dest_uuid: "77092dcb1da3466db05c0bb2f2215bd5"
I20260608 13:00:56.537623  1328 raft_consensus.cc:3060] T d8afa73e6224449798a221f0148bc83d P 77092dcb1da3466db05c0bb2f2215bd5 [term 0 FOLLOWER]: Advancing to term 1
I20260608 13:00:56.541899  1523 ts_tablet_manager.cc:1434] T 8792fa587ee54b1985d3e59947559f86 P 1080c6fc2ac24eef832e4c2913e85b3f: Time spent starting tablet: real 0.023s	user 0.005s	sys 0.000s
I20260608 13:00:56.545742  1328 raft_consensus.cc:2468] T d8afa73e6224449798a221f0148bc83d P 77092dcb1da3466db05c0bb2f2215bd5 [term 1 FOLLOWER]: Leader election vote request: Granting yes vote for candidate 819e412d81804a9ab6e84d73db80d98f in term 1.
I20260608 13:00:56.547036  1443 leader_election.cc:304] T d8afa73e6224449798a221f0148bc83d P 819e412d81804a9ab6e84d73db80d98f [CANDIDATE]: Term 1 election: Election decided. Result: candidate won. Election summary: received 2 responses out of 3 voters: 2 yes votes; 0 no votes. yes voters: 77092dcb1da3466db05c0bb2f2215bd5, 819e412d81804a9ab6e84d73db80d98f; no voters: 
I20260608 13:00:56.548048  1530 raft_consensus.cc:2804] T d8afa73e6224449798a221f0148bc83d P 819e412d81804a9ab6e84d73db80d98f [term 1 FOLLOWER]: Leader election won for term 1
I20260608 13:00:56.550824  1523 tablet_bootstrap.cc:492] T 715425e91f0a445085f45576be68202d P 1080c6fc2ac24eef832e4c2913e85b3f: Bootstrap starting.
I20260608 13:00:56.557190  1565 leader_election.cc:290] T d8afa73e6224449798a221f0148bc83d P 819e412d81804a9ab6e84d73db80d98f [CANDIDATE]: Term 1 election: Requested vote from peers 77092dcb1da3466db05c0bb2f2215bd5 (127.28.172.129:44867), 1080c6fc2ac24eef832e4c2913e85b3f (127.28.172.130:34737)
I20260608 13:00:56.557853  1565 raft_consensus.cc:493] T 1c4a1c6fe903473788729e2bc3e6f9ac P 819e412d81804a9ab6e84d73db80d98f [term 0 FOLLOWER]: Starting pre-election (no leader contacted us within the election timeout)
I20260608 13:00:56.558411  1565 raft_consensus.cc:515] T 1c4a1c6fe903473788729e2bc3e6f9ac P 819e412d81804a9ab6e84d73db80d98f [term 0 FOLLOWER]: Starting pre-election with config: opid_index: -1 OBSOLETE_local: false peers { permanent_uuid: "77092dcb1da3466db05c0bb2f2215bd5" member_type: VOTER last_known_addr { host: "127.28.172.129" port: 44867 } } peers { permanent_uuid: "1080c6fc2ac24eef832e4c2913e85b3f" member_type: VOTER last_known_addr { host: "127.28.172.130" port: 34737 } } peers { permanent_uuid: "819e412d81804a9ab6e84d73db80d98f" member_type: VOTER last_known_addr { host: "127.28.172.131" port: 38303 } }
I20260608 13:00:56.558864  1563 raft_consensus.cc:493] T 8792fa587ee54b1985d3e59947559f86 P 1080c6fc2ac24eef832e4c2913e85b3f [term 0 FOLLOWER]: Starting pre-election (no leader contacted us within the election timeout)
I20260608 13:00:56.559412  1563 raft_consensus.cc:515] T 8792fa587ee54b1985d3e59947559f86 P 1080c6fc2ac24eef832e4c2913e85b3f [term 0 FOLLOWER]: Starting pre-election with config: opid_index: -1 OBSOLETE_local: false peers { permanent_uuid: "77092dcb1da3466db05c0bb2f2215bd5" member_type: VOTER last_known_addr { host: "127.28.172.129" port: 44867 } } peers { permanent_uuid: "1080c6fc2ac24eef832e4c2913e85b3f" member_type: VOTER last_known_addr { host: "127.28.172.130" port: 34737 } } peers { permanent_uuid: "819e412d81804a9ab6e84d73db80d98f" member_type: VOTER last_known_addr { host: "127.28.172.131" port: 38303 } }
I20260608 13:00:56.563369  1476 tablet_service.cc:1917] Received RequestConsensusVote() RPC: tablet_id: "8792fa587ee54b1985d3e59947559f86" candidate_uuid: "1080c6fc2ac24eef832e4c2913e85b3f" candidate_term: 1 candidate_status { last_received { term: 0 index: 0 } } ignore_live_leader: false dest_uuid: "819e412d81804a9ab6e84d73db80d98f" is_pre_election: true
I20260608 13:00:56.563563  1563 leader_election.cc:290] T 8792fa587ee54b1985d3e59947559f86 P 1080c6fc2ac24eef832e4c2913e85b3f [CANDIDATE]: Term 1 pre-election: Requested pre-vote from peers 77092dcb1da3466db05c0bb2f2215bd5 (127.28.172.129:44867), 819e412d81804a9ab6e84d73db80d98f (127.28.172.131:38303)
I20260608 13:00:56.565446  1328 tablet_service.cc:1917] Received RequestConsensusVote() RPC: tablet_id: "8792fa587ee54b1985d3e59947559f86" candidate_uuid: "1080c6fc2ac24eef832e4c2913e85b3f" candidate_term: 1 candidate_status { last_received { term: 0 index: 0 } } ignore_live_leader: false dest_uuid: "77092dcb1da3466db05c0bb2f2215bd5" is_pre_election: true
I20260608 13:00:56.567384  1369 leader_election.cc:304] T 8792fa587ee54b1985d3e59947559f86 P 1080c6fc2ac24eef832e4c2913e85b3f [CANDIDATE]: Term 1 pre-election: Election decided. Result: candidate lost. Election summary: received 3 responses out of 3 voters: 1 yes votes; 2 no votes. yes voters: 1080c6fc2ac24eef832e4c2913e85b3f; no voters: 77092dcb1da3466db05c0bb2f2215bd5, 819e412d81804a9ab6e84d73db80d98f
I20260608 13:00:56.568750  1563 raft_consensus.cc:2749] T 8792fa587ee54b1985d3e59947559f86 P 1080c6fc2ac24eef832e4c2913e85b3f [term 0 FOLLOWER]: Leader pre-election lost for term 1. Reason: could not achieve majority
I20260608 13:00:56.569658  1530 raft_consensus.cc:697] T d8afa73e6224449798a221f0148bc83d P 819e412d81804a9ab6e84d73db80d98f [term 1 LEADER]: Becoming Leader. State: Replica: 819e412d81804a9ab6e84d73db80d98f, State: Running, Role: LEADER
I20260608 13:00:56.570704  1530 consensus_queue.cc:237] T d8afa73e6224449798a221f0148bc83d P 819e412d81804a9ab6e84d73db80d98f [LEADER]: Queue going to LEADER mode. State: All replicated index: 0, Majority replicated index: 0, Committed index: 0, Last appended: 0.0, Last appended by leader: 0, Current term: 1, Majority size: 2, State: 0, Mode: LEADER, active raft config: opid_index: -1 OBSOLETE_local: false peers { permanent_uuid: "77092dcb1da3466db05c0bb2f2215bd5" member_type: VOTER last_known_addr { host: "127.28.172.129" port: 44867 } } peers { permanent_uuid: "1080c6fc2ac24eef832e4c2913e85b3f" member_type: VOTER last_known_addr { host: "127.28.172.130" port: 34737 } } peers { permanent_uuid: "819e412d81804a9ab6e84d73db80d98f" member_type: VOTER last_known_addr { host: "127.28.172.131" port: 38303 } }
I20260608 13:00:56.571506  1523 tablet_bootstrap.cc:654] T 715425e91f0a445085f45576be68202d P 1080c6fc2ac24eef832e4c2913e85b3f: Neither blocks nor log segments found. Creating new log.
I20260608 13:00:56.576020  1525 tablet_bootstrap.cc:492] T b77895b1863c479389fd764c6bb135c0 P 819e412d81804a9ab6e84d73db80d98f: No bootstrap required, opened a new log
I20260608 13:00:56.576668  1525 ts_tablet_manager.cc:1403] T b77895b1863c479389fd764c6bb135c0 P 819e412d81804a9ab6e84d73db80d98f: Time spent bootstrapping tablet: real 0.060s	user 0.009s	sys 0.018s
I20260608 13:00:56.581174  1565 leader_election.cc:290] T 1c4a1c6fe903473788729e2bc3e6f9ac P 819e412d81804a9ab6e84d73db80d98f [CANDIDATE]: Term 1 pre-election: Requested pre-vote from peers 77092dcb1da3466db05c0bb2f2215bd5 (127.28.172.129:44867), 1080c6fc2ac24eef832e4c2913e85b3f (127.28.172.130:34737)
I20260608 13:00:56.580485  1525 raft_consensus.cc:359] T b77895b1863c479389fd764c6bb135c0 P 819e412d81804a9ab6e84d73db80d98f [term 0 FOLLOWER]: Replica starting. Triggering 0 pending ops. Active config: opid_index: -1 OBSOLETE_local: false peers { permanent_uuid: "77092dcb1da3466db05c0bb2f2215bd5" member_type: VOTER last_known_addr { host: "127.28.172.129" port: 44867 } } peers { permanent_uuid: "1080c6fc2ac24eef832e4c2913e85b3f" member_type: VOTER last_known_addr { host: "127.28.172.130" port: 34737 } } peers { permanent_uuid: "819e412d81804a9ab6e84d73db80d98f" member_type: VOTER last_known_addr { host: "127.28.172.131" port: 38303 } }
I20260608 13:00:56.582155  1525 raft_consensus.cc:385] T b77895b1863c479389fd764c6bb135c0 P 819e412d81804a9ab6e84d73db80d98f [term 0 FOLLOWER]: Consensus starting up: Expiring failure detector timer to make a prompt election more likely
I20260608 13:00:56.582115  1328 tablet_service.cc:1917] Received RequestConsensusVote() RPC: tablet_id: "1c4a1c6fe903473788729e2bc3e6f9ac" candidate_uuid: "819e412d81804a9ab6e84d73db80d98f" candidate_term: 1 candidate_status { last_received { term: 0 index: 0 } } ignore_live_leader: false dest_uuid: "77092dcb1da3466db05c0bb2f2215bd5" is_pre_election: true
I20260608 13:00:56.582754  1525 raft_consensus.cc:740] T b77895b1863c479389fd764c6bb135c0 P 819e412d81804a9ab6e84d73db80d98f [term 0 FOLLOWER]: Becoming Follower/Learner. State: Replica: 819e412d81804a9ab6e84d73db80d98f, State: Initialized, Role: FOLLOWER
I20260608 13:00:56.583331  1328 raft_consensus.cc:2393] T 1c4a1c6fe903473788729e2bc3e6f9ac P 77092dcb1da3466db05c0bb2f2215bd5 [term 1 FOLLOWER]: Leader pre-election vote request: Denying vote to candidate 819e412d81804a9ab6e84d73db80d98f in current term 1: Already voted for candidate 1080c6fc2ac24eef832e4c2913e85b3f in this term.
I20260608 13:00:56.583449  1404 tablet_service.cc:1917] Received RequestConsensusVote() RPC: tablet_id: "d8afa73e6224449798a221f0148bc83d" candidate_uuid: "819e412d81804a9ab6e84d73db80d98f" candidate_term: 1 candidate_status { last_received { term: 0 index: 0 } } ignore_live_leader: false dest_uuid: "1080c6fc2ac24eef832e4c2913e85b3f"
I20260608 13:00:56.584120  1404 raft_consensus.cc:3060] T d8afa73e6224449798a221f0148bc83d P 1080c6fc2ac24eef832e4c2913e85b3f [term 0 FOLLOWER]: Advancing to term 1
I20260608 13:00:56.583766  1525 consensus_queue.cc:260] T b77895b1863c479389fd764c6bb135c0 P 819e412d81804a9ab6e84d73db80d98f [NON_LEADER]: Queue going to NON_LEADER mode. State: All replicated index: 0, Majority replicated index: 0, Committed index: 0, Last appended: 0.0, Last appended by leader: 0, Current term: 0, Majority size: -1, State: 0, Mode: NON_LEADER, active raft config: opid_index: -1 OBSOLETE_local: false peers { permanent_uuid: "77092dcb1da3466db05c0bb2f2215bd5" member_type: VOTER last_known_addr { host: "127.28.172.129" port: 44867 } } peers { permanent_uuid: "1080c6fc2ac24eef832e4c2913e85b3f" member_type: VOTER last_known_addr { host: "127.28.172.130" port: 34737 } } peers { permanent_uuid: "819e412d81804a9ab6e84d73db80d98f" member_type: VOTER last_known_addr { host: "127.28.172.131" port: 38303 } }
I20260608 13:00:56.590747  1525 ts_tablet_manager.cc:1434] T b77895b1863c479389fd764c6bb135c0 P 819e412d81804a9ab6e84d73db80d98f: Time spent starting tablet: real 0.014s	user 0.006s	sys 0.004s
I20260608 13:00:56.596971  1528 consensus_queue.cc:1048] T 8e914a7e09354618b1d6cc7d2b4498a2 P 77092dcb1da3466db05c0bb2f2215bd5 [LEADER]: Connected to new peer: Peer: permanent_uuid: "1080c6fc2ac24eef832e4c2913e85b3f" member_type: VOTER last_known_addr { host: "127.28.172.130" port: 34737 }, Status: LMP_MISMATCH, Last received: 0.0, Next index: 1, Last known committed idx: 0, Time since last communication: 0.001s
I20260608 13:00:56.601040  1523 tablet_bootstrap.cc:492] T 715425e91f0a445085f45576be68202d P 1080c6fc2ac24eef832e4c2913e85b3f: No bootstrap required, opened a new log
I20260608 13:00:56.601645  1523 ts_tablet_manager.cc:1403] T 715425e91f0a445085f45576be68202d P 1080c6fc2ac24eef832e4c2913e85b3f: Time spent bootstrapping tablet: real 0.051s	user 0.014s	sys 0.004s
I20260608 13:00:56.601833  1225 catalog_manager.cc:5696] T d8afa73e6224449798a221f0148bc83d P 819e412d81804a9ab6e84d73db80d98f reported cstate change: term changed from 0 to 1, leader changed from <none> to 819e412d81804a9ab6e84d73db80d98f (127.28.172.131). New cstate: current_term: 1 leader_uuid: "819e412d81804a9ab6e84d73db80d98f" committed_config { opid_index: -1 OBSOLETE_local: false peers { permanent_uuid: "77092dcb1da3466db05c0bb2f2215bd5" member_type: VOTER last_known_addr { host: "127.28.172.129" port: 44867 } health_report { overall_health: UNKNOWN } } peers { permanent_uuid: "1080c6fc2ac24eef832e4c2913e85b3f" member_type: VOTER last_known_addr { host: "127.28.172.130" port: 34737 } health_report { overall_health: UNKNOWN } } peers { permanent_uuid: "819e412d81804a9ab6e84d73db80d98f" member_type: VOTER last_known_addr { host: "127.28.172.131" port: 38303 } health_report { overall_health: HEALTHY } } }
I20260608 13:00:56.604868  1523 raft_consensus.cc:359] T 715425e91f0a445085f45576be68202d P 1080c6fc2ac24eef832e4c2913e85b3f [term 0 FOLLOWER]: Replica starting. Triggering 0 pending ops. Active config: opid_index: -1 OBSOLETE_local: false peers { permanent_uuid: "77092dcb1da3466db05c0bb2f2215bd5" member_type: VOTER last_known_addr { host: "127.28.172.129" port: 44867 } } peers { permanent_uuid: "1080c6fc2ac24eef832e4c2913e85b3f" member_type: VOTER last_known_addr { host: "127.28.172.130" port: 34737 } } peers { permanent_uuid: "819e412d81804a9ab6e84d73db80d98f" member_type: VOTER last_known_addr { host: "127.28.172.131" port: 38303 } }
I20260608 13:00:56.605706  1523 raft_consensus.cc:385] T 715425e91f0a445085f45576be68202d P 1080c6fc2ac24eef832e4c2913e85b3f [term 0 FOLLOWER]: Consensus starting up: Expiring failure detector timer to make a prompt election more likely
I20260608 13:00:56.606026  1523 raft_consensus.cc:740] T 715425e91f0a445085f45576be68202d P 1080c6fc2ac24eef832e4c2913e85b3f [term 0 FOLLOWER]: Becoming Follower/Learner. State: Replica: 1080c6fc2ac24eef832e4c2913e85b3f, State: Initialized, Role: FOLLOWER
I20260608 13:00:56.607025  1523 consensus_queue.cc:260] T 715425e91f0a445085f45576be68202d P 1080c6fc2ac24eef832e4c2913e85b3f [NON_LEADER]: Queue going to NON_LEADER mode. State: All replicated index: 0, Majority replicated index: 0, Committed index: 0, Last appended: 0.0, Last appended by leader: 0, Current term: 0, Majority size: -1, State: 0, Mode: NON_LEADER, active raft config: opid_index: -1 OBSOLETE_local: false peers { permanent_uuid: "77092dcb1da3466db05c0bb2f2215bd5" member_type: VOTER last_known_addr { host: "127.28.172.129" port: 44867 } } peers { permanent_uuid: "1080c6fc2ac24eef832e4c2913e85b3f" member_type: VOTER last_known_addr { host: "127.28.172.130" port: 34737 } } peers { permanent_uuid: "819e412d81804a9ab6e84d73db80d98f" member_type: VOTER last_known_addr { host: "127.28.172.131" port: 38303 } }
I20260608 13:00:56.609704  1523 ts_tablet_manager.cc:1434] T 715425e91f0a445085f45576be68202d P 1080c6fc2ac24eef832e4c2913e85b3f: Time spent starting tablet: real 0.008s	user 0.007s	sys 0.000s
I20260608 13:00:56.610407  1402 tablet_service.cc:1917] Received RequestConsensusVote() RPC: tablet_id: "1c4a1c6fe903473788729e2bc3e6f9ac" candidate_uuid: "819e412d81804a9ab6e84d73db80d98f" candidate_term: 1 candidate_status { last_received { term: 0 index: 0 } } ignore_live_leader: false dest_uuid: "1080c6fc2ac24eef832e4c2913e85b3f" is_pre_election: true
I20260608 13:00:56.610940  1523 tablet_bootstrap.cc:492] T b77895b1863c479389fd764c6bb135c0 P 1080c6fc2ac24eef832e4c2913e85b3f: Bootstrap starting.
I20260608 13:00:56.608225  1404 raft_consensus.cc:2468] T d8afa73e6224449798a221f0148bc83d P 1080c6fc2ac24eef832e4c2913e85b3f [term 1 FOLLOWER]: Leader election vote request: Granting yes vote for candidate 819e412d81804a9ab6e84d73db80d98f in term 1.
I20260608 13:00:56.616884  1560 consensus_queue.cc:1048] T b6f5e96e75484891926d21ba65db979b P 77092dcb1da3466db05c0bb2f2215bd5 [LEADER]: Connected to new peer: Peer: permanent_uuid: "1080c6fc2ac24eef832e4c2913e85b3f" member_type: VOTER last_known_addr { host: "127.28.172.130" port: 34737 }, Status: LMP_MISMATCH, Last received: 0.0, Next index: 1, Last known committed idx: 0, Time since last communication: 0.000s
I20260608 13:00:56.618985  1523 tablet_bootstrap.cc:654] T b77895b1863c479389fd764c6bb135c0 P 1080c6fc2ac24eef832e4c2913e85b3f: Neither blocks nor log segments found. Creating new log.
I20260608 13:00:56.628769  1530 consensus_queue.cc:1048] T 22363b3514d242949112b813f031f7f9 P 819e412d81804a9ab6e84d73db80d98f [LEADER]: Connected to new peer: Peer: permanent_uuid: "77092dcb1da3466db05c0bb2f2215bd5" member_type: VOTER last_known_addr { host: "127.28.172.129" port: 44867 }, Status: LMP_MISMATCH, Last received: 0.0, Next index: 1, Last known committed idx: 0, Time since last communication: 0.000s
I20260608 13:00:56.641372  1441 leader_election.cc:304] T 1c4a1c6fe903473788729e2bc3e6f9ac P 819e412d81804a9ab6e84d73db80d98f [CANDIDATE]: Term 1 pre-election: Election decided. Result: candidate lost. Election summary: received 3 responses out of 3 voters: 1 yes votes; 2 no votes. yes voters: 819e412d81804a9ab6e84d73db80d98f; no voters: 1080c6fc2ac24eef832e4c2913e85b3f, 77092dcb1da3466db05c0bb2f2215bd5
I20260608 13:00:56.642215  1530 raft_consensus.cc:3060] T 1c4a1c6fe903473788729e2bc3e6f9ac P 819e412d81804a9ab6e84d73db80d98f [term 0 FOLLOWER]: Advancing to term 1
I20260608 13:00:56.651731  1590 raft_consensus.cc:493] T 634f4c43989d4dbe94cbe8a24e8fe8ea P 819e412d81804a9ab6e84d73db80d98f [term 0 FOLLOWER]: Starting pre-election (no leader contacted us within the election timeout)
I20260608 13:00:56.652515  1590 raft_consensus.cc:515] T 634f4c43989d4dbe94cbe8a24e8fe8ea P 819e412d81804a9ab6e84d73db80d98f [term 0 FOLLOWER]: Starting pre-election with config: opid_index: -1 OBSOLETE_local: false peers { permanent_uuid: "77092dcb1da3466db05c0bb2f2215bd5" member_type: VOTER last_known_addr { host: "127.28.172.129" port: 44867 } } peers { permanent_uuid: "1080c6fc2ac24eef832e4c2913e85b3f" member_type: VOTER last_known_addr { host: "127.28.172.130" port: 34737 } } peers { permanent_uuid: "819e412d81804a9ab6e84d73db80d98f" member_type: VOTER last_known_addr { host: "127.28.172.131" port: 38303 } }
I20260608 13:00:56.655524  1590 leader_election.cc:290] T 634f4c43989d4dbe94cbe8a24e8fe8ea P 819e412d81804a9ab6e84d73db80d98f [CANDIDATE]: Term 1 pre-election: Requested pre-vote from peers 77092dcb1da3466db05c0bb2f2215bd5 (127.28.172.129:44867), 1080c6fc2ac24eef832e4c2913e85b3f (127.28.172.130:34737)
I20260608 13:00:56.660184  1328 tablet_service.cc:1917] Received RequestConsensusVote() RPC: tablet_id: "634f4c43989d4dbe94cbe8a24e8fe8ea" candidate_uuid: "819e412d81804a9ab6e84d73db80d98f" candidate_term: 1 candidate_status { last_received { term: 0 index: 0 } } ignore_live_leader: false dest_uuid: "77092dcb1da3466db05c0bb2f2215bd5" is_pre_election: true
I20260608 13:00:56.660954  1328 raft_consensus.cc:2468] T 634f4c43989d4dbe94cbe8a24e8fe8ea P 77092dcb1da3466db05c0bb2f2215bd5 [term 0 FOLLOWER]: Leader pre-election vote request: Granting yes vote for candidate 819e412d81804a9ab6e84d73db80d98f in term 0.
I20260608 13:00:56.662343  1443 leader_election.cc:304] T 634f4c43989d4dbe94cbe8a24e8fe8ea P 819e412d81804a9ab6e84d73db80d98f [CANDIDATE]: Term 1 pre-election: Election decided. Result: candidate won. Election summary: received 2 responses out of 3 voters: 2 yes votes; 0 no votes. yes voters: 77092dcb1da3466db05c0bb2f2215bd5, 819e412d81804a9ab6e84d73db80d98f; no voters: 
I20260608 13:00:56.663338  1590 raft_consensus.cc:2804] T 634f4c43989d4dbe94cbe8a24e8fe8ea P 819e412d81804a9ab6e84d73db80d98f [term 0 FOLLOWER]: Leader pre-election won for term 1
I20260608 13:00:56.663810  1565 raft_consensus.cc:493] T 715425e91f0a445085f45576be68202d P 819e412d81804a9ab6e84d73db80d98f [term 0 FOLLOWER]: Starting pre-election (no leader contacted us within the election timeout)
I20260608 13:00:56.664121  1590 raft_consensus.cc:493] T 634f4c43989d4dbe94cbe8a24e8fe8ea P 819e412d81804a9ab6e84d73db80d98f [term 0 FOLLOWER]: Starting leader election (no leader contacted us within the election timeout)
I20260608 13:00:56.664512  1590 raft_consensus.cc:3060] T 634f4c43989d4dbe94cbe8a24e8fe8ea P 819e412d81804a9ab6e84d73db80d98f [term 0 FOLLOWER]: Advancing to term 1
I20260608 13:00:56.664355  1565 raft_consensus.cc:515] T 715425e91f0a445085f45576be68202d P 819e412d81804a9ab6e84d73db80d98f [term 0 FOLLOWER]: Starting pre-election with config: opid_index: -1 OBSOLETE_local: false peers { permanent_uuid: "77092dcb1da3466db05c0bb2f2215bd5" member_type: VOTER last_known_addr { host: "127.28.172.129" port: 44867 } } peers { permanent_uuid: "1080c6fc2ac24eef832e4c2913e85b3f" member_type: VOTER last_known_addr { host: "127.28.172.130" port: 34737 } } peers { permanent_uuid: "819e412d81804a9ab6e84d73db80d98f" member_type: VOTER last_known_addr { host: "127.28.172.131" port: 38303 } }
I20260608 13:00:56.666651  1565 leader_election.cc:290] T 715425e91f0a445085f45576be68202d P 819e412d81804a9ab6e84d73db80d98f [CANDIDATE]: Term 1 pre-election: Requested pre-vote from peers 77092dcb1da3466db05c0bb2f2215bd5 (127.28.172.129:44867), 1080c6fc2ac24eef832e4c2913e85b3f (127.28.172.130:34737)
I20260608 13:00:56.669375  1329 tablet_service.cc:1917] Received RequestConsensusVote() RPC: tablet_id: "715425e91f0a445085f45576be68202d" candidate_uuid: "819e412d81804a9ab6e84d73db80d98f" candidate_term: 1 candidate_status { last_received { term: 0 index: 0 } } ignore_live_leader: false dest_uuid: "77092dcb1da3466db05c0bb2f2215bd5" is_pre_election: true
I20260608 13:00:56.670084  1329 raft_consensus.cc:2468] T 715425e91f0a445085f45576be68202d P 77092dcb1da3466db05c0bb2f2215bd5 [term 0 FOLLOWER]: Leader pre-election vote request: Granting yes vote for candidate 819e412d81804a9ab6e84d73db80d98f in term 0.
I20260608 13:00:56.671396  1443 leader_election.cc:304] T 715425e91f0a445085f45576be68202d P 819e412d81804a9ab6e84d73db80d98f [CANDIDATE]: Term 1 pre-election: Election decided. Result: candidate won. Election summary: received 2 responses out of 3 voters: 2 yes votes; 0 no votes. yes voters: 77092dcb1da3466db05c0bb2f2215bd5, 819e412d81804a9ab6e84d73db80d98f; no voters: 
I20260608 13:00:56.672452  1565 raft_consensus.cc:2804] T 715425e91f0a445085f45576be68202d P 819e412d81804a9ab6e84d73db80d98f [term 0 FOLLOWER]: Leader pre-election won for term 1
I20260608 13:00:56.672871  1565 raft_consensus.cc:493] T 715425e91f0a445085f45576be68202d P 819e412d81804a9ab6e84d73db80d98f [term 0 FOLLOWER]: Starting leader election (no leader contacted us within the election timeout)
I20260608 13:00:56.673255  1565 raft_consensus.cc:3060] T 715425e91f0a445085f45576be68202d P 819e412d81804a9ab6e84d73db80d98f [term 0 FOLLOWER]: Advancing to term 1
I20260608 13:00:56.678033  1404 tablet_service.cc:1917] Received RequestConsensusVote() RPC: tablet_id: "634f4c43989d4dbe94cbe8a24e8fe8ea" candidate_uuid: "819e412d81804a9ab6e84d73db80d98f" candidate_term: 1 candidate_status { last_received { term: 0 index: 0 } } ignore_live_leader: false dest_uuid: "1080c6fc2ac24eef832e4c2913e85b3f" is_pre_election: true
I20260608 13:00:56.681087  1565 raft_consensus.cc:515] T 715425e91f0a445085f45576be68202d P 819e412d81804a9ab6e84d73db80d98f [term 1 FOLLOWER]: Starting leader election with config: opid_index: -1 OBSOLETE_local: false peers { permanent_uuid: "77092dcb1da3466db05c0bb2f2215bd5" member_type: VOTER last_known_addr { host: "127.28.172.129" port: 44867 } } peers { permanent_uuid: "1080c6fc2ac24eef832e4c2913e85b3f" member_type: VOTER last_known_addr { host: "127.28.172.130" port: 34737 } } peers { permanent_uuid: "819e412d81804a9ab6e84d73db80d98f" member_type: VOTER last_known_addr { host: "127.28.172.131" port: 38303 } }
