I20260608 13:00:16.636623 32542 consensus_queue.cc:237] T 97607f9b7eab44618acf8c1088733b2c P abed6171673d460289fd0de1f18dca08 [LEADER]: Queue going to LEADER mode. State: All replicated index: 0, Majority replicated index: 0, Committed index: 0, Last appended: 0.0, Last appended by leader: 0, Current term: 1, Majority size: 2, State: 0, Mode: LEADER, active raft config: opid_index: -1 OBSOLETE_local: false peers { permanent_uuid: "a8a75c86b91643b58912fc7cabf1dc51" member_type: VOTER last_known_addr { host: "127.28.172.132" port: 34507 } } peers { permanent_uuid: "4606f01da96f46759ce4fc05e2452776" member_type: VOTER last_known_addr { host: "127.28.172.130" port: 34425 } } peers { permanent_uuid: "abed6171673d460289fd0de1f18dca08" member_type: VOTER last_known_addr { host: "127.28.172.131" port: 46177 } }
I20260608 13:00:16.640383 32659 tablet_bootstrap.cc:492] T bd257fd4080c4b6b9664784a7453810a P 7853dbcdae4a4885ae73078e4fdc5c80: Bootstrap starting.
I20260608 13:00:16.645361 32703 raft_consensus.cc:515] T 0a369a26b0f549019c483559bc06802f P a8a75c86b91643b58912fc7cabf1dc51 [term 1 FOLLOWER]: Starting leader election with config: opid_index: -1 OBSOLETE_local: false peers { permanent_uuid: "a8a75c86b91643b58912fc7cabf1dc51" member_type: VOTER last_known_addr { host: "127.28.172.132" port: 34507 } } peers { permanent_uuid: "7853dbcdae4a4885ae73078e4fdc5c80" member_type: VOTER last_known_addr { host: "127.28.172.129" port: 39581 } } peers { permanent_uuid: "4606f01da96f46759ce4fc05e2452776" member_type: VOTER last_known_addr { host: "127.28.172.130" port: 34425 } }
I20260608 13:00:16.646320 32217 catalog_manager.cc:5696] T 190a28afb8ef42c3b34169f95f2078a0 P 7853dbcdae4a4885ae73078e4fdc5c80 reported cstate change: term changed from 0 to 1, leader changed from <none> to 7853dbcdae4a4885ae73078e4fdc5c80 (127.28.172.129). New cstate: current_term: 1 leader_uuid: "7853dbcdae4a4885ae73078e4fdc5c80" committed_config { opid_index: -1 OBSOLETE_local: false peers { permanent_uuid: "7853dbcdae4a4885ae73078e4fdc5c80" member_type: VOTER last_known_addr { host: "127.28.172.129" port: 39581 } health_report { overall_health: HEALTHY } } peers { permanent_uuid: "a8a75c86b91643b58912fc7cabf1dc51" member_type: VOTER last_known_addr { host: "127.28.172.132" port: 34507 } health_report { overall_health: UNKNOWN } } peers { permanent_uuid: "4606f01da96f46759ce4fc05e2452776" member_type: VOTER last_known_addr { host: "127.28.172.130" port: 34425 } health_report { overall_health: UNKNOWN } } }
I20260608 13:00:16.647591 32703 leader_election.cc:290] T 0a369a26b0f549019c483559bc06802f P a8a75c86b91643b58912fc7cabf1dc51 [CANDIDATE]: Term 1 election: Requested vote from peers 7853dbcdae4a4885ae73078e4fdc5c80 (127.28.172.129:39581), 4606f01da96f46759ce4fc05e2452776 (127.28.172.130:34425)
I20260608 13:00:16.648989 32398 tablet_service.cc:1917] Received RequestConsensusVote() RPC: tablet_id: "0a369a26b0f549019c483559bc06802f" candidate_uuid: "a8a75c86b91643b58912fc7cabf1dc51" candidate_term: 1 candidate_status { last_received { term: 0 index: 0 } } ignore_live_leader: false dest_uuid: "4606f01da96f46759ce4fc05e2452776"
I20260608 13:00:16.649399 32397 raft_consensus.cc:2468] T 97607f9b7eab44618acf8c1088733b2c P 4606f01da96f46759ce4fc05e2452776 [term 1 FOLLOWER]: Leader election vote request: Granting yes vote for candidate abed6171673d460289fd0de1f18dca08 in term 1.
I20260608 13:00:16.649643 32398 raft_consensus.cc:3060] T 0a369a26b0f549019c483559bc06802f P 4606f01da96f46759ce4fc05e2452776 [term 0 FOLLOWER]: Advancing to term 1
I20260608 13:00:16.653198 32322 tablet_service.cc:1917] Received RequestConsensusVote() RPC: tablet_id: "0a369a26b0f549019c483559bc06802f" candidate_uuid: "a8a75c86b91643b58912fc7cabf1dc51" candidate_term: 1 candidate_status { last_received { term: 0 index: 0 } } ignore_live_leader: false dest_uuid: "7853dbcdae4a4885ae73078e4fdc5c80"
I20260608 13:00:16.653800 32322 raft_consensus.cc:3060] T 0a369a26b0f549019c483559bc06802f P 7853dbcdae4a4885ae73078e4fdc5c80 [term 0 FOLLOWER]: Advancing to term 1
I20260608 13:00:16.656531 32670 ts_tablet_manager.cc:1434] T 01f89961f99148afaf87c9d9d446cd9f P a8a75c86b91643b58912fc7cabf1dc51: Time spent starting tablet: real 0.044s	user 0.014s	sys 0.021s
I20260608 13:00:16.657670 32670 tablet_bootstrap.cc:492] T 190a28afb8ef42c3b34169f95f2078a0 P a8a75c86b91643b58912fc7cabf1dc51: Bootstrap starting.
I20260608 13:00:16.659456 32220 catalog_manager.cc:5696] T 421d32f8e6bb4a53b023086b71011dc1 P a8a75c86b91643b58912fc7cabf1dc51 reported cstate change: term changed from 0 to 1, leader changed from <none> to a8a75c86b91643b58912fc7cabf1dc51 (127.28.172.132). New cstate: current_term: 1 leader_uuid: "a8a75c86b91643b58912fc7cabf1dc51" committed_config { opid_index: -1 OBSOLETE_local: false peers { permanent_uuid: "abed6171673d460289fd0de1f18dca08" member_type: VOTER last_known_addr { host: "127.28.172.131" port: 46177 } health_report { overall_health: UNKNOWN } } peers { permanent_uuid: "a8a75c86b91643b58912fc7cabf1dc51" member_type: VOTER last_known_addr { host: "127.28.172.132" port: 34507 } health_report { overall_health: HEALTHY } } peers { permanent_uuid: "4606f01da96f46759ce4fc05e2452776" member_type: VOTER last_known_addr { host: "127.28.172.130" port: 34425 } health_report { overall_health: UNKNOWN } } }
I20260608 13:00:16.662238 32322 raft_consensus.cc:2468] T 0a369a26b0f549019c483559bc06802f P 7853dbcdae4a4885ae73078e4fdc5c80 [term 1 FOLLOWER]: Leader election vote request: Granting yes vote for candidate a8a75c86b91643b58912fc7cabf1dc51 in term 1.
I20260608 13:00:16.664883 32587 leader_election.cc:304] T 0a369a26b0f549019c483559bc06802f P a8a75c86b91643b58912fc7cabf1dc51 [CANDIDATE]: Term 1 election: Election decided. Result: candidate won. Election summary: received 2 responses out of 3 voters: 2 yes votes; 0 no votes. yes voters: 7853dbcdae4a4885ae73078e4fdc5c80, a8a75c86b91643b58912fc7cabf1dc51; no voters: 
I20260608 13:00:16.665863 32681 raft_consensus.cc:2804] T 0a369a26b0f549019c483559bc06802f P a8a75c86b91643b58912fc7cabf1dc51 [term 1 FOLLOWER]: Leader election won for term 1
I20260608 13:00:16.666514 32681 raft_consensus.cc:697] T 0a369a26b0f549019c483559bc06802f P a8a75c86b91643b58912fc7cabf1dc51 [term 1 LEADER]: Becoming Leader. State: Replica: a8a75c86b91643b58912fc7cabf1dc51, State: Running, Role: LEADER
I20260608 13:00:16.667615 32681 consensus_queue.cc:237] T 0a369a26b0f549019c483559bc06802f P a8a75c86b91643b58912fc7cabf1dc51 [LEADER]: Queue going to LEADER mode. State: All replicated index: 0, Majority replicated index: 0, Committed index: 0, Last appended: 0.0, Last appended by leader: 0, Current term: 1, Majority size: 2, State: 0, Mode: LEADER, active raft config: opid_index: -1 OBSOLETE_local: false peers { permanent_uuid: "a8a75c86b91643b58912fc7cabf1dc51" member_type: VOTER last_known_addr { host: "127.28.172.132" port: 34507 } } peers { permanent_uuid: "7853dbcdae4a4885ae73078e4fdc5c80" member_type: VOTER last_known_addr { host: "127.28.172.129" port: 39581 } } peers { permanent_uuid: "4606f01da96f46759ce4fc05e2452776" member_type: VOTER last_known_addr { host: "127.28.172.130" port: 34425 } }
I20260608 13:00:16.668361 32398 raft_consensus.cc:2468] T 0a369a26b0f549019c483559bc06802f P 4606f01da96f46759ce4fc05e2452776 [term 1 FOLLOWER]: Leader election vote request: Granting yes vote for candidate a8a75c86b91643b58912fc7cabf1dc51 in term 1.
I20260608 13:00:16.674316 32659 tablet_bootstrap.cc:654] T bd257fd4080c4b6b9664784a7453810a P 7853dbcdae4a4885ae73078e4fdc5c80: Neither blocks nor log segments found. Creating new log.
I20260608 13:00:16.675810 32670 tablet_bootstrap.cc:654] T 190a28afb8ef42c3b34169f95f2078a0 P a8a75c86b91643b58912fc7cabf1dc51: Neither blocks nor log segments found. Creating new log.
I20260608 13:00:16.683298 32670 tablet_bootstrap.cc:492] T 190a28afb8ef42c3b34169f95f2078a0 P a8a75c86b91643b58912fc7cabf1dc51: No bootstrap required, opened a new log
I20260608 13:00:16.682286 32217 catalog_manager.cc:5696] T 97607f9b7eab44618acf8c1088733b2c P abed6171673d460289fd0de1f18dca08 reported cstate change: term changed from 0 to 1, leader changed from <none> to abed6171673d460289fd0de1f18dca08 (127.28.172.131). New cstate: current_term: 1 leader_uuid: "abed6171673d460289fd0de1f18dca08" committed_config { opid_index: -1 OBSOLETE_local: false peers { permanent_uuid: "a8a75c86b91643b58912fc7cabf1dc51" member_type: VOTER last_known_addr { host: "127.28.172.132" port: 34507 } health_report { overall_health: UNKNOWN } } peers { permanent_uuid: "4606f01da96f46759ce4fc05e2452776" member_type: VOTER last_known_addr { host: "127.28.172.130" port: 34425 } health_report { overall_health: UNKNOWN } } peers { permanent_uuid: "abed6171673d460289fd0de1f18dca08" member_type: VOTER last_known_addr { host: "127.28.172.131" port: 46177 } health_report { overall_health: HEALTHY } } }
I20260608 13:00:16.684625 32670 ts_tablet_manager.cc:1403] T 190a28afb8ef42c3b34169f95f2078a0 P a8a75c86b91643b58912fc7cabf1dc51: Time spent bootstrapping tablet: real 0.027s	user 0.011s	sys 0.001s
I20260608 13:00:16.689034 32670 raft_consensus.cc:359] T 190a28afb8ef42c3b34169f95f2078a0 P a8a75c86b91643b58912fc7cabf1dc51 [term 0 FOLLOWER]: Replica starting. Triggering 0 pending ops. Active config: opid_index: -1 OBSOLETE_local: false peers { permanent_uuid: "7853dbcdae4a4885ae73078e4fdc5c80" member_type: VOTER last_known_addr { host: "127.28.172.129" port: 39581 } } peers { permanent_uuid: "a8a75c86b91643b58912fc7cabf1dc51" member_type: VOTER last_known_addr { host: "127.28.172.132" port: 34507 } } peers { permanent_uuid: "4606f01da96f46759ce4fc05e2452776" member_type: VOTER last_known_addr { host: "127.28.172.130" port: 34425 } }
I20260608 13:00:16.690008 32670 raft_consensus.cc:385] T 190a28afb8ef42c3b34169f95f2078a0 P a8a75c86b91643b58912fc7cabf1dc51 [term 0 FOLLOWER]: Consensus starting up: Expiring failure detector timer to make a prompt election more likely
I20260608 13:00:16.690402 32670 raft_consensus.cc:740] T 190a28afb8ef42c3b34169f95f2078a0 P a8a75c86b91643b58912fc7cabf1dc51 [term 0 FOLLOWER]: Becoming Follower/Learner. State: Replica: a8a75c86b91643b58912fc7cabf1dc51, State: Initialized, Role: FOLLOWER
I20260608 13:00:16.691696 32670 consensus_queue.cc:260] T 190a28afb8ef42c3b34169f95f2078a0 P a8a75c86b91643b58912fc7cabf1dc51 [NON_LEADER]: Queue going to NON_LEADER mode. State: All replicated index: 0, Majority replicated index: 0, Committed index: 0, Last appended: 0.0, Last appended by leader: 0, Current term: 0, Majority size: -1, State: 0, Mode: NON_LEADER, active raft config: opid_index: -1 OBSOLETE_local: false peers { permanent_uuid: "7853dbcdae4a4885ae73078e4fdc5c80" member_type: VOTER last_known_addr { host: "127.28.172.129" port: 39581 } } peers { permanent_uuid: "a8a75c86b91643b58912fc7cabf1dc51" member_type: VOTER last_known_addr { host: "127.28.172.132" port: 34507 } } peers { permanent_uuid: "4606f01da96f46759ce4fc05e2452776" member_type: VOTER last_known_addr { host: "127.28.172.130" port: 34425 } }
I20260608 13:00:16.692597 32220 catalog_manager.cc:5696] T 0a369a26b0f549019c483559bc06802f P a8a75c86b91643b58912fc7cabf1dc51 reported cstate change: term changed from 0 to 1, leader changed from <none> to a8a75c86b91643b58912fc7cabf1dc51 (127.28.172.132). New cstate: current_term: 1 leader_uuid: "a8a75c86b91643b58912fc7cabf1dc51" committed_config { opid_index: -1 OBSOLETE_local: false peers { permanent_uuid: "a8a75c86b91643b58912fc7cabf1dc51" member_type: VOTER last_known_addr { host: "127.28.172.132" port: 34507 } health_report { overall_health: HEALTHY } } peers { permanent_uuid: "7853dbcdae4a4885ae73078e4fdc5c80" member_type: VOTER last_known_addr { host: "127.28.172.129" port: 39581 } health_report { overall_health: UNKNOWN } } peers { permanent_uuid: "4606f01da96f46759ce4fc05e2452776" member_type: VOTER last_known_addr { host: "127.28.172.130" port: 34425 } health_report { overall_health: UNKNOWN } } }
I20260608 13:00:16.695123 32670 ts_tablet_manager.cc:1434] T 190a28afb8ef42c3b34169f95f2078a0 P a8a75c86b91643b58912fc7cabf1dc51: Time spent starting tablet: real 0.010s	user 0.006s	sys 0.003s
I20260608 13:00:16.696525 32670 tablet_bootstrap.cc:492] T 36b2df6bc7fa4354810e7d2ad8d07a33 P a8a75c86b91643b58912fc7cabf1dc51: Bootstrap starting.
I20260608 13:00:16.702169 32659 tablet_bootstrap.cc:492] T bd257fd4080c4b6b9664784a7453810a P 7853dbcdae4a4885ae73078e4fdc5c80: No bootstrap required, opened a new log
I20260608 13:00:16.702790 32659 ts_tablet_manager.cc:1403] T bd257fd4080c4b6b9664784a7453810a P 7853dbcdae4a4885ae73078e4fdc5c80: Time spent bootstrapping tablet: real 0.063s	user 0.015s	sys 0.014s
I20260608 13:00:16.703748 32670 tablet_bootstrap.cc:654] T 36b2df6bc7fa4354810e7d2ad8d07a33 P a8a75c86b91643b58912fc7cabf1dc51: Neither blocks nor log segments found. Creating new log.
I20260608 13:00:16.706049 32659 raft_consensus.cc:359] T bd257fd4080c4b6b9664784a7453810a P 7853dbcdae4a4885ae73078e4fdc5c80 [term 0 FOLLOWER]: Replica starting. Triggering 0 pending ops. Active config: opid_index: -1 OBSOLETE_local: false peers { permanent_uuid: "a8a75c86b91643b58912fc7cabf1dc51" member_type: VOTER last_known_addr { host: "127.28.172.132" port: 34507 } } peers { permanent_uuid: "abed6171673d460289fd0de1f18dca08" member_type: VOTER last_known_addr { host: "127.28.172.131" port: 46177 } } peers { permanent_uuid: "7853dbcdae4a4885ae73078e4fdc5c80" member_type: VOTER last_known_addr { host: "127.28.172.129" port: 39581 } }
I20260608 13:00:16.707026 32659 raft_consensus.cc:385] T bd257fd4080c4b6b9664784a7453810a P 7853dbcdae4a4885ae73078e4fdc5c80 [term 0 FOLLOWER]: Consensus starting up: Expiring failure detector timer to make a prompt election more likely
I20260608 13:00:16.707322 32659 raft_consensus.cc:740] T bd257fd4080c4b6b9664784a7453810a P 7853dbcdae4a4885ae73078e4fdc5c80 [term 0 FOLLOWER]: Becoming Follower/Learner. State: Replica: 7853dbcdae4a4885ae73078e4fdc5c80, State: Initialized, Role: FOLLOWER
I20260608 13:00:16.708230 32659 consensus_queue.cc:260] T bd257fd4080c4b6b9664784a7453810a P 7853dbcdae4a4885ae73078e4fdc5c80 [NON_LEADER]: Queue going to NON_LEADER mode. State: All replicated index: 0, Majority replicated index: 0, Committed index: 0, Last appended: 0.0, Last appended by leader: 0, Current term: 0, Majority size: -1, State: 0, Mode: NON_LEADER, active raft config: opid_index: -1 OBSOLETE_local: false peers { permanent_uuid: "a8a75c86b91643b58912fc7cabf1dc51" member_type: VOTER last_known_addr { host: "127.28.172.132" port: 34507 } } peers { permanent_uuid: "abed6171673d460289fd0de1f18dca08" member_type: VOTER last_known_addr { host: "127.28.172.131" port: 46177 } } peers { permanent_uuid: "7853dbcdae4a4885ae73078e4fdc5c80" member_type: VOTER last_known_addr { host: "127.28.172.129" port: 39581 } }
I20260608 13:00:16.709219 32670 tablet_bootstrap.cc:492] T 36b2df6bc7fa4354810e7d2ad8d07a33 P a8a75c86b91643b58912fc7cabf1dc51: No bootstrap required, opened a new log
I20260608 13:00:16.709741 32670 ts_tablet_manager.cc:1403] T 36b2df6bc7fa4354810e7d2ad8d07a33 P a8a75c86b91643b58912fc7cabf1dc51: Time spent bootstrapping tablet: real 0.014s	user 0.002s	sys 0.009s
I20260608 13:00:16.710906 32659 ts_tablet_manager.cc:1434] T bd257fd4080c4b6b9664784a7453810a P 7853dbcdae4a4885ae73078e4fdc5c80: Time spent starting tablet: real 0.008s	user 0.007s	sys 0.000s
I20260608 13:00:16.712515 32670 raft_consensus.cc:359] T 36b2df6bc7fa4354810e7d2ad8d07a33 P a8a75c86b91643b58912fc7cabf1dc51 [term 0 FOLLOWER]: Replica starting. Triggering 0 pending ops. Active config: opid_index: -1 OBSOLETE_local: false peers { permanent_uuid: "a8a75c86b91643b58912fc7cabf1dc51" member_type: VOTER last_known_addr { host: "127.28.172.132" port: 34507 } } peers { permanent_uuid: "abed6171673d460289fd0de1f18dca08" member_type: VOTER last_known_addr { host: "127.28.172.131" port: 46177 } } peers { permanent_uuid: "7853dbcdae4a4885ae73078e4fdc5c80" member_type: VOTER last_known_addr { host: "127.28.172.129" port: 39581 } }
I20260608 13:00:16.713044 32670 raft_consensus.cc:385] T 36b2df6bc7fa4354810e7d2ad8d07a33 P a8a75c86b91643b58912fc7cabf1dc51 [term 0 FOLLOWER]: Consensus starting up: Expiring failure detector timer to make a prompt election more likely
I20260608 13:00:16.713295 32670 raft_consensus.cc:740] T 36b2df6bc7fa4354810e7d2ad8d07a33 P a8a75c86b91643b58912fc7cabf1dc51 [term 0 FOLLOWER]: Becoming Follower/Learner. State: Replica: a8a75c86b91643b58912fc7cabf1dc51, State: Initialized, Role: FOLLOWER
I20260608 13:00:16.713994 32670 consensus_queue.cc:260] T 36b2df6bc7fa4354810e7d2ad8d07a33 P a8a75c86b91643b58912fc7cabf1dc51 [NON_LEADER]: Queue going to NON_LEADER mode. State: All replicated index: 0, Majority replicated index: 0, Committed index: 0, Last appended: 0.0, Last appended by leader: 0, Current term: 0, Majority size: -1, State: 0, Mode: NON_LEADER, active raft config: opid_index: -1 OBSOLETE_local: false peers { permanent_uuid: "a8a75c86b91643b58912fc7cabf1dc51" member_type: VOTER last_known_addr { host: "127.28.172.132" port: 34507 } } peers { permanent_uuid: "abed6171673d460289fd0de1f18dca08" member_type: VOTER last_known_addr { host: "127.28.172.131" port: 46177 } } peers { permanent_uuid: "7853dbcdae4a4885ae73078e4fdc5c80" member_type: VOTER last_known_addr { host: "127.28.172.129" port: 39581 } }
I20260608 13:00:16.716832 32670 ts_tablet_manager.cc:1434] T 36b2df6bc7fa4354810e7d2ad8d07a33 P a8a75c86b91643b58912fc7cabf1dc51: Time spent starting tablet: real 0.007s	user 0.006s	sys 0.002s
I20260608 13:00:16.717801 32670 tablet_bootstrap.cc:492] T bd257fd4080c4b6b9664784a7453810a P a8a75c86b91643b58912fc7cabf1dc51: Bootstrap starting.
I20260608 13:00:16.726433 32670 tablet_bootstrap.cc:654] T bd257fd4080c4b6b9664784a7453810a P a8a75c86b91643b58912fc7cabf1dc51: Neither blocks nor log segments found. Creating new log.
I20260608 13:00:16.731047 32670 tablet_bootstrap.cc:492] T bd257fd4080c4b6b9664784a7453810a P a8a75c86b91643b58912fc7cabf1dc51: No bootstrap required, opened a new log
I20260608 13:00:16.731436 32670 ts_tablet_manager.cc:1403] T bd257fd4080c4b6b9664784a7453810a P a8a75c86b91643b58912fc7cabf1dc51: Time spent bootstrapping tablet: real 0.014s	user 0.008s	sys 0.001s
I20260608 13:00:16.733373 32670 raft_consensus.cc:359] T bd257fd4080c4b6b9664784a7453810a P a8a75c86b91643b58912fc7cabf1dc51 [term 0 FOLLOWER]: Replica starting. Triggering 0 pending ops. Active config: opid_index: -1 OBSOLETE_local: false peers { permanent_uuid: "a8a75c86b91643b58912fc7cabf1dc51" member_type: VOTER last_known_addr { host: "127.28.172.132" port: 34507 } } peers { permanent_uuid: "abed6171673d460289fd0de1f18dca08" member_type: VOTER last_known_addr { host: "127.28.172.131" port: 46177 } } peers { permanent_uuid: "7853dbcdae4a4885ae73078e4fdc5c80" member_type: VOTER last_known_addr { host: "127.28.172.129" port: 39581 } }
I20260608 13:00:16.733870 32670 raft_consensus.cc:385] T bd257fd4080c4b6b9664784a7453810a P a8a75c86b91643b58912fc7cabf1dc51 [term 0 FOLLOWER]: Consensus starting up: Expiring failure detector timer to make a prompt election more likely
I20260608 13:00:16.734086 32670 raft_consensus.cc:740] T bd257fd4080c4b6b9664784a7453810a P a8a75c86b91643b58912fc7cabf1dc51 [term 0 FOLLOWER]: Becoming Follower/Learner. State: Replica: a8a75c86b91643b58912fc7cabf1dc51, State: Initialized, Role: FOLLOWER
I20260608 13:00:16.734599 32670 consensus_queue.cc:260] T bd257fd4080c4b6b9664784a7453810a P a8a75c86b91643b58912fc7cabf1dc51 [NON_LEADER]: Queue going to NON_LEADER mode. State: All replicated index: 0, Majority replicated index: 0, Committed index: 0, Last appended: 0.0, Last appended by leader: 0, Current term: 0, Majority size: -1, State: 0, Mode: NON_LEADER, active raft config: opid_index: -1 OBSOLETE_local: false peers { permanent_uuid: "a8a75c86b91643b58912fc7cabf1dc51" member_type: VOTER last_known_addr { host: "127.28.172.132" port: 34507 } } peers { permanent_uuid: "abed6171673d460289fd0de1f18dca08" member_type: VOTER last_known_addr { host: "127.28.172.131" port: 46177 } } peers { permanent_uuid: "7853dbcdae4a4885ae73078e4fdc5c80" member_type: VOTER last_known_addr { host: "127.28.172.129" port: 39581 } }
I20260608 13:00:16.736336 32670 ts_tablet_manager.cc:1434] T bd257fd4080c4b6b9664784a7453810a P a8a75c86b91643b58912fc7cabf1dc51: Time spent starting tablet: real 0.005s	user 0.004s	sys 0.000s
I20260608 13:00:16.750605 32681 raft_consensus.cc:493] T 01f89961f99148afaf87c9d9d446cd9f P a8a75c86b91643b58912fc7cabf1dc51 [term 0 FOLLOWER]: Starting pre-election (no leader contacted us within the election timeout)
I20260608 13:00:16.751157 32681 raft_consensus.cc:515] T 01f89961f99148afaf87c9d9d446cd9f P a8a75c86b91643b58912fc7cabf1dc51 [term 0 FOLLOWER]: Starting pre-election with config: opid_index: -1 OBSOLETE_local: false peers { permanent_uuid: "a8a75c86b91643b58912fc7cabf1dc51" member_type: VOTER last_known_addr { host: "127.28.172.132" port: 34507 } } peers { permanent_uuid: "abed6171673d460289fd0de1f18dca08" member_type: VOTER last_known_addr { host: "127.28.172.131" port: 46177 } } peers { permanent_uuid: "7853dbcdae4a4885ae73078e4fdc5c80" member_type: VOTER last_known_addr { host: "127.28.172.129" port: 39581 } }
I20260608 13:00:16.753090 32681 leader_election.cc:290] T 01f89961f99148afaf87c9d9d446cd9f P a8a75c86b91643b58912fc7cabf1dc51 [CANDIDATE]: Term 1 pre-election: Requested pre-vote from peers abed6171673d460289fd0de1f18dca08 (127.28.172.131:46177), 7853dbcdae4a4885ae73078e4fdc5c80 (127.28.172.129:39581)
I20260608 13:00:16.753810 32469 tablet_service.cc:1917] Received RequestConsensusVote() RPC: tablet_id: "01f89961f99148afaf87c9d9d446cd9f" candidate_uuid: "a8a75c86b91643b58912fc7cabf1dc51" candidate_term: 1 candidate_status { last_received { term: 0 index: 0 } } ignore_live_leader: false dest_uuid: "abed6171673d460289fd0de1f18dca08" is_pre_election: true
I20260608 13:00:16.754442 32469 raft_consensus.cc:2393] T 01f89961f99148afaf87c9d9d446cd9f P abed6171673d460289fd0de1f18dca08 [term 1 FOLLOWER]: Leader pre-election vote request: Denying vote to candidate a8a75c86b91643b58912fc7cabf1dc51 in current term 1: Already voted for candidate 7853dbcdae4a4885ae73078e4fdc5c80 in this term.
I20260608 13:00:16.754295 32322 tablet_service.cc:1917] Received RequestConsensusVote() RPC: tablet_id: "01f89961f99148afaf87c9d9d446cd9f" candidate_uuid: "a8a75c86b91643b58912fc7cabf1dc51" candidate_term: 1 candidate_status { last_received { term: 0 index: 0 } } ignore_live_leader: false dest_uuid: "7853dbcdae4a4885ae73078e4fdc5c80" is_pre_election: true
I20260608 13:00:16.755683 32587 leader_election.cc:304] T 01f89961f99148afaf87c9d9d446cd9f P a8a75c86b91643b58912fc7cabf1dc51 [CANDIDATE]: Term 1 pre-election: Election decided. Result: candidate lost. Election summary: received 3 responses out of 3 voters: 1 yes votes; 2 no votes. yes voters: a8a75c86b91643b58912fc7cabf1dc51; no voters: 7853dbcdae4a4885ae73078e4fdc5c80, abed6171673d460289fd0de1f18dca08
I20260608 13:00:16.756335 32681 raft_consensus.cc:3060] T 01f89961f99148afaf87c9d9d446cd9f P a8a75c86b91643b58912fc7cabf1dc51 [term 0 FOLLOWER]: Advancing to term 1
I20260608 13:00:16.760977 32681 raft_consensus.cc:2749] T 01f89961f99148afaf87c9d9d446cd9f P a8a75c86b91643b58912fc7cabf1dc51 [term 1 FOLLOWER]: Leader pre-election lost for term 1. Reason: could not achieve majority
W20260608 13:00:16.769398 32204 catalog_manager.cc:4809] Async tablet task AlterTable RPC for tablet bd257fd4080c4b6b9664784a7453810a (table range_aware_rebalance_new_range [id=c5dea0c08609429999d00f8f3b1a4900], current schema version=0) failed: Not found: failed to reset TS proxy: No leader found: Tablet bd257fd4080c4b6b9664784a7453810a consensus state has no leader
I20260608 13:00:16.785939 32681 raft_consensus.cc:493] T 190a28afb8ef42c3b34169f95f2078a0 P a8a75c86b91643b58912fc7cabf1dc51 [term 0 FOLLOWER]: Starting pre-election (no leader contacted us within the election timeout)
I20260608 13:00:16.786445 32681 raft_consensus.cc:515] T 190a28afb8ef42c3b34169f95f2078a0 P a8a75c86b91643b58912fc7cabf1dc51 [term 0 FOLLOWER]: Starting pre-election with config: opid_index: -1 OBSOLETE_local: false peers { permanent_uuid: "7853dbcdae4a4885ae73078e4fdc5c80" member_type: VOTER last_known_addr { host: "127.28.172.129" port: 39581 } } peers { permanent_uuid: "a8a75c86b91643b58912fc7cabf1dc51" member_type: VOTER last_known_addr { host: "127.28.172.132" port: 34507 } } peers { permanent_uuid: "4606f01da96f46759ce4fc05e2452776" member_type: VOTER last_known_addr { host: "127.28.172.130" port: 34425 } }
I20260608 13:00:16.788748 32681 leader_election.cc:290] T 190a28afb8ef42c3b34169f95f2078a0 P a8a75c86b91643b58912fc7cabf1dc51 [CANDIDATE]: Term 1 pre-election: Requested pre-vote from peers 7853dbcdae4a4885ae73078e4fdc5c80 (127.28.172.129:39581), 4606f01da96f46759ce4fc05e2452776 (127.28.172.130:34425)
I20260608 13:00:16.789436 32322 tablet_service.cc:1917] Received RequestConsensusVote() RPC: tablet_id: "190a28afb8ef42c3b34169f95f2078a0" candidate_uuid: "a8a75c86b91643b58912fc7cabf1dc51" candidate_term: 1 candidate_status { last_received { term: 0 index: 0 } } ignore_live_leader: false dest_uuid: "7853dbcdae4a4885ae73078e4fdc5c80" is_pre_election: true
I20260608 13:00:16.789832 32398 tablet_service.cc:1917] Received RequestConsensusVote() RPC: tablet_id: "190a28afb8ef42c3b34169f95f2078a0" candidate_uuid: "a8a75c86b91643b58912fc7cabf1dc51" candidate_term: 1 candidate_status { last_received { term: 0 index: 0 } } ignore_live_leader: false dest_uuid: "4606f01da96f46759ce4fc05e2452776" is_pre_election: true
I20260608 13:00:16.790648 32398 raft_consensus.cc:2393] T 190a28afb8ef42c3b34169f95f2078a0 P 4606f01da96f46759ce4fc05e2452776 [term 1 FOLLOWER]: Leader pre-election vote request: Denying vote to candidate a8a75c86b91643b58912fc7cabf1dc51 in current term 1: Already voted for candidate 7853dbcdae4a4885ae73078e4fdc5c80 in this term.
I20260608 13:00:16.791692 32585 leader_election.cc:304] T 190a28afb8ef42c3b34169f95f2078a0 P a8a75c86b91643b58912fc7cabf1dc51 [CANDIDATE]: Term 1 pre-election: Election decided. Result: candidate lost. Election summary: received 3 responses out of 3 voters: 1 yes votes; 2 no votes. yes voters: a8a75c86b91643b58912fc7cabf1dc51; no voters: 4606f01da96f46759ce4fc05e2452776, 7853dbcdae4a4885ae73078e4fdc5c80
I20260608 13:00:16.792568 32681 raft_consensus.cc:3060] T 190a28afb8ef42c3b34169f95f2078a0 P a8a75c86b91643b58912fc7cabf1dc51 [term 0 FOLLOWER]: Advancing to term 1
I20260608 13:00:16.797113 32681 raft_consensus.cc:2749] T 190a28afb8ef42c3b34169f95f2078a0 P a8a75c86b91643b58912fc7cabf1dc51 [term 1 FOLLOWER]: Leader pre-election lost for term 1. Reason: could not achieve majority
I20260608 13:00:16.801055 32525 raft_consensus.cc:493] T bd257fd4080c4b6b9664784a7453810a P 7853dbcdae4a4885ae73078e4fdc5c80 [term 0 FOLLOWER]: Starting pre-election (no leader contacted us within the election timeout)
I20260608 13:00:16.801595 32525 raft_consensus.cc:515] T bd257fd4080c4b6b9664784a7453810a P 7853dbcdae4a4885ae73078e4fdc5c80 [term 0 FOLLOWER]: Starting pre-election with config: opid_index: -1 OBSOLETE_local: false peers { permanent_uuid: "a8a75c86b91643b58912fc7cabf1dc51" member_type: VOTER last_known_addr { host: "127.28.172.132" port: 34507 } } peers { permanent_uuid: "abed6171673d460289fd0de1f18dca08" member_type: VOTER last_known_addr { host: "127.28.172.131" port: 46177 } } peers { permanent_uuid: "7853dbcdae4a4885ae73078e4fdc5c80" member_type: VOTER last_known_addr { host: "127.28.172.129" port: 39581 } }
I20260608 13:00:16.803352 32525 leader_election.cc:290] T bd257fd4080c4b6b9664784a7453810a P 7853dbcdae4a4885ae73078e4fdc5c80 [CANDIDATE]: Term 1 pre-election: Requested pre-vote from peers a8a75c86b91643b58912fc7cabf1dc51 (127.28.172.132:34507), abed6171673d460289fd0de1f18dca08 (127.28.172.131:46177)
I20260608 13:00:16.804217 32622 tablet_service.cc:1917] Received RequestConsensusVote() RPC: tablet_id: "bd257fd4080c4b6b9664784a7453810a" candidate_uuid: "7853dbcdae4a4885ae73078e4fdc5c80" candidate_term: 1 candidate_status { last_received { term: 0 index: 0 } } ignore_live_leader: false dest_uuid: "a8a75c86b91643b58912fc7cabf1dc51" is_pre_election: true
I20260608 13:00:16.804406 32469 tablet_service.cc:1917] Received RequestConsensusVote() RPC: tablet_id: "bd257fd4080c4b6b9664784a7453810a" candidate_uuid: "7853dbcdae4a4885ae73078e4fdc5c80" candidate_term: 1 candidate_status { last_received { term: 0 index: 0 } } ignore_live_leader: false dest_uuid: "abed6171673d460289fd0de1f18dca08" is_pre_election: true
I20260608 13:00:16.804737 32622 raft_consensus.cc:2468] T bd257fd4080c4b6b9664784a7453810a P a8a75c86b91643b58912fc7cabf1dc51 [term 0 FOLLOWER]: Leader pre-election vote request: Granting yes vote for candidate 7853dbcdae4a4885ae73078e4fdc5c80 in term 0.
I20260608 13:00:16.805006 32469 raft_consensus.cc:2468] T bd257fd4080c4b6b9664784a7453810a P abed6171673d460289fd0de1f18dca08 [term 0 FOLLOWER]: Leader pre-election vote request: Granting yes vote for candidate 7853dbcdae4a4885ae73078e4fdc5c80 in term 0.
I20260608 13:00:16.805823 32288 leader_election.cc:304] T bd257fd4080c4b6b9664784a7453810a P 7853dbcdae4a4885ae73078e4fdc5c80 [CANDIDATE]: Term 1 pre-election: Election decided. Result: candidate won. Election summary: received 2 responses out of 3 voters: 2 yes votes; 0 no votes. yes voters: 7853dbcdae4a4885ae73078e4fdc5c80, a8a75c86b91643b58912fc7cabf1dc51; no voters: 
I20260608 13:00:16.806581 32525 raft_consensus.cc:2804] T bd257fd4080c4b6b9664784a7453810a P 7853dbcdae4a4885ae73078e4fdc5c80 [term 0 FOLLOWER]: Leader pre-election won for term 1
I20260608 13:00:16.806945 32525 raft_consensus.cc:493] T bd257fd4080c4b6b9664784a7453810a P 7853dbcdae4a4885ae73078e4fdc5c80 [term 0 FOLLOWER]: Starting leader election (no leader contacted us within the election timeout)
I20260608 13:00:16.807250 32525 raft_consensus.cc:3060] T bd257fd4080c4b6b9664784a7453810a P 7853dbcdae4a4885ae73078e4fdc5c80 [term 0 FOLLOWER]: Advancing to term 1
I20260608 13:00:16.812470 32525 raft_consensus.cc:515] T bd257fd4080c4b6b9664784a7453810a P 7853dbcdae4a4885ae73078e4fdc5c80 [term 1 FOLLOWER]: Starting leader election with config: opid_index: -1 OBSOLETE_local: false peers { permanent_uuid: "a8a75c86b91643b58912fc7cabf1dc51" member_type: VOTER last_known_addr { host: "127.28.172.132" port: 34507 } } peers { permanent_uuid: "abed6171673d460289fd0de1f18dca08" member_type: VOTER last_known_addr { host: "127.28.172.131" port: 46177 } } peers { permanent_uuid: "7853dbcdae4a4885ae73078e4fdc5c80" member_type: VOTER last_known_addr { host: "127.28.172.129" port: 39581 } }
I20260608 13:00:16.814437 32525 leader_election.cc:290] T bd257fd4080c4b6b9664784a7453810a P 7853dbcdae4a4885ae73078e4fdc5c80 [CANDIDATE]: Term 1 election: Requested vote from peers a8a75c86b91643b58912fc7cabf1dc51 (127.28.172.132:34507), abed6171673d460289fd0de1f18dca08 (127.28.172.131:46177)
I20260608 13:00:16.815236 32622 tablet_service.cc:1917] Received RequestConsensusVote() RPC: tablet_id: "bd257fd4080c4b6b9664784a7453810a" candidate_uuid: "7853dbcdae4a4885ae73078e4fdc5c80" candidate_term: 1 candidate_status { last_received { term: 0 index: 0 } } ignore_live_leader: false dest_uuid: "a8a75c86b91643b58912fc7cabf1dc51"
I20260608 13:00:16.815482 32469 tablet_service.cc:1917] Received RequestConsensusVote() RPC: tablet_id: "bd257fd4080c4b6b9664784a7453810a" candidate_uuid: "7853dbcdae4a4885ae73078e4fdc5c80" candidate_term: 1 candidate_status { last_received { term: 0 index: 0 } } ignore_live_leader: false dest_uuid: "abed6171673d460289fd0de1f18dca08"
I20260608 13:00:16.815764 32622 raft_consensus.cc:3060] T bd257fd4080c4b6b9664784a7453810a P a8a75c86b91643b58912fc7cabf1dc51 [term 0 FOLLOWER]: Advancing to term 1
I20260608 13:00:16.816097 32469 raft_consensus.cc:3060] T bd257fd4080c4b6b9664784a7453810a P abed6171673d460289fd0de1f18dca08 [term 0 FOLLOWER]: Advancing to term 1
I20260608 13:00:16.819928 32274 auto_leader_rebalancer.cc:140] leader rebalance for table range_aware_rebalance_new_range
I20260608 13:00:16.820575 32469 raft_consensus.cc:2468] T bd257fd4080c4b6b9664784a7453810a P abed6171673d460289fd0de1f18dca08 [term 1 FOLLOWER]: Leader election vote request: Granting yes vote for candidate 7853dbcdae4a4885ae73078e4fdc5c80 in term 1.
I20260608 13:00:16.820977 32622 raft_consensus.cc:2468] T bd257fd4080c4b6b9664784a7453810a P a8a75c86b91643b58912fc7cabf1dc51 [term 1 FOLLOWER]: Leader election vote request: Granting yes vote for candidate 7853dbcdae4a4885ae73078e4fdc5c80 in term 1.
I20260608 13:00:16.821873 32288 leader_election.cc:304] T bd257fd4080c4b6b9664784a7453810a P 7853dbcdae4a4885ae73078e4fdc5c80 [CANDIDATE]: Term 1 election: Election decided. Result: candidate won. Election summary: received 2 responses out of 3 voters: 2 yes votes; 0 no votes. yes voters: 7853dbcdae4a4885ae73078e4fdc5c80, abed6171673d460289fd0de1f18dca08; no voters: 
I20260608 13:00:16.822669 32525 raft_consensus.cc:2804] T bd257fd4080c4b6b9664784a7453810a P 7853dbcdae4a4885ae73078e4fdc5c80 [term 1 FOLLOWER]: Leader election won for term 1
I20260608 13:00:16.823201 32525 raft_consensus.cc:697] T bd257fd4080c4b6b9664784a7453810a P 7853dbcdae4a4885ae73078e4fdc5c80 [term 1 LEADER]: Becoming Leader. State: Replica: 7853dbcdae4a4885ae73078e4fdc5c80, State: Running, Role: LEADER
I20260608 13:00:16.824043 32525 consensus_queue.cc:237] T bd257fd4080c4b6b9664784a7453810a P 7853dbcdae4a4885ae73078e4fdc5c80 [LEADER]: Queue going to LEADER mode. State: All replicated index: 0, Majority replicated index: 0, Committed index: 0, Last appended: 0.0, Last appended by leader: 0, Current term: 1, Majority size: 2, State: 0, Mode: LEADER, active raft config: opid_index: -1 OBSOLETE_local: false peers { permanent_uuid: "a8a75c86b91643b58912fc7cabf1dc51" member_type: VOTER last_known_addr { host: "127.28.172.132" port: 34507 } } peers { permanent_uuid: "abed6171673d460289fd0de1f18dca08" member_type: VOTER last_known_addr { host: "127.28.172.131" port: 46177 } } peers { permanent_uuid: "7853dbcdae4a4885ae73078e4fdc5c80" member_type: VOTER last_known_addr { host: "127.28.172.129" port: 39581 } }
I20260608 13:00:16.831601 32217 catalog_manager.cc:5696] T bd257fd4080c4b6b9664784a7453810a P 7853dbcdae4a4885ae73078e4fdc5c80 reported cstate change: term changed from 0 to 1, leader changed from <none> to 7853dbcdae4a4885ae73078e4fdc5c80 (127.28.172.129). New cstate: current_term: 1 leader_uuid: "7853dbcdae4a4885ae73078e4fdc5c80" committed_config { opid_index: -1 OBSOLETE_local: false peers { permanent_uuid: "a8a75c86b91643b58912fc7cabf1dc51" member_type: VOTER last_known_addr { host: "127.28.172.132" port: 34507 } health_report { overall_health: UNKNOWN } } peers { permanent_uuid: "abed6171673d460289fd0de1f18dca08" member_type: VOTER last_known_addr { host: "127.28.172.131" port: 46177 } health_report { overall_health: UNKNOWN } } peers { permanent_uuid: "7853dbcdae4a4885ae73078e4fdc5c80" member_type: VOTER last_known_addr { host: "127.28.172.129" port: 39581 } health_report { overall_health: HEALTHY } } }
W20260608 13:00:16.835484 32274 auto_leader_rebalancer.cc:460] the master instance isn't leader: Service unavailable: Tablet not running
I20260608 13:00:16.857956 32525 consensus_queue.cc:1048] T 01f89961f99148afaf87c9d9d446cd9f P 7853dbcdae4a4885ae73078e4fdc5c80 [LEADER]: Connected to new peer: Peer: permanent_uuid: "abed6171673d460289fd0de1f18dca08" member_type: VOTER last_known_addr { host: "127.28.172.131" port: 46177 }, Status: LMP_MISMATCH, Last received: 0.0, Next index: 1, Last known committed idx: 0, Time since last communication: 0.000s
I20260608 13:00:16.873235 32652 consensus_queue.cc:1048] T 01f89961f99148afaf87c9d9d446cd9f P 7853dbcdae4a4885ae73078e4fdc5c80 [LEADER]: Connected to new peer: Peer: permanent_uuid: "a8a75c86b91643b58912fc7cabf1dc51" member_type: VOTER last_known_addr { host: "127.28.172.132" port: 34507 }, Status: LMP_MISMATCH, Last received: 0.0, Next index: 1, Last known committed idx: 0, Time since last communication: 0.000s
I20260608 13:00:16.932884 32398 consensus_queue.cc:237] T 71de162f2c134f21a31dae2f44191549 P 4606f01da96f46759ce4fc05e2452776 [LEADER]: Queue going to LEADER mode. State: All replicated index: 0, Majority replicated index: 1, Committed index: 1, Last appended: 1.1, Last appended by leader: 0, Current term: 1, Majority size: 2, State: 0, Mode: LEADER, active raft config: opid_index: 2 OBSOLETE_local: false peers { permanent_uuid: "4606f01da96f46759ce4fc05e2452776" member_type: VOTER last_known_addr { host: "127.28.172.130" port: 34425 } } peers { permanent_uuid: "7853dbcdae4a4885ae73078e4fdc5c80" member_type: VOTER last_known_addr { host: "127.28.172.129" port: 39581 } attrs { replace: true } } peers { permanent_uuid: "abed6171673d460289fd0de1f18dca08" member_type: VOTER last_known_addr { host: "127.28.172.131" port: 46177 } } peers { permanent_uuid: "a8a75c86b91643b58912fc7cabf1dc51" member_type: NON_VOTER last_known_addr { host: "127.28.172.132" port: 34507 } attrs { promote: true } }
I20260608 13:00:16.939893 32469 raft_consensus.cc:1275] T 71de162f2c134f21a31dae2f44191549 P abed6171673d460289fd0de1f18dca08 [term 1 FOLLOWER]: Refusing update from remote peer 4606f01da96f46759ce4fc05e2452776: Log matching property violated. Preceding OpId in replica: term: 1 index: 1. Preceding OpId from leader: term: 1 index: 2. (index mismatch)
I20260608 13:00:16.939956 32322 raft_consensus.cc:1275] T 71de162f2c134f21a31dae2f44191549 P 7853dbcdae4a4885ae73078e4fdc5c80 [term 1 FOLLOWER]: Refusing update from remote peer 4606f01da96f46759ce4fc05e2452776: Log matching property violated. Preceding OpId in replica: term: 1 index: 1. Preceding OpId from leader: term: 1 index: 2. (index mismatch)
W20260608 13:00:16.940615 32363 consensus_peers.cc:597] T 71de162f2c134f21a31dae2f44191549 P 4606f01da96f46759ce4fc05e2452776 -> Peer a8a75c86b91643b58912fc7cabf1dc51 (127.28.172.132:34507): Couldn't send request to peer a8a75c86b91643b58912fc7cabf1dc51. Error code: TABLET_NOT_FOUND (6). Status: Not found: Tablet not found: 71de162f2c134f21a31dae2f44191549. This is attempt 1: this message will repeat every 5th retry.
I20260608 13:00:16.941546 32674 consensus_queue.cc:1048] T 71de162f2c134f21a31dae2f44191549 P 4606f01da96f46759ce4fc05e2452776 [LEADER]: Connected to new peer: Peer: permanent_uuid: "abed6171673d460289fd0de1f18dca08" member_type: VOTER last_known_addr { host: "127.28.172.131" port: 46177 }, Status: LMP_MISMATCH, Last received: 0.0, Next index: 2, Last known committed idx: 1, Time since last communication: 0.000s
I20260608 13:00:16.942474 32663 consensus_queue.cc:1048] T 71de162f2c134f21a31dae2f44191549 P 4606f01da96f46759ce4fc05e2452776 [LEADER]: Connected to new peer: Peer: permanent_uuid: "7853dbcdae4a4885ae73078e4fdc5c80" member_type: VOTER last_known_addr { host: "127.28.172.129" port: 39581 } attrs { replace: true }, Status: LMP_MISMATCH, Last received: 0.0, Next index: 2, Last known committed idx: 1, Time since last communication: 0.000s
I20260608 13:00:16.949679 32663 raft_consensus.cc:2955] T 71de162f2c134f21a31dae2f44191549 P 4606f01da96f46759ce4fc05e2452776 [term 1 LEADER]: Committing config change with OpId 1.2: config changed from index -1 to 2, NON_VOTER a8a75c86b91643b58912fc7cabf1dc51 (127.28.172.132) added. New config: { opid_index: 2 OBSOLETE_local: false peers { permanent_uuid: "4606f01da96f46759ce4fc05e2452776" member_type: VOTER last_known_addr { host: "127.28.172.130" port: 34425 } } peers { permanent_uuid: "7853dbcdae4a4885ae73078e4fdc5c80" member_type: VOTER last_known_addr { host: "127.28.172.129" port: 39581 } attrs { replace: true } } peers { permanent_uuid: "abed6171673d460289fd0de1f18dca08" member_type: VOTER last_known_addr { host: "127.28.172.131" port: 46177 } } peers { permanent_uuid: "a8a75c86b91643b58912fc7cabf1dc51" member_type: NON_VOTER last_known_addr { host: "127.28.172.132" port: 34507 } attrs { promote: true } } }
I20260608 13:00:16.951186 32469 raft_consensus.cc:2955] T 71de162f2c134f21a31dae2f44191549 P abed6171673d460289fd0de1f18dca08 [term 1 FOLLOWER]: Committing config change with OpId 1.2: config changed from index -1 to 2, NON_VOTER a8a75c86b91643b58912fc7cabf1dc51 (127.28.172.132) added. New config: { opid_index: 2 OBSOLETE_local: false peers { permanent_uuid: "4606f01da96f46759ce4fc05e2452776" member_type: VOTER last_known_addr { host: "127.28.172.130" port: 34425 } } peers { permanent_uuid: "7853dbcdae4a4885ae73078e4fdc5c80" member_type: VOTER last_known_addr { host: "127.28.172.129" port: 39581 } attrs { replace: true } } peers { permanent_uuid: "abed6171673d460289fd0de1f18dca08" member_type: VOTER last_known_addr { host: "127.28.172.131" port: 46177 } } peers { permanent_uuid: "a8a75c86b91643b58912fc7cabf1dc51" member_type: NON_VOTER last_known_addr { host: "127.28.172.132" port: 34507 } attrs { promote: true } } }
I20260608 13:00:16.953543 32322 raft_consensus.cc:2955] T 71de162f2c134f21a31dae2f44191549 P 7853dbcdae4a4885ae73078e4fdc5c80 [term 1 FOLLOWER]: Committing config change with OpId 1.2: config changed from index -1 to 2, NON_VOTER a8a75c86b91643b58912fc7cabf1dc51 (127.28.172.132) added. New config: { opid_index: 2 OBSOLETE_local: false peers { permanent_uuid: "4606f01da96f46759ce4fc05e2452776" member_type: VOTER last_known_addr { host: "127.28.172.130" port: 34425 } } peers { permanent_uuid: "7853dbcdae4a4885ae73078e4fdc5c80" member_type: VOTER last_known_addr { host: "127.28.172.129" port: 39581 } attrs { replace: true } } peers { permanent_uuid: "abed6171673d460289fd0de1f18dca08" member_type: VOTER last_known_addr { host: "127.28.172.131" port: 46177 } } peers { permanent_uuid: "a8a75c86b91643b58912fc7cabf1dc51" member_type: NON_VOTER last_known_addr { host: "127.28.172.132" port: 34507 } attrs { promote: true } } }
I20260608 13:00:16.966063 32220 catalog_manager.cc:5696] T 71de162f2c134f21a31dae2f44191549 P 4606f01da96f46759ce4fc05e2452776 reported cstate change: config changed from index -1 to 2, NON_VOTER a8a75c86b91643b58912fc7cabf1dc51 (127.28.172.132) added. New cstate: current_term: 1 leader_uuid: "4606f01da96f46759ce4fc05e2452776" committed_config { opid_index: 2 OBSOLETE_local: false peers { permanent_uuid: "4606f01da96f46759ce4fc05e2452776" member_type: VOTER last_known_addr { host: "127.28.172.130" port: 34425 } health_report { overall_health: HEALTHY } } peers { permanent_uuid: "7853dbcdae4a4885ae73078e4fdc5c80" member_type: VOTER last_known_addr { host: "127.28.172.129" port: 39581 } attrs { replace: true } health_report { overall_health: HEALTHY } } peers { permanent_uuid: "abed6171673d460289fd0de1f18dca08" member_type: VOTER last_known_addr { host: "127.28.172.131" port: 46177 } health_report { overall_health: HEALTHY } } peers { permanent_uuid: "a8a75c86b91643b58912fc7cabf1dc51" member_type: NON_VOTER last_known_addr { host: "127.28.172.132" port: 34507 } attrs { promote: true } health_report { overall_health: UNKNOWN } } }
I20260608 13:00:16.992626 32322 consensus_queue.cc:237] T 7ec921f78e4b4a8993d38be638c1499e P 7853dbcdae4a4885ae73078e4fdc5c80 [LEADER]: Queue going to LEADER mode. State: All replicated index: 0, Majority replicated index: 1, Committed index: 1, Last appended: 1.1, Last appended by leader: 0, Current term: 1, Majority size: 2, State: 0, Mode: LEADER, active raft config: opid_index: 2 OBSOLETE_local: false peers { permanent_uuid: "7853dbcdae4a4885ae73078e4fdc5c80" member_type: VOTER last_known_addr { host: "127.28.172.129" port: 39581 } } peers { permanent_uuid: "4606f01da96f46759ce4fc05e2452776" member_type: VOTER last_known_addr { host: "127.28.172.130" port: 34425 } attrs { replace: true } } peers { permanent_uuid: "abed6171673d460289fd0de1f18dca08" member_type: VOTER last_known_addr { host: "127.28.172.131" port: 46177 } } peers { permanent_uuid: "a8a75c86b91643b58912fc7cabf1dc51" member_type: NON_VOTER last_known_addr { host: "127.28.172.132" port: 34507 } attrs { promote: true } }
I20260608 13:00:17.000348 32469 raft_consensus.cc:1275] T 7ec921f78e4b4a8993d38be638c1499e P abed6171673d460289fd0de1f18dca08 [term 1 FOLLOWER]: Refusing update from remote peer 7853dbcdae4a4885ae73078e4fdc5c80: Log matching property violated. Preceding OpId in replica: term: 1 index: 1. Preceding OpId from leader: term: 1 index: 2. (index mismatch)
I20260608 13:00:17.000583 32398 raft_consensus.cc:1275] T 7ec921f78e4b4a8993d38be638c1499e P 4606f01da96f46759ce4fc05e2452776 [term 1 FOLLOWER]: Refusing update from remote peer 7853dbcdae4a4885ae73078e4fdc5c80: Log matching property violated. Preceding OpId in replica: term: 1 index: 1. Preceding OpId from leader: term: 1 index: 2. (index mismatch)
W20260608 13:00:17.000543 32288 consensus_peers.cc:597] T 7ec921f78e4b4a8993d38be638c1499e P 7853dbcdae4a4885ae73078e4fdc5c80 -> Peer a8a75c86b91643b58912fc7cabf1dc51 (127.28.172.132:34507): Couldn't send request to peer a8a75c86b91643b58912fc7cabf1dc51. Error code: TABLET_NOT_FOUND (6). Status: Not found: Tablet not found: 7ec921f78e4b4a8993d38be638c1499e. This is attempt 1: this message will repeat every 5th retry.
I20260608 13:00:17.002240 32532 consensus_queue.cc:1048] T 7ec921f78e4b4a8993d38be638c1499e P 7853dbcdae4a4885ae73078e4fdc5c80 [LEADER]: Connected to new peer: Peer: permanent_uuid: "abed6171673d460289fd0de1f18dca08" member_type: VOTER last_known_addr { host: "127.28.172.131" port: 46177 }, Status: LMP_MISMATCH, Last received: 0.0, Next index: 2, Last known committed idx: 1, Time since last communication: 0.000s
I20260608 13:00:17.003094 32721 consensus_queue.cc:1048] T 7ec921f78e4b4a8993d38be638c1499e P 7853dbcdae4a4885ae73078e4fdc5c80 [LEADER]: Connected to new peer: Peer: permanent_uuid: "4606f01da96f46759ce4fc05e2452776" member_type: VOTER last_known_addr { host: "127.28.172.130" port: 34425 } attrs { replace: true }, Status: LMP_MISMATCH, Last received: 0.0, Next index: 2, Last known committed idx: 1, Time since last communication: 0.001s
I20260608 13:00:17.009032 32681 consensus_queue.cc:1048] T 421d32f8e6bb4a53b023086b71011dc1 P a8a75c86b91643b58912fc7cabf1dc51 [LEADER]: Connected to new peer: Peer: permanent_uuid: "4606f01da96f46759ce4fc05e2452776" member_type: VOTER last_known_addr { host: "127.28.172.130" port: 34425 }, Status: LMP_MISMATCH, Last received: 0.0, Next index: 1, Last known committed idx: 0, Time since last communication: 0.000s
I20260608 13:00:17.013469 32721 raft_consensus.cc:2955] T 7ec921f78e4b4a8993d38be638c1499e P 7853dbcdae4a4885ae73078e4fdc5c80 [term 1 LEADER]: Committing config change with OpId 1.2: config changed from index -1 to 2, NON_VOTER a8a75c86b91643b58912fc7cabf1dc51 (127.28.172.132) added. New config: { opid_index: 2 OBSOLETE_local: false peers { permanent_uuid: "7853dbcdae4a4885ae73078e4fdc5c80" member_type: VOTER last_known_addr { host: "127.28.172.129" port: 39581 } } peers { permanent_uuid: "4606f01da96f46759ce4fc05e2452776" member_type: VOTER last_known_addr { host: "127.28.172.130" port: 34425 } attrs { replace: true } } peers { permanent_uuid: "abed6171673d460289fd0de1f18dca08" member_type: VOTER last_known_addr { host: "127.28.172.131" port: 46177 } } peers { permanent_uuid: "a8a75c86b91643b58912fc7cabf1dc51" member_type: NON_VOTER last_known_addr { host: "127.28.172.132" port: 34507 } attrs { promote: true } } }
I20260608 13:00:17.016093 32397 raft_consensus.cc:2955] T 7ec921f78e4b4a8993d38be638c1499e P 4606f01da96f46759ce4fc05e2452776 [term 1 FOLLOWER]: Committing config change with OpId 1.2: config changed from index -1 to 2, NON_VOTER a8a75c86b91643b58912fc7cabf1dc51 (127.28.172.132) added. New config: { opid_index: 2 OBSOLETE_local: false peers { permanent_uuid: "7853dbcdae4a4885ae73078e4fdc5c80" member_type: VOTER last_known_addr { host: "127.28.172.129" port: 39581 } } peers { permanent_uuid: "4606f01da96f46759ce4fc05e2452776" member_type: VOTER last_known_addr { host: "127.28.172.130" port: 34425 } attrs { replace: true } } peers { permanent_uuid: "abed6171673d460289fd0de1f18dca08" member_type: VOTER last_known_addr { host: "127.28.172.131" port: 46177 } } peers { permanent_uuid: "a8a75c86b91643b58912fc7cabf1dc51" member_type: NON_VOTER last_known_addr { host: "127.28.172.132" port: 34507 } attrs { promote: true } } }
I20260608 13:00:17.032485 32322 consensus_queue.cc:237] T c95a192e2cb14ab5ae1e22edb5f02f7e P 7853dbcdae4a4885ae73078e4fdc5c80 [LEADER]: Queue going to LEADER mode. State: All replicated index: 0, Majority replicated index: 1, Committed index: 1, Last appended: 1.1, Last appended by leader: 0, Current term: 1, Majority size: 2, State: 0, Mode: LEADER, active raft config: opid_index: 2 OBSOLETE_local: false peers { permanent_uuid: "4606f01da96f46759ce4fc05e2452776" member_type: VOTER last_known_addr { host: "127.28.172.130" port: 34425 } } peers { permanent_uuid: "7853dbcdae4a4885ae73078e4fdc5c80" member_type: VOTER last_known_addr { host: "127.28.172.129" port: 39581 } } peers { permanent_uuid: "abed6171673d460289fd0de1f18dca08" member_type: VOTER last_known_addr { host: "127.28.172.131" port: 46177 } attrs { replace: true } } peers { permanent_uuid: "a8a75c86b91643b58912fc7cabf1dc51" member_type: NON_VOTER last_known_addr { host: "127.28.172.132" port: 34507 } attrs { promote: true } }
