I20260608 13:00:51.170945  1599 tablet_service.cc:1917] Received RequestConsensusVote() RPC: tablet_id: "a39fc5d8095844508a1e9cb6771cc323" candidate_uuid: "5f92229c51a84f00804aa4bc5fc3391a" candidate_term: 1 candidate_status { last_received { term: 0 index: 0 } } ignore_live_leader: false dest_uuid: "3f2bdf28732f4273814808fa8b6bd72e" is_pre_election: true
I20260608 13:00:51.171672  1599 raft_consensus.cc:2468] T a39fc5d8095844508a1e9cb6771cc323 P 3f2bdf28732f4273814808fa8b6bd72e [term 0 FOLLOWER]: Leader pre-election vote request: Granting yes vote for candidate 5f92229c51a84f00804aa4bc5fc3391a in term 0.
I20260608 13:00:51.173604  1749 tablet_service.cc:1917] Received RequestConsensusVote() RPC: tablet_id: "a39fc5d8095844508a1e9cb6771cc323" candidate_uuid: "5f92229c51a84f00804aa4bc5fc3391a" candidate_term: 1 candidate_status { last_received { term: 0 index: 0 } } ignore_live_leader: false dest_uuid: "b527d82da69543c9be8b46eb87600d08" is_pre_election: true
I20260608 13:00:51.177662  1749 raft_consensus.cc:2468] T a39fc5d8095844508a1e9cb6771cc323 P b527d82da69543c9be8b46eb87600d08 [term 0 FOLLOWER]: Leader pre-election vote request: Granting yes vote for candidate 5f92229c51a84f00804aa4bc5fc3391a in term 0.
I20260608 13:00:51.174491  1640 leader_election.cc:304] T a39fc5d8095844508a1e9cb6771cc323 P 5f92229c51a84f00804aa4bc5fc3391a [CANDIDATE]: Term 1 pre-election: Election decided. Result: candidate won. Election summary: received 2 responses out of 3 voters: 2 yes votes; 0 no votes. yes voters: 3f2bdf28732f4273814808fa8b6bd72e, 5f92229c51a84f00804aa4bc5fc3391a; no voters: 
I20260608 13:00:51.179978  1794 tablet_bootstrap.cc:654] T 4b8c7ac43e4646cbb821f94718d44063 P 3f2bdf28732f4273814808fa8b6bd72e: Neither blocks nor log segments found. Creating new log.
I20260608 13:00:51.173772  1600 raft_consensus.cc:3060] T 0c23b6898b1a4758bf23d5bfcfedf432 P 3f2bdf28732f4273814808fa8b6bd72e [term 0 FOLLOWER]: Advancing to term 1
I20260608 13:00:51.187644  1836 raft_consensus.cc:2804] T a39fc5d8095844508a1e9cb6771cc323 P 5f92229c51a84f00804aa4bc5fc3391a [term 0 FOLLOWER]: Leader pre-election won for term 1
I20260608 13:00:51.188138  1836 raft_consensus.cc:493] T a39fc5d8095844508a1e9cb6771cc323 P 5f92229c51a84f00804aa4bc5fc3391a [term 0 FOLLOWER]: Starting leader election (no leader contacted us within the election timeout)
I20260608 13:00:51.188493  1836 raft_consensus.cc:3060] T a39fc5d8095844508a1e9cb6771cc323 P 5f92229c51a84f00804aa4bc5fc3391a [term 0 FOLLOWER]: Advancing to term 1
I20260608 13:00:51.179286  1797 tablet_bootstrap.cc:654] T c2b169db34f244d89e8a338592103a2e P b527d82da69543c9be8b46eb87600d08: Neither blocks nor log segments found. Creating new log.
I20260608 13:00:51.191725  1748 raft_consensus.cc:2468] T 0c23b6898b1a4758bf23d5bfcfedf432 P b527d82da69543c9be8b46eb87600d08 [term 1 FOLLOWER]: Leader election vote request: Granting yes vote for candidate 5f92229c51a84f00804aa4bc5fc3391a in term 1.
I20260608 13:00:51.194995  1796 raft_consensus.cc:359] T 4b8c7ac43e4646cbb821f94718d44063 P 5f92229c51a84f00804aa4bc5fc3391a [term 0 FOLLOWER]: Replica starting. Triggering 0 pending ops. Active config: opid_index: -1 OBSOLETE_local: false peers { permanent_uuid: "3f2bdf28732f4273814808fa8b6bd72e" member_type: VOTER last_known_addr { host: "127.28.204.1" port: 36069 } } peers { permanent_uuid: "5f92229c51a84f00804aa4bc5fc3391a" member_type: VOTER last_known_addr { host: "127.28.204.2" port: 42141 } } peers { permanent_uuid: "b527d82da69543c9be8b46eb87600d08" member_type: VOTER last_known_addr { host: "127.28.204.3" port: 34567 } }
I20260608 13:00:51.197855  1796 raft_consensus.cc:385] T 4b8c7ac43e4646cbb821f94718d44063 P 5f92229c51a84f00804aa4bc5fc3391a [term 0 FOLLOWER]: Consensus starting up: Expiring failure detector timer to make a prompt election more likely
I20260608 13:00:51.198132  1796 raft_consensus.cc:740] T 4b8c7ac43e4646cbb821f94718d44063 P 5f92229c51a84f00804aa4bc5fc3391a [term 0 FOLLOWER]: Becoming Follower/Learner. State: Replica: 5f92229c51a84f00804aa4bc5fc3391a, State: Initialized, Role: FOLLOWER
I20260608 13:00:51.198879  1796 consensus_queue.cc:260] T 4b8c7ac43e4646cbb821f94718d44063 P 5f92229c51a84f00804aa4bc5fc3391a [NON_LEADER]: Queue going to NON_LEADER mode. State: All replicated index: 0, Majority replicated index: 0, Committed index: 0, Last appended: 0.0, Last appended by leader: 0, Current term: 0, Majority size: -1, State: 0, Mode: NON_LEADER, active raft config: opid_index: -1 OBSOLETE_local: false peers { permanent_uuid: "3f2bdf28732f4273814808fa8b6bd72e" member_type: VOTER last_known_addr { host: "127.28.204.1" port: 36069 } } peers { permanent_uuid: "5f92229c51a84f00804aa4bc5fc3391a" member_type: VOTER last_known_addr { host: "127.28.204.2" port: 42141 } } peers { permanent_uuid: "b527d82da69543c9be8b46eb87600d08" member_type: VOTER last_known_addr { host: "127.28.204.3" port: 34567 } }
I20260608 13:00:51.201069  1796 ts_tablet_manager.cc:1434] T 4b8c7ac43e4646cbb821f94718d44063 P 5f92229c51a84f00804aa4bc5fc3391a: Time spent starting tablet: real 0.030s	user 0.009s	sys 0.000s
I20260608 13:00:51.202008  1796 tablet_bootstrap.cc:492] T ef1a073c99f147faba4e520f2f91fb40 P 5f92229c51a84f00804aa4bc5fc3391a: Bootstrap starting.
I20260608 13:00:51.204562  1641 leader_election.cc:304] T 0c23b6898b1a4758bf23d5bfcfedf432 P 5f92229c51a84f00804aa4bc5fc3391a [CANDIDATE]: Term 1 election: Election decided. Result: candidate won. Election summary: received 2 responses out of 3 voters: 2 yes votes; 0 no votes. yes voters: 5f92229c51a84f00804aa4bc5fc3391a, b527d82da69543c9be8b46eb87600d08; no voters: 
I20260608 13:00:51.205875  1839 raft_consensus.cc:2804] T 0c23b6898b1a4758bf23d5bfcfedf432 P 5f92229c51a84f00804aa4bc5fc3391a [term 1 FOLLOWER]: Leader election won for term 1
I20260608 13:00:51.206530  1839 raft_consensus.cc:697] T 0c23b6898b1a4758bf23d5bfcfedf432 P 5f92229c51a84f00804aa4bc5fc3391a [term 1 LEADER]: Becoming Leader. State: Replica: 5f92229c51a84f00804aa4bc5fc3391a, State: Running, Role: LEADER
I20260608 13:00:51.207667  1839 consensus_queue.cc:237] T 0c23b6898b1a4758bf23d5bfcfedf432 P 5f92229c51a84f00804aa4bc5fc3391a [LEADER]: Queue going to LEADER mode. State: All replicated index: 0, Majority replicated index: 0, Committed index: 0, Last appended: 0.0, Last appended by leader: 0, Current term: 1, Majority size: 2, State: 0, Mode: LEADER, active raft config: opid_index: -1 OBSOLETE_local: false peers { permanent_uuid: "3f2bdf28732f4273814808fa8b6bd72e" member_type: VOTER last_known_addr { host: "127.28.204.1" port: 36069 } } peers { permanent_uuid: "5f92229c51a84f00804aa4bc5fc3391a" member_type: VOTER last_known_addr { host: "127.28.204.2" port: 42141 } } peers { permanent_uuid: "b527d82da69543c9be8b46eb87600d08" member_type: VOTER last_known_addr { host: "127.28.204.3" port: 34567 } }
I20260608 13:00:51.208245  1836 raft_consensus.cc:515] T a39fc5d8095844508a1e9cb6771cc323 P 5f92229c51a84f00804aa4bc5fc3391a [term 1 FOLLOWER]: Starting leader election with config: opid_index: -1 OBSOLETE_local: false peers { permanent_uuid: "3f2bdf28732f4273814808fa8b6bd72e" member_type: VOTER last_known_addr { host: "127.28.204.1" port: 36069 } } peers { permanent_uuid: "5f92229c51a84f00804aa4bc5fc3391a" member_type: VOTER last_known_addr { host: "127.28.204.2" port: 42141 } } peers { permanent_uuid: "b527d82da69543c9be8b46eb87600d08" member_type: VOTER last_known_addr { host: "127.28.204.3" port: 34567 } }
I20260608 13:00:51.194801  1600 raft_consensus.cc:2468] T 0c23b6898b1a4758bf23d5bfcfedf432 P 3f2bdf28732f4273814808fa8b6bd72e [term 1 FOLLOWER]: Leader election vote request: Granting yes vote for candidate 5f92229c51a84f00804aa4bc5fc3391a in term 1.
I20260608 13:00:51.210211  1796 tablet_bootstrap.cc:654] T ef1a073c99f147faba4e520f2f91fb40 P 5f92229c51a84f00804aa4bc5fc3391a: Neither blocks nor log segments found. Creating new log.
I20260608 13:00:51.212152  1749 tablet_service.cc:1917] Received RequestConsensusVote() RPC: tablet_id: "a39fc5d8095844508a1e9cb6771cc323" candidate_uuid: "5f92229c51a84f00804aa4bc5fc3391a" candidate_term: 1 candidate_status { last_received { term: 0 index: 0 } } ignore_live_leader: false dest_uuid: "b527d82da69543c9be8b46eb87600d08"
I20260608 13:00:51.212857  1749 raft_consensus.cc:3060] T a39fc5d8095844508a1e9cb6771cc323 P b527d82da69543c9be8b46eb87600d08 [term 0 FOLLOWER]: Advancing to term 1
I20260608 13:00:51.215044  1836 leader_election.cc:290] T a39fc5d8095844508a1e9cb6771cc323 P 5f92229c51a84f00804aa4bc5fc3391a [CANDIDATE]: Term 1 election: Requested vote from peers 3f2bdf28732f4273814808fa8b6bd72e (127.28.204.1:36069), b527d82da69543c9be8b46eb87600d08 (127.28.204.3:34567)
I20260608 13:00:51.213374  1599 tablet_service.cc:1917] Received RequestConsensusVote() RPC: tablet_id: "a39fc5d8095844508a1e9cb6771cc323" candidate_uuid: "5f92229c51a84f00804aa4bc5fc3391a" candidate_term: 1 candidate_status { last_received { term: 0 index: 0 } } ignore_live_leader: false dest_uuid: "3f2bdf28732f4273814808fa8b6bd72e"
I20260608 13:00:51.217705  1599 raft_consensus.cc:3060] T a39fc5d8095844508a1e9cb6771cc323 P 3f2bdf28732f4273814808fa8b6bd72e [term 0 FOLLOWER]: Advancing to term 1
I20260608 13:00:51.235231  1599 raft_consensus.cc:2468] T a39fc5d8095844508a1e9cb6771cc323 P 3f2bdf28732f4273814808fa8b6bd72e [term 1 FOLLOWER]: Leader election vote request: Granting yes vote for candidate 5f92229c51a84f00804aa4bc5fc3391a in term 1.
I20260608 13:00:51.236886  1640 leader_election.cc:304] T a39fc5d8095844508a1e9cb6771cc323 P 5f92229c51a84f00804aa4bc5fc3391a [CANDIDATE]: Term 1 election: Election decided. Result: candidate won. Election summary: received 2 responses out of 3 voters: 2 yes votes; 0 no votes. yes voters: 3f2bdf28732f4273814808fa8b6bd72e, 5f92229c51a84f00804aa4bc5fc3391a; no voters: 
I20260608 13:00:51.238026  1836 raft_consensus.cc:2804] T a39fc5d8095844508a1e9cb6771cc323 P 5f92229c51a84f00804aa4bc5fc3391a [term 1 FOLLOWER]: Leader election won for term 1
I20260608 13:00:51.238615  1836 raft_consensus.cc:697] T a39fc5d8095844508a1e9cb6771cc323 P 5f92229c51a84f00804aa4bc5fc3391a [term 1 LEADER]: Becoming Leader. State: Replica: 5f92229c51a84f00804aa4bc5fc3391a, State: Running, Role: LEADER
I20260608 13:00:51.239738  1749 raft_consensus.cc:2468] T a39fc5d8095844508a1e9cb6771cc323 P b527d82da69543c9be8b46eb87600d08 [term 1 FOLLOWER]: Leader election vote request: Granting yes vote for candidate 5f92229c51a84f00804aa4bc5fc3391a in term 1.
I20260608 13:00:51.239622  1836 consensus_queue.cc:237] T a39fc5d8095844508a1e9cb6771cc323 P 5f92229c51a84f00804aa4bc5fc3391a [LEADER]: Queue going to LEADER mode. State: All replicated index: 0, Majority replicated index: 0, Committed index: 0, Last appended: 0.0, Last appended by leader: 0, Current term: 1, Majority size: 2, State: 0, Mode: LEADER, active raft config: opid_index: -1 OBSOLETE_local: false peers { permanent_uuid: "3f2bdf28732f4273814808fa8b6bd72e" member_type: VOTER last_known_addr { host: "127.28.204.1" port: 36069 } } peers { permanent_uuid: "5f92229c51a84f00804aa4bc5fc3391a" member_type: VOTER last_known_addr { host: "127.28.204.2" port: 42141 } } peers { permanent_uuid: "b527d82da69543c9be8b46eb87600d08" member_type: VOTER last_known_addr { host: "127.28.204.3" port: 34567 } }
I20260608 13:00:51.249595  1839 raft_consensus.cc:493] T a09ce6c1f9914821ab0c12acaa5f581d P 5f92229c51a84f00804aa4bc5fc3391a [term 0 FOLLOWER]: Starting pre-election (no leader contacted us within the election timeout)
I20260608 13:00:51.250522  1839 raft_consensus.cc:515] T a09ce6c1f9914821ab0c12acaa5f581d P 5f92229c51a84f00804aa4bc5fc3391a [term 0 FOLLOWER]: Starting pre-election with config: opid_index: -1 OBSOLETE_local: false peers { permanent_uuid: "3f2bdf28732f4273814808fa8b6bd72e" member_type: VOTER last_known_addr { host: "127.28.204.1" port: 36069 } } peers { permanent_uuid: "5f92229c51a84f00804aa4bc5fc3391a" member_type: VOTER last_known_addr { host: "127.28.204.2" port: 42141 } } peers { permanent_uuid: "b527d82da69543c9be8b46eb87600d08" member_type: VOTER last_known_addr { host: "127.28.204.3" port: 34567 } }
I20260608 13:00:51.254415  1599 tablet_service.cc:1917] Received RequestConsensusVote() RPC: tablet_id: "a09ce6c1f9914821ab0c12acaa5f581d" candidate_uuid: "5f92229c51a84f00804aa4bc5fc3391a" candidate_term: 1 candidate_status { last_received { term: 0 index: 0 } } ignore_live_leader: false dest_uuid: "3f2bdf28732f4273814808fa8b6bd72e" is_pre_election: true
I20260608 13:00:51.255316  1599 raft_consensus.cc:2468] T a09ce6c1f9914821ab0c12acaa5f581d P 3f2bdf28732f4273814808fa8b6bd72e [term 0 FOLLOWER]: Leader pre-election vote request: Granting yes vote for candidate 5f92229c51a84f00804aa4bc5fc3391a in term 0.
I20260608 13:00:51.257198  1640 leader_election.cc:304] T a09ce6c1f9914821ab0c12acaa5f581d P 5f92229c51a84f00804aa4bc5fc3391a [CANDIDATE]: Term 1 pre-election: Election decided. Result: candidate won. Election summary: received 2 responses out of 3 voters: 2 yes votes; 0 no votes. yes voters: 3f2bdf28732f4273814808fa8b6bd72e, 5f92229c51a84f00804aa4bc5fc3391a; no voters: 
I20260608 13:00:51.258255  1820 raft_consensus.cc:2804] T a09ce6c1f9914821ab0c12acaa5f581d P 5f92229c51a84f00804aa4bc5fc3391a [term 0 FOLLOWER]: Leader pre-election won for term 1
I20260608 13:00:51.258662  1820 raft_consensus.cc:493] T a09ce6c1f9914821ab0c12acaa5f581d P 5f92229c51a84f00804aa4bc5fc3391a [term 0 FOLLOWER]: Starting leader election (no leader contacted us within the election timeout)
I20260608 13:00:51.259012  1820 raft_consensus.cc:3060] T a09ce6c1f9914821ab0c12acaa5f581d P 5f92229c51a84f00804aa4bc5fc3391a [term 0 FOLLOWER]: Advancing to term 1
I20260608 13:00:51.267421  1820 raft_consensus.cc:515] T a09ce6c1f9914821ab0c12acaa5f581d P 5f92229c51a84f00804aa4bc5fc3391a [term 1 FOLLOWER]: Starting leader election with config: opid_index: -1 OBSOLETE_local: false peers { permanent_uuid: "3f2bdf28732f4273814808fa8b6bd72e" member_type: VOTER last_known_addr { host: "127.28.204.1" port: 36069 } } peers { permanent_uuid: "5f92229c51a84f00804aa4bc5fc3391a" member_type: VOTER last_known_addr { host: "127.28.204.2" port: 42141 } } peers { permanent_uuid: "b527d82da69543c9be8b46eb87600d08" member_type: VOTER last_known_addr { host: "127.28.204.3" port: 34567 } }
I20260608 13:00:51.272197  1600 tablet_service.cc:1917] Received RequestConsensusVote() RPC: tablet_id: "a09ce6c1f9914821ab0c12acaa5f581d" candidate_uuid: "5f92229c51a84f00804aa4bc5fc3391a" candidate_term: 1 candidate_status { last_received { term: 0 index: 0 } } ignore_live_leader: false dest_uuid: "3f2bdf28732f4273814808fa8b6bd72e"
I20260608 13:00:51.273097  1600 raft_consensus.cc:3060] T a09ce6c1f9914821ab0c12acaa5f581d P 3f2bdf28732f4273814808fa8b6bd72e [term 0 FOLLOWER]: Advancing to term 1
I20260608 13:00:51.283092  1839 leader_election.cc:290] T a09ce6c1f9914821ab0c12acaa5f581d P 5f92229c51a84f00804aa4bc5fc3391a [CANDIDATE]: Term 1 pre-election: Requested pre-vote from peers 3f2bdf28732f4273814808fa8b6bd72e (127.28.204.1:36069), b527d82da69543c9be8b46eb87600d08 (127.28.204.3:34567)
I20260608 13:00:51.284250  1749 tablet_service.cc:1917] Received RequestConsensusVote() RPC: tablet_id: "a09ce6c1f9914821ab0c12acaa5f581d" candidate_uuid: "5f92229c51a84f00804aa4bc5fc3391a" candidate_term: 1 candidate_status { last_received { term: 0 index: 0 } } ignore_live_leader: false dest_uuid: "b527d82da69543c9be8b46eb87600d08" is_pre_election: true
W20260608 13:00:51.285987  1641 leader_election.cc:343] T a09ce6c1f9914821ab0c12acaa5f581d P 5f92229c51a84f00804aa4bc5fc3391a [CANDIDATE]: Term 1 pre-election: Tablet error from VoteRequest() call to peer b527d82da69543c9be8b46eb87600d08 (127.28.204.3:34567): Illegal state: must be running to vote when last-logged opid is not known
I20260608 13:00:51.295498  1794 tablet_bootstrap.cc:492] T 4b8c7ac43e4646cbb821f94718d44063 P 3f2bdf28732f4273814808fa8b6bd72e: No bootstrap required, opened a new log
I20260608 13:00:51.296132  1794 ts_tablet_manager.cc:1403] T 4b8c7ac43e4646cbb821f94718d44063 P 3f2bdf28732f4273814808fa8b6bd72e: Time spent bootstrapping tablet: real 0.146s	user 0.027s	sys 0.026s
I20260608 13:00:51.296378  1497 catalog_manager.cc:5696] T 5c848ac676bc4c8394f25d7257b7794b P 5f92229c51a84f00804aa4bc5fc3391a reported cstate change: term changed from 0 to 1, leader changed from <none> to 5f92229c51a84f00804aa4bc5fc3391a (127.28.204.2). New cstate: current_term: 1 leader_uuid: "5f92229c51a84f00804aa4bc5fc3391a" committed_config { opid_index: -1 OBSOLETE_local: false peers { permanent_uuid: "3f2bdf28732f4273814808fa8b6bd72e" member_type: VOTER last_known_addr { host: "127.28.204.1" port: 36069 } health_report { overall_health: UNKNOWN } } peers { permanent_uuid: "5f92229c51a84f00804aa4bc5fc3391a" member_type: VOTER last_known_addr { host: "127.28.204.2" port: 42141 } health_report { overall_health: HEALTHY } } peers { permanent_uuid: "b527d82da69543c9be8b46eb87600d08" member_type: VOTER last_known_addr { host: "127.28.204.3" port: 34567 } health_report { overall_health: UNKNOWN } } }
I20260608 13:00:51.297564  1749 tablet_service.cc:1917] Received RequestConsensusVote() RPC: tablet_id: "a09ce6c1f9914821ab0c12acaa5f581d" candidate_uuid: "5f92229c51a84f00804aa4bc5fc3391a" candidate_term: 1 candidate_status { last_received { term: 0 index: 0 } } ignore_live_leader: false dest_uuid: "b527d82da69543c9be8b46eb87600d08"
W20260608 13:00:51.299054  1641 leader_election.cc:343] T a09ce6c1f9914821ab0c12acaa5f581d P 5f92229c51a84f00804aa4bc5fc3391a [CANDIDATE]: Term 1 election: Tablet error from VoteRequest() call to peer b527d82da69543c9be8b46eb87600d08 (127.28.204.3:34567): Illegal state: must be running to vote when last-logged opid is not known
I20260608 13:00:51.299636  1600 raft_consensus.cc:2468] T a09ce6c1f9914821ab0c12acaa5f581d P 3f2bdf28732f4273814808fa8b6bd72e [term 1 FOLLOWER]: Leader election vote request: Granting yes vote for candidate 5f92229c51a84f00804aa4bc5fc3391a in term 1.
I20260608 13:00:51.299376  1794 raft_consensus.cc:359] T 4b8c7ac43e4646cbb821f94718d44063 P 3f2bdf28732f4273814808fa8b6bd72e [term 0 FOLLOWER]: Replica starting. Triggering 0 pending ops. Active config: opid_index: -1 OBSOLETE_local: false peers { permanent_uuid: "3f2bdf28732f4273814808fa8b6bd72e" member_type: VOTER last_known_addr { host: "127.28.204.1" port: 36069 } } peers { permanent_uuid: "5f92229c51a84f00804aa4bc5fc3391a" member_type: VOTER last_known_addr { host: "127.28.204.2" port: 42141 } } peers { permanent_uuid: "b527d82da69543c9be8b46eb87600d08" member_type: VOTER last_known_addr { host: "127.28.204.3" port: 34567 } }
I20260608 13:00:51.300293  1794 raft_consensus.cc:385] T 4b8c7ac43e4646cbb821f94718d44063 P 3f2bdf28732f4273814808fa8b6bd72e [term 0 FOLLOWER]: Consensus starting up: Expiring failure detector timer to make a prompt election more likely
I20260608 13:00:51.300611  1794 raft_consensus.cc:740] T 4b8c7ac43e4646cbb821f94718d44063 P 3f2bdf28732f4273814808fa8b6bd72e [term 0 FOLLOWER]: Becoming Follower/Learner. State: Replica: 3f2bdf28732f4273814808fa8b6bd72e, State: Initialized, Role: FOLLOWER
I20260608 13:00:51.301466  1640 leader_election.cc:304] T a09ce6c1f9914821ab0c12acaa5f581d P 5f92229c51a84f00804aa4bc5fc3391a [CANDIDATE]: Term 1 election: Election decided. Result: candidate won. Election summary: received 3 responses out of 3 voters: 2 yes votes; 1 no votes. yes voters: 3f2bdf28732f4273814808fa8b6bd72e, 5f92229c51a84f00804aa4bc5fc3391a; no voters: b527d82da69543c9be8b46eb87600d08
I20260608 13:00:51.301378  1794 consensus_queue.cc:260] T 4b8c7ac43e4646cbb821f94718d44063 P 3f2bdf28732f4273814808fa8b6bd72e [NON_LEADER]: Queue going to NON_LEADER mode. State: All replicated index: 0, Majority replicated index: 0, Committed index: 0, Last appended: 0.0, Last appended by leader: 0, Current term: 0, Majority size: -1, State: 0, Mode: NON_LEADER, active raft config: opid_index: -1 OBSOLETE_local: false peers { permanent_uuid: "3f2bdf28732f4273814808fa8b6bd72e" member_type: VOTER last_known_addr { host: "127.28.204.1" port: 36069 } } peers { permanent_uuid: "5f92229c51a84f00804aa4bc5fc3391a" member_type: VOTER last_known_addr { host: "127.28.204.2" port: 42141 } } peers { permanent_uuid: "b527d82da69543c9be8b46eb87600d08" member_type: VOTER last_known_addr { host: "127.28.204.3" port: 34567 } }
I20260608 13:00:51.299108  1820 leader_election.cc:290] T a09ce6c1f9914821ab0c12acaa5f581d P 5f92229c51a84f00804aa4bc5fc3391a [CANDIDATE]: Term 1 election: Requested vote from peers 3f2bdf28732f4273814808fa8b6bd72e (127.28.204.1:36069), b527d82da69543c9be8b46eb87600d08 (127.28.204.3:34567)
I20260608 13:00:51.302331  1836 raft_consensus.cc:2804] T a09ce6c1f9914821ab0c12acaa5f581d P 5f92229c51a84f00804aa4bc5fc3391a [term 1 FOLLOWER]: Leader election won for term 1
I20260608 13:00:51.302858  1836 raft_consensus.cc:697] T a09ce6c1f9914821ab0c12acaa5f581d P 5f92229c51a84f00804aa4bc5fc3391a [term 1 LEADER]: Becoming Leader. State: Replica: 5f92229c51a84f00804aa4bc5fc3391a, State: Running, Role: LEADER
I20260608 13:00:51.303365  1796 tablet_bootstrap.cc:492] T ef1a073c99f147faba4e520f2f91fb40 P 5f92229c51a84f00804aa4bc5fc3391a: No bootstrap required, opened a new log
I20260608 13:00:51.303844  1796 ts_tablet_manager.cc:1403] T ef1a073c99f147faba4e520f2f91fb40 P 5f92229c51a84f00804aa4bc5fc3391a: Time spent bootstrapping tablet: real 0.102s	user 0.037s	sys 0.058s
I20260608 13:00:51.303715  1836 consensus_queue.cc:237] T a09ce6c1f9914821ab0c12acaa5f581d P 5f92229c51a84f00804aa4bc5fc3391a [LEADER]: Queue going to LEADER mode. State: All replicated index: 0, Majority replicated index: 0, Committed index: 0, Last appended: 0.0, Last appended by leader: 0, Current term: 1, Majority size: 2, State: 0, Mode: LEADER, active raft config: opid_index: -1 OBSOLETE_local: false peers { permanent_uuid: "3f2bdf28732f4273814808fa8b6bd72e" member_type: VOTER last_known_addr { host: "127.28.204.1" port: 36069 } } peers { permanent_uuid: "5f92229c51a84f00804aa4bc5fc3391a" member_type: VOTER last_known_addr { host: "127.28.204.2" port: 42141 } } peers { permanent_uuid: "b527d82da69543c9be8b46eb87600d08" member_type: VOTER last_known_addr { host: "127.28.204.3" port: 34567 } }
I20260608 13:00:51.306922  1796 raft_consensus.cc:359] T ef1a073c99f147faba4e520f2f91fb40 P 5f92229c51a84f00804aa4bc5fc3391a [term 0 FOLLOWER]: Replica starting. Triggering 0 pending ops. Active config: opid_index: -1 OBSOLETE_local: false peers { permanent_uuid: "3f2bdf28732f4273814808fa8b6bd72e" member_type: VOTER last_known_addr { host: "127.28.204.1" port: 36069 } } peers { permanent_uuid: "5f92229c51a84f00804aa4bc5fc3391a" member_type: VOTER last_known_addr { host: "127.28.204.2" port: 42141 } } peers { permanent_uuid: "b527d82da69543c9be8b46eb87600d08" member_type: VOTER last_known_addr { host: "127.28.204.3" port: 34567 } }
I20260608 13:00:51.307834  1796 raft_consensus.cc:385] T ef1a073c99f147faba4e520f2f91fb40 P 5f92229c51a84f00804aa4bc5fc3391a [term 0 FOLLOWER]: Consensus starting up: Expiring failure detector timer to make a prompt election more likely
I20260608 13:00:51.308131  1796 raft_consensus.cc:740] T ef1a073c99f147faba4e520f2f91fb40 P 5f92229c51a84f00804aa4bc5fc3391a [term 0 FOLLOWER]: Becoming Follower/Learner. State: Replica: 5f92229c51a84f00804aa4bc5fc3391a, State: Initialized, Role: FOLLOWER
I20260608 13:00:51.308854  1796 consensus_queue.cc:260] T ef1a073c99f147faba4e520f2f91fb40 P 5f92229c51a84f00804aa4bc5fc3391a [NON_LEADER]: Queue going to NON_LEADER mode. State: All replicated index: 0, Majority replicated index: 0, Committed index: 0, Last appended: 0.0, Last appended by leader: 0, Current term: 0, Majority size: -1, State: 0, Mode: NON_LEADER, active raft config: opid_index: -1 OBSOLETE_local: false peers { permanent_uuid: "3f2bdf28732f4273814808fa8b6bd72e" member_type: VOTER last_known_addr { host: "127.28.204.1" port: 36069 } } peers { permanent_uuid: "5f92229c51a84f00804aa4bc5fc3391a" member_type: VOTER last_known_addr { host: "127.28.204.2" port: 42141 } } peers { permanent_uuid: "b527d82da69543c9be8b46eb87600d08" member_type: VOTER last_known_addr { host: "127.28.204.3" port: 34567 } }
I20260608 13:00:51.310899  1796 ts_tablet_manager.cc:1434] T ef1a073c99f147faba4e520f2f91fb40 P 5f92229c51a84f00804aa4bc5fc3391a: Time spent starting tablet: real 0.007s	user 0.005s	sys 0.000s
I20260608 13:00:51.310485  1495 catalog_manager.cc:5696] T 58ec432529804175b254f929424cf940 P b527d82da69543c9be8b46eb87600d08 reported cstate change: term changed from 0 to 1, leader changed from <none> to b527d82da69543c9be8b46eb87600d08 (127.28.204.3). New cstate: current_term: 1 leader_uuid: "b527d82da69543c9be8b46eb87600d08" committed_config { opid_index: -1 OBSOLETE_local: false peers { permanent_uuid: "3f2bdf28732f4273814808fa8b6bd72e" member_type: VOTER last_known_addr { host: "127.28.204.1" port: 36069 } health_report { overall_health: UNKNOWN } } peers { permanent_uuid: "5f92229c51a84f00804aa4bc5fc3391a" member_type: VOTER last_known_addr { host: "127.28.204.2" port: 42141 } health_report { overall_health: UNKNOWN } } peers { permanent_uuid: "b527d82da69543c9be8b46eb87600d08" member_type: VOTER last_known_addr { host: "127.28.204.3" port: 34567 } health_report { overall_health: HEALTHY } } }
I20260608 13:00:51.312007  1796 tablet_bootstrap.cc:492] T c2b169db34f244d89e8a338592103a2e P 5f92229c51a84f00804aa4bc5fc3391a: Bootstrap starting.
I20260608 13:00:51.313372  1495 catalog_manager.cc:5696] T 5cd82dbef0d549b8844f1ee934ae5c09 P b527d82da69543c9be8b46eb87600d08 reported cstate change: term changed from 0 to 1, leader changed from <none> to b527d82da69543c9be8b46eb87600d08 (127.28.204.3). New cstate: current_term: 1 leader_uuid: "b527d82da69543c9be8b46eb87600d08" committed_config { opid_index: -1 OBSOLETE_local: false peers { permanent_uuid: "3f2bdf28732f4273814808fa8b6bd72e" member_type: VOTER last_known_addr { host: "127.28.204.1" port: 36069 } health_report { overall_health: UNKNOWN } } peers { permanent_uuid: "5f92229c51a84f00804aa4bc5fc3391a" member_type: VOTER last_known_addr { host: "127.28.204.2" port: 42141 } health_report { overall_health: UNKNOWN } } peers { permanent_uuid: "b527d82da69543c9be8b46eb87600d08" member_type: VOTER last_known_addr { host: "127.28.204.3" port: 34567 } health_report { overall_health: HEALTHY } } }
I20260608 13:00:51.318598  1796 tablet_bootstrap.cc:654] T c2b169db34f244d89e8a338592103a2e P 5f92229c51a84f00804aa4bc5fc3391a: Neither blocks nor log segments found. Creating new log.
I20260608 13:00:51.319094  1797 tablet_bootstrap.cc:492] T c2b169db34f244d89e8a338592103a2e P b527d82da69543c9be8b46eb87600d08: No bootstrap required, opened a new log
I20260608 13:00:51.319646  1797 ts_tablet_manager.cc:1403] T c2b169db34f244d89e8a338592103a2e P b527d82da69543c9be8b46eb87600d08: Time spent bootstrapping tablet: real 0.163s	user 0.012s	sys 0.000s
I20260608 13:00:51.321776  1797 raft_consensus.cc:359] T c2b169db34f244d89e8a338592103a2e P b527d82da69543c9be8b46eb87600d08 [term 0 FOLLOWER]: Replica starting. Triggering 0 pending ops. Active config: opid_index: -1 OBSOLETE_local: false peers { permanent_uuid: "3f2bdf28732f4273814808fa8b6bd72e" member_type: VOTER last_known_addr { host: "127.28.204.1" port: 36069 } } peers { permanent_uuid: "5f92229c51a84f00804aa4bc5fc3391a" member_type: VOTER last_known_addr { host: "127.28.204.2" port: 42141 } } peers { permanent_uuid: "b527d82da69543c9be8b46eb87600d08" member_type: VOTER last_known_addr { host: "127.28.204.3" port: 34567 } }
I20260608 13:00:51.322269  1797 raft_consensus.cc:385] T c2b169db34f244d89e8a338592103a2e P b527d82da69543c9be8b46eb87600d08 [term 0 FOLLOWER]: Consensus starting up: Expiring failure detector timer to make a prompt election more likely
I20260608 13:00:51.322486  1797 raft_consensus.cc:740] T c2b169db34f244d89e8a338592103a2e P b527d82da69543c9be8b46eb87600d08 [term 0 FOLLOWER]: Becoming Follower/Learner. State: Replica: b527d82da69543c9be8b46eb87600d08, State: Initialized, Role: FOLLOWER
I20260608 13:00:51.323112  1797 consensus_queue.cc:260] T c2b169db34f244d89e8a338592103a2e P b527d82da69543c9be8b46eb87600d08 [NON_LEADER]: Queue going to NON_LEADER mode. State: All replicated index: 0, Majority replicated index: 0, Committed index: 0, Last appended: 0.0, Last appended by leader: 0, Current term: 0, Majority size: -1, State: 0, Mode: NON_LEADER, active raft config: opid_index: -1 OBSOLETE_local: false peers { permanent_uuid: "3f2bdf28732f4273814808fa8b6bd72e" member_type: VOTER last_known_addr { host: "127.28.204.1" port: 36069 } } peers { permanent_uuid: "5f92229c51a84f00804aa4bc5fc3391a" member_type: VOTER last_known_addr { host: "127.28.204.2" port: 42141 } } peers { permanent_uuid: "b527d82da69543c9be8b46eb87600d08" member_type: VOTER last_known_addr { host: "127.28.204.3" port: 34567 } }
I20260608 13:00:51.324700  1797 ts_tablet_manager.cc:1434] T c2b169db34f244d89e8a338592103a2e P b527d82da69543c9be8b46eb87600d08: Time spent starting tablet: real 0.005s	user 0.002s	sys 0.000s
I20260608 13:00:51.325632  1797 tablet_bootstrap.cc:492] T a09ce6c1f9914821ab0c12acaa5f581d P b527d82da69543c9be8b46eb87600d08: Bootstrap starting.
I20260608 13:00:51.314280  1794 ts_tablet_manager.cc:1434] T 4b8c7ac43e4646cbb821f94718d44063 P 3f2bdf28732f4273814808fa8b6bd72e: Time spent starting tablet: real 0.018s	user 0.008s	sys 0.000s
I20260608 13:00:51.329967  1794 tablet_bootstrap.cc:492] T c2b169db34f244d89e8a338592103a2e P 3f2bdf28732f4273814808fa8b6bd72e: Bootstrap starting.
I20260608 13:00:51.330265  1796 tablet_bootstrap.cc:492] T c2b169db34f244d89e8a338592103a2e P 5f92229c51a84f00804aa4bc5fc3391a: No bootstrap required, opened a new log
I20260608 13:00:51.330785  1796 ts_tablet_manager.cc:1403] T c2b169db34f244d89e8a338592103a2e P 5f92229c51a84f00804aa4bc5fc3391a: Time spent bootstrapping tablet: real 0.019s	user 0.008s	sys 0.008s
I20260608 13:00:51.335544  1794 tablet_bootstrap.cc:654] T c2b169db34f244d89e8a338592103a2e P 3f2bdf28732f4273814808fa8b6bd72e: Neither blocks nor log segments found. Creating new log.
I20260608 13:00:51.333727  1796 raft_consensus.cc:359] T c2b169db34f244d89e8a338592103a2e P 5f92229c51a84f00804aa4bc5fc3391a [term 0 FOLLOWER]: Replica starting. Triggering 0 pending ops. Active config: opid_index: -1 OBSOLETE_local: false peers { permanent_uuid: "3f2bdf28732f4273814808fa8b6bd72e" member_type: VOTER last_known_addr { host: "127.28.204.1" port: 36069 } } peers { permanent_uuid: "5f92229c51a84f00804aa4bc5fc3391a" member_type: VOTER last_known_addr { host: "127.28.204.2" port: 42141 } } peers { permanent_uuid: "b527d82da69543c9be8b46eb87600d08" member_type: VOTER last_known_addr { host: "127.28.204.3" port: 34567 } }
I20260608 13:00:51.335997  1796 raft_consensus.cc:385] T c2b169db34f244d89e8a338592103a2e P 5f92229c51a84f00804aa4bc5fc3391a [term 0 FOLLOWER]: Consensus starting up: Expiring failure detector timer to make a prompt election more likely
I20260608 13:00:51.336313  1796 raft_consensus.cc:740] T c2b169db34f244d89e8a338592103a2e P 5f92229c51a84f00804aa4bc5fc3391a [term 0 FOLLOWER]: Becoming Follower/Learner. State: Replica: 5f92229c51a84f00804aa4bc5fc3391a, State: Initialized, Role: FOLLOWER
I20260608 13:00:51.337298  1797 tablet_bootstrap.cc:654] T a09ce6c1f9914821ab0c12acaa5f581d P b527d82da69543c9be8b46eb87600d08: Neither blocks nor log segments found. Creating new log.
I20260608 13:00:51.337234  1796 consensus_queue.cc:260] T c2b169db34f244d89e8a338592103a2e P 5f92229c51a84f00804aa4bc5fc3391a [NON_LEADER]: Queue going to NON_LEADER mode. State: All replicated index: 0, Majority replicated index: 0, Committed index: 0, Last appended: 0.0, Last appended by leader: 0, Current term: 0, Majority size: -1, State: 0, Mode: NON_LEADER, active raft config: opid_index: -1 OBSOLETE_local: false peers { permanent_uuid: "3f2bdf28732f4273814808fa8b6bd72e" member_type: VOTER last_known_addr { host: "127.28.204.1" port: 36069 } } peers { permanent_uuid: "5f92229c51a84f00804aa4bc5fc3391a" member_type: VOTER last_known_addr { host: "127.28.204.2" port: 42141 } } peers { permanent_uuid: "b527d82da69543c9be8b46eb87600d08" member_type: VOTER last_known_addr { host: "127.28.204.3" port: 34567 } }
I20260608 13:00:51.339884  1796 ts_tablet_manager.cc:1434] T c2b169db34f244d89e8a338592103a2e P 5f92229c51a84f00804aa4bc5fc3391a: Time spent starting tablet: real 0.009s	user 0.008s	sys 0.000s
I20260608 13:00:51.349445  1797 tablet_bootstrap.cc:492] T a09ce6c1f9914821ab0c12acaa5f581d P b527d82da69543c9be8b46eb87600d08: No bootstrap required, opened a new log
I20260608 13:00:51.350029  1794 tablet_bootstrap.cc:492] T c2b169db34f244d89e8a338592103a2e P 3f2bdf28732f4273814808fa8b6bd72e: No bootstrap required, opened a new log
I20260608 13:00:51.349999  1797 ts_tablet_manager.cc:1403] T a09ce6c1f9914821ab0c12acaa5f581d P b527d82da69543c9be8b46eb87600d08: Time spent bootstrapping tablet: real 0.025s	user 0.011s	sys 0.005s
I20260608 13:00:51.350764  1794 ts_tablet_manager.cc:1403] T c2b169db34f244d89e8a338592103a2e P 3f2bdf28732f4273814808fa8b6bd72e: Time spent bootstrapping tablet: real 0.021s	user 0.011s	sys 0.009s
I20260608 13:00:51.352699  1496 catalog_manager.cc:5696] T a39fc5d8095844508a1e9cb6771cc323 P 5f92229c51a84f00804aa4bc5fc3391a reported cstate change: term changed from 0 to 1, leader changed from <none> to 5f92229c51a84f00804aa4bc5fc3391a (127.28.204.2). New cstate: current_term: 1 leader_uuid: "5f92229c51a84f00804aa4bc5fc3391a" committed_config { opid_index: -1 OBSOLETE_local: false peers { permanent_uuid: "3f2bdf28732f4273814808fa8b6bd72e" member_type: VOTER last_known_addr { host: "127.28.204.1" port: 36069 } health_report { overall_health: UNKNOWN } } peers { permanent_uuid: "5f92229c51a84f00804aa4bc5fc3391a" member_type: VOTER last_known_addr { host: "127.28.204.2" port: 42141 } health_report { overall_health: HEALTHY } } peers { permanent_uuid: "b527d82da69543c9be8b46eb87600d08" member_type: VOTER last_known_addr { host: "127.28.204.3" port: 34567 } health_report { overall_health: UNKNOWN } } }
I20260608 13:00:51.353436  1797 raft_consensus.cc:359] T a09ce6c1f9914821ab0c12acaa5f581d P b527d82da69543c9be8b46eb87600d08 [term 0 FOLLOWER]: Replica starting. Triggering 0 pending ops. Active config: opid_index: -1 OBSOLETE_local: false peers { permanent_uuid: "3f2bdf28732f4273814808fa8b6bd72e" member_type: VOTER last_known_addr { host: "127.28.204.1" port: 36069 } } peers { permanent_uuid: "5f92229c51a84f00804aa4bc5fc3391a" member_type: VOTER last_known_addr { host: "127.28.204.2" port: 42141 } } peers { permanent_uuid: "b527d82da69543c9be8b46eb87600d08" member_type: VOTER last_known_addr { host: "127.28.204.3" port: 34567 } }
I20260608 13:00:51.353624  1794 raft_consensus.cc:359] T c2b169db34f244d89e8a338592103a2e P 3f2bdf28732f4273814808fa8b6bd72e [term 0 FOLLOWER]: Replica starting. Triggering 0 pending ops. Active config: opid_index: -1 OBSOLETE_local: false peers { permanent_uuid: "3f2bdf28732f4273814808fa8b6bd72e" member_type: VOTER last_known_addr { host: "127.28.204.1" port: 36069 } } peers { permanent_uuid: "5f92229c51a84f00804aa4bc5fc3391a" member_type: VOTER last_known_addr { host: "127.28.204.2" port: 42141 } } peers { permanent_uuid: "b527d82da69543c9be8b46eb87600d08" member_type: VOTER last_known_addr { host: "127.28.204.3" port: 34567 } }
I20260608 13:00:51.354254  1797 raft_consensus.cc:385] T a09ce6c1f9914821ab0c12acaa5f581d P b527d82da69543c9be8b46eb87600d08 [term 0 FOLLOWER]: Consensus starting up: Expiring failure detector timer to make a prompt election more likely
I20260608 13:00:51.354300  1794 raft_consensus.cc:385] T c2b169db34f244d89e8a338592103a2e P 3f2bdf28732f4273814808fa8b6bd72e [term 0 FOLLOWER]: Consensus starting up: Expiring failure detector timer to make a prompt election more likely
I20260608 13:00:51.354838  1797 raft_consensus.cc:740] T a09ce6c1f9914821ab0c12acaa5f581d P b527d82da69543c9be8b46eb87600d08 [term 0 FOLLOWER]: Becoming Follower/Learner. State: Replica: b527d82da69543c9be8b46eb87600d08, State: Initialized, Role: FOLLOWER
I20260608 13:00:51.354207  1496 catalog_manager.cc:5696] T a09ce6c1f9914821ab0c12acaa5f581d P 5f92229c51a84f00804aa4bc5fc3391a reported cstate change: term changed from 0 to 1, leader changed from <none> to 5f92229c51a84f00804aa4bc5fc3391a (127.28.204.2). New cstate: current_term: 1 leader_uuid: "5f92229c51a84f00804aa4bc5fc3391a" committed_config { opid_index: -1 OBSOLETE_local: false peers { permanent_uuid: "3f2bdf28732f4273814808fa8b6bd72e" member_type: VOTER last_known_addr { host: "127.28.204.1" port: 36069 } health_report { overall_health: UNKNOWN } } peers { permanent_uuid: "5f92229c51a84f00804aa4bc5fc3391a" member_type: VOTER last_known_addr { host: "127.28.204.2" port: 42141 } health_report { overall_health: HEALTHY } } peers { permanent_uuid: "b527d82da69543c9be8b46eb87600d08" member_type: VOTER last_known_addr { host: "127.28.204.3" port: 34567 } health_report { overall_health: UNKNOWN } } }
I20260608 13:00:51.355832  1797 consensus_queue.cc:260] T a09ce6c1f9914821ab0c12acaa5f581d P b527d82da69543c9be8b46eb87600d08 [NON_LEADER]: Queue going to NON_LEADER mode. State: All replicated index: 0, Majority replicated index: 0, Committed index: 0, Last appended: 0.0, Last appended by leader: 0, Current term: 0, Majority size: -1, State: 0, Mode: NON_LEADER, active raft config: opid_index: -1 OBSOLETE_local: false peers { permanent_uuid: "3f2bdf28732f4273814808fa8b6bd72e" member_type: VOTER last_known_addr { host: "127.28.204.1" port: 36069 } } peers { permanent_uuid: "5f92229c51a84f00804aa4bc5fc3391a" member_type: VOTER last_known_addr { host: "127.28.204.2" port: 42141 } } peers { permanent_uuid: "b527d82da69543c9be8b46eb87600d08" member_type: VOTER last_known_addr { host: "127.28.204.3" port: 34567 } }
I20260608 13:00:51.354902  1794 raft_consensus.cc:740] T c2b169db34f244d89e8a338592103a2e P 3f2bdf28732f4273814808fa8b6bd72e [term 0 FOLLOWER]: Becoming Follower/Learner. State: Replica: 3f2bdf28732f4273814808fa8b6bd72e, State: Initialized, Role: FOLLOWER
I20260608 13:00:51.356312  1496 catalog_manager.cc:5696] T 0c23b6898b1a4758bf23d5bfcfedf432 P 5f92229c51a84f00804aa4bc5fc3391a reported cstate change: term changed from 0 to 1, leader changed from <none> to 5f92229c51a84f00804aa4bc5fc3391a (127.28.204.2). New cstate: current_term: 1 leader_uuid: "5f92229c51a84f00804aa4bc5fc3391a" committed_config { opid_index: -1 OBSOLETE_local: false peers { permanent_uuid: "3f2bdf28732f4273814808fa8b6bd72e" member_type: VOTER last_known_addr { host: "127.28.204.1" port: 36069 } health_report { overall_health: UNKNOWN } } peers { permanent_uuid: "5f92229c51a84f00804aa4bc5fc3391a" member_type: VOTER last_known_addr { host: "127.28.204.2" port: 42141 } health_report { overall_health: HEALTHY } } peers { permanent_uuid: "b527d82da69543c9be8b46eb87600d08" member_type: VOTER last_known_addr { host: "127.28.204.3" port: 34567 } health_report { overall_health: UNKNOWN } } }
I20260608 13:00:51.357235  1794 consensus_queue.cc:260] T c2b169db34f244d89e8a338592103a2e P 3f2bdf28732f4273814808fa8b6bd72e [NON_LEADER]: Queue going to NON_LEADER mode. State: All replicated index: 0, Majority replicated index: 0, Committed index: 0, Last appended: 0.0, Last appended by leader: 0, Current term: 0, Majority size: -1, State: 0, Mode: NON_LEADER, active raft config: opid_index: -1 OBSOLETE_local: false peers { permanent_uuid: "3f2bdf28732f4273814808fa8b6bd72e" member_type: VOTER last_known_addr { host: "127.28.204.1" port: 36069 } } peers { permanent_uuid: "5f92229c51a84f00804aa4bc5fc3391a" member_type: VOTER last_known_addr { host: "127.28.204.2" port: 42141 } } peers { permanent_uuid: "b527d82da69543c9be8b46eb87600d08" member_type: VOTER last_known_addr { host: "127.28.204.3" port: 34567 } }
I20260608 13:00:51.358059  1797 ts_tablet_manager.cc:1434] T a09ce6c1f9914821ab0c12acaa5f581d P b527d82da69543c9be8b46eb87600d08: Time spent starting tablet: real 0.007s	user 0.006s	sys 0.000s
I20260608 13:00:51.359403  1797 tablet_bootstrap.cc:492] T ef1a073c99f147faba4e520f2f91fb40 P b527d82da69543c9be8b46eb87600d08: Bootstrap starting.
I20260608 13:00:51.359519  1794 ts_tablet_manager.cc:1434] T c2b169db34f244d89e8a338592103a2e P 3f2bdf28732f4273814808fa8b6bd72e: Time spent starting tablet: real 0.008s	user 0.003s	sys 0.003s
I20260608 13:00:51.360610  1794 tablet_bootstrap.cc:492] T ef1a073c99f147faba4e520f2f91fb40 P 3f2bdf28732f4273814808fa8b6bd72e: Bootstrap starting.
I20260608 13:00:51.366014  1797 tablet_bootstrap.cc:654] T ef1a073c99f147faba4e520f2f91fb40 P b527d82da69543c9be8b46eb87600d08: Neither blocks nor log segments found. Creating new log.
I20260608 13:00:51.366899  1794 tablet_bootstrap.cc:654] T ef1a073c99f147faba4e520f2f91fb40 P 3f2bdf28732f4273814808fa8b6bd72e: Neither blocks nor log segments found. Creating new log.
I20260608 13:00:51.371104  1797 tablet_bootstrap.cc:492] T ef1a073c99f147faba4e520f2f91fb40 P b527d82da69543c9be8b46eb87600d08: No bootstrap required, opened a new log
I20260608 13:00:51.371591  1797 ts_tablet_manager.cc:1403] T ef1a073c99f147faba4e520f2f91fb40 P b527d82da69543c9be8b46eb87600d08: Time spent bootstrapping tablet: real 0.012s	user 0.009s	sys 0.000s
I20260608 13:00:51.372185  1794 tablet_bootstrap.cc:492] T ef1a073c99f147faba4e520f2f91fb40 P 3f2bdf28732f4273814808fa8b6bd72e: No bootstrap required, opened a new log
I20260608 13:00:51.372759  1794 ts_tablet_manager.cc:1403] T ef1a073c99f147faba4e520f2f91fb40 P 3f2bdf28732f4273814808fa8b6bd72e: Time spent bootstrapping tablet: real 0.012s	user 0.011s	sys 0.000s
I20260608 13:00:51.374536  1797 raft_consensus.cc:359] T ef1a073c99f147faba4e520f2f91fb40 P b527d82da69543c9be8b46eb87600d08 [term 0 FOLLOWER]: Replica starting. Triggering 0 pending ops. Active config: opid_index: -1 OBSOLETE_local: false peers { permanent_uuid: "3f2bdf28732f4273814808fa8b6bd72e" member_type: VOTER last_known_addr { host: "127.28.204.1" port: 36069 } } peers { permanent_uuid: "5f92229c51a84f00804aa4bc5fc3391a" member_type: VOTER last_known_addr { host: "127.28.204.2" port: 42141 } } peers { permanent_uuid: "b527d82da69543c9be8b46eb87600d08" member_type: VOTER last_known_addr { host: "127.28.204.3" port: 34567 } }
I20260608 13:00:51.375272  1797 raft_consensus.cc:385] T ef1a073c99f147faba4e520f2f91fb40 P b527d82da69543c9be8b46eb87600d08 [term 0 FOLLOWER]: Consensus starting up: Expiring failure detector timer to make a prompt election more likely
I20260608 13:00:51.375553  1797 raft_consensus.cc:740] T ef1a073c99f147faba4e520f2f91fb40 P b527d82da69543c9be8b46eb87600d08 [term 0 FOLLOWER]: Becoming Follower/Learner. State: Replica: b527d82da69543c9be8b46eb87600d08, State: Initialized, Role: FOLLOWER
I20260608 13:00:51.375645  1794 raft_consensus.cc:359] T ef1a073c99f147faba4e520f2f91fb40 P 3f2bdf28732f4273814808fa8b6bd72e [term 0 FOLLOWER]: Replica starting. Triggering 0 pending ops. Active config: opid_index: -1 OBSOLETE_local: false peers { permanent_uuid: "3f2bdf28732f4273814808fa8b6bd72e" member_type: VOTER last_known_addr { host: "127.28.204.1" port: 36069 } } peers { permanent_uuid: "5f92229c51a84f00804aa4bc5fc3391a" member_type: VOTER last_known_addr { host: "127.28.204.2" port: 42141 } } peers { permanent_uuid: "b527d82da69543c9be8b46eb87600d08" member_type: VOTER last_known_addr { host: "127.28.204.3" port: 34567 } }
I20260608 13:00:51.376358  1794 raft_consensus.cc:385] T ef1a073c99f147faba4e520f2f91fb40 P 3f2bdf28732f4273814808fa8b6bd72e [term 0 FOLLOWER]: Consensus starting up: Expiring failure detector timer to make a prompt election more likely
I20260608 13:00:51.376657  1794 raft_consensus.cc:740] T ef1a073c99f147faba4e520f2f91fb40 P 3f2bdf28732f4273814808fa8b6bd72e [term 0 FOLLOWER]: Becoming Follower/Learner. State: Replica: 3f2bdf28732f4273814808fa8b6bd72e, State: Initialized, Role: FOLLOWER
I20260608 13:00:51.376546  1797 consensus_queue.cc:260] T ef1a073c99f147faba4e520f2f91fb40 P b527d82da69543c9be8b46eb87600d08 [NON_LEADER]: Queue going to NON_LEADER mode. State: All replicated index: 0, Majority replicated index: 0, Committed index: 0, Last appended: 0.0, Last appended by leader: 0, Current term: 0, Majority size: -1, State: 0, Mode: NON_LEADER, active raft config: opid_index: -1 OBSOLETE_local: false peers { permanent_uuid: "3f2bdf28732f4273814808fa8b6bd72e" member_type: VOTER last_known_addr { host: "127.28.204.1" port: 36069 } } peers { permanent_uuid: "5f92229c51a84f00804aa4bc5fc3391a" member_type: VOTER last_known_addr { host: "127.28.204.2" port: 42141 } } peers { permanent_uuid: "b527d82da69543c9be8b46eb87600d08" member_type: VOTER last_known_addr { host: "127.28.204.3" port: 34567 } }
I20260608 13:00:51.377604  1794 consensus_queue.cc:260] T ef1a073c99f147faba4e520f2f91fb40 P 3f2bdf28732f4273814808fa8b6bd72e [NON_LEADER]: Queue going to NON_LEADER mode. State: All replicated index: 0, Majority replicated index: 0, Committed index: 0, Last appended: 0.0, Last appended by leader: 0, Current term: 0, Majority size: -1, State: 0, Mode: NON_LEADER, active raft config: opid_index: -1 OBSOLETE_local: false peers { permanent_uuid: "3f2bdf28732f4273814808fa8b6bd72e" member_type: VOTER last_known_addr { host: "127.28.204.1" port: 36069 } } peers { permanent_uuid: "5f92229c51a84f00804aa4bc5fc3391a" member_type: VOTER last_known_addr { host: "127.28.204.2" port: 42141 } } peers { permanent_uuid: "b527d82da69543c9be8b46eb87600d08" member_type: VOTER last_known_addr { host: "127.28.204.3" port: 34567 } }
I20260608 13:00:51.379127  1797 ts_tablet_manager.cc:1434] T ef1a073c99f147faba4e520f2f91fb40 P b527d82da69543c9be8b46eb87600d08: Time spent starting tablet: real 0.007s	user 0.008s	sys 0.000s
I20260608 13:00:51.379668  1794 ts_tablet_manager.cc:1434] T ef1a073c99f147faba4e520f2f91fb40 P 3f2bdf28732f4273814808fa8b6bd72e: Time spent starting tablet: real 0.006s	user 0.004s	sys 0.000s
I20260608 13:00:51.380134  1797 tablet_bootstrap.cc:492] T 4b8c7ac43e4646cbb821f94718d44063 P b527d82da69543c9be8b46eb87600d08: Bootstrap starting.
I20260608 13:00:51.386695  1797 tablet_bootstrap.cc:654] T 4b8c7ac43e4646cbb821f94718d44063 P b527d82da69543c9be8b46eb87600d08: Neither blocks nor log segments found. Creating new log.
I20260608 13:00:51.391042  1797 tablet_bootstrap.cc:492] T 4b8c7ac43e4646cbb821f94718d44063 P b527d82da69543c9be8b46eb87600d08: No bootstrap required, opened a new log
I20260608 13:00:51.391443  1797 ts_tablet_manager.cc:1403] T 4b8c7ac43e4646cbb821f94718d44063 P b527d82da69543c9be8b46eb87600d08: Time spent bootstrapping tablet: real 0.012s	user 0.006s	sys 0.003s
I20260608 13:00:51.393533  1797 raft_consensus.cc:359] T 4b8c7ac43e4646cbb821f94718d44063 P b527d82da69543c9be8b46eb87600d08 [term 0 FOLLOWER]: Replica starting. Triggering 0 pending ops. Active config: opid_index: -1 OBSOLETE_local: false peers { permanent_uuid: "3f2bdf28732f4273814808fa8b6bd72e" member_type: VOTER last_known_addr { host: "127.28.204.1" port: 36069 } } peers { permanent_uuid: "5f92229c51a84f00804aa4bc5fc3391a" member_type: VOTER last_known_addr { host: "127.28.204.2" port: 42141 } } peers { permanent_uuid: "b527d82da69543c9be8b46eb87600d08" member_type: VOTER last_known_addr { host: "127.28.204.3" port: 34567 } }
I20260608 13:00:51.394043  1797 raft_consensus.cc:385] T 4b8c7ac43e4646cbb821f94718d44063 P b527d82da69543c9be8b46eb87600d08 [term 0 FOLLOWER]: Consensus starting up: Expiring failure detector timer to make a prompt election more likely
I20260608 13:00:51.394241  1797 raft_consensus.cc:740] T 4b8c7ac43e4646cbb821f94718d44063 P b527d82da69543c9be8b46eb87600d08 [term 0 FOLLOWER]: Becoming Follower/Learner. State: Replica: b527d82da69543c9be8b46eb87600d08, State: Initialized, Role: FOLLOWER
I20260608 13:00:51.394798  1797 consensus_queue.cc:260] T 4b8c7ac43e4646cbb821f94718d44063 P b527d82da69543c9be8b46eb87600d08 [NON_LEADER]: Queue going to NON_LEADER mode. State: All replicated index: 0, Majority replicated index: 0, Committed index: 0, Last appended: 0.0, Last appended by leader: 0, Current term: 0, Majority size: -1, State: 0, Mode: NON_LEADER, active raft config: opid_index: -1 OBSOLETE_local: false peers { permanent_uuid: "3f2bdf28732f4273814808fa8b6bd72e" member_type: VOTER last_known_addr { host: "127.28.204.1" port: 36069 } } peers { permanent_uuid: "5f92229c51a84f00804aa4bc5fc3391a" member_type: VOTER last_known_addr { host: "127.28.204.2" port: 42141 } } peers { permanent_uuid: "b527d82da69543c9be8b46eb87600d08" member_type: VOTER last_known_addr { host: "127.28.204.3" port: 34567 } }
I20260608 13:00:51.396526  1797 ts_tablet_manager.cc:1434] T 4b8c7ac43e4646cbb821f94718d44063 P b527d82da69543c9be8b46eb87600d08: Time spent starting tablet: real 0.005s	user 0.003s	sys 0.000s
I20260608 13:00:51.422508  1827 raft_consensus.cc:493] T c2b169db34f244d89e8a338592103a2e P b527d82da69543c9be8b46eb87600d08 [term 0 FOLLOWER]: Starting pre-election (no leader contacted us within the election timeout)
I20260608 13:00:51.422999  1827 raft_consensus.cc:515] T c2b169db34f244d89e8a338592103a2e P b527d82da69543c9be8b46eb87600d08 [term 0 FOLLOWER]: Starting pre-election with config: opid_index: -1 OBSOLETE_local: false peers { permanent_uuid: "3f2bdf28732f4273814808fa8b6bd72e" member_type: VOTER last_known_addr { host: "127.28.204.1" port: 36069 } } peers { permanent_uuid: "5f92229c51a84f00804aa4bc5fc3391a" member_type: VOTER last_known_addr { host: "127.28.204.2" port: 42141 } } peers { permanent_uuid: "b527d82da69543c9be8b46eb87600d08" member_type: VOTER last_known_addr { host: "127.28.204.3" port: 34567 } }
I20260608 13:00:51.424813  1827 leader_election.cc:290] T c2b169db34f244d89e8a338592103a2e P b527d82da69543c9be8b46eb87600d08 [CANDIDATE]: Term 1 pre-election: Requested pre-vote from peers 3f2bdf28732f4273814808fa8b6bd72e (127.28.204.1:36069), 5f92229c51a84f00804aa4bc5fc3391a (127.28.204.2:42141)
