I20260608 13:00:45.661124  1791 raft_consensus.cc:515] T 46cf31e199684242ad3fe56695f8fe3a P 5bd82431252944579e130a4cb18c3103 [term 0 FOLLOWER]: Starting pre-election with config: opid_index: -1 OBSOLETE_local: false peers { permanent_uuid: "460a9391f96e4ecab8397a4bafa6baba" member_type: VOTER last_known_addr { host: "127.28.213.193" port: 44753 } } peers { permanent_uuid: "88b9161bf6fb4d80b49650045f1a5e69" member_type: VOTER last_known_addr { host: "127.28.213.194" port: 41089 } } peers { permanent_uuid: "5bd82431252944579e130a4cb18c3103" member_type: VOTER last_known_addr { host: "127.28.213.195" port: 36385 } }
I20260608 13:00:45.663802  1791 leader_election.cc:290] T 46cf31e199684242ad3fe56695f8fe3a P 5bd82431252944579e130a4cb18c3103 [CANDIDATE]: Term 1 pre-election: Requested pre-vote from peers 460a9391f96e4ecab8397a4bafa6baba (127.28.213.193:44753), 88b9161bf6fb4d80b49650045f1a5e69 (127.28.213.194:41089)
I20260608 13:00:45.659101  1790 raft_consensus.cc:515] T e72d81e115954e0c8808ad5175b8dab2 P 88b9161bf6fb4d80b49650045f1a5e69 [term 0 FOLLOWER]: Starting pre-election with config: opid_index: -1 OBSOLETE_local: false peers { permanent_uuid: "460a9391f96e4ecab8397a4bafa6baba" member_type: VOTER last_known_addr { host: "127.28.213.193" port: 44753 } } peers { permanent_uuid: "88b9161bf6fb4d80b49650045f1a5e69" member_type: VOTER last_known_addr { host: "127.28.213.194" port: 41089 } } peers { permanent_uuid: "5bd82431252944579e130a4cb18c3103" member_type: VOTER last_known_addr { host: "127.28.213.195" port: 36385 } }
I20260608 13:00:45.671607  1563 tablet_service.cc:1917] Received RequestConsensusVote() RPC: tablet_id: "e72d81e115954e0c8808ad5175b8dab2" candidate_uuid: "88b9161bf6fb4d80b49650045f1a5e69" candidate_term: 1 candidate_status { last_received { term: 0 index: 0 } } ignore_live_leader: false dest_uuid: "460a9391f96e4ecab8397a4bafa6baba" is_pre_election: true
I20260608 13:00:45.671742  1764 raft_consensus.cc:515] T 85d1f1998472413eb27caff3f5818386 P 88b9161bf6fb4d80b49650045f1a5e69 [term 1 FOLLOWER]: Starting leader election with config: opid_index: -1 OBSOLETE_local: false peers { permanent_uuid: "5bd82431252944579e130a4cb18c3103" member_type: VOTER last_known_addr { host: "127.28.213.195" port: 36385 } } peers { permanent_uuid: "88b9161bf6fb4d80b49650045f1a5e69" member_type: VOTER last_known_addr { host: "127.28.213.194" port: 41089 } } peers { permanent_uuid: "460a9391f96e4ecab8397a4bafa6baba" member_type: VOTER last_known_addr { host: "127.28.213.193" port: 44753 } }
I20260608 13:00:45.672452  1563 raft_consensus.cc:2468] T e72d81e115954e0c8808ad5175b8dab2 P 460a9391f96e4ecab8397a4bafa6baba [term 0 FOLLOWER]: Leader pre-election vote request: Granting yes vote for candidate 88b9161bf6fb4d80b49650045f1a5e69 in term 0.
I20260608 13:00:45.674005  1602 leader_election.cc:304] T e72d81e115954e0c8808ad5175b8dab2 P 88b9161bf6fb4d80b49650045f1a5e69 [CANDIDATE]: Term 1 pre-election: Election decided. Result: candidate won. Election summary: received 2 responses out of 3 voters: 2 yes votes; 0 no votes. yes voters: 460a9391f96e4ecab8397a4bafa6baba, 88b9161bf6fb4d80b49650045f1a5e69; no voters: 
I20260608 13:00:45.654138  1792 raft_consensus.cc:493] T 23da80ea1904463a9a486f374047a557 P 460a9391f96e4ecab8397a4bafa6baba [term 0 FOLLOWER]: Starting pre-election (no leader contacted us within the election timeout)
I20260608 13:00:45.679375  1792 raft_consensus.cc:515] T 23da80ea1904463a9a486f374047a557 P 460a9391f96e4ecab8397a4bafa6baba [term 0 FOLLOWER]: Starting pre-election with config: opid_index: -1 OBSOLETE_local: false peers { permanent_uuid: "460a9391f96e4ecab8397a4bafa6baba" member_type: VOTER last_known_addr { host: "127.28.213.193" port: 44753 } } peers { permanent_uuid: "88b9161bf6fb4d80b49650045f1a5e69" member_type: VOTER last_known_addr { host: "127.28.213.194" port: 41089 } } peers { permanent_uuid: "5bd82431252944579e130a4cb18c3103" member_type: VOTER last_known_addr { host: "127.28.213.195" port: 36385 } }
I20260608 13:00:45.656507  1760 raft_consensus.cc:493] T e72d81e115954e0c8808ad5175b8dab2 P 5bd82431252944579e130a4cb18c3103 [term 0 FOLLOWER]: Starting leader election (no leader contacted us within the election timeout)
I20260608 13:00:45.666051  1562 tablet_service.cc:1917] Received RequestConsensusVote() RPC: tablet_id: "46cf31e199684242ad3fe56695f8fe3a" candidate_uuid: "5bd82431252944579e130a4cb18c3103" candidate_term: 1 candidate_status { last_received { term: 0 index: 0 } } ignore_live_leader: false dest_uuid: "460a9391f96e4ecab8397a4bafa6baba" is_pre_election: true
I20260608 13:00:45.682955  1760 raft_consensus.cc:3060] T e72d81e115954e0c8808ad5175b8dab2 P 5bd82431252944579e130a4cb18c3103 [term 0 FOLLOWER]: Advancing to term 1
W20260608 13:00:45.684088  1676 leader_election.cc:343] T 46cf31e199684242ad3fe56695f8fe3a P 5bd82431252944579e130a4cb18c3103 [CANDIDATE]: Term 1 pre-election: Tablet error from VoteRequest() call to peer 460a9391f96e4ecab8397a4bafa6baba (127.28.213.193:44753): Illegal state: must be running to vote when last-logged opid is not known
I20260608 13:00:45.687245  1790 leader_election.cc:290] T e72d81e115954e0c8808ad5175b8dab2 P 88b9161bf6fb4d80b49650045f1a5e69 [CANDIDATE]: Term 1 pre-election: Requested pre-vote from peers 460a9391f96e4ecab8397a4bafa6baba (127.28.213.193:44753), 5bd82431252944579e130a4cb18c3103 (127.28.213.195:36385)
W20260608 13:00:45.655058  1604 outbound_call.cc:321] RPC callback for RPC call kudu.consensus.ConsensusService.RequestConsensusVote -> {remote=127.28.213.195:36385, user_credentials={real_user=slave}} blocked reactor thread for 64562.4us
I20260608 13:00:45.667196  1780 raft_consensus.cc:515] T ed4147aebfdf40009a3713eb16abe330 P 88b9161bf6fb4d80b49650045f1a5e69 [term 1 FOLLOWER]: Starting leader election with config: opid_index: -1 OBSOLETE_local: false peers { permanent_uuid: "460a9391f96e4ecab8397a4bafa6baba" member_type: VOTER last_known_addr { host: "127.28.213.193" port: 44753 } } peers { permanent_uuid: "88b9161bf6fb4d80b49650045f1a5e69" member_type: VOTER last_known_addr { host: "127.28.213.194" port: 41089 } } peers { permanent_uuid: "5bd82431252944579e130a4cb18c3103" member_type: VOTER last_known_addr { host: "127.28.213.195" port: 36385 } }
I20260608 13:00:45.698712  1759 tablet_bootstrap.cc:492] T 85d1f1998472413eb27caff3f5818386 P 460a9391f96e4ecab8397a4bafa6baba: No bootstrap required, opened a new log
I20260608 13:00:45.699389  1759 ts_tablet_manager.cc:1403] T 85d1f1998472413eb27caff3f5818386 P 460a9391f96e4ecab8397a4bafa6baba: Time spent bootstrapping tablet: real 0.136s	user 0.059s	sys 0.063s
I20260608 13:00:45.700152  1562 tablet_service.cc:1917] Received RequestConsensusVote() RPC: tablet_id: "85d1f1998472413eb27caff3f5818386" candidate_uuid: "88b9161bf6fb4d80b49650045f1a5e69" candidate_term: 1 candidate_status { last_received { term: 0 index: 0 } } ignore_live_leader: false dest_uuid: "460a9391f96e4ecab8397a4bafa6baba"
I20260608 13:00:45.700520  1780 leader_election.cc:290] T ed4147aebfdf40009a3713eb16abe330 P 88b9161bf6fb4d80b49650045f1a5e69 [CANDIDATE]: Term 1 election: Requested vote from peers 460a9391f96e4ecab8397a4bafa6baba (127.28.213.193:44753), 5bd82431252944579e130a4cb18c3103 (127.28.213.195:36385)
I20260608 13:00:45.689877  1638 tablet_service.cc:1917] Received RequestConsensusVote() RPC: tablet_id: "23da80ea1904463a9a486f374047a557" candidate_uuid: "460a9391f96e4ecab8397a4bafa6baba" candidate_term: 1 candidate_status { last_received { term: 0 index: 0 } } ignore_live_leader: false dest_uuid: "88b9161bf6fb4d80b49650045f1a5e69" is_pre_election: true
I20260608 13:00:45.701447  1638 raft_consensus.cc:2468] T 23da80ea1904463a9a486f374047a557 P 88b9161bf6fb4d80b49650045f1a5e69 [term 0 FOLLOWER]: Leader pre-election vote request: Granting yes vote for candidate 460a9391f96e4ecab8397a4bafa6baba in term 0.
I20260608 13:00:45.702316  1637 tablet_service.cc:1917] Received RequestConsensusVote() RPC: tablet_id: "ed4147aebfdf40009a3713eb16abe330" candidate_uuid: "5bd82431252944579e130a4cb18c3103" candidate_term: 1 candidate_status { last_received { term: 0 index: 0 } } ignore_live_leader: false dest_uuid: "88b9161bf6fb4d80b49650045f1a5e69" is_pre_election: true
I20260608 13:00:45.703064  1527 leader_election.cc:304] T 23da80ea1904463a9a486f374047a557 P 460a9391f96e4ecab8397a4bafa6baba [CANDIDATE]: Term 1 pre-election: Election decided. Result: candidate won. Election summary: received 2 responses out of 3 voters: 2 yes votes; 0 no votes. yes voters: 460a9391f96e4ecab8397a4bafa6baba, 88b9161bf6fb4d80b49650045f1a5e69; no voters: 
I20260608 13:00:45.703269  1759 raft_consensus.cc:359] T 85d1f1998472413eb27caff3f5818386 P 460a9391f96e4ecab8397a4bafa6baba [term 0 FOLLOWER]: Replica starting. Triggering 0 pending ops. Active config: opid_index: -1 OBSOLETE_local: false peers { permanent_uuid: "5bd82431252944579e130a4cb18c3103" member_type: VOTER last_known_addr { host: "127.28.213.195" port: 36385 } } peers { permanent_uuid: "88b9161bf6fb4d80b49650045f1a5e69" member_type: VOTER last_known_addr { host: "127.28.213.194" port: 41089 } } peers { permanent_uuid: "460a9391f96e4ecab8397a4bafa6baba" member_type: VOTER last_known_addr { host: "127.28.213.193" port: 44753 } }
I20260608 13:00:45.703830  1636 tablet_service.cc:1917] Received RequestConsensusVote() RPC: tablet_id: "85d1f1998472413eb27caff3f5818386" candidate_uuid: "5bd82431252944579e130a4cb18c3103" candidate_term: 1 candidate_status { last_received { term: 0 index: 0 } } ignore_live_leader: false dest_uuid: "88b9161bf6fb4d80b49650045f1a5e69" is_pre_election: true
I20260608 13:00:45.704089  1767 raft_consensus.cc:2804] T 23da80ea1904463a9a486f374047a557 P 460a9391f96e4ecab8397a4bafa6baba [term 0 FOLLOWER]: Leader pre-election won for term 1
I20260608 13:00:45.704098  1759 raft_consensus.cc:385] T 85d1f1998472413eb27caff3f5818386 P 460a9391f96e4ecab8397a4bafa6baba [term 0 FOLLOWER]: Consensus starting up: Expiring failure detector timer to make a prompt election more likely
I20260608 13:00:45.704658  1767 raft_consensus.cc:493] T 23da80ea1904463a9a486f374047a557 P 460a9391f96e4ecab8397a4bafa6baba [term 0 FOLLOWER]: Starting leader election (no leader contacted us within the election timeout)
I20260608 13:00:45.704723  1759 raft_consensus.cc:740] T 85d1f1998472413eb27caff3f5818386 P 460a9391f96e4ecab8397a4bafa6baba [term 0 FOLLOWER]: Becoming Follower/Learner. State: Replica: 460a9391f96e4ecab8397a4bafa6baba, State: Initialized, Role: FOLLOWER
I20260608 13:00:45.705333  1562 tablet_service.cc:1917] Received RequestConsensusVote() RPC: tablet_id: "ed4147aebfdf40009a3713eb16abe330" candidate_uuid: "88b9161bf6fb4d80b49650045f1a5e69" candidate_term: 1 candidate_status { last_received { term: 0 index: 0 } } ignore_live_leader: false dest_uuid: "460a9391f96e4ecab8397a4bafa6baba"
I20260608 13:00:45.705487  1767 raft_consensus.cc:3060] T 23da80ea1904463a9a486f374047a557 P 460a9391f96e4ecab8397a4bafa6baba [term 0 FOLLOWER]: Advancing to term 1
I20260608 13:00:45.691555  1458 catalog_manager.cc:5696] T 39c92385bf3d40a880bbf5bacfb0e4d2 P 460a9391f96e4ecab8397a4bafa6baba reported cstate change: term changed from 0 to 1, leader changed from <none> to 460a9391f96e4ecab8397a4bafa6baba (127.28.213.193). New cstate: current_term: 1 leader_uuid: "460a9391f96e4ecab8397a4bafa6baba" committed_config { opid_index: -1 OBSOLETE_local: false peers { permanent_uuid: "460a9391f96e4ecab8397a4bafa6baba" member_type: VOTER last_known_addr { host: "127.28.213.193" port: 44753 } health_report { overall_health: HEALTHY } } peers { permanent_uuid: "88b9161bf6fb4d80b49650045f1a5e69" member_type: VOTER last_known_addr { host: "127.28.213.194" port: 41089 } health_report { overall_health: UNKNOWN } } peers { permanent_uuid: "5bd82431252944579e130a4cb18c3103" member_type: VOTER last_known_addr { host: "127.28.213.195" port: 36385 } health_report { overall_health: UNKNOWN } } }
I20260608 13:00:45.693849  1711 tablet_service.cc:1917] Received RequestConsensusVote() RPC: tablet_id: "23da80ea1904463a9a486f374047a557" candidate_uuid: "460a9391f96e4ecab8397a4bafa6baba" candidate_term: 1 candidate_status { last_received { term: 0 index: 0 } } ignore_live_leader: false dest_uuid: "5bd82431252944579e130a4cb18c3103" is_pre_election: true
I20260608 13:00:45.706692  1636 raft_consensus.cc:2393] T 85d1f1998472413eb27caff3f5818386 P 88b9161bf6fb4d80b49650045f1a5e69 [term 1 FOLLOWER]: Leader pre-election vote request: Denying vote to candidate 5bd82431252944579e130a4cb18c3103 in current term 1: Already voted for candidate 88b9161bf6fb4d80b49650045f1a5e69 in this term.
I20260608 13:00:45.706113  1759 consensus_queue.cc:260] T 85d1f1998472413eb27caff3f5818386 P 460a9391f96e4ecab8397a4bafa6baba [NON_LEADER]: Queue going to NON_LEADER mode. State: All replicated index: 0, Majority replicated index: 0, Committed index: 0, Last appended: 0.0, Last appended by leader: 0, Current term: 0, Majority size: -1, State: 0, Mode: NON_LEADER, active raft config: opid_index: -1 OBSOLETE_local: false peers { permanent_uuid: "5bd82431252944579e130a4cb18c3103" member_type: VOTER last_known_addr { host: "127.28.213.195" port: 36385 } } peers { permanent_uuid: "88b9161bf6fb4d80b49650045f1a5e69" member_type: VOTER last_known_addr { host: "127.28.213.194" port: 41089 } } peers { permanent_uuid: "460a9391f96e4ecab8397a4bafa6baba" member_type: VOTER last_known_addr { host: "127.28.213.193" port: 44753 } }
I20260608 13:00:45.703272  1637 raft_consensus.cc:2393] T ed4147aebfdf40009a3713eb16abe330 P 88b9161bf6fb4d80b49650045f1a5e69 [term 1 FOLLOWER]: Leader pre-election vote request: Denying vote to candidate 5bd82431252944579e130a4cb18c3103 in current term 1: Already voted for candidate 88b9161bf6fb4d80b49650045f1a5e69 in this term.
W20260608 13:00:45.704759  1602 leader_election.cc:343] T 85d1f1998472413eb27caff3f5818386 P 88b9161bf6fb4d80b49650045f1a5e69 [CANDIDATE]: Term 1 election: Tablet error from VoteRequest() call to peer 460a9391f96e4ecab8397a4bafa6baba (127.28.213.193:44753): Illegal state: must be running to vote when last-logged opid is not known
I20260608 13:00:45.705559  1634 tablet_service.cc:1917] Received RequestConsensusVote() RPC: tablet_id: "46cf31e199684242ad3fe56695f8fe3a" candidate_uuid: "5bd82431252944579e130a4cb18c3103" candidate_term: 1 candidate_status { last_received { term: 0 index: 0 } } ignore_live_leader: false dest_uuid: "88b9161bf6fb4d80b49650045f1a5e69" is_pre_election: true
I20260608 13:00:45.709373  1759 ts_tablet_manager.cc:1434] T 85d1f1998472413eb27caff3f5818386 P 460a9391f96e4ecab8397a4bafa6baba: Time spent starting tablet: real 0.010s	user 0.007s	sys 0.002s
I20260608 13:00:45.709610  1634 raft_consensus.cc:2468] T 46cf31e199684242ad3fe56695f8fe3a P 88b9161bf6fb4d80b49650045f1a5e69 [term 0 FOLLOWER]: Leader pre-election vote request: Granting yes vote for candidate 5bd82431252944579e130a4cb18c3103 in term 0.
I20260608 13:00:45.710752  1759 tablet_bootstrap.cc:492] T 46cf31e199684242ad3fe56695f8fe3a P 460a9391f96e4ecab8397a4bafa6baba: Bootstrap starting.
W20260608 13:00:45.710042  1529 leader_election.cc:343] T 23da80ea1904463a9a486f374047a557 P 460a9391f96e4ecab8397a4bafa6baba [CANDIDATE]: Term 1 pre-election: Tablet error from VoteRequest() call to peer 5bd82431252944579e130a4cb18c3103 (127.28.213.195:36385): Illegal state: must be running to vote when last-logged opid is not known
I20260608 13:00:45.696168  1760 raft_consensus.cc:515] T e72d81e115954e0c8808ad5175b8dab2 P 5bd82431252944579e130a4cb18c3103 [term 1 FOLLOWER]: Starting leader election with config: opid_index: -1 OBSOLETE_local: false peers { permanent_uuid: "460a9391f96e4ecab8397a4bafa6baba" member_type: VOTER last_known_addr { host: "127.28.213.193" port: 44753 } } peers { permanent_uuid: "88b9161bf6fb4d80b49650045f1a5e69" member_type: VOTER last_known_addr { host: "127.28.213.194" port: 41089 } } peers { permanent_uuid: "5bd82431252944579e130a4cb18c3103" member_type: VOTER last_known_addr { host: "127.28.213.195" port: 36385 } }
I20260608 13:00:45.714002  1760 leader_election.cc:290] T e72d81e115954e0c8808ad5175b8dab2 P 5bd82431252944579e130a4cb18c3103 [CANDIDATE]: Term 1 election: Requested vote from peers 460a9391f96e4ecab8397a4bafa6baba (127.28.213.193:44753), 88b9161bf6fb4d80b49650045f1a5e69 (127.28.213.194:41089)
I20260608 13:00:45.697751  1794 raft_consensus.cc:2804] T e72d81e115954e0c8808ad5175b8dab2 P 88b9161bf6fb4d80b49650045f1a5e69 [term 0 FOLLOWER]: Leader pre-election won for term 1
I20260608 13:00:45.698066  1757 tablet_bootstrap.cc:492] T db7ac1be554240dba2f83ec662b32c7d P 88b9161bf6fb4d80b49650045f1a5e69: No bootstrap required, opened a new log
I20260608 13:00:45.704906  1635 tablet_service.cc:1917] Received RequestConsensusVote() RPC: tablet_id: "e72d81e115954e0c8808ad5175b8dab2" candidate_uuid: "5bd82431252944579e130a4cb18c3103" candidate_term: 1 candidate_status { last_received { term: 0 index: 0 } } ignore_live_leader: false dest_uuid: "88b9161bf6fb4d80b49650045f1a5e69" is_pre_election: true
I20260608 13:00:45.715072  1794 raft_consensus.cc:493] T e72d81e115954e0c8808ad5175b8dab2 P 88b9161bf6fb4d80b49650045f1a5e69 [term 0 FOLLOWER]: Starting leader election (no leader contacted us within the election timeout)
I20260608 13:00:45.697554  1764 leader_election.cc:290] T 85d1f1998472413eb27caff3f5818386 P 88b9161bf6fb4d80b49650045f1a5e69 [CANDIDATE]: Term 1 election: Requested vote from peers 5bd82431252944579e130a4cb18c3103 (127.28.213.195:36385), 460a9391f96e4ecab8397a4bafa6baba (127.28.213.193:44753)
I20260608 13:00:45.715595  1757 ts_tablet_manager.cc:1403] T db7ac1be554240dba2f83ec662b32c7d P 88b9161bf6fb4d80b49650045f1a5e69: Time spent bootstrapping tablet: real 0.137s	user 0.039s	sys 0.077s
I20260608 13:00:45.691998  1792 leader_election.cc:290] T 23da80ea1904463a9a486f374047a557 P 460a9391f96e4ecab8397a4bafa6baba [CANDIDATE]: Term 1 pre-election: Requested pre-vote from peers 88b9161bf6fb4d80b49650045f1a5e69 (127.28.213.194:41089), 5bd82431252944579e130a4cb18c3103 (127.28.213.195:36385)
I20260608 13:00:45.716857  1794 raft_consensus.cc:3060] T e72d81e115954e0c8808ad5175b8dab2 P 88b9161bf6fb4d80b49650045f1a5e69 [term 0 FOLLOWER]: Advancing to term 1
I20260608 13:00:45.717480  1767 raft_consensus.cc:515] T 23da80ea1904463a9a486f374047a557 P 460a9391f96e4ecab8397a4bafa6baba [term 1 FOLLOWER]: Starting leader election with config: opid_index: -1 OBSOLETE_local: false peers { permanent_uuid: "460a9391f96e4ecab8397a4bafa6baba" member_type: VOTER last_known_addr { host: "127.28.213.193" port: 44753 } } peers { permanent_uuid: "88b9161bf6fb4d80b49650045f1a5e69" member_type: VOTER last_known_addr { host: "127.28.213.194" port: 41089 } } peers { permanent_uuid: "5bd82431252944579e130a4cb18c3103" member_type: VOTER last_known_addr { host: "127.28.213.195" port: 36385 } }
I20260608 13:00:45.710623  1676 leader_election.cc:304] T 85d1f1998472413eb27caff3f5818386 P 5bd82431252944579e130a4cb18c3103 [CANDIDATE]: Term 1 pre-election: Election decided. Result: candidate lost. Election summary: received 3 responses out of 3 voters: 1 yes votes; 2 no votes. yes voters: 5bd82431252944579e130a4cb18c3103; no voters: 460a9391f96e4ecab8397a4bafa6baba, 88b9161bf6fb4d80b49650045f1a5e69
I20260608 13:00:45.719165  1757 raft_consensus.cc:359] T db7ac1be554240dba2f83ec662b32c7d P 88b9161bf6fb4d80b49650045f1a5e69 [term 0 FOLLOWER]: Replica starting. Triggering 0 pending ops. Active config: opid_index: -1 OBSOLETE_local: false peers { permanent_uuid: "460a9391f96e4ecab8397a4bafa6baba" member_type: VOTER last_known_addr { host: "127.28.213.193" port: 44753 } } peers { permanent_uuid: "88b9161bf6fb4d80b49650045f1a5e69" member_type: VOTER last_known_addr { host: "127.28.213.194" port: 41089 } } peers { permanent_uuid: "5bd82431252944579e130a4cb18c3103" member_type: VOTER last_known_addr { host: "127.28.213.195" port: 36385 } }
I20260608 13:00:45.696367  1756 ts_tablet_manager.cc:1434] T 80d939f2fd0d48209d5a0c8af95bafa4 P 5bd82431252944579e130a4cb18c3103: Time spent starting tablet: real 0.116s	user 0.023s	sys 0.019s
I20260608 13:00:45.719646  1759 tablet_bootstrap.cc:654] T 46cf31e199684242ad3fe56695f8fe3a P 460a9391f96e4ecab8397a4bafa6baba: Neither blocks nor log segments found. Creating new log.
I20260608 13:00:45.719897  1757 raft_consensus.cc:385] T db7ac1be554240dba2f83ec662b32c7d P 88b9161bf6fb4d80b49650045f1a5e69 [term 0 FOLLOWER]: Consensus starting up: Expiring failure detector timer to make a prompt election more likely
I20260608 13:00:45.719465  1676 leader_election.cc:304] T ed4147aebfdf40009a3713eb16abe330 P 5bd82431252944579e130a4cb18c3103 [CANDIDATE]: Term 1 pre-election: Election decided. Result: candidate lost. Election summary: received 3 responses out of 3 voters: 1 yes votes; 2 no votes. yes voters: 5bd82431252944579e130a4cb18c3103; no voters: 460a9391f96e4ecab8397a4bafa6baba, 88b9161bf6fb4d80b49650045f1a5e69
I20260608 13:00:45.720306  1757 raft_consensus.cc:740] T db7ac1be554240dba2f83ec662b32c7d P 88b9161bf6fb4d80b49650045f1a5e69 [term 0 FOLLOWER]: Becoming Follower/Learner. State: Replica: 88b9161bf6fb4d80b49650045f1a5e69, State: Initialized, Role: FOLLOWER
I20260608 13:00:45.720881  1634 tablet_service.cc:1917] Received RequestConsensusVote() RPC: tablet_id: "23da80ea1904463a9a486f374047a557" candidate_uuid: "460a9391f96e4ecab8397a4bafa6baba" candidate_term: 1 candidate_status { last_received { term: 0 index: 0 } } ignore_live_leader: false dest_uuid: "88b9161bf6fb4d80b49650045f1a5e69"
W20260608 13:00:45.709234  1602 leader_election.cc:343] T ed4147aebfdf40009a3713eb16abe330 P 88b9161bf6fb4d80b49650045f1a5e69 [CANDIDATE]: Term 1 election: Tablet error from VoteRequest() call to peer 460a9391f96e4ecab8397a4bafa6baba (127.28.213.193:44753): Illegal state: must be running to vote when last-logged opid is not known
I20260608 13:00:45.723714  1634 raft_consensus.cc:3060] T 23da80ea1904463a9a486f374047a557 P 88b9161bf6fb4d80b49650045f1a5e69 [term 0 FOLLOWER]: Advancing to term 1
I20260608 13:00:45.724370  1760 raft_consensus.cc:3060] T 85d1f1998472413eb27caff3f5818386 P 5bd82431252944579e130a4cb18c3103 [term 0 FOLLOWER]: Advancing to term 1
I20260608 13:00:45.729102  1791 raft_consensus.cc:3060] T ed4147aebfdf40009a3713eb16abe330 P 5bd82431252944579e130a4cb18c3103 [term 0 FOLLOWER]: Advancing to term 1
I20260608 13:00:45.725335  1756 tablet_bootstrap.cc:492] T 0c3be83c99c14011b83012a3b24b02b8 P 5bd82431252944579e130a4cb18c3103: Bootstrap starting.
I20260608 13:00:45.731681  1757 consensus_queue.cc:260] T db7ac1be554240dba2f83ec662b32c7d P 88b9161bf6fb4d80b49650045f1a5e69 [NON_LEADER]: Queue going to NON_LEADER mode. State: All replicated index: 0, Majority replicated index: 0, Committed index: 0, Last appended: 0.0, Last appended by leader: 0, Current term: 0, Majority size: -1, State: 0, Mode: NON_LEADER, active raft config: opid_index: -1 OBSOLETE_local: false peers { permanent_uuid: "460a9391f96e4ecab8397a4bafa6baba" member_type: VOTER last_known_addr { host: "127.28.213.193" port: 44753 } } peers { permanent_uuid: "88b9161bf6fb4d80b49650045f1a5e69" member_type: VOTER last_known_addr { host: "127.28.213.194" port: 41089 } } peers { permanent_uuid: "5bd82431252944579e130a4cb18c3103" member_type: VOTER last_known_addr { host: "127.28.213.195" port: 36385 } }
I20260608 13:00:45.726477  1676 leader_election.cc:304] T 46cf31e199684242ad3fe56695f8fe3a P 5bd82431252944579e130a4cb18c3103 [CANDIDATE]: Term 1 pre-election: Election decided. Result: candidate won. Election summary: received 3 responses out of 3 voters: 2 yes votes; 1 no votes. yes voters: 5bd82431252944579e130a4cb18c3103, 88b9161bf6fb4d80b49650045f1a5e69; no voters: 460a9391f96e4ecab8397a4bafa6baba
I20260608 13:00:45.732900  1790 raft_consensus.cc:493] T 80d939f2fd0d48209d5a0c8af95bafa4 P 88b9161bf6fb4d80b49650045f1a5e69 [term 0 FOLLOWER]: Starting pre-election (no leader contacted us within the election timeout)
I20260608 13:00:45.733260  1789 raft_consensus.cc:2804] T 46cf31e199684242ad3fe56695f8fe3a P 5bd82431252944579e130a4cb18c3103 [term 0 FOLLOWER]: Leader pre-election won for term 1
I20260608 13:00:45.733747  1789 raft_consensus.cc:493] T 46cf31e199684242ad3fe56695f8fe3a P 5bd82431252944579e130a4cb18c3103 [term 0 FOLLOWER]: Starting leader election (no leader contacted us within the election timeout)
I20260608 13:00:45.733510  1790 raft_consensus.cc:515] T 80d939f2fd0d48209d5a0c8af95bafa4 P 88b9161bf6fb4d80b49650045f1a5e69 [term 0 FOLLOWER]: Starting pre-election with config: opid_index: -1 OBSOLETE_local: false peers { permanent_uuid: "460a9391f96e4ecab8397a4bafa6baba" member_type: VOTER last_known_addr { host: "127.28.213.193" port: 44753 } } peers { permanent_uuid: "88b9161bf6fb4d80b49650045f1a5e69" member_type: VOTER last_known_addr { host: "127.28.213.194" port: 41089 } } peers { permanent_uuid: "5bd82431252944579e130a4cb18c3103" member_type: VOTER last_known_addr { host: "127.28.213.195" port: 36385 } }
I20260608 13:00:45.734198  1789 raft_consensus.cc:3060] T 46cf31e199684242ad3fe56695f8fe3a P 5bd82431252944579e130a4cb18c3103 [term 0 FOLLOWER]: Advancing to term 1
I20260608 13:00:45.734376  1757 ts_tablet_manager.cc:1434] T db7ac1be554240dba2f83ec662b32c7d P 88b9161bf6fb4d80b49650045f1a5e69: Time spent starting tablet: real 0.018s	user 0.008s	sys 0.000s
I20260608 13:00:45.734941  1711 tablet_service.cc:1917] Received RequestConsensusVote() RPC: tablet_id: "0c3be83c99c14011b83012a3b24b02b8" candidate_uuid: "88b9161bf6fb4d80b49650045f1a5e69" candidate_term: 1 candidate_status { last_received { term: 0 index: 0 } } ignore_live_leader: false dest_uuid: "5bd82431252944579e130a4cb18c3103" is_pre_election: true
I20260608 13:00:45.736632  1790 leader_election.cc:290] T 80d939f2fd0d48209d5a0c8af95bafa4 P 88b9161bf6fb4d80b49650045f1a5e69 [CANDIDATE]: Term 1 pre-election: Requested pre-vote from peers 460a9391f96e4ecab8397a4bafa6baba (127.28.213.193:44753), 5bd82431252944579e130a4cb18c3103 (127.28.213.195:36385)
I20260608 13:00:45.722187  1767 leader_election.cc:290] T 23da80ea1904463a9a486f374047a557 P 460a9391f96e4ecab8397a4bafa6baba [CANDIDATE]: Term 1 election: Requested vote from peers 88b9161bf6fb4d80b49650045f1a5e69 (127.28.213.194:41089), 5bd82431252944579e130a4cb18c3103 (127.28.213.195:36385)
I20260608 13:00:45.740453  1711 tablet_service.cc:1917] Received RequestConsensusVote() RPC: tablet_id: "85d1f1998472413eb27caff3f5818386" candidate_uuid: "88b9161bf6fb4d80b49650045f1a5e69" candidate_term: 1 candidate_status { last_received { term: 0 index: 0 } } ignore_live_leader: false dest_uuid: "5bd82431252944579e130a4cb18c3103"
I20260608 13:00:45.741654  1562 tablet_service.cc:1917] Received RequestConsensusVote() RPC: tablet_id: "80d939f2fd0d48209d5a0c8af95bafa4" candidate_uuid: "88b9161bf6fb4d80b49650045f1a5e69" candidate_term: 1 candidate_status { last_received { term: 0 index: 0 } } ignore_live_leader: false dest_uuid: "460a9391f96e4ecab8397a4bafa6baba" is_pre_election: true
I20260608 13:00:45.742822  1710 tablet_service.cc:1917] Received RequestConsensusVote() RPC: tablet_id: "e72d81e115954e0c8808ad5175b8dab2" candidate_uuid: "88b9161bf6fb4d80b49650045f1a5e69" candidate_term: 1 candidate_status { last_received { term: 0 index: 0 } } ignore_live_leader: false dest_uuid: "5bd82431252944579e130a4cb18c3103" is_pre_election: true
W20260608 13:00:45.743590  1602 leader_election.cc:343] T 80d939f2fd0d48209d5a0c8af95bafa4 P 88b9161bf6fb4d80b49650045f1a5e69 [CANDIDATE]: Term 1 pre-election: Tablet error from VoteRequest() call to peer 460a9391f96e4ecab8397a4bafa6baba (127.28.213.193:44753): Illegal state: must be running to vote when last-logged opid is not known
I20260608 13:00:45.743778  1710 raft_consensus.cc:2393] T e72d81e115954e0c8808ad5175b8dab2 P 5bd82431252944579e130a4cb18c3103 [term 1 FOLLOWER]: Leader pre-election vote request: Denying vote to candidate 88b9161bf6fb4d80b49650045f1a5e69 in current term 1: Already voted for candidate 5bd82431252944579e130a4cb18c3103 in this term.
I20260608 13:00:45.745119  1712 tablet_service.cc:1917] Received RequestConsensusVote() RPC: tablet_id: "ed4147aebfdf40009a3713eb16abe330" candidate_uuid: "88b9161bf6fb4d80b49650045f1a5e69" candidate_term: 1 candidate_status { last_received { term: 0 index: 0 } } ignore_live_leader: false dest_uuid: "5bd82431252944579e130a4cb18c3103"
I20260608 13:00:45.745471  1710 tablet_service.cc:1917] Received RequestConsensusVote() RPC: tablet_id: "80d939f2fd0d48209d5a0c8af95bafa4" candidate_uuid: "88b9161bf6fb4d80b49650045f1a5e69" candidate_term: 1 candidate_status { last_received { term: 0 index: 0 } } ignore_live_leader: false dest_uuid: "5bd82431252944579e130a4cb18c3103" is_pre_election: true
I20260608 13:00:45.746140  1710 raft_consensus.cc:2468] T 80d939f2fd0d48209d5a0c8af95bafa4 P 5bd82431252944579e130a4cb18c3103 [term 0 FOLLOWER]: Leader pre-election vote request: Granting yes vote for candidate 88b9161bf6fb4d80b49650045f1a5e69 in term 0.
I20260608 13:00:45.750290  1562 tablet_service.cc:1917] Received RequestConsensusVote() RPC: tablet_id: "e72d81e115954e0c8808ad5175b8dab2" candidate_uuid: "5bd82431252944579e130a4cb18c3103" candidate_term: 1 candidate_status { last_received { term: 0 index: 0 } } ignore_live_leader: false dest_uuid: "460a9391f96e4ecab8397a4bafa6baba"
I20260608 13:00:45.751019  1562 raft_consensus.cc:3060] T e72d81e115954e0c8808ad5175b8dab2 P 460a9391f96e4ecab8397a4bafa6baba [term 0 FOLLOWER]: Advancing to term 1
I20260608 13:00:45.751585  1637 tablet_service.cc:1917] Received RequestConsensusVote() RPC: tablet_id: "e72d81e115954e0c8808ad5175b8dab2" candidate_uuid: "5bd82431252944579e130a4cb18c3103" candidate_term: 1 candidate_status { last_received { term: 0 index: 0 } } ignore_live_leader: false dest_uuid: "88b9161bf6fb4d80b49650045f1a5e69"
W20260608 13:00:45.753283  1604 leader_election.cc:343] T 0c3be83c99c14011b83012a3b24b02b8 P 88b9161bf6fb4d80b49650045f1a5e69 [CANDIDATE]: Term 1 pre-election: Tablet error from VoteRequest() call to peer 5bd82431252944579e130a4cb18c3103 (127.28.213.195:36385): Illegal state: must be running to vote when last-logged opid is not known
I20260608 13:00:45.753809  1604 leader_election.cc:304] T 0c3be83c99c14011b83012a3b24b02b8 P 88b9161bf6fb4d80b49650045f1a5e69 [CANDIDATE]: Term 1 pre-election: Election decided. Result: candidate lost. Election summary: received 3 responses out of 3 voters: 1 yes votes; 2 no votes. yes voters: 88b9161bf6fb4d80b49650045f1a5e69; no voters: 460a9391f96e4ecab8397a4bafa6baba, 5bd82431252944579e130a4cb18c3103
I20260608 13:00:45.755749  1710 tablet_service.cc:1917] Received RequestConsensusVote() RPC: tablet_id: "23da80ea1904463a9a486f374047a557" candidate_uuid: "460a9391f96e4ecab8397a4bafa6baba" candidate_term: 1 candidate_status { last_received { term: 0 index: 0 } } ignore_live_leader: false dest_uuid: "5bd82431252944579e130a4cb18c3103"
I20260608 13:00:45.756244  1757 tablet_bootstrap.cc:492] T 39c92385bf3d40a880bbf5bacfb0e4d2 P 88b9161bf6fb4d80b49650045f1a5e69: Bootstrap starting.
I20260608 13:00:45.757300  1604 leader_election.cc:304] T 80d939f2fd0d48209d5a0c8af95bafa4 P 88b9161bf6fb4d80b49650045f1a5e69 [CANDIDATE]: Term 1 pre-election: Election decided. Result: candidate won. Election summary: received 3 responses out of 3 voters: 2 yes votes; 1 no votes. yes voters: 5bd82431252944579e130a4cb18c3103, 88b9161bf6fb4d80b49650045f1a5e69; no voters: 460a9391f96e4ecab8397a4bafa6baba
I20260608 13:00:45.758173  1764 raft_consensus.cc:2749] T 0c3be83c99c14011b83012a3b24b02b8 P 88b9161bf6fb4d80b49650045f1a5e69 [term 0 FOLLOWER]: Leader pre-election lost for term 1. Reason: could not achieve majority
I20260608 13:00:45.759781  1764 raft_consensus.cc:2804] T 80d939f2fd0d48209d5a0c8af95bafa4 P 88b9161bf6fb4d80b49650045f1a5e69 [term 0 FOLLOWER]: Leader pre-election won for term 1
I20260608 13:00:45.760281  1764 raft_consensus.cc:493] T 80d939f2fd0d48209d5a0c8af95bafa4 P 88b9161bf6fb4d80b49650045f1a5e69 [term 0 FOLLOWER]: Starting leader election (no leader contacted us within the election timeout)
I20260608 13:00:45.760744  1764 raft_consensus.cc:3060] T 80d939f2fd0d48209d5a0c8af95bafa4 P 88b9161bf6fb4d80b49650045f1a5e69 [term 0 FOLLOWER]: Advancing to term 1
I20260608 13:00:45.762199  1756 tablet_bootstrap.cc:654] T 0c3be83c99c14011b83012a3b24b02b8 P 5bd82431252944579e130a4cb18c3103: Neither blocks nor log segments found. Creating new log.
W20260608 13:00:45.766193  1529 leader_election.cc:343] T 23da80ea1904463a9a486f374047a557 P 460a9391f96e4ecab8397a4bafa6baba [CANDIDATE]: Term 1 election: Tablet error from VoteRequest() call to peer 5bd82431252944579e130a4cb18c3103 (127.28.213.195:36385): Illegal state: must be running to vote when last-logged opid is not known
I20260608 13:00:45.771549  1634 raft_consensus.cc:2468] T 23da80ea1904463a9a486f374047a557 P 88b9161bf6fb4d80b49650045f1a5e69 [term 1 FOLLOWER]: Leader election vote request: Granting yes vote for candidate 460a9391f96e4ecab8397a4bafa6baba in term 1.
I20260608 13:00:45.773473  1791 raft_consensus.cc:2749] T ed4147aebfdf40009a3713eb16abe330 P 5bd82431252944579e130a4cb18c3103 [term 1 FOLLOWER]: Leader pre-election lost for term 1. Reason: could not achieve majority
I20260608 13:00:45.773589  1527 leader_election.cc:304] T 23da80ea1904463a9a486f374047a557 P 460a9391f96e4ecab8397a4bafa6baba [CANDIDATE]: Term 1 election: Election decided. Result: candidate won. Election summary: received 3 responses out of 3 voters: 2 yes votes; 1 no votes. yes voters: 460a9391f96e4ecab8397a4bafa6baba, 88b9161bf6fb4d80b49650045f1a5e69; no voters: 5bd82431252944579e130a4cb18c3103
I20260608 13:00:45.774885  1760 raft_consensus.cc:2749] T 85d1f1998472413eb27caff3f5818386 P 5bd82431252944579e130a4cb18c3103 [term 1 FOLLOWER]: Leader pre-election lost for term 1. Reason: could not achieve majority
I20260608 13:00:45.776646  1562 raft_consensus.cc:2468] T e72d81e115954e0c8808ad5175b8dab2 P 460a9391f96e4ecab8397a4bafa6baba [term 1 FOLLOWER]: Leader election vote request: Granting yes vote for candidate 5bd82431252944579e130a4cb18c3103 in term 1.
I20260608 13:00:45.777235  1767 raft_consensus.cc:2804] T 23da80ea1904463a9a486f374047a557 P 460a9391f96e4ecab8397a4bafa6baba [term 1 FOLLOWER]: Leader election won for term 1
I20260608 13:00:45.777798  1767 raft_consensus.cc:697] T 23da80ea1904463a9a486f374047a557 P 460a9391f96e4ecab8397a4bafa6baba [term 1 LEADER]: Becoming Leader. State: Replica: 460a9391f96e4ecab8397a4bafa6baba, State: Running, Role: LEADER
I20260608 13:00:45.776940  1759 tablet_bootstrap.cc:492] T 46cf31e199684242ad3fe56695f8fe3a P 460a9391f96e4ecab8397a4bafa6baba: No bootstrap required, opened a new log
I20260608 13:00:45.778995  1759 ts_tablet_manager.cc:1403] T 46cf31e199684242ad3fe56695f8fe3a P 460a9391f96e4ecab8397a4bafa6baba: Time spent bootstrapping tablet: real 0.069s	user 0.014s	sys 0.007s
I20260608 13:00:45.785396  1759 raft_consensus.cc:359] T 46cf31e199684242ad3fe56695f8fe3a P 460a9391f96e4ecab8397a4bafa6baba [term 0 FOLLOWER]: Replica starting. Triggering 0 pending ops. Active config: opid_index: -1 OBSOLETE_local: false peers { permanent_uuid: "460a9391f96e4ecab8397a4bafa6baba" member_type: VOTER last_known_addr { host: "127.28.213.193" port: 44753 } } peers { permanent_uuid: "88b9161bf6fb4d80b49650045f1a5e69" member_type: VOTER last_known_addr { host: "127.28.213.194" port: 41089 } } peers { permanent_uuid: "5bd82431252944579e130a4cb18c3103" member_type: VOTER last_known_addr { host: "127.28.213.195" port: 36385 } }
I20260608 13:00:45.778712  1767 consensus_queue.cc:237] T 23da80ea1904463a9a486f374047a557 P 460a9391f96e4ecab8397a4bafa6baba [LEADER]: Queue going to LEADER mode. State: All replicated index: 0, Majority replicated index: 0, Committed index: 0, Last appended: 0.0, Last appended by leader: 0, Current term: 1, Majority size: 2, State: 0, Mode: LEADER, active raft config: opid_index: -1 OBSOLETE_local: false peers { permanent_uuid: "460a9391f96e4ecab8397a4bafa6baba" member_type: VOTER last_known_addr { host: "127.28.213.193" port: 44753 } } peers { permanent_uuid: "88b9161bf6fb4d80b49650045f1a5e69" member_type: VOTER last_known_addr { host: "127.28.213.194" port: 41089 } } peers { permanent_uuid: "5bd82431252944579e130a4cb18c3103" member_type: VOTER last_known_addr { host: "127.28.213.195" port: 36385 } }
I20260608 13:00:45.780428  1676 leader_election.cc:304] T e72d81e115954e0c8808ad5175b8dab2 P 5bd82431252944579e130a4cb18c3103 [CANDIDATE]: Term 1 election: Election decided. Result: candidate won. Election summary: received 3 responses out of 3 voters: 2 yes votes; 1 no votes. yes voters: 460a9391f96e4ecab8397a4bafa6baba, 5bd82431252944579e130a4cb18c3103; no voters: 88b9161bf6fb4d80b49650045f1a5e69
I20260608 13:00:45.773845  1789 raft_consensus.cc:515] T 46cf31e199684242ad3fe56695f8fe3a P 5bd82431252944579e130a4cb18c3103 [term 1 FOLLOWER]: Starting leader election with config: opid_index: -1 OBSOLETE_local: false peers { permanent_uuid: "460a9391f96e4ecab8397a4bafa6baba" member_type: VOTER last_known_addr { host: "127.28.213.193" port: 44753 } } peers { permanent_uuid: "88b9161bf6fb4d80b49650045f1a5e69" member_type: VOTER last_known_addr { host: "127.28.213.194" port: 41089 } } peers { permanent_uuid: "5bd82431252944579e130a4cb18c3103" member_type: VOTER last_known_addr { host: "127.28.213.195" port: 36385 } }
I20260608 13:00:45.788175  1711 raft_consensus.cc:2468] T 85d1f1998472413eb27caff3f5818386 P 5bd82431252944579e130a4cb18c3103 [term 1 FOLLOWER]: Leader election vote request: Granting yes vote for candidate 88b9161bf6fb4d80b49650045f1a5e69 in term 1.
I20260608 13:00:45.789206  1789 leader_election.cc:290] T 46cf31e199684242ad3fe56695f8fe3a P 5bd82431252944579e130a4cb18c3103 [CANDIDATE]: Term 1 election: Requested vote from peers 460a9391f96e4ecab8397a4bafa6baba (127.28.213.193:44753), 88b9161bf6fb4d80b49650045f1a5e69 (127.28.213.194:41089)
I20260608 13:00:45.780442  1764 raft_consensus.cc:515] T 80d939f2fd0d48209d5a0c8af95bafa4 P 88b9161bf6fb4d80b49650045f1a5e69 [term 1 FOLLOWER]: Starting leader election with config: opid_index: -1 OBSOLETE_local: false peers { permanent_uuid: "460a9391f96e4ecab8397a4bafa6baba" member_type: VOTER last_known_addr { host: "127.28.213.193" port: 44753 } } peers { permanent_uuid: "88b9161bf6fb4d80b49650045f1a5e69" member_type: VOTER last_known_addr { host: "127.28.213.194" port: 41089 } } peers { permanent_uuid: "5bd82431252944579e130a4cb18c3103" member_type: VOTER last_known_addr { host: "127.28.213.195" port: 36385 } }
I20260608 13:00:45.792402  1764 leader_election.cc:290] T 80d939f2fd0d48209d5a0c8af95bafa4 P 88b9161bf6fb4d80b49650045f1a5e69 [CANDIDATE]: Term 1 election: Requested vote from peers 460a9391f96e4ecab8397a4bafa6baba (127.28.213.193:44753), 5bd82431252944579e130a4cb18c3103 (127.28.213.195:36385)
I20260608 13:00:45.794606  1562 tablet_service.cc:1917] Received RequestConsensusVote() RPC: tablet_id: "80d939f2fd0d48209d5a0c8af95bafa4" candidate_uuid: "88b9161bf6fb4d80b49650045f1a5e69" candidate_term: 1 candidate_status { last_received { term: 0 index: 0 } } ignore_live_leader: false dest_uuid: "460a9391f96e4ecab8397a4bafa6baba"
W20260608 13:00:45.796167  1602 leader_election.cc:343] T 80d939f2fd0d48209d5a0c8af95bafa4 P 88b9161bf6fb4d80b49650045f1a5e69 [CANDIDATE]: Term 1 election: Tablet error from VoteRequest() call to peer 460a9391f96e4ecab8397a4bafa6baba (127.28.213.193:44753): Illegal state: must be running to vote when last-logged opid is not known
I20260608 13:00:45.763670  1794 raft_consensus.cc:515] T e72d81e115954e0c8808ad5175b8dab2 P 88b9161bf6fb4d80b49650045f1a5e69 [term 1 FOLLOWER]: Starting leader election with config: opid_index: -1 OBSOLETE_local: false peers { permanent_uuid: "460a9391f96e4ecab8397a4bafa6baba" member_type: VOTER last_known_addr { host: "127.28.213.193" port: 44753 } } peers { permanent_uuid: "88b9161bf6fb4d80b49650045f1a5e69" member_type: VOTER last_known_addr { host: "127.28.213.194" port: 41089 } } peers { permanent_uuid: "5bd82431252944579e130a4cb18c3103" member_type: VOTER last_known_addr { host: "127.28.213.195" port: 36385 } }
I20260608 13:00:45.797739  1635 raft_consensus.cc:2393] T e72d81e115954e0c8808ad5175b8dab2 P 88b9161bf6fb4d80b49650045f1a5e69 [term 1 FOLLOWER]: Leader pre-election vote request: Denying vote to candidate 5bd82431252944579e130a4cb18c3103 in current term 1: Already voted for candidate 88b9161bf6fb4d80b49650045f1a5e69 in this term.
I20260608 13:00:45.786307  1759 raft_consensus.cc:385] T 46cf31e199684242ad3fe56695f8fe3a P 460a9391f96e4ecab8397a4bafa6baba [term 0 FOLLOWER]: Consensus starting up: Expiring failure detector timer to make a prompt election more likely
I20260608 13:00:45.798501  1759 raft_consensus.cc:740] T 46cf31e199684242ad3fe56695f8fe3a P 460a9391f96e4ecab8397a4bafa6baba [term 0 FOLLOWER]: Becoming Follower/Learner. State: Replica: 460a9391f96e4ecab8397a4bafa6baba, State: Initialized, Role: FOLLOWER
I20260608 13:00:45.799337  1604 leader_election.cc:304] T 85d1f1998472413eb27caff3f5818386 P 88b9161bf6fb4d80b49650045f1a5e69 [CANDIDATE]: Term 1 election: Election decided. Result: candidate won. Election summary: received 3 responses out of 3 voters: 2 yes votes; 1 no votes. yes voters: 5bd82431252944579e130a4cb18c3103, 88b9161bf6fb4d80b49650045f1a5e69; no voters: 460a9391f96e4ecab8397a4bafa6baba
I20260608 13:00:45.799470  1759 consensus_queue.cc:260] T 46cf31e199684242ad3fe56695f8fe3a P 460a9391f96e4ecab8397a4bafa6baba [NON_LEADER]: Queue going to NON_LEADER mode. State: All replicated index: 0, Majority replicated index: 0, Committed index: 0, Last appended: 0.0, Last appended by leader: 0, Current term: 0, Majority size: -1, State: 0, Mode: NON_LEADER, active raft config: opid_index: -1 OBSOLETE_local: false peers { permanent_uuid: "460a9391f96e4ecab8397a4bafa6baba" member_type: VOTER last_known_addr { host: "127.28.213.193" port: 44753 } } peers { permanent_uuid: "88b9161bf6fb4d80b49650045f1a5e69" member_type: VOTER last_known_addr { host: "127.28.213.194" port: 41089 } } peers { permanent_uuid: "5bd82431252944579e130a4cb18c3103" member_type: VOTER last_known_addr { host: "127.28.213.195" port: 36385 } }
I20260608 13:00:45.801272  1634 tablet_service.cc:1917] Received RequestConsensusVote() RPC: tablet_id: "46cf31e199684242ad3fe56695f8fe3a" candidate_uuid: "5bd82431252944579e130a4cb18c3103" candidate_term: 1 candidate_status { last_received { term: 0 index: 0 } } ignore_live_leader: false dest_uuid: "88b9161bf6fb4d80b49650045f1a5e69"
I20260608 13:00:45.801918  1634 raft_consensus.cc:3060] T 46cf31e199684242ad3fe56695f8fe3a P 88b9161bf6fb4d80b49650045f1a5e69 [term 0 FOLLOWER]: Advancing to term 1
I20260608 13:00:45.802248  1789 raft_consensus.cc:2804] T e72d81e115954e0c8808ad5175b8dab2 P 5bd82431252944579e130a4cb18c3103 [term 1 FOLLOWER]: Leader election won for term 1
I20260608 13:00:45.802767  1789 raft_consensus.cc:697] T e72d81e115954e0c8808ad5175b8dab2 P 5bd82431252944579e130a4cb18c3103 [term 1 LEADER]: Becoming Leader. State: Replica: 5bd82431252944579e130a4cb18c3103, State: Running, Role: LEADER
I20260608 13:00:45.803651  1789 consensus_queue.cc:237] T e72d81e115954e0c8808ad5175b8dab2 P 5bd82431252944579e130a4cb18c3103 [LEADER]: Queue going to LEADER mode. State: All replicated index: 0, Majority replicated index: 0, Committed index: 0, Last appended: 0.0, Last appended by leader: 0, Current term: 1, Majority size: 2, State: 0, Mode: LEADER, active raft config: opid_index: -1 OBSOLETE_local: false peers { permanent_uuid: "460a9391f96e4ecab8397a4bafa6baba" member_type: VOTER last_known_addr { host: "127.28.213.193" port: 44753 } } peers { permanent_uuid: "88b9161bf6fb4d80b49650045f1a5e69" member_type: VOTER last_known_addr { host: "127.28.213.194" port: 41089 } } peers { permanent_uuid: "5bd82431252944579e130a4cb18c3103" member_type: VOTER last_known_addr { host: "127.28.213.195" port: 36385 } }
I20260608 13:00:45.805305  1711 tablet_service.cc:1917] Received RequestConsensusVote() RPC: tablet_id: "80d939f2fd0d48209d5a0c8af95bafa4" candidate_uuid: "88b9161bf6fb4d80b49650045f1a5e69" candidate_term: 1 candidate_status { last_received { term: 0 index: 0 } } ignore_live_leader: false dest_uuid: "5bd82431252944579e130a4cb18c3103"
I20260608 13:00:45.805974  1764 raft_consensus.cc:2804] T 85d1f1998472413eb27caff3f5818386 P 88b9161bf6fb4d80b49650045f1a5e69 [term 1 FOLLOWER]: Leader election won for term 1
I20260608 13:00:45.806522  1711 raft_consensus.cc:3060] T 80d939f2fd0d48209d5a0c8af95bafa4 P 5bd82431252944579e130a4cb18c3103 [term 0 FOLLOWER]: Advancing to term 1
I20260608 13:00:45.806834  1764 raft_consensus.cc:697] T 85d1f1998472413eb27caff3f5818386 P 88b9161bf6fb4d80b49650045f1a5e69 [term 1 LEADER]: Becoming Leader. State: Replica: 88b9161bf6fb4d80b49650045f1a5e69, State: Running, Role: LEADER
I20260608 13:00:45.807885  1764 consensus_queue.cc:237] T 85d1f1998472413eb27caff3f5818386 P 88b9161bf6fb4d80b49650045f1a5e69 [LEADER]: Queue going to LEADER mode. State: All replicated index: 0, Majority replicated index: 0, Committed index: 0, Last appended: 0.0, Last appended by leader: 0, Current term: 1, Majority size: 2, State: 0, Mode: LEADER, active raft config: opid_index: -1 OBSOLETE_local: false peers { permanent_uuid: "5bd82431252944579e130a4cb18c3103" member_type: VOTER last_known_addr { host: "127.28.213.195" port: 36385 } } peers { permanent_uuid: "88b9161bf6fb4d80b49650045f1a5e69" member_type: VOTER last_known_addr { host: "127.28.213.194" port: 41089 } } peers { permanent_uuid: "460a9391f96e4ecab8397a4bafa6baba" member_type: VOTER last_known_addr { host: "127.28.213.193" port: 44753 } }
I20260608 13:00:45.779955  1757 tablet_bootstrap.cc:654] T 39c92385bf3d40a880bbf5bacfb0e4d2 P 88b9161bf6fb4d80b49650045f1a5e69: Neither blocks nor log segments found. Creating new log.
I20260608 13:00:45.810855  1634 raft_consensus.cc:2468] T 46cf31e199684242ad3fe56695f8fe3a P 88b9161bf6fb4d80b49650045f1a5e69 [term 1 FOLLOWER]: Leader election vote request: Granting yes vote for candidate 5bd82431252944579e130a4cb18c3103 in term 1.
I20260608 13:00:45.812271  1676 leader_election.cc:304] T 46cf31e199684242ad3fe56695f8fe3a P 5bd82431252944579e130a4cb18c3103 [CANDIDATE]: Term 1 election: Election decided. Result: candidate won. Election summary: received 2 responses out of 3 voters: 2 yes votes; 0 no votes. yes voters: 5bd82431252944579e130a4cb18c3103, 88b9161bf6fb4d80b49650045f1a5e69; no voters: 
I20260608 13:00:45.813133  1760 raft_consensus.cc:2804] T 46cf31e199684242ad3fe56695f8fe3a P 5bd82431252944579e130a4cb18c3103 [term 1 FOLLOWER]: Leader election won for term 1
I20260608 13:00:45.813984  1760 raft_consensus.cc:697] T 46cf31e199684242ad3fe56695f8fe3a P 5bd82431252944579e130a4cb18c3103 [term 1 LEADER]: Becoming Leader. State: Replica: 5bd82431252944579e130a4cb18c3103, State: Running, Role: LEADER
I20260608 13:00:45.786419  1712 raft_consensus.cc:2468] T ed4147aebfdf40009a3713eb16abe330 P 5bd82431252944579e130a4cb18c3103 [term 1 FOLLOWER]: Leader election vote request: Granting yes vote for candidate 88b9161bf6fb4d80b49650045f1a5e69 in term 1.
I20260608 13:00:45.814617  1562 tablet_service.cc:1917] Received RequestConsensusVote() RPC: tablet_id: "46cf31e199684242ad3fe56695f8fe3a" candidate_uuid: "5bd82431252944579e130a4cb18c3103" candidate_term: 1 candidate_status { last_received { term: 0 index: 0 } } ignore_live_leader: false dest_uuid: "460a9391f96e4ecab8397a4bafa6baba"
I20260608 13:00:45.814643  1759 ts_tablet_manager.cc:1434] T 46cf31e199684242ad3fe56695f8fe3a P 460a9391f96e4ecab8397a4bafa6baba: Time spent starting tablet: real 0.032s	user 0.007s	sys 0.001s
I20260608 13:00:45.815462  1760 consensus_queue.cc:237] T 46cf31e199684242ad3fe56695f8fe3a P 5bd82431252944579e130a4cb18c3103 [LEADER]: Queue going to LEADER mode. State: All replicated index: 0, Majority replicated index: 0, Committed index: 0, Last appended: 0.0, Last appended by leader: 0, Current term: 1, Majority size: 2, State: 0, Mode: LEADER, active raft config: opid_index: -1 OBSOLETE_local: false peers { permanent_uuid: "460a9391f96e4ecab8397a4bafa6baba" member_type: VOTER last_known_addr { host: "127.28.213.193" port: 44753 } } peers { permanent_uuid: "88b9161bf6fb4d80b49650045f1a5e69" member_type: VOTER last_known_addr { host: "127.28.213.194" port: 41089 } } peers { permanent_uuid: "5bd82431252944579e130a4cb18c3103" member_type: VOTER last_known_addr { host: "127.28.213.195" port: 36385 } }
I20260608 13:00:45.816206  1562 raft_consensus.cc:3060] T 46cf31e199684242ad3fe56695f8fe3a P 460a9391f96e4ecab8397a4bafa6baba [term 0 FOLLOWER]: Advancing to term 1
I20260608 13:00:45.817180  1759 tablet_bootstrap.cc:492] T 74f8df389d304e17be7c88ee3f0c01da P 460a9391f96e4ecab8397a4bafa6baba: Bootstrap starting.
I20260608 13:00:45.820014  1604 leader_election.cc:304] T ed4147aebfdf40009a3713eb16abe330 P 88b9161bf6fb4d80b49650045f1a5e69 [CANDIDATE]: Term 1 election: Election decided. Result: candidate won. Election summary: received 3 responses out of 3 voters: 2 yes votes; 1 no votes. yes voters: 5bd82431252944579e130a4cb18c3103, 88b9161bf6fb4d80b49650045f1a5e69; no voters: 460a9391f96e4ecab8397a4bafa6baba
I20260608 13:00:45.822060  1790 raft_consensus.cc:2804] T ed4147aebfdf40009a3713eb16abe330 P 88b9161bf6fb4d80b49650045f1a5e69 [term 1 FOLLOWER]: Leader election won for term 1
I20260608 13:00:45.825385  1790 raft_consensus.cc:697] T ed4147aebfdf40009a3713eb16abe330 P 88b9161bf6fb4d80b49650045f1a5e69 [term 1 LEADER]: Becoming Leader. State: Replica: 88b9161bf6fb4d80b49650045f1a5e69, State: Running, Role: LEADER
