I20260608 12:58:46.961373 29012 kserver.cc:163] Server-wide thread pool size limit: 3276
I20260608 12:58:46.998317 30167 consensus_peers.cc:770] Retrying to get permanent uuid for remote peer: member_type: VOTER last_known_addr { host: "127.28.85.61" port: 46185 } attempt: 1
I20260608 12:58:47.000849 29012 rpc_server.cc:307] RPC server started. Bound to: 127.28.85.61:46185
I20260608 12:58:47.001047 30231 acceptor_pool.cc:272] collecting diagnostics on the listening RPC socket 127.28.85.61:46185 every 8 connection(s)
I20260608 12:58:47.006311 30233 data_dirs.cc:400] Could only allocate 1 dirs of requested 3 for tablet 00000000000000000000000000000000. 1 dirs total, 0 dirs full, 0 dirs failed
I20260608 12:58:47.006428 29012 file_cache.cc:492] Constructed file cache file cache with capacity 419430
W20260608 12:58:47.013250 30235 instance_detector.cc:116] could not retrieve AWS instance metadata: Network error: curl error: HTTP response code said error: The requested URL returned error: 404
I20260608 12:58:47.014566 30233 sys_catalog.cc:422] member_type: VOTER last_known_addr { host: "127.28.85.62" port: 35679 } has no permanent_uuid. Determining permanent_uuid...
W20260608 12:58:47.017213 30236 instance_detector.cc:116] could not retrieve Azure instance metadata: Network error: curl error: HTTP response code said error: The requested URL returned error: 404
W20260608 12:58:47.021231 30238 instance_detector.cc:116] could not retrieve OpenStack instance metadata: Network error: curl error: HTTP response code said error: The requested URL returned error: 404
I20260608 12:58:47.022054 30167 sys_catalog.cc:422] member_type: VOTER last_known_addr { host: "127.28.85.60" port: 40985 } has no permanent_uuid. Determining permanent_uuid...
I20260608 12:58:47.025254 29012 server_base.cc:1061] running on GCE node
I20260608 12:58:47.026445 29012 hybrid_clock.cc:584] initializing the hybrid clock with 'system_unsync' time source
W20260608 12:58:47.026680 29012 system_unsync_time.cc:38] NTP support is disabled. Clock error bounds will not be accurate. This configuration is not suitable for distributed clusters.
I20260608 12:58:47.026901 29012 hybrid_clock.cc:648] HybridClock initialized: now 1780923527026880 us; error 0 us; skew 500 ppm
I20260608 12:58:47.027729 29012 server_base.cc:861] Flag tcmalloc_max_total_thread_cache_bytes is not working since tcmalloc is not enabled.
W20260608 12:58:47.028512 30167 consensus_peers.cc:760] Error getting permanent uuid from config peer 127.28.85.60:40985: Network error: Client connection negotiation failed: client connection to 127.28.85.60:40985: connect: Connection refused (error 111)
I20260608 12:58:47.030730 29012 webserver.cc:533] Webserver started at http://127.28.85.60:35677/ using document root <none> and password file <none>
I20260608 12:58:47.031301 29012 fs_manager.cc:362] Metadata directory not provided
I20260608 12:58:47.031536 29012 fs_manager.cc:368] Using write-ahead log directory (fs_wal_dir) as metadata directory
I20260608 12:58:47.031919 29012 server_base.cc:909] This appears to be a new deployment of Kudu; creating new FS layout
I20260608 12:58:47.032193 30233 sys_catalog.cc:422] member_type: VOTER last_known_addr { host: "127.28.85.61" port: 46185 } has no permanent_uuid. Determining permanent_uuid...
I20260608 12:58:47.033363 29012 fs_manager.cc:1068] Generated new instance metadata in path /tmp/dist-test-taskwdc_f9/test-tmp/auto_rebalancer-test.0.AutoRebalancerTest.NextLeaderResumesAutoRebalancing.1780923510776419-29012-0/minicluster-data/master-2-root/instance:
uuid: "021c7828b1f24623a4b45f5ae354e57b"
format_stamp: "Formatted at 2026-06-08 12:58:47 on dist-test-slave-cjgt"
I20260608 12:58:47.038466 29012 fs_manager.cc:696] Time spent creating directory manager: real 0.005s	user 0.003s	sys 0.001s
I20260608 12:58:47.042462 30244 log_block_manager.cc:4031] Time spent loading block containers with low live blocks: real 0.000s	user 0.000s	sys 0.000s
I20260608 12:58:47.043414 29012 fs_manager.cc:730] Time spent opening block manager: real 0.003s	user 0.003s	sys 0.001s
I20260608 12:58:47.043781 29012 fs_manager.cc:647] Opened local filesystem: /tmp/dist-test-taskwdc_f9/test-tmp/auto_rebalancer-test.0.AutoRebalancerTest.NextLeaderResumesAutoRebalancing.1780923510776419-29012-0/minicluster-data/master-2-root
uuid: "021c7828b1f24623a4b45f5ae354e57b"
format_stamp: "Formatted at 2026-06-08 12:58:47 on dist-test-slave-cjgt"
I20260608 12:58:47.044082 29012 fs_report.cc:389] FS layout report
--------------------
wal directory: /tmp/dist-test-taskwdc_f9/test-tmp/auto_rebalancer-test.0.AutoRebalancerTest.NextLeaderResumesAutoRebalancing.1780923510776419-29012-0/minicluster-data/master-2-root
metadata directory: /tmp/dist-test-taskwdc_f9/test-tmp/auto_rebalancer-test.0.AutoRebalancerTest.NextLeaderResumesAutoRebalancing.1780923510776419-29012-0/minicluster-data/master-2-root
1 data directories: /tmp/dist-test-taskwdc_f9/test-tmp/auto_rebalancer-test.0.AutoRebalancerTest.NextLeaderResumesAutoRebalancing.1780923510776419-29012-0/minicluster-data/master-2-root/data
Total live blocks: 0
Total live bytes: 0
Total live bytes (after alignment): 0
Total number of LBM containers: 0 (0 full)
Did not check for missing blocks
Did not check for orphaned blocks
Total full LBM containers with extra space: 0 (0 repaired)
Total full LBM container extra space in bytes: 0 (0 repaired)
Total incomplete LBM containers: 0 (0 repaired)
Total LBM partial records: 0 (0 repaired)
Total corrupted LBM metadata records in RocksDB: 0 (0 repaired)
I20260608 12:58:47.044322 30233 sys_catalog.cc:422] member_type: VOTER last_known_addr { host: "127.28.85.60" port: 40985 } has no permanent_uuid. Determining permanent_uuid...
W20260608 12:58:47.051180 30233 consensus_peers.cc:760] Error getting permanent uuid from config peer 127.28.85.60:40985: Network error: Client connection negotiation failed: client connection to 127.28.85.60:40985: connect: Connection refused (error 111)
I20260608 12:58:47.059687 29012 rpc_server.cc:225] running with OpenSSL 1.1.1  11 Sep 2018
I20260608 12:58:47.060909 29012 kserver.cc:163] Server-wide thread pool size limit: 3276
I20260608 12:58:47.072049 30167 consensus_peers.cc:770] Retrying to get permanent uuid for remote peer: member_type: VOTER last_known_addr { host: "127.28.85.60" port: 40985 } attempt: 1
W20260608 12:58:47.077913 30167 consensus_peers.cc:760] Error getting permanent uuid from config peer 127.28.85.60:40985: Network error: Client connection negotiation failed: client connection to 127.28.85.60:40985: connect: Connection refused (error 111)
I20260608 12:58:47.098709 30233 consensus_peers.cc:770] Retrying to get permanent uuid for remote peer: member_type: VOTER last_known_addr { host: "127.28.85.60" port: 40985 } attempt: 1
I20260608 12:58:47.100978 29012 rpc_server.cc:307] RPC server started. Bound to: 127.28.85.60:40985
I20260608 12:58:47.101154 30296 acceptor_pool.cc:272] collecting diagnostics on the listening RPC socket 127.28.85.60:40985 every 8 connection(s)
I20260608 12:58:47.105568 29012 internal_mini_cluster.cc:184] Waiting to initialize catalog manager on master 0
I20260608 12:58:47.106812 30298 data_dirs.cc:400] Could only allocate 1 dirs of requested 3 for tablet 00000000000000000000000000000000. 1 dirs total, 0 dirs full, 0 dirs failed
I20260608 12:58:47.113607 30298 sys_catalog.cc:422] member_type: VOTER last_known_addr { host: "127.28.85.62" port: 35679 } has no permanent_uuid. Determining permanent_uuid...
I20260608 12:58:47.119890 30233 tablet_bootstrap.cc:492] T 00000000000000000000000000000000 P 2bf0db8de29049d5836d1b2013ae5e3c: Bootstrap starting.
I20260608 12:58:47.126297 30298 sys_catalog.cc:422] member_type: VOTER last_known_addr { host: "127.28.85.61" port: 46185 } has no permanent_uuid. Determining permanent_uuid...
I20260608 12:58:47.126435 30233 tablet_bootstrap.cc:654] T 00000000000000000000000000000000 P 2bf0db8de29049d5836d1b2013ae5e3c: Neither blocks nor log segments found. Creating new log.
I20260608 12:58:47.131618 30233 tablet_bootstrap.cc:492] T 00000000000000000000000000000000 P 2bf0db8de29049d5836d1b2013ae5e3c: No bootstrap required, opened a new log
I20260608 12:58:47.134222 30233 raft_consensus.cc:359] T 00000000000000000000000000000000 P 2bf0db8de29049d5836d1b2013ae5e3c [term 0 FOLLOWER]: Replica starting. Triggering 0 pending ops. Active config: opid_index: -1 OBSOLETE_local: false peers { permanent_uuid: "5f8407d5b85b47549691bf9c28d7667c" member_type: VOTER last_known_addr { host: "127.28.85.62" port: 35679 } } peers { permanent_uuid: "2bf0db8de29049d5836d1b2013ae5e3c" member_type: VOTER last_known_addr { host: "127.28.85.61" port: 46185 } } peers { permanent_uuid: "021c7828b1f24623a4b45f5ae354e57b" member_type: VOTER last_known_addr { host: "127.28.85.60" port: 40985 } }
I20260608 12:58:47.134804 30233 raft_consensus.cc:385] T 00000000000000000000000000000000 P 2bf0db8de29049d5836d1b2013ae5e3c [term 0 FOLLOWER]: Consensus starting up: Expiring failure detector timer to make a prompt election more likely
I20260608 12:58:47.135160 30233 raft_consensus.cc:740] T 00000000000000000000000000000000 P 2bf0db8de29049d5836d1b2013ae5e3c [term 0 FOLLOWER]: Becoming Follower/Learner. State: Replica: 2bf0db8de29049d5836d1b2013ae5e3c, State: Initialized, Role: FOLLOWER
I20260608 12:58:47.136297 30233 consensus_queue.cc:260] T 00000000000000000000000000000000 P 2bf0db8de29049d5836d1b2013ae5e3c [NON_LEADER]: Queue going to NON_LEADER mode. State: All replicated index: 0, Majority replicated index: 0, Committed index: 0, Last appended: 0.0, Last appended by leader: 0, Current term: 0, Majority size: -1, State: 0, Mode: NON_LEADER, active raft config: opid_index: -1 OBSOLETE_local: false peers { permanent_uuid: "5f8407d5b85b47549691bf9c28d7667c" member_type: VOTER last_known_addr { host: "127.28.85.62" port: 35679 } } peers { permanent_uuid: "2bf0db8de29049d5836d1b2013ae5e3c" member_type: VOTER last_known_addr { host: "127.28.85.61" port: 46185 } } peers { permanent_uuid: "021c7828b1f24623a4b45f5ae354e57b" member_type: VOTER last_known_addr { host: "127.28.85.60" port: 40985 } }
I20260608 12:58:47.137849 30298 sys_catalog.cc:422] member_type: VOTER last_known_addr { host: "127.28.85.60" port: 40985 } has no permanent_uuid. Determining permanent_uuid...
I20260608 12:58:47.138494 30302 sys_catalog.cc:455] T 00000000000000000000000000000000 P 2bf0db8de29049d5836d1b2013ae5e3c [sys.catalog]: SysCatalogTable state changed. Reason: RaftConsensus started. Latest consensus state: current_term: 0 committed_config { opid_index: -1 OBSOLETE_local: false peers { permanent_uuid: "5f8407d5b85b47549691bf9c28d7667c" member_type: VOTER last_known_addr { host: "127.28.85.62" port: 35679 } } peers { permanent_uuid: "2bf0db8de29049d5836d1b2013ae5e3c" member_type: VOTER last_known_addr { host: "127.28.85.61" port: 46185 } } peers { permanent_uuid: "021c7828b1f24623a4b45f5ae354e57b" member_type: VOTER last_known_addr { host: "127.28.85.60" port: 40985 } } }
I20260608 12:58:47.139218 30302 sys_catalog.cc:458] T 00000000000000000000000000000000 P 2bf0db8de29049d5836d1b2013ae5e3c [sys.catalog]: This master's current role is: FOLLOWER
I20260608 12:58:47.139669 30233 sys_catalog.cc:565] T 00000000000000000000000000000000 P 2bf0db8de29049d5836d1b2013ae5e3c [sys.catalog]: configured and running, proceeding with master startup.
I20260608 12:58:47.140414 30167 consensus_peers.cc:770] Retrying to get permanent uuid for remote peer: member_type: VOTER last_known_addr { host: "127.28.85.60" port: 40985 } attempt: 2
I20260608 12:58:47.162175 30167 tablet_bootstrap.cc:492] T 00000000000000000000000000000000 P 5f8407d5b85b47549691bf9c28d7667c: Bootstrap starting.
I20260608 12:58:47.162621 30298 tablet_bootstrap.cc:492] T 00000000000000000000000000000000 P 021c7828b1f24623a4b45f5ae354e57b: Bootstrap starting.
W20260608 12:58:47.163214 30314 catalog_manager.cc:1593] T 00000000000000000000000000000000 P 2bf0db8de29049d5836d1b2013ae5e3c: loading cluster ID for follower catalog manager: Not found: cluster ID entry not found
W20260608 12:58:47.163546 30314 catalog_manager.cc:883] Not found: cluster ID entry not found: failed to prepare follower catalog manager, will retry
I20260608 12:58:47.169611 30298 tablet_bootstrap.cc:654] T 00000000000000000000000000000000 P 021c7828b1f24623a4b45f5ae354e57b: Neither blocks nor log segments found. Creating new log.
I20260608 12:58:47.169615 30167 tablet_bootstrap.cc:654] T 00000000000000000000000000000000 P 5f8407d5b85b47549691bf9c28d7667c: Neither blocks nor log segments found. Creating new log.
I20260608 12:58:47.175750 30167 tablet_bootstrap.cc:492] T 00000000000000000000000000000000 P 5f8407d5b85b47549691bf9c28d7667c: No bootstrap required, opened a new log
I20260608 12:58:47.176205 30298 tablet_bootstrap.cc:492] T 00000000000000000000000000000000 P 021c7828b1f24623a4b45f5ae354e57b: No bootstrap required, opened a new log
I20260608 12:58:47.178809 30167 raft_consensus.cc:359] T 00000000000000000000000000000000 P 5f8407d5b85b47549691bf9c28d7667c [term 0 FOLLOWER]: Replica starting. Triggering 0 pending ops. Active config: opid_index: -1 OBSOLETE_local: false peers { permanent_uuid: "5f8407d5b85b47549691bf9c28d7667c" member_type: VOTER last_known_addr { host: "127.28.85.62" port: 35679 } } peers { permanent_uuid: "2bf0db8de29049d5836d1b2013ae5e3c" member_type: VOTER last_known_addr { host: "127.28.85.61" port: 46185 } } peers { permanent_uuid: "021c7828b1f24623a4b45f5ae354e57b" member_type: VOTER last_known_addr { host: "127.28.85.60" port: 40985 } }
I20260608 12:58:47.179147 30298 raft_consensus.cc:359] T 00000000000000000000000000000000 P 021c7828b1f24623a4b45f5ae354e57b [term 0 FOLLOWER]: Replica starting. Triggering 0 pending ops. Active config: opid_index: -1 OBSOLETE_local: false peers { permanent_uuid: "5f8407d5b85b47549691bf9c28d7667c" member_type: VOTER last_known_addr { host: "127.28.85.62" port: 35679 } } peers { permanent_uuid: "2bf0db8de29049d5836d1b2013ae5e3c" member_type: VOTER last_known_addr { host: "127.28.85.61" port: 46185 } } peers { permanent_uuid: "021c7828b1f24623a4b45f5ae354e57b" member_type: VOTER last_known_addr { host: "127.28.85.60" port: 40985 } }
I20260608 12:58:47.179603 30167 raft_consensus.cc:385] T 00000000000000000000000000000000 P 5f8407d5b85b47549691bf9c28d7667c [term 0 FOLLOWER]: Consensus starting up: Expiring failure detector timer to make a prompt election more likely
I20260608 12:58:47.179826 30298 raft_consensus.cc:385] T 00000000000000000000000000000000 P 021c7828b1f24623a4b45f5ae354e57b [term 0 FOLLOWER]: Consensus starting up: Expiring failure detector timer to make a prompt election more likely
I20260608 12:58:47.179934 30167 raft_consensus.cc:740] T 00000000000000000000000000000000 P 5f8407d5b85b47549691bf9c28d7667c [term 0 FOLLOWER]: Becoming Follower/Learner. State: Replica: 5f8407d5b85b47549691bf9c28d7667c, State: Initialized, Role: FOLLOWER
I20260608 12:58:47.180199 30298 raft_consensus.cc:740] T 00000000000000000000000000000000 P 021c7828b1f24623a4b45f5ae354e57b [term 0 FOLLOWER]: Becoming Follower/Learner. State: Replica: 021c7828b1f24623a4b45f5ae354e57b, State: Initialized, Role: FOLLOWER
I20260608 12:58:47.180823 30167 consensus_queue.cc:260] T 00000000000000000000000000000000 P 5f8407d5b85b47549691bf9c28d7667c [NON_LEADER]: Queue going to NON_LEADER mode. State: All replicated index: 0, Majority replicated index: 0, Committed index: 0, Last appended: 0.0, Last appended by leader: 0, Current term: 0, Majority size: -1, State: 0, Mode: NON_LEADER, active raft config: opid_index: -1 OBSOLETE_local: false peers { permanent_uuid: "5f8407d5b85b47549691bf9c28d7667c" member_type: VOTER last_known_addr { host: "127.28.85.62" port: 35679 } } peers { permanent_uuid: "2bf0db8de29049d5836d1b2013ae5e3c" member_type: VOTER last_known_addr { host: "127.28.85.61" port: 46185 } } peers { permanent_uuid: "021c7828b1f24623a4b45f5ae354e57b" member_type: VOTER last_known_addr { host: "127.28.85.60" port: 40985 } }
I20260608 12:58:47.180948 30298 consensus_queue.cc:260] T 00000000000000000000000000000000 P 021c7828b1f24623a4b45f5ae354e57b [NON_LEADER]: Queue going to NON_LEADER mode. State: All replicated index: 0, Majority replicated index: 0, Committed index: 0, Last appended: 0.0, Last appended by leader: 0, Current term: 0, Majority size: -1, State: 0, Mode: NON_LEADER, active raft config: opid_index: -1 OBSOLETE_local: false peers { permanent_uuid: "5f8407d5b85b47549691bf9c28d7667c" member_type: VOTER last_known_addr { host: "127.28.85.62" port: 35679 } } peers { permanent_uuid: "2bf0db8de29049d5836d1b2013ae5e3c" member_type: VOTER last_known_addr { host: "127.28.85.61" port: 46185 } } peers { permanent_uuid: "021c7828b1f24623a4b45f5ae354e57b" member_type: VOTER last_known_addr { host: "127.28.85.60" port: 40985 } }
I20260608 12:58:47.183118 30317 sys_catalog.cc:455] T 00000000000000000000000000000000 P 5f8407d5b85b47549691bf9c28d7667c [sys.catalog]: SysCatalogTable state changed. Reason: RaftConsensus started. Latest consensus state: current_term: 0 committed_config { opid_index: -1 OBSOLETE_local: false peers { permanent_uuid: "5f8407d5b85b47549691bf9c28d7667c" member_type: VOTER last_known_addr { host: "127.28.85.62" port: 35679 } } peers { permanent_uuid: "2bf0db8de29049d5836d1b2013ae5e3c" member_type: VOTER last_known_addr { host: "127.28.85.61" port: 46185 } } peers { permanent_uuid: "021c7828b1f24623a4b45f5ae354e57b" member_type: VOTER last_known_addr { host: "127.28.85.60" port: 40985 } } }
I20260608 12:58:47.183712 30317 sys_catalog.cc:458] T 00000000000000000000000000000000 P 5f8407d5b85b47549691bf9c28d7667c [sys.catalog]: This master's current role is: FOLLOWER
I20260608 12:58:47.184521 30318 sys_catalog.cc:455] T 00000000000000000000000000000000 P 021c7828b1f24623a4b45f5ae354e57b [sys.catalog]: SysCatalogTable state changed. Reason: RaftConsensus started. Latest consensus state: current_term: 0 committed_config { opid_index: -1 OBSOLETE_local: false peers { permanent_uuid: "5f8407d5b85b47549691bf9c28d7667c" member_type: VOTER last_known_addr { host: "127.28.85.62" port: 35679 } } peers { permanent_uuid: "2bf0db8de29049d5836d1b2013ae5e3c" member_type: VOTER last_known_addr { host: "127.28.85.61" port: 46185 } } peers { permanent_uuid: "021c7828b1f24623a4b45f5ae354e57b" member_type: VOTER last_known_addr { host: "127.28.85.60" port: 40985 } } }
I20260608 12:58:47.185088 30318 sys_catalog.cc:458] T 00000000000000000000000000000000 P 021c7828b1f24623a4b45f5ae354e57b [sys.catalog]: This master's current role is: FOLLOWER
I20260608 12:58:47.185168 30167 sys_catalog.cc:565] T 00000000000000000000000000000000 P 5f8407d5b85b47549691bf9c28d7667c [sys.catalog]: configured and running, proceeding with master startup.
I20260608 12:58:47.186172 30298 sys_catalog.cc:565] T 00000000000000000000000000000000 P 021c7828b1f24623a4b45f5ae354e57b [sys.catalog]: configured and running, proceeding with master startup.
I20260608 12:58:47.200531 29012 internal_mini_cluster.cc:184] Waiting to initialize catalog manager on master 1
I20260608 12:58:47.200879 29012 internal_mini_cluster.cc:184] Waiting to initialize catalog manager on master 2
W20260608 12:58:47.204391 30338 catalog_manager.cc:1593] T 00000000000000000000000000000000 P 5f8407d5b85b47549691bf9c28d7667c: loading cluster ID for follower catalog manager: Not found: cluster ID entry not found
W20260608 12:58:47.204751 30338 catalog_manager.cc:883] Not found: cluster ID entry not found: failed to prepare follower catalog manager, will retry
I20260608 12:58:47.205123 29012 file_cache.cc:492] Constructed file cache file cache with capacity 419430
W20260608 12:58:47.206691 30340 catalog_manager.cc:1593] T 00000000000000000000000000000000 P 021c7828b1f24623a4b45f5ae354e57b: loading cluster ID for follower catalog manager: Not found: cluster ID entry not found
W20260608 12:58:47.206991 30340 catalog_manager.cc:883] Not found: cluster ID entry not found: failed to prepare follower catalog manager, will retry
W20260608 12:58:47.211853 30341 instance_detector.cc:116] could not retrieve AWS instance metadata: Network error: curl error: HTTP response code said error: The requested URL returned error: 404
W20260608 12:58:47.212990 30342 instance_detector.cc:116] could not retrieve Azure instance metadata: Network error: curl error: HTTP response code said error: The requested URL returned error: 404
W20260608 12:58:47.214956 30344 instance_detector.cc:116] could not retrieve OpenStack instance metadata: Network error: curl error: HTTP response code said error: The requested URL returned error: 404
I20260608 12:58:47.215121 29012 server_base.cc:1061] running on GCE node
I20260608 12:58:47.216042 29012 hybrid_clock.cc:584] initializing the hybrid clock with 'system_unsync' time source
W20260608 12:58:47.216228 29012 system_unsync_time.cc:38] NTP support is disabled. Clock error bounds will not be accurate. This configuration is not suitable for distributed clusters.
I20260608 12:58:47.216420 29012 hybrid_clock.cc:648] HybridClock initialized: now 1780923527216407 us; error 0 us; skew 500 ppm
I20260608 12:58:47.216940 29012 server_base.cc:861] Flag tcmalloc_max_total_thread_cache_bytes is not working since tcmalloc is not enabled.
I20260608 12:58:47.218241 30302 raft_consensus.cc:493] T 00000000000000000000000000000000 P 2bf0db8de29049d5836d1b2013ae5e3c [term 0 FOLLOWER]: Starting pre-election (no leader contacted us within the election timeout)
I20260608 12:58:47.218760 30302 raft_consensus.cc:515] T 00000000000000000000000000000000 P 2bf0db8de29049d5836d1b2013ae5e3c [term 0 FOLLOWER]: Starting pre-election with config: opid_index: -1 OBSOLETE_local: false peers { permanent_uuid: "5f8407d5b85b47549691bf9c28d7667c" member_type: VOTER last_known_addr { host: "127.28.85.62" port: 35679 } } peers { permanent_uuid: "2bf0db8de29049d5836d1b2013ae5e3c" member_type: VOTER last_known_addr { host: "127.28.85.61" port: 46185 } } peers { permanent_uuid: "021c7828b1f24623a4b45f5ae354e57b" member_type: VOTER last_known_addr { host: "127.28.85.60" port: 40985 } }
I20260608 12:58:47.219699 29012 webserver.cc:533] Webserver started at http://127.28.85.1:44205/ using document root <none> and password file <none>
I20260608 12:58:47.220250 29012 fs_manager.cc:362] Metadata directory not provided
I20260608 12:58:47.220470 29012 fs_manager.cc:368] Using write-ahead log directory (fs_wal_dir) as metadata directory
I20260608 12:58:47.220782 29012 server_base.cc:909] This appears to be a new deployment of Kudu; creating new FS layout
I20260608 12:58:47.220865 30302 leader_election.cc:290] T 00000000000000000000000000000000 P 2bf0db8de29049d5836d1b2013ae5e3c [CANDIDATE]: Term 1 pre-election: Requested pre-vote from peers 5f8407d5b85b47549691bf9c28d7667c (127.28.85.62:35679), 021c7828b1f24623a4b45f5ae354e57b (127.28.85.60:40985)
I20260608 12:58:47.221594 30142 tablet_service.cc:1917] Received RequestConsensusVote() RPC: tablet_id: "00000000000000000000000000000000" candidate_uuid: "2bf0db8de29049d5836d1b2013ae5e3c" candidate_term: 1 candidate_status { last_received { term: 0 index: 0 } } ignore_live_leader: false dest_uuid: "5f8407d5b85b47549691bf9c28d7667c" is_pre_election: true
I20260608 12:58:47.222355 29012 fs_manager.cc:1068] Generated new instance metadata in path /tmp/dist-test-taskwdc_f9/test-tmp/auto_rebalancer-test.0.AutoRebalancerTest.NextLeaderResumesAutoRebalancing.1780923510776419-29012-0/minicluster-data/ts-0-root/instance:
uuid: "bf5788d761e64ff49a6fb673fbcca4a2"
format_stamp: "Formatted at 2026-06-08 12:58:47 on dist-test-slave-cjgt"
I20260608 12:58:47.222332 30142 raft_consensus.cc:2468] T 00000000000000000000000000000000 P 5f8407d5b85b47549691bf9c28d7667c [term 0 FOLLOWER]: Leader pre-election vote request: Granting yes vote for candidate 2bf0db8de29049d5836d1b2013ae5e3c in term 0.
I20260608 12:58:47.222523 30271 tablet_service.cc:1917] Received RequestConsensusVote() RPC: tablet_id: "00000000000000000000000000000000" candidate_uuid: "2bf0db8de29049d5836d1b2013ae5e3c" candidate_term: 1 candidate_status { last_received { term: 0 index: 0 } } ignore_live_leader: false dest_uuid: "021c7828b1f24623a4b45f5ae354e57b" is_pre_election: true
I20260608 12:58:47.223299 30271 raft_consensus.cc:2468] T 00000000000000000000000000000000 P 021c7828b1f24623a4b45f5ae354e57b [term 0 FOLLOWER]: Leader pre-election vote request: Granting yes vote for candidate 2bf0db8de29049d5836d1b2013ae5e3c in term 0.
I20260608 12:58:47.223925 30184 leader_election.cc:304] T 00000000000000000000000000000000 P 2bf0db8de29049d5836d1b2013ae5e3c [CANDIDATE]: Term 1 pre-election: Election decided. Result: candidate won. Election summary: received 2 responses out of 3 voters: 2 yes votes; 0 no votes. yes voters: 2bf0db8de29049d5836d1b2013ae5e3c, 5f8407d5b85b47549691bf9c28d7667c; no voters: 
I20260608 12:58:47.224767 30302 raft_consensus.cc:2804] T 00000000000000000000000000000000 P 2bf0db8de29049d5836d1b2013ae5e3c [term 0 FOLLOWER]: Leader pre-election won for term 1
I20260608 12:58:47.225085 30302 raft_consensus.cc:493] T 00000000000000000000000000000000 P 2bf0db8de29049d5836d1b2013ae5e3c [term 0 FOLLOWER]: Starting leader election (no leader contacted us within the election timeout)
I20260608 12:58:47.225369 30302 raft_consensus.cc:3060] T 00000000000000000000000000000000 P 2bf0db8de29049d5836d1b2013ae5e3c [term 0 FOLLOWER]: Advancing to term 1
I20260608 12:58:47.228680 29012 fs_manager.cc:696] Time spent creating directory manager: real 0.005s	user 0.005s	sys 0.000s
I20260608 12:58:47.230989 30302 raft_consensus.cc:515] T 00000000000000000000000000000000 P 2bf0db8de29049d5836d1b2013ae5e3c [term 1 FOLLOWER]: Starting leader election with config: opid_index: -1 OBSOLETE_local: false peers { permanent_uuid: "5f8407d5b85b47549691bf9c28d7667c" member_type: VOTER last_known_addr { host: "127.28.85.62" port: 35679 } } peers { permanent_uuid: "2bf0db8de29049d5836d1b2013ae5e3c" member_type: VOTER last_known_addr { host: "127.28.85.61" port: 46185 } } peers { permanent_uuid: "021c7828b1f24623a4b45f5ae354e57b" member_type: VOTER last_known_addr { host: "127.28.85.60" port: 40985 } }
I20260608 12:58:47.232712 30349 log_block_manager.cc:4031] Time spent loading block containers with low live blocks: real 0.000s	user 0.000s	sys 0.000s
I20260608 12:58:47.233739 29012 fs_manager.cc:730] Time spent opening block manager: real 0.003s	user 0.001s	sys 0.002s
I20260608 12:58:47.234000 30302 leader_election.cc:290] T 00000000000000000000000000000000 P 2bf0db8de29049d5836d1b2013ae5e3c [CANDIDATE]: Term 1 election: Requested vote from peers 5f8407d5b85b47549691bf9c28d7667c (127.28.85.62:35679), 021c7828b1f24623a4b45f5ae354e57b (127.28.85.60:40985)
I20260608 12:58:47.234160 29012 fs_manager.cc:647] Opened local filesystem: /tmp/dist-test-taskwdc_f9/test-tmp/auto_rebalancer-test.0.AutoRebalancerTest.NextLeaderResumesAutoRebalancing.1780923510776419-29012-0/minicluster-data/ts-0-root
uuid: "bf5788d761e64ff49a6fb673fbcca4a2"
format_stamp: "Formatted at 2026-06-08 12:58:47 on dist-test-slave-cjgt"
I20260608 12:58:47.234434 30142 tablet_service.cc:1917] Received RequestConsensusVote() RPC: tablet_id: "00000000000000000000000000000000" candidate_uuid: "2bf0db8de29049d5836d1b2013ae5e3c" candidate_term: 1 candidate_status { last_received { term: 0 index: 0 } } ignore_live_leader: false dest_uuid: "5f8407d5b85b47549691bf9c28d7667c"
I20260608 12:58:47.234560 30271 tablet_service.cc:1917] Received RequestConsensusVote() RPC: tablet_id: "00000000000000000000000000000000" candidate_uuid: "2bf0db8de29049d5836d1b2013ae5e3c" candidate_term: 1 candidate_status { last_received { term: 0 index: 0 } } ignore_live_leader: false dest_uuid: "021c7828b1f24623a4b45f5ae354e57b"
I20260608 12:58:47.235008 30142 raft_consensus.cc:3060] T 00000000000000000000000000000000 P 5f8407d5b85b47549691bf9c28d7667c [term 0 FOLLOWER]: Advancing to term 1
I20260608 12:58:47.234711 29012 fs_report.cc:389] FS layout report
--------------------
wal directory: /tmp/dist-test-taskwdc_f9/test-tmp/auto_rebalancer-test.0.AutoRebalancerTest.NextLeaderResumesAutoRebalancing.1780923510776419-29012-0/minicluster-data/ts-0-root
metadata directory: /tmp/dist-test-taskwdc_f9/test-tmp/auto_rebalancer-test.0.AutoRebalancerTest.NextLeaderResumesAutoRebalancing.1780923510776419-29012-0/minicluster-data/ts-0-root
1 data directories: /tmp/dist-test-taskwdc_f9/test-tmp/auto_rebalancer-test.0.AutoRebalancerTest.NextLeaderResumesAutoRebalancing.1780923510776419-29012-0/minicluster-data/ts-0-root/data
Total live blocks: 0
Total live bytes: 0
Total live bytes (after alignment): 0
Total number of LBM containers: 0 (0 full)
Did not check for missing blocks
Did not check for orphaned blocks
Total full LBM containers with extra space: 0 (0 repaired)
Total full LBM container extra space in bytes: 0 (0 repaired)
Total incomplete LBM containers: 0 (0 repaired)
Total LBM partial records: 0 (0 repaired)
Total corrupted LBM metadata records in RocksDB: 0 (0 repaired)
I20260608 12:58:47.235185 30271 raft_consensus.cc:3060] T 00000000000000000000000000000000 P 021c7828b1f24623a4b45f5ae354e57b [term 0 FOLLOWER]: Advancing to term 1
I20260608 12:58:47.241709 30271 raft_consensus.cc:2468] T 00000000000000000000000000000000 P 021c7828b1f24623a4b45f5ae354e57b [term 1 FOLLOWER]: Leader election vote request: Granting yes vote for candidate 2bf0db8de29049d5836d1b2013ae5e3c in term 1.
I20260608 12:58:47.242750 30183 leader_election.cc:304] T 00000000000000000000000000000000 P 2bf0db8de29049d5836d1b2013ae5e3c [CANDIDATE]: Term 1 election: Election decided. Result: candidate won. Election summary: received 2 responses out of 3 voters: 2 yes votes; 0 no votes. yes voters: 021c7828b1f24623a4b45f5ae354e57b, 2bf0db8de29049d5836d1b2013ae5e3c; no voters: 
I20260608 12:58:47.242928 30142 raft_consensus.cc:2468] T 00000000000000000000000000000000 P 5f8407d5b85b47549691bf9c28d7667c [term 1 FOLLOWER]: Leader election vote request: Granting yes vote for candidate 2bf0db8de29049d5836d1b2013ae5e3c in term 1.
I20260608 12:58:47.243546 30302 raft_consensus.cc:2804] T 00000000000000000000000000000000 P 2bf0db8de29049d5836d1b2013ae5e3c [term 1 FOLLOWER]: Leader election won for term 1
I20260608 12:58:47.244793 30302 raft_consensus.cc:697] T 00000000000000000000000000000000 P 2bf0db8de29049d5836d1b2013ae5e3c [term 1 LEADER]: Becoming Leader. State: Replica: 2bf0db8de29049d5836d1b2013ae5e3c, State: Running, Role: LEADER
I20260608 12:58:47.245499 30302 consensus_queue.cc:237] T 00000000000000000000000000000000 P 2bf0db8de29049d5836d1b2013ae5e3c [LEADER]: Queue going to LEADER mode. State: All replicated index: 0, Majority replicated index: 0, Committed index: 0, Last appended: 0.0, Last appended by leader: 0, Current term: 1, Majority size: 2, State: 0, Mode: LEADER, active raft config: opid_index: -1 OBSOLETE_local: false peers { permanent_uuid: "5f8407d5b85b47549691bf9c28d7667c" member_type: VOTER last_known_addr { host: "127.28.85.62" port: 35679 } } peers { permanent_uuid: "2bf0db8de29049d5836d1b2013ae5e3c" member_type: VOTER last_known_addr { host: "127.28.85.61" port: 46185 } } peers { permanent_uuid: "021c7828b1f24623a4b45f5ae354e57b" member_type: VOTER last_known_addr { host: "127.28.85.60" port: 40985 } }
I20260608 12:58:47.251374 30354 sys_catalog.cc:455] T 00000000000000000000000000000000 P 2bf0db8de29049d5836d1b2013ae5e3c [sys.catalog]: SysCatalogTable state changed. Reason: New leader 2bf0db8de29049d5836d1b2013ae5e3c. Latest consensus state: current_term: 1 leader_uuid: "2bf0db8de29049d5836d1b2013ae5e3c" committed_config { opid_index: -1 OBSOLETE_local: false peers { permanent_uuid: "5f8407d5b85b47549691bf9c28d7667c" member_type: VOTER last_known_addr { host: "127.28.85.62" port: 35679 } } peers { permanent_uuid: "2bf0db8de29049d5836d1b2013ae5e3c" member_type: VOTER last_known_addr { host: "127.28.85.61" port: 46185 } } peers { permanent_uuid: "021c7828b1f24623a4b45f5ae354e57b" member_type: VOTER last_known_addr { host: "127.28.85.60" port: 40985 } } }
I20260608 12:58:47.252164 30354 sys_catalog.cc:458] T 00000000000000000000000000000000 P 2bf0db8de29049d5836d1b2013ae5e3c [sys.catalog]: This master's current role is: LEADER
I20260608 12:58:47.253925 29012 rpc_server.cc:225] running with OpenSSL 1.1.1  11 Sep 2018
I20260608 12:58:47.254153 30356 catalog_manager.cc:1510] Loading table and tablet metadata into memory...
I20260608 12:58:47.255321 29012 kserver.cc:163] Server-wide thread pool size limit: 3276
I20260608 12:58:47.257113 29012 txn_system_client.cc:432] TxnSystemClient initialization is disabled...
I20260608 12:58:47.259266 30356 catalog_manager.cc:1519] Initializing Kudu cluster ID...
I20260608 12:58:47.259949 29012 ts_tablet_manager.cc:585] Loaded tablet metadata (0 total tablets, 0 live tablets)
I20260608 12:58:47.260208 29012 ts_tablet_manager.cc:531] Time spent load tablet metadata: real 0.000s	user 0.000s	sys 0.000s
I20260608 12:58:47.260483 29012 ts_tablet_manager.cc:616] Registered 0 tablets
I20260608 12:58:47.260622 29012 ts_tablet_manager.cc:595] Time spent register tablets: real 0.000s	user 0.000s	sys 0.000s
I20260608 12:58:47.269455 30142 raft_consensus.cc:1275] T 00000000000000000000000000000000 P 5f8407d5b85b47549691bf9c28d7667c [term 1 FOLLOWER]: Refusing update from remote peer 2bf0db8de29049d5836d1b2013ae5e3c: Log matching property violated. Preceding OpId in replica: term: 0 index: 0. Preceding OpId from leader: term: 1 index: 2. (index mismatch)
I20260608 12:58:47.269567 30271 raft_consensus.cc:1275] T 00000000000000000000000000000000 P 021c7828b1f24623a4b45f5ae354e57b [term 1 FOLLOWER]: Refusing update from remote peer 2bf0db8de29049d5836d1b2013ae5e3c: Log matching property violated. Preceding OpId in replica: term: 0 index: 0. Preceding OpId from leader: term: 1 index: 2. (index mismatch)
I20260608 12:58:47.271291 30302 consensus_queue.cc:1048] T 00000000000000000000000000000000 P 2bf0db8de29049d5836d1b2013ae5e3c [LEADER]: Connected to new peer: Peer: permanent_uuid: "5f8407d5b85b47549691bf9c28d7667c" member_type: VOTER last_known_addr { host: "127.28.85.62" port: 35679 }, Status: LMP_MISMATCH, Last received: 0.0, Next index: 1, Last known committed idx: 0, Time since last communication: 0.001s
I20260608 12:58:47.272251 30354 consensus_queue.cc:1048] T 00000000000000000000000000000000 P 2bf0db8de29049d5836d1b2013ae5e3c [LEADER]: Connected to new peer: Peer: permanent_uuid: "021c7828b1f24623a4b45f5ae354e57b" member_type: VOTER last_known_addr { host: "127.28.85.60" port: 40985 }, Status: LMP_MISMATCH, Last received: 0.0, Next index: 1, Last known committed idx: 0, Time since last communication: 0.001s
I20260608 12:58:47.287070 30318 sys_catalog.cc:455] T 00000000000000000000000000000000 P 021c7828b1f24623a4b45f5ae354e57b [sys.catalog]: SysCatalogTable state changed. Reason: New leader 2bf0db8de29049d5836d1b2013ae5e3c. Latest consensus state: current_term: 1 leader_uuid: "2bf0db8de29049d5836d1b2013ae5e3c" committed_config { opid_index: -1 OBSOLETE_local: false peers { permanent_uuid: "5f8407d5b85b47549691bf9c28d7667c" member_type: VOTER last_known_addr { host: "127.28.85.62" port: 35679 } } peers { permanent_uuid: "2bf0db8de29049d5836d1b2013ae5e3c" member_type: VOTER last_known_addr { host: "127.28.85.61" port: 46185 } } peers { permanent_uuid: "021c7828b1f24623a4b45f5ae354e57b" member_type: VOTER last_known_addr { host: "127.28.85.60" port: 40985 } } }
I20260608 12:58:47.288002 30318 sys_catalog.cc:458] T 00000000000000000000000000000000 P 021c7828b1f24623a4b45f5ae354e57b [sys.catalog]: This master's current role is: FOLLOWER
I20260608 12:58:47.287746 30317 sys_catalog.cc:455] T 00000000000000000000000000000000 P 5f8407d5b85b47549691bf9c28d7667c [sys.catalog]: SysCatalogTable state changed. Reason: New leader 2bf0db8de29049d5836d1b2013ae5e3c. Latest consensus state: current_term: 1 leader_uuid: "2bf0db8de29049d5836d1b2013ae5e3c" committed_config { opid_index: -1 OBSOLETE_local: false peers { permanent_uuid: "5f8407d5b85b47549691bf9c28d7667c" member_type: VOTER last_known_addr { host: "127.28.85.62" port: 35679 } } peers { permanent_uuid: "2bf0db8de29049d5836d1b2013ae5e3c" member_type: VOTER last_known_addr { host: "127.28.85.61" port: 46185 } } peers { permanent_uuid: "021c7828b1f24623a4b45f5ae354e57b" member_type: VOTER last_known_addr { host: "127.28.85.60" port: 40985 } } }
I20260608 12:58:47.288862 30317 sys_catalog.cc:458] T 00000000000000000000000000000000 P 5f8407d5b85b47549691bf9c28d7667c [sys.catalog]: This master's current role is: FOLLOWER
I20260608 12:58:47.298134 30354 sys_catalog.cc:455] T 00000000000000000000000000000000 P 2bf0db8de29049d5836d1b2013ae5e3c [sys.catalog]: SysCatalogTable state changed. Reason: Peer health change. Latest consensus state: current_term: 1 leader_uuid: "2bf0db8de29049d5836d1b2013ae5e3c" committed_config { opid_index: -1 OBSOLETE_local: false peers { permanent_uuid: "5f8407d5b85b47549691bf9c28d7667c" member_type: VOTER last_known_addr { host: "127.28.85.62" port: 35679 } } peers { permanent_uuid: "2bf0db8de29049d5836d1b2013ae5e3c" member_type: VOTER last_known_addr { host: "127.28.85.61" port: 46185 } } peers { permanent_uuid: "021c7828b1f24623a4b45f5ae354e57b" member_type: VOTER last_known_addr { host: "127.28.85.60" port: 40985 } } }
I20260608 12:58:47.299042 30354 sys_catalog.cc:458] T 00000000000000000000000000000000 P 2bf0db8de29049d5836d1b2013ae5e3c [sys.catalog]: This master's current role is: LEADER
I20260608 12:58:47.301283 30356 catalog_manager.cc:1382] Generated new cluster ID: 350579aa95cb45d39aac661f2fdd01fd
I20260608 12:58:47.301600 30356 catalog_manager.cc:1530] Initializing Kudu internal certificate authority...
I20260608 12:58:47.302698 30302 sys_catalog.cc:455] T 00000000000000000000000000000000 P 2bf0db8de29049d5836d1b2013ae5e3c [sys.catalog]: SysCatalogTable state changed. Reason: Peer health change. Latest consensus state: current_term: 1 leader_uuid: "2bf0db8de29049d5836d1b2013ae5e3c" committed_config { opid_index: -1 OBSOLETE_local: false peers { permanent_uuid: "5f8407d5b85b47549691bf9c28d7667c" member_type: VOTER last_known_addr { host: "127.28.85.62" port: 35679 } } peers { permanent_uuid: "2bf0db8de29049d5836d1b2013ae5e3c" member_type: VOTER last_known_addr { host: "127.28.85.61" port: 46185 } } peers { permanent_uuid: "021c7828b1f24623a4b45f5ae354e57b" member_type: VOTER last_known_addr { host: "127.28.85.60" port: 40985 } } }
I20260608 12:58:47.303409 30302 sys_catalog.cc:458] T 00000000000000000000000000000000 P 2bf0db8de29049d5836d1b2013ae5e3c [sys.catalog]: This master's current role is: LEADER
I20260608 12:58:47.317704 30317 sys_catalog.cc:455] T 00000000000000000000000000000000 P 5f8407d5b85b47549691bf9c28d7667c [sys.catalog]: SysCatalogTable state changed. Reason: Replicated consensus-only round. Latest consensus state: current_term: 1 leader_uuid: "2bf0db8de29049d5836d1b2013ae5e3c" committed_config { opid_index: -1 OBSOLETE_local: false peers { permanent_uuid: "5f8407d5b85b47549691bf9c28d7667c" member_type: VOTER last_known_addr { host: "127.28.85.62" port: 35679 } } peers { permanent_uuid: "2bf0db8de29049d5836d1b2013ae5e3c" member_type: VOTER last_known_addr { host: "127.28.85.61" port: 46185 } } peers { permanent_uuid: "021c7828b1f24623a4b45f5ae354e57b" member_type: VOTER last_known_addr { host: "127.28.85.60" port: 40985 } } }
I20260608 12:58:47.318883 30317 sys_catalog.cc:458] T 00000000000000000000000000000000 P 5f8407d5b85b47549691bf9c28d7667c [sys.catalog]: This master's current role is: FOLLOWER
I20260608 12:58:47.320889 30318 sys_catalog.cc:455] T 00000000000000000000000000000000 P 021c7828b1f24623a4b45f5ae354e57b [sys.catalog]: SysCatalogTable state changed. Reason: Replicated consensus-only round. Latest consensus state: current_term: 1 leader_uuid: "2bf0db8de29049d5836d1b2013ae5e3c" committed_config { opid_index: -1 OBSOLETE_local: false peers { permanent_uuid: "5f8407d5b85b47549691bf9c28d7667c" member_type: VOTER last_known_addr { host: "127.28.85.62" port: 35679 } } peers { permanent_uuid: "2bf0db8de29049d5836d1b2013ae5e3c" member_type: VOTER last_known_addr { host: "127.28.85.61" port: 46185 } } peers { permanent_uuid: "021c7828b1f24623a4b45f5ae354e57b" member_type: VOTER last_known_addr { host: "127.28.85.60" port: 40985 } } }
I20260608 12:58:47.321659 30318 sys_catalog.cc:458] T 00000000000000000000000000000000 P 021c7828b1f24623a4b45f5ae354e57b [sys.catalog]: This master's current role is: FOLLOWER
I20260608 12:58:47.349550 30356 catalog_manager.cc:1405] Generated new certificate authority record
I20260608 12:58:47.351372 30356 catalog_manager.cc:1539] Loading token signing keys...
I20260608 12:58:47.375382 30356 catalog_manager.cc:6069] T 00000000000000000000000000000000 P 2bf0db8de29049d5836d1b2013ae5e3c: Generated new TSK 0
I20260608 12:58:47.376149 30356 catalog_manager.cc:1549] Initializing in-progress tserver states...
I20260608 12:58:47.385165 29012 rpc_server.cc:307] RPC server started. Bound to: 127.28.85.1:45899
I20260608 12:58:47.385360 30423 acceptor_pool.cc:272] collecting diagnostics on the listening RPC socket 127.28.85.1:45899 every 8 connection(s)
I20260608 12:58:47.401701 29012 file_cache.cc:492] Constructed file cache file cache with capacity 419430
I20260608 12:58:47.409116 30424 heartbeater.cc:344] Connected to a master server at 127.28.85.60:40985
I20260608 12:58:47.409588 30424 heartbeater.cc:461] Registering TS with master...
I20260608 12:58:47.410451 30424 heartbeater.cc:507] Master 127.28.85.60:40985 requested a full tablet report, sending...
I20260608 12:58:47.413911 30426 heartbeater.cc:344] Connected to a master server at 127.28.85.62:35679
I20260608 12:58:47.413970 30425 heartbeater.cc:344] Connected to a master server at 127.28.85.61:46185
I20260608 12:58:47.414419 30426 heartbeater.cc:461] Registering TS with master...
I20260608 12:58:47.414645 30425 heartbeater.cc:461] Registering TS with master...
I20260608 12:58:47.415061 30262 ts_manager.cc:194] Registered new tserver with Master: bf5788d761e64ff49a6fb673fbcca4a2 (127.28.85.1:45899)
I20260608 12:58:47.415441 30426 heartbeater.cc:507] Master 127.28.85.62:35679 requested a full tablet report, sending...
I20260608 12:58:47.415828 30425 heartbeater.cc:507] Master 127.28.85.61:46185 requested a full tablet report, sending...
W20260608 12:58:47.417452 30431 instance_detector.cc:116] could not retrieve AWS instance metadata: Network error: curl error: HTTP response code said error: The requested URL returned error: 404
I20260608 12:58:47.419049 30197 ts_manager.cc:194] Registered new tserver with Master: bf5788d761e64ff49a6fb673fbcca4a2 (127.28.85.1:45899)
I20260608 12:58:47.419504 30132 ts_manager.cc:194] Registered new tserver with Master: bf5788d761e64ff49a6fb673fbcca4a2 (127.28.85.1:45899)
I20260608 12:58:47.421718 30197 master_service.cc:502] Signed X509 certificate for tserver {username='slave'} at 127.0.0.1:43694
W20260608 12:58:47.422222 30432 instance_detector.cc:116] could not retrieve Azure instance metadata: Network error: curl error: HTTP response code said error: The requested URL returned error: 404
W20260608 12:58:47.428054 30434 instance_detector.cc:116] could not retrieve OpenStack instance metadata: Network error: curl error: HTTP response code said error: The requested URL returned error: 404
I20260608 12:58:47.428368 29012 server_base.cc:1061] running on GCE node
I20260608 12:58:47.429370 29012 hybrid_clock.cc:584] initializing the hybrid clock with 'system_unsync' time source
W20260608 12:58:47.429665 29012 system_unsync_time.cc:38] NTP support is disabled. Clock error bounds will not be accurate. This configuration is not suitable for distributed clusters.
I20260608 12:58:47.429955 29012 hybrid_clock.cc:648] HybridClock initialized: now 1780923527429935 us; error 0 us; skew 500 ppm
I20260608 12:58:47.430584 29012 server_base.cc:861] Flag tcmalloc_max_total_thread_cache_bytes is not working since tcmalloc is not enabled.
I20260608 12:58:47.433305 29012 webserver.cc:533] Webserver started at http://127.28.85.2:42701/ using document root <none> and password file <none>
I20260608 12:58:47.433892 29012 fs_manager.cc:362] Metadata directory not provided
I20260608 12:58:47.434113 29012 fs_manager.cc:368] Using write-ahead log directory (fs_wal_dir) as metadata directory
I20260608 12:58:47.434396 29012 server_base.cc:909] This appears to be a new deployment of Kudu; creating new FS layout
I20260608 12:58:47.435467 29012 fs_manager.cc:1068] Generated new instance metadata in path /tmp/dist-test-taskwdc_f9/test-tmp/auto_rebalancer-test.0.AutoRebalancerTest.NextLeaderResumesAutoRebalancing.1780923510776419-29012-0/minicluster-data/ts-1-root/instance:
uuid: "a1439e650b874163bb43f0eea54005fa"
format_stamp: "Formatted at 2026-06-08 12:58:47 on dist-test-slave-cjgt"
I20260608 12:58:47.440248 29012 fs_manager.cc:696] Time spent creating directory manager: real 0.004s	user 0.000s	sys 0.006s
I20260608 12:58:47.443919 30439 log_block_manager.cc:4031] Time spent loading block containers with low live blocks: real 0.000s	user 0.000s	sys 0.000s
I20260608 12:58:47.444795 29012 fs_manager.cc:730] Time spent opening block manager: real 0.002s	user 0.002s	sys 0.000s
I20260608 12:58:47.445108 29012 fs_manager.cc:647] Opened local filesystem: /tmp/dist-test-taskwdc_f9/test-tmp/auto_rebalancer-test.0.AutoRebalancerTest.NextLeaderResumesAutoRebalancing.1780923510776419-29012-0/minicluster-data/ts-1-root
uuid: "a1439e650b874163bb43f0eea54005fa"
format_stamp: "Formatted at 2026-06-08 12:58:47 on dist-test-slave-cjgt"
I20260608 12:58:47.445518 29012 fs_report.cc:389] FS layout report
--------------------
wal directory: /tmp/dist-test-taskwdc_f9/test-tmp/auto_rebalancer-test.0.AutoRebalancerTest.NextLeaderResumesAutoRebalancing.1780923510776419-29012-0/minicluster-data/ts-1-root
metadata directory: /tmp/dist-test-taskwdc_f9/test-tmp/auto_rebalancer-test.0.AutoRebalancerTest.NextLeaderResumesAutoRebalancing.1780923510776419-29012-0/minicluster-data/ts-1-root
1 data directories: /tmp/dist-test-taskwdc_f9/test-tmp/auto_rebalancer-test.0.AutoRebalancerTest.NextLeaderResumesAutoRebalancing.1780923510776419-29012-0/minicluster-data/ts-1-root/data
Total live blocks: 0
Total live bytes: 0
Total live bytes (after alignment): 0
Total number of LBM containers: 0 (0 full)
Did not check for missing blocks
Did not check for orphaned blocks
Total full LBM containers with extra space: 0 (0 repaired)
Total full LBM container extra space in bytes: 0 (0 repaired)
Total incomplete LBM containers: 0 (0 repaired)
Total LBM partial records: 0 (0 repaired)
Total corrupted LBM metadata records in RocksDB: 0 (0 repaired)
I20260608 12:58:47.486436 29012 rpc_server.cc:225] running with OpenSSL 1.1.1  11 Sep 2018
I20260608 12:58:47.487810 29012 kserver.cc:163] Server-wide thread pool size limit: 3276
I20260608 12:58:47.489369 29012 txn_system_client.cc:432] TxnSystemClient initialization is disabled...
I20260608 12:58:47.491827 29012 ts_tablet_manager.cc:585] Loaded tablet metadata (0 total tablets, 0 live tablets)
I20260608 12:58:47.492059 29012 ts_tablet_manager.cc:531] Time spent load tablet metadata: real 0.000s	user 0.000s	sys 0.000s
I20260608 12:58:47.492311 29012 ts_tablet_manager.cc:616] Registered 0 tablets
I20260608 12:58:47.492496 29012 ts_tablet_manager.cc:595] Time spent register tablets: real 0.000s	user 0.000s	sys 0.000s
I20260608 12:58:47.533178 29012 rpc_server.cc:307] RPC server started. Bound to: 127.28.85.2:45431
I20260608 12:58:47.533310 30501 acceptor_pool.cc:272] collecting diagnostics on the listening RPC socket 127.28.85.2:45431 every 8 connection(s)
I20260608 12:58:47.546516 29012 file_cache.cc:492] Constructed file cache file cache with capacity 419430
I20260608 12:58:47.559584 30502 heartbeater.cc:344] Connected to a master server at 127.28.85.60:40985
I20260608 12:58:47.560261 30502 heartbeater.cc:461] Registering TS with master...
I20260608 12:58:47.561585 30502 heartbeater.cc:507] Master 127.28.85.60:40985 requested a full tablet report, sending...
I20260608 12:58:47.565907 30262 ts_manager.cc:194] Registered new tserver with Master: a1439e650b874163bb43f0eea54005fa (127.28.85.2:45431)
I20260608 12:58:47.570782 30503 heartbeater.cc:344] Connected to a master server at 127.28.85.61:46185
I20260608 12:58:47.571381 30503 heartbeater.cc:461] Registering TS with master...
I20260608 12:58:47.572693 30503 heartbeater.cc:507] Master 127.28.85.61:46185 requested a full tablet report, sending...
W20260608 12:58:47.572824 30509 instance_detector.cc:116] could not retrieve AWS instance metadata: Network error: curl error: HTTP response code said error: The requested URL returned error: 404
W20260608 12:58:47.574723 30510 instance_detector.cc:116] could not retrieve Azure instance metadata: Network error: curl error: HTTP response code said error: The requested URL returned error: 404
I20260608 12:58:47.575894 30197 ts_manager.cc:194] Registered new tserver with Master: a1439e650b874163bb43f0eea54005fa (127.28.85.2:45431)
W20260608 12:58:47.576422 30512 instance_detector.cc:116] could not retrieve OpenStack instance metadata: Network error: curl error: HTTP response code said error: The requested URL returned error: 404
I20260608 12:58:47.578408 30197 master_service.cc:502] Signed X509 certificate for tserver {username='slave'} at 127.0.0.1:43708
I20260608 12:58:47.579329 30504 heartbeater.cc:344] Connected to a master server at 127.28.85.62:35679
I20260608 12:58:47.579833 30504 heartbeater.cc:461] Registering TS with master...
I20260608 12:58:47.580021 29012 server_base.cc:1061] running on GCE node
I20260608 12:58:47.580861 30504 heartbeater.cc:507] Master 127.28.85.62:35679 requested a full tablet report, sending...
I20260608 12:58:47.580994 29012 hybrid_clock.cc:584] initializing the hybrid clock with 'system_unsync' time source
