I20260608 12:59:46.143874 32527 raft_consensus.cc:359] T 4fb6a1e9ea684317bb4193ee1a933794 P ac62cfbc45b54a488096dcb6d8fbd15f [term 1 LEARNER]: Replica starting. Triggering 0 pending ops. Active config: opid_index: 2 OBSOLETE_local: false peers { permanent_uuid: "678539a18f0c4d2cab927a313fce54e5" member_type: VOTER last_known_addr { host: "127.28.92.1" port: 38563 } } peers { permanent_uuid: "d42555da267c4fdd9e10c157eace1a2b" member_type: VOTER last_known_addr { host: "127.28.92.2" port: 46361 } } peers { permanent_uuid: "cd80d05c037b438eaba610c1519c0560" member_type: VOTER last_known_addr { host: "127.28.92.4" port: 37725 } attrs { replace: true } } peers { permanent_uuid: "ac62cfbc45b54a488096dcb6d8fbd15f" member_type: NON_VOTER last_known_addr { host: "127.28.92.3" port: 42729 } attrs { promote: true } }
I20260608 12:59:46.144552 32527 raft_consensus.cc:740] T 4fb6a1e9ea684317bb4193ee1a933794 P ac62cfbc45b54a488096dcb6d8fbd15f [term 1 LEARNER]: Becoming Follower/Learner. State: Replica: ac62cfbc45b54a488096dcb6d8fbd15f, State: Initialized, Role: LEARNER
I20260608 12:59:46.145181 32527 consensus_queue.cc:260] T 4fb6a1e9ea684317bb4193ee1a933794 P ac62cfbc45b54a488096dcb6d8fbd15f [NON_LEADER]: Queue going to NON_LEADER mode. State: All replicated index: 0, Majority replicated index: 0, Committed index: 2, Last appended: 1.2, Last appended by leader: 2, Current term: 0, Majority size: -1, State: 0, Mode: NON_LEADER, active raft config: opid_index: 2 OBSOLETE_local: false peers { permanent_uuid: "678539a18f0c4d2cab927a313fce54e5" member_type: VOTER last_known_addr { host: "127.28.92.1" port: 38563 } } peers { permanent_uuid: "d42555da267c4fdd9e10c157eace1a2b" member_type: VOTER last_known_addr { host: "127.28.92.2" port: 46361 } } peers { permanent_uuid: "cd80d05c037b438eaba610c1519c0560" member_type: VOTER last_known_addr { host: "127.28.92.4" port: 37725 } attrs { replace: true } } peers { permanent_uuid: "ac62cfbc45b54a488096dcb6d8fbd15f" member_type: NON_VOTER last_known_addr { host: "127.28.92.3" port: 42729 } attrs { promote: true } }
I20260608 12:59:46.147622 32527 ts_tablet_manager.cc:1434] T 4fb6a1e9ea684317bb4193ee1a933794 P ac62cfbc45b54a488096dcb6d8fbd15f: Time spent starting tablet: real 0.006s	user 0.004s	sys 0.000s
I20260608 12:59:46.149387 32104 tablet_copy_service.cc:342] P d42555da267c4fdd9e10c157eace1a2b: Request end of tablet copy session ac62cfbc45b54a488096dcb6d8fbd15f-4fb6a1e9ea684317bb4193ee1a933794 received from {username='slave'} at 127.0.0.1:60016
I20260608 12:59:46.149814 32104 tablet_copy_service.cc:434] P d42555da267c4fdd9e10c157eace1a2b: ending tablet copy session ac62cfbc45b54a488096dcb6d8fbd15f-4fb6a1e9ea684317bb4193ee1a933794 on tablet 4fb6a1e9ea684317bb4193ee1a933794 with peer ac62cfbc45b54a488096dcb6d8fbd15f
I20260608 12:59:46.375394 32313 raft_consensus.cc:1217] T 3081907b86854fa783d585381ac93d4f P cd80d05c037b438eaba610c1519c0560 [term 1 LEARNER]: Deduplicated request from leader. Original: 1.1->[1.2-1.2]   Dedup: 1.2->[]
I20260608 12:59:46.407370 32313 raft_consensus.cc:1217] T a5552fd70b5543079d9333cda0d554cc P cd80d05c037b438eaba610c1519c0560 [term 2 LEARNER]: Deduplicated request from leader. Original: 2.2->[2.3-2.3]   Dedup: 2.3->[]
I20260608 12:59:46.537169 32167 raft_consensus.cc:1217] T 4fb6a1e9ea684317bb4193ee1a933794 P ac62cfbc45b54a488096dcb6d8fbd15f [term 1 LEARNER]: Deduplicated request from leader. Original: 1.1->[1.2-1.2]   Dedup: 1.2->[]
I20260608 12:59:46.870491 32534 raft_consensus.cc:1064] T 3081907b86854fa783d585381ac93d4f P d42555da267c4fdd9e10c157eace1a2b: attempting to promote NON_VOTER cd80d05c037b438eaba610c1519c0560 to VOTER
I20260608 12:59:46.872514 32534 consensus_queue.cc:237] T 3081907b86854fa783d585381ac93d4f P d42555da267c4fdd9e10c157eace1a2b [LEADER]: Queue going to LEADER mode. State: All replicated index: 0, Majority replicated index: 2, Committed index: 2, Last appended: 1.2, Last appended by leader: 0, Current term: 1, Majority size: 3, State: 0, Mode: LEADER, active raft config: opid_index: 3 OBSOLETE_local: false peers { permanent_uuid: "678539a18f0c4d2cab927a313fce54e5" member_type: VOTER last_known_addr { host: "127.28.92.1" port: 38563 } attrs { replace: true } } peers { permanent_uuid: "d42555da267c4fdd9e10c157eace1a2b" member_type: VOTER last_known_addr { host: "127.28.92.2" port: 46361 } } peers { permanent_uuid: "ac62cfbc45b54a488096dcb6d8fbd15f" member_type: VOTER last_known_addr { host: "127.28.92.3" port: 42729 } } peers { permanent_uuid: "cd80d05c037b438eaba610c1519c0560" member_type: VOTER last_known_addr { host: "127.28.92.4" port: 37725 } attrs { promote: false } }
I20260608 12:59:46.878726 32313 raft_consensus.cc:1275] T 3081907b86854fa783d585381ac93d4f P cd80d05c037b438eaba610c1519c0560 [term 1 LEARNER]: Refusing update from remote peer d42555da267c4fdd9e10c157eace1a2b: Log matching property violated. Preceding OpId in replica: term: 1 index: 2. Preceding OpId from leader: term: 1 index: 3. (index mismatch)
I20260608 12:59:46.879663 32017 raft_consensus.cc:1275] T 3081907b86854fa783d585381ac93d4f P 678539a18f0c4d2cab927a313fce54e5 [term 1 FOLLOWER]: Refusing update from remote peer d42555da267c4fdd9e10c157eace1a2b: Log matching property violated. Preceding OpId in replica: term: 1 index: 2. Preceding OpId from leader: term: 1 index: 3. (index mismatch)
I20260608 12:59:46.880465 32534 consensus_queue.cc:1048] T 3081907b86854fa783d585381ac93d4f P d42555da267c4fdd9e10c157eace1a2b [LEADER]: Connected to new peer: Peer: permanent_uuid: "cd80d05c037b438eaba610c1519c0560" member_type: VOTER last_known_addr { host: "127.28.92.4" port: 37725 } attrs { promote: false }, Status: LMP_MISMATCH, Last received: 0.0, Next index: 3, Last known committed idx: 2, Time since last communication: 0.000s
I20260608 12:59:46.879618 32167 raft_consensus.cc:1275] T 3081907b86854fa783d585381ac93d4f P ac62cfbc45b54a488096dcb6d8fbd15f [term 1 FOLLOWER]: Refusing update from remote peer d42555da267c4fdd9e10c157eace1a2b: Log matching property violated. Preceding OpId in replica: term: 1 index: 2. Preceding OpId from leader: term: 1 index: 3. (index mismatch)
I20260608 12:59:46.881640 32493 consensus_queue.cc:1048] T 3081907b86854fa783d585381ac93d4f P d42555da267c4fdd9e10c157eace1a2b [LEADER]: Connected to new peer: Peer: permanent_uuid: "678539a18f0c4d2cab927a313fce54e5" member_type: VOTER last_known_addr { host: "127.28.92.1" port: 38563 } attrs { replace: true }, Status: LMP_MISMATCH, Last received: 0.0, Next index: 3, Last known committed idx: 2, Time since last communication: 0.000s
I20260608 12:59:46.883356 32535 consensus_queue.cc:1048] T 3081907b86854fa783d585381ac93d4f P d42555da267c4fdd9e10c157eace1a2b [LEADER]: Connected to new peer: Peer: permanent_uuid: "ac62cfbc45b54a488096dcb6d8fbd15f" member_type: VOTER last_known_addr { host: "127.28.92.3" port: 42729 }, Status: LMP_MISMATCH, Last received: 0.0, Next index: 3, Last known committed idx: 2, Time since last communication: 0.000s
I20260608 12:59:46.913990 32535 raft_consensus.cc:2955] T 3081907b86854fa783d585381ac93d4f P d42555da267c4fdd9e10c157eace1a2b [term 1 LEADER]: Committing config change with OpId 1.3: config changed from index 2 to 3, cd80d05c037b438eaba610c1519c0560 (127.28.92.4) changed from NON_VOTER to VOTER. New config: { opid_index: 3 OBSOLETE_local: false peers { permanent_uuid: "678539a18f0c4d2cab927a313fce54e5" member_type: VOTER last_known_addr { host: "127.28.92.1" port: 38563 } attrs { replace: true } } peers { permanent_uuid: "d42555da267c4fdd9e10c157eace1a2b" member_type: VOTER last_known_addr { host: "127.28.92.2" port: 46361 } } peers { permanent_uuid: "ac62cfbc45b54a488096dcb6d8fbd15f" member_type: VOTER last_known_addr { host: "127.28.92.3" port: 42729 } } peers { permanent_uuid: "cd80d05c037b438eaba610c1519c0560" member_type: VOTER last_known_addr { host: "127.28.92.4" port: 37725 } attrs { promote: false } } }
I20260608 12:59:46.916180 32313 raft_consensus.cc:2955] T 3081907b86854fa783d585381ac93d4f P cd80d05c037b438eaba610c1519c0560 [term 1 FOLLOWER]: Committing config change with OpId 1.3: config changed from index 2 to 3, cd80d05c037b438eaba610c1519c0560 (127.28.92.4) changed from NON_VOTER to VOTER. New config: { opid_index: 3 OBSOLETE_local: false peers { permanent_uuid: "678539a18f0c4d2cab927a313fce54e5" member_type: VOTER last_known_addr { host: "127.28.92.1" port: 38563 } attrs { replace: true } } peers { permanent_uuid: "d42555da267c4fdd9e10c157eace1a2b" member_type: VOTER last_known_addr { host: "127.28.92.2" port: 46361 } } peers { permanent_uuid: "ac62cfbc45b54a488096dcb6d8fbd15f" member_type: VOTER last_known_addr { host: "127.28.92.3" port: 42729 } } peers { permanent_uuid: "cd80d05c037b438eaba610c1519c0560" member_type: VOTER last_known_addr { host: "127.28.92.4" port: 37725 } attrs { promote: false } } }
I20260608 12:59:46.916917 32166 raft_consensus.cc:2955] T 3081907b86854fa783d585381ac93d4f P ac62cfbc45b54a488096dcb6d8fbd15f [term 1 FOLLOWER]: Committing config change with OpId 1.3: config changed from index 2 to 3, cd80d05c037b438eaba610c1519c0560 (127.28.92.4) changed from NON_VOTER to VOTER. New config: { opid_index: 3 OBSOLETE_local: false peers { permanent_uuid: "678539a18f0c4d2cab927a313fce54e5" member_type: VOTER last_known_addr { host: "127.28.92.1" port: 38563 } attrs { replace: true } } peers { permanent_uuid: "d42555da267c4fdd9e10c157eace1a2b" member_type: VOTER last_known_addr { host: "127.28.92.2" port: 46361 } } peers { permanent_uuid: "ac62cfbc45b54a488096dcb6d8fbd15f" member_type: VOTER last_known_addr { host: "127.28.92.3" port: 42729 } } peers { permanent_uuid: "cd80d05c037b438eaba610c1519c0560" member_type: VOTER last_known_addr { host: "127.28.92.4" port: 37725 } attrs { promote: false } } }
I20260608 12:59:46.928027 32017 raft_consensus.cc:2955] T 3081907b86854fa783d585381ac93d4f P 678539a18f0c4d2cab927a313fce54e5 [term 1 FOLLOWER]: Committing config change with OpId 1.3: config changed from index 2 to 3, cd80d05c037b438eaba610c1519c0560 (127.28.92.4) changed from NON_VOTER to VOTER. New config: { opid_index: 3 OBSOLETE_local: false peers { permanent_uuid: "678539a18f0c4d2cab927a313fce54e5" member_type: VOTER last_known_addr { host: "127.28.92.1" port: 38563 } attrs { replace: true } } peers { permanent_uuid: "d42555da267c4fdd9e10c157eace1a2b" member_type: VOTER last_known_addr { host: "127.28.92.2" port: 46361 } } peers { permanent_uuid: "ac62cfbc45b54a488096dcb6d8fbd15f" member_type: VOTER last_known_addr { host: "127.28.92.3" port: 42729 } } peers { permanent_uuid: "cd80d05c037b438eaba610c1519c0560" member_type: VOTER last_known_addr { host: "127.28.92.4" port: 37725 } attrs { promote: false } } }
I20260608 12:59:46.930825 31917 catalog_manager.cc:5696] T 3081907b86854fa783d585381ac93d4f P cd80d05c037b438eaba610c1519c0560 reported cstate change: config changed from index 2 to 3, cd80d05c037b438eaba610c1519c0560 (127.28.92.4) changed from NON_VOTER to VOTER. New cstate: current_term: 1 leader_uuid: "d42555da267c4fdd9e10c157eace1a2b" committed_config { opid_index: 3 OBSOLETE_local: false peers { permanent_uuid: "678539a18f0c4d2cab927a313fce54e5" member_type: VOTER last_known_addr { host: "127.28.92.1" port: 38563 } attrs { replace: true } } peers { permanent_uuid: "d42555da267c4fdd9e10c157eace1a2b" member_type: VOTER last_known_addr { host: "127.28.92.2" port: 46361 } } peers { permanent_uuid: "ac62cfbc45b54a488096dcb6d8fbd15f" member_type: VOTER last_known_addr { host: "127.28.92.3" port: 42729 } } peers { permanent_uuid: "cd80d05c037b438eaba610c1519c0560" member_type: VOTER last_known_addr { host: "127.28.92.4" port: 37725 } attrs { promote: false } } }
I20260608 12:59:46.936204 31970 auto_leader_rebalancer.cc:140] leader rebalance for table range_aware_rebalance_new_range
I20260608 12:59:46.979157 32094 consensus_queue.cc:237] T 3081907b86854fa783d585381ac93d4f P d42555da267c4fdd9e10c157eace1a2b [LEADER]: Queue going to LEADER mode. State: All replicated index: 0, Majority replicated index: 3, Committed index: 3, Last appended: 1.3, Last appended by leader: 0, Current term: 1, Majority size: 2, State: 0, Mode: LEADER, active raft config: opid_index: 4 OBSOLETE_local: false peers { permanent_uuid: "d42555da267c4fdd9e10c157eace1a2b" member_type: VOTER last_known_addr { host: "127.28.92.2" port: 46361 } } peers { permanent_uuid: "ac62cfbc45b54a488096dcb6d8fbd15f" member_type: VOTER last_known_addr { host: "127.28.92.3" port: 42729 } } peers { permanent_uuid: "cd80d05c037b438eaba610c1519c0560" member_type: VOTER last_known_addr { host: "127.28.92.4" port: 37725 } attrs { promote: false } }
I20260608 12:59:46.986799 32313 raft_consensus.cc:1275] T 3081907b86854fa783d585381ac93d4f P cd80d05c037b438eaba610c1519c0560 [term 1 FOLLOWER]: Refusing update from remote peer d42555da267c4fdd9e10c157eace1a2b: Log matching property violated. Preceding OpId in replica: term: 1 index: 3. Preceding OpId from leader: term: 1 index: 4. (index mismatch)
I20260608 12:59:46.989369 32534 consensus_queue.cc:1048] T 3081907b86854fa783d585381ac93d4f P d42555da267c4fdd9e10c157eace1a2b [LEADER]: Connected to new peer: Peer: permanent_uuid: "cd80d05c037b438eaba610c1519c0560" member_type: VOTER last_known_addr { host: "127.28.92.4" port: 37725 } attrs { promote: false }, Status: LMP_MISMATCH, Last received: 0.0, Next index: 4, Last known committed idx: 3, Time since last communication: 0.000s
I20260608 12:59:46.990165 32017 tablet_service.cc:2072] Received LeaderStepDown RPC: tablet_id: "a0ec5e214375476eac422ab8dc9c8c2e"
dest_uuid: "678539a18f0c4d2cab927a313fce54e5"
mode: GRACEFUL
new_leader_uuid: "cd80d05c037b438eaba610c1519c0560"
 from {username='slave'} at 127.0.0.1:42066
I20260608 12:59:46.990749 32017 raft_consensus.cc:606] T a0ec5e214375476eac422ab8dc9c8c2e P 678539a18f0c4d2cab927a313fce54e5 [term 1 LEADER]: Received request to transfer leadership to TS cd80d05c037b438eaba610c1519c0560
I20260608 12:59:46.992066 31970 auto_leader_rebalancer.cc:388] table: range_aware_rebalance_new_range, leader rebalance finish, leader transfer count: 1
I20260608 12:59:46.992527 32166 raft_consensus.cc:1275] T 3081907b86854fa783d585381ac93d4f P ac62cfbc45b54a488096dcb6d8fbd15f [term 1 FOLLOWER]: Refusing update from remote peer d42555da267c4fdd9e10c157eace1a2b: Log matching property violated. Preceding OpId in replica: term: 1 index: 3. Preceding OpId from leader: term: 1 index: 4. (index mismatch)
I20260608 12:59:46.992869 31970 auto_leader_rebalancer.cc:451] All tables' leader rebalancing finished this round
I20260608 12:59:46.994043 32493 consensus_queue.cc:1048] T 3081907b86854fa783d585381ac93d4f P d42555da267c4fdd9e10c157eace1a2b [LEADER]: Connected to new peer: Peer: permanent_uuid: "ac62cfbc45b54a488096dcb6d8fbd15f" member_type: VOTER last_known_addr { host: "127.28.92.3" port: 42729 }, Status: LMP_MISMATCH, Last received: 0.0, Next index: 4, Last known committed idx: 3, Time since last communication: 0.000s
I20260608 12:59:46.998230 32534 raft_consensus.cc:2955] T 3081907b86854fa783d585381ac93d4f P d42555da267c4fdd9e10c157eace1a2b [term 1 LEADER]: Committing config change with OpId 1.4: config changed from index 3 to 4, VOTER 678539a18f0c4d2cab927a313fce54e5 (127.28.92.1) evicted. New config: { opid_index: 4 OBSOLETE_local: false peers { permanent_uuid: "d42555da267c4fdd9e10c157eace1a2b" member_type: VOTER last_known_addr { host: "127.28.92.2" port: 46361 } } peers { permanent_uuid: "ac62cfbc45b54a488096dcb6d8fbd15f" member_type: VOTER last_known_addr { host: "127.28.92.3" port: 42729 } } peers { permanent_uuid: "cd80d05c037b438eaba610c1519c0560" member_type: VOTER last_known_addr { host: "127.28.92.4" port: 37725 } attrs { promote: false } } }
I20260608 12:59:47.001701 32313 raft_consensus.cc:2955] T 3081907b86854fa783d585381ac93d4f P cd80d05c037b438eaba610c1519c0560 [term 1 FOLLOWER]: Committing config change with OpId 1.4: config changed from index 3 to 4, VOTER 678539a18f0c4d2cab927a313fce54e5 (127.28.92.1) evicted. New config: { opid_index: 4 OBSOLETE_local: false peers { permanent_uuid: "d42555da267c4fdd9e10c157eace1a2b" member_type: VOTER last_known_addr { host: "127.28.92.2" port: 46361 } } peers { permanent_uuid: "ac62cfbc45b54a488096dcb6d8fbd15f" member_type: VOTER last_known_addr { host: "127.28.92.3" port: 42729 } } peers { permanent_uuid: "cd80d05c037b438eaba610c1519c0560" member_type: VOTER last_known_addr { host: "127.28.92.4" port: 37725 } attrs { promote: false } } }
I20260608 12:59:47.006712 32166 raft_consensus.cc:2955] T 3081907b86854fa783d585381ac93d4f P ac62cfbc45b54a488096dcb6d8fbd15f [term 1 FOLLOWER]: Committing config change with OpId 1.4: config changed from index 3 to 4, VOTER 678539a18f0c4d2cab927a313fce54e5 (127.28.92.1) evicted. New config: { opid_index: 4 OBSOLETE_local: false peers { permanent_uuid: "d42555da267c4fdd9e10c157eace1a2b" member_type: VOTER last_known_addr { host: "127.28.92.2" port: 46361 } } peers { permanent_uuid: "ac62cfbc45b54a488096dcb6d8fbd15f" member_type: VOTER last_known_addr { host: "127.28.92.3" port: 42729 } } peers { permanent_uuid: "cd80d05c037b438eaba610c1519c0560" member_type: VOTER last_known_addr { host: "127.28.92.4" port: 37725 } attrs { promote: false } } }
I20260608 12:59:47.009163 31901 catalog_manager.cc:5209] ChangeConfig:REMOVE_PEER RPC for tablet 3081907b86854fa783d585381ac93d4f with cas_config_opid_index 3: ChangeConfig:REMOVE_PEER succeeded (attempt 1)
I20260608 12:59:47.014467 31916 catalog_manager.cc:5696] T 3081907b86854fa783d585381ac93d4f P d42555da267c4fdd9e10c157eace1a2b reported cstate change: config changed from index 3 to 4, VOTER 678539a18f0c4d2cab927a313fce54e5 (127.28.92.1) evicted. New cstate: current_term: 1 leader_uuid: "d42555da267c4fdd9e10c157eace1a2b" committed_config { opid_index: 4 OBSOLETE_local: false peers { permanent_uuid: "d42555da267c4fdd9e10c157eace1a2b" member_type: VOTER last_known_addr { host: "127.28.92.2" port: 46361 } health_report { overall_health: HEALTHY } } peers { permanent_uuid: "ac62cfbc45b54a488096dcb6d8fbd15f" member_type: VOTER last_known_addr { host: "127.28.92.3" port: 42729 } health_report { overall_health: HEALTHY } } peers { permanent_uuid: "cd80d05c037b438eaba610c1519c0560" member_type: VOTER last_known_addr { host: "127.28.92.4" port: 37725 } attrs { promote: false } health_report { overall_health: HEALTHY } } }
I20260608 12:59:47.015769 32531 raft_consensus.cc:1064] T a5552fd70b5543079d9333cda0d554cc P 678539a18f0c4d2cab927a313fce54e5: attempting to promote NON_VOTER cd80d05c037b438eaba610c1519c0560 to VOTER
I20260608 12:59:47.023705 32531 consensus_queue.cc:237] T a5552fd70b5543079d9333cda0d554cc P 678539a18f0c4d2cab927a313fce54e5 [LEADER]: Queue going to LEADER mode. State: All replicated index: 0, Majority replicated index: 3, Committed index: 3, Last appended: 2.3, Last appended by leader: 1, Current term: 2, Majority size: 3, State: 0, Mode: LEADER, active raft config: opid_index: 4 OBSOLETE_local: false peers { permanent_uuid: "d42555da267c4fdd9e10c157eace1a2b" member_type: VOTER last_known_addr { host: "127.28.92.2" port: 46361 } } peers { permanent_uuid: "678539a18f0c4d2cab927a313fce54e5" member_type: VOTER last_known_addr { host: "127.28.92.1" port: 38563 } } peers { permanent_uuid: "ac62cfbc45b54a488096dcb6d8fbd15f" member_type: VOTER last_known_addr { host: "127.28.92.3" port: 42729 } attrs { replace: true } } peers { permanent_uuid: "cd80d05c037b438eaba610c1519c0560" member_type: VOTER last_known_addr { host: "127.28.92.4" port: 37725 } attrs { promote: false } }
I20260608 12:59:47.038554 32004 tablet_service.cc:1558] Processing DeleteTablet for tablet 3081907b86854fa783d585381ac93d4f with delete_type TABLET_DATA_TOMBSTONED (TS 678539a18f0c4d2cab927a313fce54e5 not found in new config with opid_index 4) from {username='slave'} at 127.0.0.1:42010
I20260608 12:59:47.044703 32493 raft_consensus.cc:1064] T 4fb6a1e9ea684317bb4193ee1a933794 P d42555da267c4fdd9e10c157eace1a2b: attempting to promote NON_VOTER ac62cfbc45b54a488096dcb6d8fbd15f to VOTER
I20260608 12:59:47.048579 32551 tablet_replica.cc:333] T 3081907b86854fa783d585381ac93d4f P 678539a18f0c4d2cab927a313fce54e5: stopping tablet replica
I20260608 12:59:47.047273 32493 consensus_queue.cc:237] T 4fb6a1e9ea684317bb4193ee1a933794 P d42555da267c4fdd9e10c157eace1a2b [LEADER]: Queue going to LEADER mode. State: All replicated index: 0, Majority replicated index: 2, Committed index: 2, Last appended: 1.2, Last appended by leader: 0, Current term: 1, Majority size: 3, State: 0, Mode: LEADER, active raft config: opid_index: 3 OBSOLETE_local: false peers { permanent_uuid: "678539a18f0c4d2cab927a313fce54e5" member_type: VOTER last_known_addr { host: "127.28.92.1" port: 38563 } } peers { permanent_uuid: "d42555da267c4fdd9e10c157eace1a2b" member_type: VOTER last_known_addr { host: "127.28.92.2" port: 46361 } } peers { permanent_uuid: "cd80d05c037b438eaba610c1519c0560" member_type: VOTER last_known_addr { host: "127.28.92.4" port: 37725 } attrs { replace: true } } peers { permanent_uuid: "ac62cfbc45b54a488096dcb6d8fbd15f" member_type: VOTER last_known_addr { host: "127.28.92.3" port: 42729 } attrs { promote: false } }
I20260608 12:59:47.049242 32094 raft_consensus.cc:1275] T a5552fd70b5543079d9333cda0d554cc P d42555da267c4fdd9e10c157eace1a2b [term 2 FOLLOWER]: Refusing update from remote peer 678539a18f0c4d2cab927a313fce54e5: Log matching property violated. Preceding OpId in replica: term: 2 index: 3. Preceding OpId from leader: term: 2 index: 4. (index mismatch)
I20260608 12:59:47.049657 32551 raft_consensus.cc:2243] T 3081907b86854fa783d585381ac93d4f P 678539a18f0c4d2cab927a313fce54e5 [term 1 FOLLOWER]: Raft consensus shutting down.
I20260608 12:59:47.050483 32551 raft_consensus.cc:2272] T 3081907b86854fa783d585381ac93d4f P 678539a18f0c4d2cab927a313fce54e5 [term 1 FOLLOWER]: Raft consensus is shut down!
I20260608 12:59:47.047435 32313 raft_consensus.cc:1275] T a5552fd70b5543079d9333cda0d554cc P cd80d05c037b438eaba610c1519c0560 [term 2 LEARNER]: Refusing update from remote peer 678539a18f0c4d2cab927a313fce54e5: Log matching property violated. Preceding OpId in replica: term: 2 index: 3. Preceding OpId from leader: term: 2 index: 4. (index mismatch)
I20260608 12:59:47.051329 32548 consensus_queue.cc:1048] T a5552fd70b5543079d9333cda0d554cc P 678539a18f0c4d2cab927a313fce54e5 [LEADER]: Connected to new peer: Peer: permanent_uuid: "d42555da267c4fdd9e10c157eace1a2b" member_type: VOTER last_known_addr { host: "127.28.92.2" port: 46361 }, Status: LMP_MISMATCH, Last received: 0.0, Next index: 4, Last known committed idx: 3, Time since last communication: 0.000s
I20260608 12:59:47.054257 32551 ts_tablet_manager.cc:1916] T 3081907b86854fa783d585381ac93d4f P 678539a18f0c4d2cab927a313fce54e5: Deleting tablet data with delete state TABLET_DATA_TOMBSTONED
I20260608 12:59:47.056367 32166 raft_consensus.cc:1275] T a5552fd70b5543079d9333cda0d554cc P ac62cfbc45b54a488096dcb6d8fbd15f [term 2 FOLLOWER]: Refusing update from remote peer 678539a18f0c4d2cab927a313fce54e5: Log matching property violated. Preceding OpId in replica: term: 2 index: 3. Preceding OpId from leader: term: 2 index: 4. (index mismatch)
I20260608 12:59:47.057825 32549 consensus_queue.cc:1048] T a5552fd70b5543079d9333cda0d554cc P 678539a18f0c4d2cab927a313fce54e5 [LEADER]: Connected to new peer: Peer: permanent_uuid: "ac62cfbc45b54a488096dcb6d8fbd15f" member_type: VOTER last_known_addr { host: "127.28.92.3" port: 42729 } attrs { replace: true }, Status: LMP_MISMATCH, Last received: 0.0, Next index: 4, Last known committed idx: 3, Time since last communication: 0.000s
I20260608 12:59:47.059736 32548 consensus_queue.cc:1048] T a5552fd70b5543079d9333cda0d554cc P 678539a18f0c4d2cab927a313fce54e5 [LEADER]: Connected to new peer: Peer: permanent_uuid: "cd80d05c037b438eaba610c1519c0560" member_type: VOTER last_known_addr { host: "127.28.92.4" port: 37725 } attrs { promote: false }, Status: LMP_MISMATCH, Last received: 0.0, Next index: 4, Last known committed idx: 3, Time since last communication: 0.000s
I20260608 12:59:47.071998 32549 raft_consensus.cc:2955] T a5552fd70b5543079d9333cda0d554cc P 678539a18f0c4d2cab927a313fce54e5 [term 2 LEADER]: Committing config change with OpId 2.4: config changed from index 3 to 4, cd80d05c037b438eaba610c1519c0560 (127.28.92.4) changed from NON_VOTER to VOTER. New config: { opid_index: 4 OBSOLETE_local: false peers { permanent_uuid: "d42555da267c4fdd9e10c157eace1a2b" member_type: VOTER last_known_addr { host: "127.28.92.2" port: 46361 } } peers { permanent_uuid: "678539a18f0c4d2cab927a313fce54e5" member_type: VOTER last_known_addr { host: "127.28.92.1" port: 38563 } } peers { permanent_uuid: "ac62cfbc45b54a488096dcb6d8fbd15f" member_type: VOTER last_known_addr { host: "127.28.92.3" port: 42729 } attrs { replace: true } } peers { permanent_uuid: "cd80d05c037b438eaba610c1519c0560" member_type: VOTER last_known_addr { host: "127.28.92.4" port: 37725 } attrs { promote: false } } }
I20260608 12:59:47.078733 32167 raft_consensus.cc:1275] T 4fb6a1e9ea684317bb4193ee1a933794 P ac62cfbc45b54a488096dcb6d8fbd15f [term 1 LEARNER]: Refusing update from remote peer d42555da267c4fdd9e10c157eace1a2b: Log matching property violated. Preceding OpId in replica: term: 1 index: 2. Preceding OpId from leader: term: 1 index: 3. (index mismatch)
I20260608 12:59:47.078338 32314 raft_consensus.cc:2955] T a5552fd70b5543079d9333cda0d554cc P cd80d05c037b438eaba610c1519c0560 [term 2 FOLLOWER]: Committing config change with OpId 2.4: config changed from index 3 to 4, cd80d05c037b438eaba610c1519c0560 (127.28.92.4) changed from NON_VOTER to VOTER. New config: { opid_index: 4 OBSOLETE_local: false peers { permanent_uuid: "d42555da267c4fdd9e10c157eace1a2b" member_type: VOTER last_known_addr { host: "127.28.92.2" port: 46361 } } peers { permanent_uuid: "678539a18f0c4d2cab927a313fce54e5" member_type: VOTER last_known_addr { host: "127.28.92.1" port: 38563 } } peers { permanent_uuid: "ac62cfbc45b54a488096dcb6d8fbd15f" member_type: VOTER last_known_addr { host: "127.28.92.3" port: 42729 } attrs { replace: true } } peers { permanent_uuid: "cd80d05c037b438eaba610c1519c0560" member_type: VOTER last_known_addr { host: "127.28.92.4" port: 37725 } attrs { promote: false } } }
I20260608 12:59:47.080610 32534 consensus_queue.cc:1048] T 4fb6a1e9ea684317bb4193ee1a933794 P d42555da267c4fdd9e10c157eace1a2b [LEADER]: Connected to new peer: Peer: permanent_uuid: "ac62cfbc45b54a488096dcb6d8fbd15f" member_type: VOTER last_known_addr { host: "127.28.92.3" port: 42729 } attrs { promote: false }, Status: LMP_MISMATCH, Last received: 0.0, Next index: 3, Last known committed idx: 2, Time since last communication: 0.000s
I20260608 12:59:47.087960 32551 ts_tablet_manager.cc:1929] T 3081907b86854fa783d585381ac93d4f P 678539a18f0c4d2cab927a313fce54e5: tablet deleted with delete type TABLET_DATA_TOMBSTONED: last-logged OpId 1.3
I20260608 12:59:47.091390 32551 log.cc:1199] T 3081907b86854fa783d585381ac93d4f P 678539a18f0c4d2cab927a313fce54e5: Deleting WAL directory at /tmp/dist-test-taskJtAQEh/test-tmp/auto_rebalancer-test.0.AutoRebalancerTest.RangeAwareRebalancesNewRangeReplicas.1780923502249935-29040-0/minicluster-data/ts-0-root/wals/3081907b86854fa783d585381ac93d4f
I20260608 12:59:47.093389 31901 catalog_manager.cc:5027] TS 678539a18f0c4d2cab927a313fce54e5 (127.28.92.1:38563): tablet 3081907b86854fa783d585381ac93d4f (table range_aware_rebalance_new_range [id=ae6da71605b54042ab1fb0f371adf1b5]) successfully deleted
I20260608 12:59:47.096772 31914 catalog_manager.cc:5696] T a5552fd70b5543079d9333cda0d554cc P cd80d05c037b438eaba610c1519c0560 reported cstate change: config changed from index 3 to 4, cd80d05c037b438eaba610c1519c0560 (127.28.92.4) changed from NON_VOTER to VOTER. New cstate: current_term: 2 leader_uuid: "678539a18f0c4d2cab927a313fce54e5" committed_config { opid_index: 4 OBSOLETE_local: false peers { permanent_uuid: "d42555da267c4fdd9e10c157eace1a2b" member_type: VOTER last_known_addr { host: "127.28.92.2" port: 46361 } } peers { permanent_uuid: "678539a18f0c4d2cab927a313fce54e5" member_type: VOTER last_known_addr { host: "127.28.92.1" port: 38563 } } peers { permanent_uuid: "ac62cfbc45b54a488096dcb6d8fbd15f" member_type: VOTER last_known_addr { host: "127.28.92.3" port: 42729 } attrs { replace: true } } peers { permanent_uuid: "cd80d05c037b438eaba610c1519c0560" member_type: VOTER last_known_addr { host: "127.28.92.4" port: 37725 } attrs { promote: false } } }
I20260608 12:59:47.097632 32167 raft_consensus.cc:2955] T a5552fd70b5543079d9333cda0d554cc P ac62cfbc45b54a488096dcb6d8fbd15f [term 2 FOLLOWER]: Committing config change with OpId 2.4: config changed from index 3 to 4, cd80d05c037b438eaba610c1519c0560 (127.28.92.4) changed from NON_VOTER to VOTER. New config: { opid_index: 4 OBSOLETE_local: false peers { permanent_uuid: "d42555da267c4fdd9e10c157eace1a2b" member_type: VOTER last_known_addr { host: "127.28.92.2" port: 46361 } } peers { permanent_uuid: "678539a18f0c4d2cab927a313fce54e5" member_type: VOTER last_known_addr { host: "127.28.92.1" port: 38563 } } peers { permanent_uuid: "ac62cfbc45b54a488096dcb6d8fbd15f" member_type: VOTER last_known_addr { host: "127.28.92.3" port: 42729 } attrs { replace: true } } peers { permanent_uuid: "cd80d05c037b438eaba610c1519c0560" member_type: VOTER last_known_addr { host: "127.28.92.4" port: 37725 } attrs { promote: false } } }
I20260608 12:59:47.107156 32531 raft_consensus.cc:993] T a0ec5e214375476eac422ab8dc9c8c2e P 678539a18f0c4d2cab927a313fce54e5: : Instructing follower cd80d05c037b438eaba610c1519c0560 to start an election
I20260608 12:59:47.108160 32017 raft_consensus.cc:1275] T 4fb6a1e9ea684317bb4193ee1a933794 P 678539a18f0c4d2cab927a313fce54e5 [term 1 FOLLOWER]: Refusing update from remote peer d42555da267c4fdd9e10c157eace1a2b: Log matching property violated. Preceding OpId in replica: term: 1 index: 2. Preceding OpId from leader: term: 1 index: 3. (index mismatch)
I20260608 12:59:47.109484 32314 raft_consensus.cc:1275] T 4fb6a1e9ea684317bb4193ee1a933794 P cd80d05c037b438eaba610c1519c0560 [term 1 FOLLOWER]: Refusing update from remote peer d42555da267c4fdd9e10c157eace1a2b: Log matching property violated. Preceding OpId in replica: term: 1 index: 2. Preceding OpId from leader: term: 1 index: 3. (index mismatch)
I20260608 12:59:47.111645 32493 consensus_queue.cc:1048] T 4fb6a1e9ea684317bb4193ee1a933794 P d42555da267c4fdd9e10c157eace1a2b [LEADER]: Connected to new peer: Peer: permanent_uuid: "678539a18f0c4d2cab927a313fce54e5" member_type: VOTER last_known_addr { host: "127.28.92.1" port: 38563 }, Status: LMP_MISMATCH, Last received: 0.0, Next index: 3, Last known committed idx: 2, Time since last communication: 0.000s
I20260608 12:59:47.111960 32531 raft_consensus.cc:1081] T a0ec5e214375476eac422ab8dc9c8c2e P 678539a18f0c4d2cab927a313fce54e5 [term 1 LEADER]: Signalling peer cd80d05c037b438eaba610c1519c0560 to start an election
I20260608 12:59:47.114670 32534 consensus_queue.cc:1048] T 4fb6a1e9ea684317bb4193ee1a933794 P d42555da267c4fdd9e10c157eace1a2b [LEADER]: Connected to new peer: Peer: permanent_uuid: "cd80d05c037b438eaba610c1519c0560" member_type: VOTER last_known_addr { host: "127.28.92.4" port: 37725 } attrs { replace: true }, Status: LMP_MISMATCH, Last received: 0.0, Next index: 3, Last known committed idx: 2, Time since last communication: 0.000s
I20260608 12:59:47.115893 32094 raft_consensus.cc:2955] T a5552fd70b5543079d9333cda0d554cc P d42555da267c4fdd9e10c157eace1a2b [term 2 FOLLOWER]: Committing config change with OpId 2.4: config changed from index 3 to 4, cd80d05c037b438eaba610c1519c0560 (127.28.92.4) changed from NON_VOTER to VOTER. New config: { opid_index: 4 OBSOLETE_local: false peers { permanent_uuid: "d42555da267c4fdd9e10c157eace1a2b" member_type: VOTER last_known_addr { host: "127.28.92.2" port: 46361 } } peers { permanent_uuid: "678539a18f0c4d2cab927a313fce54e5" member_type: VOTER last_known_addr { host: "127.28.92.1" port: 38563 } } peers { permanent_uuid: "ac62cfbc45b54a488096dcb6d8fbd15f" member_type: VOTER last_known_addr { host: "127.28.92.3" port: 42729 } attrs { replace: true } } peers { permanent_uuid: "cd80d05c037b438eaba610c1519c0560" member_type: VOTER last_known_addr { host: "127.28.92.4" port: 37725 } attrs { promote: false } } }
I20260608 12:59:47.116871 32314 tablet_service.cc:2044] Received Run Leader Election RPC: tablet_id: "a0ec5e214375476eac422ab8dc9c8c2e"
dest_uuid: "cd80d05c037b438eaba610c1519c0560"
 from {username='slave'} at 127.0.0.1:43486
I20260608 12:59:47.120393 32314 raft_consensus.cc:493] T a0ec5e214375476eac422ab8dc9c8c2e P cd80d05c037b438eaba610c1519c0560 [term 1 FOLLOWER]: Starting forced leader election (received explicit request)
I20260608 12:59:47.120817 32314 raft_consensus.cc:3060] T a0ec5e214375476eac422ab8dc9c8c2e P cd80d05c037b438eaba610c1519c0560 [term 1 FOLLOWER]: Advancing to term 2
I20260608 12:59:47.124344 32016 consensus_queue.cc:237] T a5552fd70b5543079d9333cda0d554cc P 678539a18f0c4d2cab927a313fce54e5 [LEADER]: Queue going to LEADER mode. State: All replicated index: 0, Majority replicated index: 4, Committed index: 4, Last appended: 2.4, Last appended by leader: 1, Current term: 2, Majority size: 2, State: 0, Mode: LEADER, active raft config: opid_index: 5 OBSOLETE_local: false peers { permanent_uuid: "d42555da267c4fdd9e10c157eace1a2b" member_type: VOTER last_known_addr { host: "127.28.92.2" port: 46361 } } peers { permanent_uuid: "678539a18f0c4d2cab927a313fce54e5" member_type: VOTER last_known_addr { host: "127.28.92.1" port: 38563 } } peers { permanent_uuid: "cd80d05c037b438eaba610c1519c0560" member_type: VOTER last_known_addr { host: "127.28.92.4" port: 37725 } attrs { promote: false } }
I20260608 12:59:47.126965 32314 raft_consensus.cc:515] T a0ec5e214375476eac422ab8dc9c8c2e P cd80d05c037b438eaba610c1519c0560 [term 2 FOLLOWER]: Starting forced leader election with config: opid_index: -1 OBSOLETE_local: false peers { permanent_uuid: "cd80d05c037b438eaba610c1519c0560" member_type: VOTER last_known_addr { host: "127.28.92.4" port: 37725 } } peers { permanent_uuid: "678539a18f0c4d2cab927a313fce54e5" member_type: VOTER last_known_addr { host: "127.28.92.1" port: 38563 } } peers { permanent_uuid: "ac62cfbc45b54a488096dcb6d8fbd15f" member_type: VOTER last_known_addr { host: "127.28.92.3" port: 42729 } }
I20260608 12:59:47.129405 32314 leader_election.cc:290] T a0ec5e214375476eac422ab8dc9c8c2e P cd80d05c037b438eaba610c1519c0560 [CANDIDATE]: Term 2 election: Requested vote from peers 678539a18f0c4d2cab927a313fce54e5 (127.28.92.1:38563), ac62cfbc45b54a488096dcb6d8fbd15f (127.28.92.3:42729)
I20260608 12:59:47.131145 32017 tablet_service.cc:1917] Received RequestConsensusVote() RPC: tablet_id: "a0ec5e214375476eac422ab8dc9c8c2e" candidate_uuid: "cd80d05c037b438eaba610c1519c0560" candidate_term: 2 candidate_status { last_received { term: 1 index: 1 } } ignore_live_leader: true dest_uuid: "678539a18f0c4d2cab927a313fce54e5"
I20260608 12:59:47.131704 32017 raft_consensus.cc:3055] T a0ec5e214375476eac422ab8dc9c8c2e P 678539a18f0c4d2cab927a313fce54e5 [term 1 LEADER]: Stepping down as leader of term 1
I20260608 12:59:47.132093 32017 raft_consensus.cc:740] T a0ec5e214375476eac422ab8dc9c8c2e P 678539a18f0c4d2cab927a313fce54e5 [term 1 LEADER]: Becoming Follower/Learner. State: Replica: 678539a18f0c4d2cab927a313fce54e5, State: Running, Role: LEADER
I20260608 12:59:47.132895 32017 consensus_queue.cc:260] T a0ec5e214375476eac422ab8dc9c8c2e P 678539a18f0c4d2cab927a313fce54e5 [NON_LEADER]: Queue going to NON_LEADER mode. State: All replicated index: 0, Majority replicated index: 1, Committed index: 1, Last appended: 1.1, Last appended by leader: 1, Current term: 1, Majority size: -1, State: 0, Mode: NON_LEADER, active raft config: opid_index: -1 OBSOLETE_local: false peers { permanent_uuid: "cd80d05c037b438eaba610c1519c0560" member_type: VOTER last_known_addr { host: "127.28.92.4" port: 37725 } } peers { permanent_uuid: "678539a18f0c4d2cab927a313fce54e5" member_type: VOTER last_known_addr { host: "127.28.92.1" port: 38563 } } peers { permanent_uuid: "ac62cfbc45b54a488096dcb6d8fbd15f" member_type: VOTER last_known_addr { host: "127.28.92.3" port: 42729 } }
I20260608 12:59:47.131610 32167 tablet_service.cc:1917] Received RequestConsensusVote() RPC: tablet_id: "a0ec5e214375476eac422ab8dc9c8c2e" candidate_uuid: "cd80d05c037b438eaba610c1519c0560" candidate_term: 2 candidate_status { last_received { term: 1 index: 1 } } ignore_live_leader: true dest_uuid: "ac62cfbc45b54a488096dcb6d8fbd15f"
I20260608 12:59:47.134308 32167 raft_consensus.cc:3060] T a0ec5e214375476eac422ab8dc9c8c2e P ac62cfbc45b54a488096dcb6d8fbd15f [term 1 FOLLOWER]: Advancing to term 2
I20260608 12:59:47.134363 32017 raft_consensus.cc:3060] T a0ec5e214375476eac422ab8dc9c8c2e P 678539a18f0c4d2cab927a313fce54e5 [term 1 FOLLOWER]: Advancing to term 2
I20260608 12:59:47.140856 32167 raft_consensus.cc:2468] T a0ec5e214375476eac422ab8dc9c8c2e P ac62cfbc45b54a488096dcb6d8fbd15f [term 2 FOLLOWER]: Leader election vote request: Granting yes vote for candidate cd80d05c037b438eaba610c1519c0560 in term 2.
I20260608 12:59:47.142000 32280 leader_election.cc:304] T a0ec5e214375476eac422ab8dc9c8c2e P cd80d05c037b438eaba610c1519c0560 [CANDIDATE]: Term 2 election: Election decided. Result: candidate won. Election summary: received 2 responses out of 3 voters: 2 yes votes; 0 no votes. yes voters: ac62cfbc45b54a488096dcb6d8fbd15f, cd80d05c037b438eaba610c1519c0560; no voters: 
I20260608 12:59:47.142923 32533 raft_consensus.cc:2804] T a0ec5e214375476eac422ab8dc9c8c2e P cd80d05c037b438eaba610c1519c0560 [term 2 FOLLOWER]: Leader election won for term 2
I20260608 12:59:47.148254 32017 raft_consensus.cc:2468] T a0ec5e214375476eac422ab8dc9c8c2e P 678539a18f0c4d2cab927a313fce54e5 [term 2 FOLLOWER]: Leader election vote request: Granting yes vote for candidate cd80d05c037b438eaba610c1519c0560 in term 2.
I20260608 12:59:47.154356 32533 raft_consensus.cc:697] T a0ec5e214375476eac422ab8dc9c8c2e P cd80d05c037b438eaba610c1519c0560 [term 2 LEADER]: Becoming Leader. State: Replica: cd80d05c037b438eaba610c1519c0560, State: Running, Role: LEADER
I20260608 12:59:47.155299 32533 consensus_queue.cc:237] T a0ec5e214375476eac422ab8dc9c8c2e P cd80d05c037b438eaba610c1519c0560 [LEADER]: Queue going to LEADER mode. State: All replicated index: 0, Majority replicated index: 1, Committed index: 1, Last appended: 1.1, Last appended by leader: 1, Current term: 2, Majority size: 2, State: 0, Mode: LEADER, active raft config: opid_index: -1 OBSOLETE_local: false peers { permanent_uuid: "cd80d05c037b438eaba610c1519c0560" member_type: VOTER last_known_addr { host: "127.28.92.4" port: 37725 } } peers { permanent_uuid: "678539a18f0c4d2cab927a313fce54e5" member_type: VOTER last_known_addr { host: "127.28.92.1" port: 38563 } } peers { permanent_uuid: "ac62cfbc45b54a488096dcb6d8fbd15f" member_type: VOTER last_known_addr { host: "127.28.92.3" port: 42729 } }
I20260608 12:59:47.160029 32314 raft_consensus.cc:1275] T a5552fd70b5543079d9333cda0d554cc P cd80d05c037b438eaba610c1519c0560 [term 2 FOLLOWER]: Refusing update from remote peer 678539a18f0c4d2cab927a313fce54e5: Log matching property violated. Preceding OpId in replica: term: 2 index: 4. Preceding OpId from leader: term: 2 index: 5. (index mismatch)
I20260608 12:59:47.160660 32093 raft_consensus.cc:1275] T a5552fd70b5543079d9333cda0d554cc P d42555da267c4fdd9e10c157eace1a2b [term 2 FOLLOWER]: Refusing update from remote peer 678539a18f0c4d2cab927a313fce54e5: Log matching property violated. Preceding OpId in replica: term: 2 index: 4. Preceding OpId from leader: term: 2 index: 5. (index mismatch)
I20260608 12:59:47.162531 32548 consensus_queue.cc:1048] T a5552fd70b5543079d9333cda0d554cc P 678539a18f0c4d2cab927a313fce54e5 [LEADER]: Connected to new peer: Peer: permanent_uuid: "d42555da267c4fdd9e10c157eace1a2b" member_type: VOTER last_known_addr { host: "127.28.92.2" port: 46361 }, Status: LMP_MISMATCH, Last received: 0.0, Next index: 5, Last known committed idx: 4, Time since last communication: 0.000s
I20260608 12:59:47.167758 32548 consensus_queue.cc:1048] T a5552fd70b5543079d9333cda0d554cc P 678539a18f0c4d2cab927a313fce54e5 [LEADER]: Connected to new peer: Peer: permanent_uuid: "cd80d05c037b438eaba610c1519c0560" member_type: VOTER last_known_addr { host: "127.28.92.4" port: 37725 } attrs { promote: false }, Status: LMP_MISMATCH, Last received: 0.0, Next index: 5, Last known committed idx: 4, Time since last communication: 0.000s
I20260608 12:59:47.169353 32547 raft_consensus.cc:2955] T a5552fd70b5543079d9333cda0d554cc P 678539a18f0c4d2cab927a313fce54e5 [term 2 LEADER]: Committing config change with OpId 2.5: config changed from index 4 to 5, VOTER ac62cfbc45b54a488096dcb6d8fbd15f (127.28.92.3) evicted. New config: { opid_index: 5 OBSOLETE_local: false peers { permanent_uuid: "d42555da267c4fdd9e10c157eace1a2b" member_type: VOTER last_known_addr { host: "127.28.92.2" port: 46361 } } peers { permanent_uuid: "678539a18f0c4d2cab927a313fce54e5" member_type: VOTER last_known_addr { host: "127.28.92.1" port: 38563 } } peers { permanent_uuid: "cd80d05c037b438eaba610c1519c0560" member_type: VOTER last_known_addr { host: "127.28.92.4" port: 37725 } attrs { promote: false } } }
I20260608 12:59:47.170092 31915 catalog_manager.cc:5696] T a0ec5e214375476eac422ab8dc9c8c2e P cd80d05c037b438eaba610c1519c0560 reported cstate change: term changed from 1 to 2, leader changed from 678539a18f0c4d2cab927a313fce54e5 (127.28.92.1) to cd80d05c037b438eaba610c1519c0560 (127.28.92.4). New cstate: current_term: 2 leader_uuid: "cd80d05c037b438eaba610c1519c0560" committed_config { opid_index: -1 OBSOLETE_local: false peers { permanent_uuid: "cd80d05c037b438eaba610c1519c0560" member_type: VOTER last_known_addr { host: "127.28.92.4" port: 37725 } health_report { overall_health: HEALTHY } } peers { permanent_uuid: "678539a18f0c4d2cab927a313fce54e5" member_type: VOTER last_known_addr { host: "127.28.92.1" port: 38563 } health_report { overall_health: UNKNOWN } } peers { permanent_uuid: "ac62cfbc45b54a488096dcb6d8fbd15f" member_type: VOTER last_known_addr { host: "127.28.92.3" port: 42729 } health_report { overall_health: UNKNOWN } } }
I20260608 12:59:47.180027 32534 raft_consensus.cc:2955] T 4fb6a1e9ea684317bb4193ee1a933794 P d42555da267c4fdd9e10c157eace1a2b [term 1 LEADER]: Committing config change with OpId 1.3: config changed from index 2 to 3, ac62cfbc45b54a488096dcb6d8fbd15f (127.28.92.3) changed from NON_VOTER to VOTER. New config: { opid_index: 3 OBSOLETE_local: false peers { permanent_uuid: "678539a18f0c4d2cab927a313fce54e5" member_type: VOTER last_known_addr { host: "127.28.92.1" port: 38563 } } peers { permanent_uuid: "d42555da267c4fdd9e10c157eace1a2b" member_type: VOTER last_known_addr { host: "127.28.92.2" port: 46361 } } peers { permanent_uuid: "cd80d05c037b438eaba610c1519c0560" member_type: VOTER last_known_addr { host: "127.28.92.4" port: 37725 } attrs { replace: true } } peers { permanent_uuid: "ac62cfbc45b54a488096dcb6d8fbd15f" member_type: VOTER last_known_addr { host: "127.28.92.3" port: 42729 } attrs { promote: false } } }
I20260608 12:59:47.182395 32094 raft_consensus.cc:2955] T a5552fd70b5543079d9333cda0d554cc P d42555da267c4fdd9e10c157eace1a2b [term 2 FOLLOWER]: Committing config change with OpId 2.5: config changed from index 4 to 5, VOTER ac62cfbc45b54a488096dcb6d8fbd15f (127.28.92.3) evicted. New config: { opid_index: 5 OBSOLETE_local: false peers { permanent_uuid: "d42555da267c4fdd9e10c157eace1a2b" member_type: VOTER last_known_addr { host: "127.28.92.2" port: 46361 } } peers { permanent_uuid: "678539a18f0c4d2cab927a313fce54e5" member_type: VOTER last_known_addr { host: "127.28.92.1" port: 38563 } } peers { permanent_uuid: "cd80d05c037b438eaba610c1519c0560" member_type: VOTER last_known_addr { host: "127.28.92.4" port: 37725 } attrs { promote: false } } }
I20260608 12:59:47.186300 32313 raft_consensus.cc:2955] T 4fb6a1e9ea684317bb4193ee1a933794 P cd80d05c037b438eaba610c1519c0560 [term 1 FOLLOWER]: Committing config change with OpId 1.3: config changed from index 2 to 3, ac62cfbc45b54a488096dcb6d8fbd15f (127.28.92.3) changed from NON_VOTER to VOTER. New config: { opid_index: 3 OBSOLETE_local: false peers { permanent_uuid: "678539a18f0c4d2cab927a313fce54e5" member_type: VOTER last_known_addr { host: "127.28.92.1" port: 38563 } } peers { permanent_uuid: "d42555da267c4fdd9e10c157eace1a2b" member_type: VOTER last_known_addr { host: "127.28.92.2" port: 46361 } } peers { permanent_uuid: "cd80d05c037b438eaba610c1519c0560" member_type: VOTER last_known_addr { host: "127.28.92.4" port: 37725 } attrs { replace: true } } peers { permanent_uuid: "ac62cfbc45b54a488096dcb6d8fbd15f" member_type: VOTER last_known_addr { host: "127.28.92.3" port: 42729 } attrs { promote: false } } }
I20260608 12:59:47.189157 31901 catalog_manager.cc:5209] ChangeConfig:REMOVE_PEER RPC for tablet a5552fd70b5543079d9333cda0d554cc with cas_config_opid_index 4: ChangeConfig:REMOVE_PEER succeeded (attempt 1)
I20260608 12:59:47.192739 32167 raft_consensus.cc:2955] T 4fb6a1e9ea684317bb4193ee1a933794 P ac62cfbc45b54a488096dcb6d8fbd15f [term 1 FOLLOWER]: Committing config change with OpId 1.3: config changed from index 2 to 3, ac62cfbc45b54a488096dcb6d8fbd15f (127.28.92.3) changed from NON_VOTER to VOTER. New config: { opid_index: 3 OBSOLETE_local: false peers { permanent_uuid: "678539a18f0c4d2cab927a313fce54e5" member_type: VOTER last_known_addr { host: "127.28.92.1" port: 38563 } } peers { permanent_uuid: "d42555da267c4fdd9e10c157eace1a2b" member_type: VOTER last_known_addr { host: "127.28.92.2" port: 46361 } } peers { permanent_uuid: "cd80d05c037b438eaba610c1519c0560" member_type: VOTER last_known_addr { host: "127.28.92.4" port: 37725 } attrs { replace: true } } peers { permanent_uuid: "ac62cfbc45b54a488096dcb6d8fbd15f" member_type: VOTER last_known_addr { host: "127.28.92.3" port: 42729 } attrs { promote: false } } }
I20260608 12:59:47.199276 32311 raft_consensus.cc:2955] T a5552fd70b5543079d9333cda0d554cc P cd80d05c037b438eaba610c1519c0560 [term 2 FOLLOWER]: Committing config change with OpId 2.5: config changed from index 4 to 5, VOTER ac62cfbc45b54a488096dcb6d8fbd15f (127.28.92.3) evicted. New config: { opid_index: 5 OBSOLETE_local: false peers { permanent_uuid: "d42555da267c4fdd9e10c157eace1a2b" member_type: VOTER last_known_addr { host: "127.28.92.2" port: 46361 } } peers { permanent_uuid: "678539a18f0c4d2cab927a313fce54e5" member_type: VOTER last_known_addr { host: "127.28.92.1" port: 38563 } } peers { permanent_uuid: "cd80d05c037b438eaba610c1519c0560" member_type: VOTER last_known_addr { host: "127.28.92.4" port: 37725 } attrs { promote: false } } }
I20260608 12:59:47.206636 31914 catalog_manager.cc:5696] T 4fb6a1e9ea684317bb4193ee1a933794 P ac62cfbc45b54a488096dcb6d8fbd15f reported cstate change: config changed from index 2 to 3, ac62cfbc45b54a488096dcb6d8fbd15f (127.28.92.3) changed from NON_VOTER to VOTER. New cstate: current_term: 1 leader_uuid: "d42555da267c4fdd9e10c157eace1a2b" committed_config { opid_index: 3 OBSOLETE_local: false peers { permanent_uuid: "678539a18f0c4d2cab927a313fce54e5" member_type: VOTER last_known_addr { host: "127.28.92.1" port: 38563 } } peers { permanent_uuid: "d42555da267c4fdd9e10c157eace1a2b" member_type: VOTER last_known_addr { host: "127.28.92.2" port: 46361 } } peers { permanent_uuid: "cd80d05c037b438eaba610c1519c0560" member_type: VOTER last_known_addr { host: "127.28.92.4" port: 37725 } attrs { replace: true } } peers { permanent_uuid: "ac62cfbc45b54a488096dcb6d8fbd15f" member_type: VOTER last_known_addr { host: "127.28.92.3" port: 42729 } attrs { promote: false } } }
I20260608 12:59:47.212100 31915 catalog_manager.cc:5696] T a5552fd70b5543079d9333cda0d554cc P 678539a18f0c4d2cab927a313fce54e5 reported cstate change: config changed from index 4 to 5, VOTER ac62cfbc45b54a488096dcb6d8fbd15f (127.28.92.3) evicted. New cstate: current_term: 2 leader_uuid: "678539a18f0c4d2cab927a313fce54e5" committed_config { opid_index: 5 OBSOLETE_local: false peers { permanent_uuid: "d42555da267c4fdd9e10c157eace1a2b" member_type: VOTER last_known_addr { host: "127.28.92.2" port: 46361 } health_report { overall_health: HEALTHY } } peers { permanent_uuid: "678539a18f0c4d2cab927a313fce54e5" member_type: VOTER last_known_addr { host: "127.28.92.1" port: 38563 } health_report { overall_health: HEALTHY } } peers { permanent_uuid: "cd80d05c037b438eaba610c1519c0560" member_type: VOTER last_known_addr { host: "127.28.92.4" port: 37725 } attrs { promote: false } health_report { overall_health: UNKNOWN } } }
I20260608 12:59:47.229357 32018 raft_consensus.cc:2955] T 4fb6a1e9ea684317bb4193ee1a933794 P 678539a18f0c4d2cab927a313fce54e5 [term 1 FOLLOWER]: Committing config change with OpId 1.3: config changed from index 2 to 3, ac62cfbc45b54a488096dcb6d8fbd15f (127.28.92.3) changed from NON_VOTER to VOTER. New config: { opid_index: 3 OBSOLETE_local: false peers { permanent_uuid: "678539a18f0c4d2cab927a313fce54e5" member_type: VOTER last_known_addr { host: "127.28.92.1" port: 38563 } } peers { permanent_uuid: "d42555da267c4fdd9e10c157eace1a2b" member_type: VOTER last_known_addr { host: "127.28.92.2" port: 46361 } } peers { permanent_uuid: "cd80d05c037b438eaba610c1519c0560" member_type: VOTER last_known_addr { host: "127.28.92.4" port: 37725 } attrs { replace: true } } peers { permanent_uuid: "ac62cfbc45b54a488096dcb6d8fbd15f" member_type: VOTER last_known_addr { host: "127.28.92.3" port: 42729 } attrs { promote: false } } }
I20260608 12:59:47.243871 32151 tablet_service.cc:1558] Processing DeleteTablet for tablet a5552fd70b5543079d9333cda0d554cc with delete_type TABLET_DATA_TOMBSTONED (TS ac62cfbc45b54a488096dcb6d8fbd15f not found in new config with opid_index 5) from {username='slave'} at 127.0.0.1:34756
I20260608 12:59:47.248026 32564 tablet_replica.cc:333] T a5552fd70b5543079d9333cda0d554cc P ac62cfbc45b54a488096dcb6d8fbd15f: stopping tablet replica
