I20260608 13:00:14.913792  1538 consensus_queue.cc:260] T 5a48d9ef1c234775a69655a60b7134e0 P 88c68a40ef6644f396cbed2d3409f3a4 [NON_LEADER]: Queue going to NON_LEADER mode. State: All replicated index: 0, Majority replicated index: 0, Committed index: 0, Last appended: 0.0, Last appended by leader: 0, Current term: 0, Majority size: -1, State: 0, Mode: NON_LEADER, active raft config: opid_index: -1 OBSOLETE_local: false peers { permanent_uuid: "60205308ffd4421cb72e793f41050a36" member_type: VOTER last_known_addr { host: "127.28.159.65" port: 41597 } } peers { permanent_uuid: "fd8a7821b03b4db38ca8dca1394561b8" member_type: VOTER last_known_addr { host: "127.28.159.66" port: 39623 } } peers { permanent_uuid: "88c68a40ef6644f396cbed2d3409f3a4" member_type: VOTER last_known_addr { host: "127.28.159.67" port: 37895 } }
I20260608 13:00:14.915413  1338 raft_consensus.cc:2468] T ece83dadc0034e4f828b459e3bd23eaf P 60205308ffd4421cb72e793f41050a36 [term 1 FOLLOWER]: Leader election vote request: Granting yes vote for candidate 88c68a40ef6644f396cbed2d3409f3a4 in term 1.
I20260608 13:00:14.916487  1538 ts_tablet_manager.cc:1434] T 5a48d9ef1c234775a69655a60b7134e0 P 88c68a40ef6644f396cbed2d3409f3a4: Time spent starting tablet: real 0.008s	user 0.007s	sys 0.000s
I20260608 13:00:14.916544  1566 raft_consensus.cc:515] T 553d7a7d8f2945ae8df4d540666871ec P 60205308ffd4421cb72e793f41050a36 [term 1 FOLLOWER]: Starting leader election with config: opid_index: -1 OBSOLETE_local: false peers { permanent_uuid: "60205308ffd4421cb72e793f41050a36" member_type: VOTER last_known_addr { host: "127.28.159.65" port: 41597 } } peers { permanent_uuid: "fd8a7821b03b4db38ca8dca1394561b8" member_type: VOTER last_known_addr { host: "127.28.159.66" port: 39623 } } peers { permanent_uuid: "88c68a40ef6644f396cbed2d3409f3a4" member_type: VOTER last_known_addr { host: "127.28.159.67" port: 37895 } }
I20260608 13:00:14.916700  1453 leader_election.cc:304] T ece83dadc0034e4f828b459e3bd23eaf P 88c68a40ef6644f396cbed2d3409f3a4 [CANDIDATE]: Term 1 election: Election decided. Result: candidate won. Election summary: received 3 responses out of 3 voters: 2 yes votes; 1 no votes. yes voters: 60205308ffd4421cb72e793f41050a36, 88c68a40ef6644f396cbed2d3409f3a4; no voters: fd8a7821b03b4db38ca8dca1394561b8
I20260608 13:00:14.917819  1547 raft_consensus.cc:2804] T ece83dadc0034e4f828b459e3bd23eaf P 88c68a40ef6644f396cbed2d3409f3a4 [term 1 FOLLOWER]: Leader election won for term 1
I20260608 13:00:14.918308  1547 raft_consensus.cc:697] T ece83dadc0034e4f828b459e3bd23eaf P 88c68a40ef6644f396cbed2d3409f3a4 [term 1 LEADER]: Becoming Leader. State: Replica: 88c68a40ef6644f396cbed2d3409f3a4, State: Running, Role: LEADER
I20260608 13:00:14.918967  1566 leader_election.cc:290] T 553d7a7d8f2945ae8df4d540666871ec P 60205308ffd4421cb72e793f41050a36 [CANDIDATE]: Term 1 election: Requested vote from peers fd8a7821b03b4db38ca8dca1394561b8 (127.28.159.66:39623), 88c68a40ef6644f396cbed2d3409f3a4 (127.28.159.67:37895)
I20260608 13:00:14.919200  1547 consensus_queue.cc:237] T ece83dadc0034e4f828b459e3bd23eaf P 88c68a40ef6644f396cbed2d3409f3a4 [LEADER]: Queue going to LEADER mode. State: All replicated index: 0, Majority replicated index: 0, Committed index: 0, Last appended: 0.0, Last appended by leader: 0, Current term: 1, Majority size: 2, State: 0, Mode: LEADER, active raft config: opid_index: -1 OBSOLETE_local: false peers { permanent_uuid: "60205308ffd4421cb72e793f41050a36" member_type: VOTER last_known_addr { host: "127.28.159.65" port: 41597 } } peers { permanent_uuid: "fd8a7821b03b4db38ca8dca1394561b8" member_type: VOTER last_known_addr { host: "127.28.159.66" port: 39623 } } peers { permanent_uuid: "88c68a40ef6644f396cbed2d3409f3a4" member_type: VOTER last_known_addr { host: "127.28.159.67" port: 37895 } }
I20260608 13:00:14.919756  1413 tablet_service.cc:1917] Received RequestConsensusVote() RPC: tablet_id: "553d7a7d8f2945ae8df4d540666871ec" candidate_uuid: "60205308ffd4421cb72e793f41050a36" candidate_term: 1 candidate_status { last_received { term: 0 index: 0 } } ignore_live_leader: false dest_uuid: "fd8a7821b03b4db38ca8dca1394561b8"
I20260608 13:00:14.920375  1413 raft_consensus.cc:3060] T 553d7a7d8f2945ae8df4d540666871ec P fd8a7821b03b4db38ca8dca1394561b8 [term 0 FOLLOWER]: Advancing to term 1
I20260608 13:00:14.920394  1538 tablet_bootstrap.cc:492] T c852a68db14d469d860c217f9e64c5a9 P 88c68a40ef6644f396cbed2d3409f3a4: Bootstrap starting.
I20260608 13:00:14.923069  1567 raft_consensus.cc:493] T 5a48d9ef1c234775a69655a60b7134e0 P 88c68a40ef6644f396cbed2d3409f3a4 [term 0 FOLLOWER]: Starting pre-election (no leader contacted us within the election timeout)
I20260608 13:00:14.923117  1488 tablet_service.cc:1917] Received RequestConsensusVote() RPC: tablet_id: "553d7a7d8f2945ae8df4d540666871ec" candidate_uuid: "60205308ffd4421cb72e793f41050a36" candidate_term: 1 candidate_status { last_received { term: 0 index: 0 } } ignore_live_leader: false dest_uuid: "88c68a40ef6644f396cbed2d3409f3a4"
I20260608 13:00:14.924034  1488 raft_consensus.cc:3060] T 553d7a7d8f2945ae8df4d540666871ec P 88c68a40ef6644f396cbed2d3409f3a4 [term 0 FOLLOWER]: Advancing to term 1
I20260608 13:00:14.923982  1567 raft_consensus.cc:515] T 5a48d9ef1c234775a69655a60b7134e0 P 88c68a40ef6644f396cbed2d3409f3a4 [term 0 FOLLOWER]: Starting pre-election with config: opid_index: -1 OBSOLETE_local: false peers { permanent_uuid: "60205308ffd4421cb72e793f41050a36" member_type: VOTER last_known_addr { host: "127.28.159.65" port: 41597 } } peers { permanent_uuid: "fd8a7821b03b4db38ca8dca1394561b8" member_type: VOTER last_known_addr { host: "127.28.159.66" port: 39623 } } peers { permanent_uuid: "88c68a40ef6644f396cbed2d3409f3a4" member_type: VOTER last_known_addr { host: "127.28.159.67" port: 37895 } }
I20260608 13:00:14.927019  1567 leader_election.cc:290] T 5a48d9ef1c234775a69655a60b7134e0 P 88c68a40ef6644f396cbed2d3409f3a4 [CANDIDATE]: Term 1 pre-election: Requested pre-vote from peers 60205308ffd4421cb72e793f41050a36 (127.28.159.65:41597), fd8a7821b03b4db38ca8dca1394561b8 (127.28.159.66:39623)
I20260608 13:00:14.927881  1338 tablet_service.cc:1917] Received RequestConsensusVote() RPC: tablet_id: "5a48d9ef1c234775a69655a60b7134e0" candidate_uuid: "88c68a40ef6644f396cbed2d3409f3a4" candidate_term: 1 candidate_status { last_received { term: 0 index: 0 } } ignore_live_leader: false dest_uuid: "60205308ffd4421cb72e793f41050a36" is_pre_election: true
I20260608 13:00:14.928395  1414 tablet_service.cc:1917] Received RequestConsensusVote() RPC: tablet_id: "5a48d9ef1c234775a69655a60b7134e0" candidate_uuid: "88c68a40ef6644f396cbed2d3409f3a4" candidate_term: 1 candidate_status { last_received { term: 0 index: 0 } } ignore_live_leader: false dest_uuid: "fd8a7821b03b4db38ca8dca1394561b8" is_pre_election: true
I20260608 13:00:14.928504  1338 raft_consensus.cc:2468] T 5a48d9ef1c234775a69655a60b7134e0 P 60205308ffd4421cb72e793f41050a36 [term 0 FOLLOWER]: Leader pre-election vote request: Granting yes vote for candidate 88c68a40ef6644f396cbed2d3409f3a4 in term 0.
I20260608 13:00:14.929103  1414 raft_consensus.cc:2468] T 5a48d9ef1c234775a69655a60b7134e0 P fd8a7821b03b4db38ca8dca1394561b8 [term 0 FOLLOWER]: Leader pre-election vote request: Granting yes vote for candidate 88c68a40ef6644f396cbed2d3409f3a4 in term 0.
I20260608 13:00:14.930291  1453 leader_election.cc:304] T 5a48d9ef1c234775a69655a60b7134e0 P 88c68a40ef6644f396cbed2d3409f3a4 [CANDIDATE]: Term 1 pre-election: Election decided. Result: candidate won. Election summary: received 2 responses out of 3 voters: 2 yes votes; 0 no votes. yes voters: 60205308ffd4421cb72e793f41050a36, 88c68a40ef6644f396cbed2d3409f3a4; no voters: 
I20260608 13:00:14.931284  1567 raft_consensus.cc:2804] T 5a48d9ef1c234775a69655a60b7134e0 P 88c68a40ef6644f396cbed2d3409f3a4 [term 0 FOLLOWER]: Leader pre-election won for term 1
I20260608 13:00:14.931695  1567 raft_consensus.cc:493] T 5a48d9ef1c234775a69655a60b7134e0 P 88c68a40ef6644f396cbed2d3409f3a4 [term 0 FOLLOWER]: Starting leader election (no leader contacted us within the election timeout)
I20260608 13:00:14.931589  1413 raft_consensus.cc:2468] T 553d7a7d8f2945ae8df4d540666871ec P fd8a7821b03b4db38ca8dca1394561b8 [term 1 FOLLOWER]: Leader election vote request: Granting yes vote for candidate 60205308ffd4421cb72e793f41050a36 in term 1.
I20260608 13:00:14.932325  1567 raft_consensus.cc:3060] T 5a48d9ef1c234775a69655a60b7134e0 P 88c68a40ef6644f396cbed2d3409f3a4 [term 0 FOLLOWER]: Advancing to term 1
I20260608 13:00:14.932482  1488 raft_consensus.cc:2468] T 553d7a7d8f2945ae8df4d540666871ec P 88c68a40ef6644f396cbed2d3409f3a4 [term 1 FOLLOWER]: Leader election vote request: Granting yes vote for candidate 60205308ffd4421cb72e793f41050a36 in term 1.
I20260608 13:00:14.933240  1302 leader_election.cc:304] T 553d7a7d8f2945ae8df4d540666871ec P 60205308ffd4421cb72e793f41050a36 [CANDIDATE]: Term 1 election: Election decided. Result: candidate won. Election summary: received 2 responses out of 3 voters: 2 yes votes; 0 no votes. yes voters: 60205308ffd4421cb72e793f41050a36, fd8a7821b03b4db38ca8dca1394561b8; no voters: 
I20260608 13:00:14.934119  1566 raft_consensus.cc:2804] T 553d7a7d8f2945ae8df4d540666871ec P 60205308ffd4421cb72e793f41050a36 [term 1 FOLLOWER]: Leader election won for term 1
I20260608 13:00:14.934669  1566 raft_consensus.cc:697] T 553d7a7d8f2945ae8df4d540666871ec P 60205308ffd4421cb72e793f41050a36 [term 1 LEADER]: Becoming Leader. State: Replica: 60205308ffd4421cb72e793f41050a36, State: Running, Role: LEADER
I20260608 13:00:14.935492  1566 consensus_queue.cc:237] T 553d7a7d8f2945ae8df4d540666871ec P 60205308ffd4421cb72e793f41050a36 [LEADER]: Queue going to LEADER mode. State: All replicated index: 0, Majority replicated index: 0, Committed index: 0, Last appended: 0.0, Last appended by leader: 0, Current term: 1, Majority size: 2, State: 0, Mode: LEADER, active raft config: opid_index: -1 OBSOLETE_local: false peers { permanent_uuid: "60205308ffd4421cb72e793f41050a36" member_type: VOTER last_known_addr { host: "127.28.159.65" port: 41597 } } peers { permanent_uuid: "fd8a7821b03b4db38ca8dca1394561b8" member_type: VOTER last_known_addr { host: "127.28.159.66" port: 39623 } } peers { permanent_uuid: "88c68a40ef6644f396cbed2d3409f3a4" member_type: VOTER last_known_addr { host: "127.28.159.67" port: 37895 } }
I20260608 13:00:14.939546  1567 raft_consensus.cc:515] T 5a48d9ef1c234775a69655a60b7134e0 P 88c68a40ef6644f396cbed2d3409f3a4 [term 1 FOLLOWER]: Starting leader election with config: opid_index: -1 OBSOLETE_local: false peers { permanent_uuid: "60205308ffd4421cb72e793f41050a36" member_type: VOTER last_known_addr { host: "127.28.159.65" port: 41597 } } peers { permanent_uuid: "fd8a7821b03b4db38ca8dca1394561b8" member_type: VOTER last_known_addr { host: "127.28.159.66" port: 39623 } } peers { permanent_uuid: "88c68a40ef6644f396cbed2d3409f3a4" member_type: VOTER last_known_addr { host: "127.28.159.67" port: 37895 } }
I20260608 13:00:14.940708  1538 tablet_bootstrap.cc:654] T c852a68db14d469d860c217f9e64c5a9 P 88c68a40ef6644f396cbed2d3409f3a4: Neither blocks nor log segments found. Creating new log.
I20260608 13:00:14.942106  1567 leader_election.cc:290] T 5a48d9ef1c234775a69655a60b7134e0 P 88c68a40ef6644f396cbed2d3409f3a4 [CANDIDATE]: Term 1 election: Requested vote from peers 60205308ffd4421cb72e793f41050a36 (127.28.159.65:41597), fd8a7821b03b4db38ca8dca1394561b8 (127.28.159.66:39623)
I20260608 13:00:14.943262  1338 tablet_service.cc:1917] Received RequestConsensusVote() RPC: tablet_id: "5a48d9ef1c234775a69655a60b7134e0" candidate_uuid: "88c68a40ef6644f396cbed2d3409f3a4" candidate_term: 1 candidate_status { last_received { term: 0 index: 0 } } ignore_live_leader: false dest_uuid: "60205308ffd4421cb72e793f41050a36"
I20260608 13:00:14.950088  1338 raft_consensus.cc:3060] T 5a48d9ef1c234775a69655a60b7134e0 P 60205308ffd4421cb72e793f41050a36 [term 0 FOLLOWER]: Advancing to term 1
I20260608 13:00:14.944512  1413 tablet_service.cc:1917] Received RequestConsensusVote() RPC: tablet_id: "5a48d9ef1c234775a69655a60b7134e0" candidate_uuid: "88c68a40ef6644f396cbed2d3409f3a4" candidate_term: 1 candidate_status { last_received { term: 0 index: 0 } } ignore_live_leader: false dest_uuid: "fd8a7821b03b4db38ca8dca1394561b8"
I20260608 13:00:14.946372  1235 catalog_manager.cc:5696] T 553d7a7d8f2945ae8df4d540666871ec P 60205308ffd4421cb72e793f41050a36 reported cstate change: term changed from 0 to 1, leader changed from <none> to 60205308ffd4421cb72e793f41050a36 (127.28.159.65). New cstate: current_term: 1 leader_uuid: "60205308ffd4421cb72e793f41050a36" committed_config { opid_index: -1 OBSOLETE_local: false peers { permanent_uuid: "60205308ffd4421cb72e793f41050a36" member_type: VOTER last_known_addr { host: "127.28.159.65" port: 41597 } health_report { overall_health: HEALTHY } } peers { permanent_uuid: "fd8a7821b03b4db38ca8dca1394561b8" member_type: VOTER last_known_addr { host: "127.28.159.66" port: 39623 } health_report { overall_health: UNKNOWN } } peers { permanent_uuid: "88c68a40ef6644f396cbed2d3409f3a4" member_type: VOTER last_known_addr { host: "127.28.159.67" port: 37895 } health_report { overall_health: UNKNOWN } } }
I20260608 13:00:14.948972  1233 catalog_manager.cc:5696] T ece83dadc0034e4f828b459e3bd23eaf P 88c68a40ef6644f396cbed2d3409f3a4 reported cstate change: term changed from 0 to 1, leader changed from <none> to 88c68a40ef6644f396cbed2d3409f3a4 (127.28.159.67). New cstate: current_term: 1 leader_uuid: "88c68a40ef6644f396cbed2d3409f3a4" committed_config { opid_index: -1 OBSOLETE_local: false peers { permanent_uuid: "60205308ffd4421cb72e793f41050a36" member_type: VOTER last_known_addr { host: "127.28.159.65" port: 41597 } health_report { overall_health: UNKNOWN } } peers { permanent_uuid: "fd8a7821b03b4db38ca8dca1394561b8" member_type: VOTER last_known_addr { host: "127.28.159.66" port: 39623 } health_report { overall_health: UNKNOWN } } peers { permanent_uuid: "88c68a40ef6644f396cbed2d3409f3a4" member_type: VOTER last_known_addr { host: "127.28.159.67" port: 37895 } health_report { overall_health: HEALTHY } } }
I20260608 13:00:14.950819  1413 raft_consensus.cc:3060] T 5a48d9ef1c234775a69655a60b7134e0 P fd8a7821b03b4db38ca8dca1394561b8 [term 0 FOLLOWER]: Advancing to term 1
I20260608 13:00:14.957930  1566 consensus_queue.cc:1048] T 0cdd2370beca4ce7a02347b1057cfda2 P 60205308ffd4421cb72e793f41050a36 [LEADER]: Connected to new peer: Peer: permanent_uuid: "88c68a40ef6644f396cbed2d3409f3a4" member_type: VOTER last_known_addr { host: "127.28.159.67" port: 37895 }, Status: LMP_MISMATCH, Last received: 0.0, Next index: 1, Last known committed idx: 0, Time since last communication: 0.001s
I20260608 13:00:14.958220  1413 raft_consensus.cc:2468] T 5a48d9ef1c234775a69655a60b7134e0 P fd8a7821b03b4db38ca8dca1394561b8 [term 1 FOLLOWER]: Leader election vote request: Granting yes vote for candidate 88c68a40ef6644f396cbed2d3409f3a4 in term 1.
I20260608 13:00:14.959712  1451 leader_election.cc:304] T 5a48d9ef1c234775a69655a60b7134e0 P 88c68a40ef6644f396cbed2d3409f3a4 [CANDIDATE]: Term 1 election: Election decided. Result: candidate won. Election summary: received 2 responses out of 3 voters: 2 yes votes; 0 no votes. yes voters: 88c68a40ef6644f396cbed2d3409f3a4, fd8a7821b03b4db38ca8dca1394561b8; no voters: 
I20260608 13:00:14.960436  1538 tablet_bootstrap.cc:492] T c852a68db14d469d860c217f9e64c5a9 P 88c68a40ef6644f396cbed2d3409f3a4: No bootstrap required, opened a new log
I20260608 13:00:14.960955  1538 ts_tablet_manager.cc:1403] T c852a68db14d469d860c217f9e64c5a9 P 88c68a40ef6644f396cbed2d3409f3a4: Time spent bootstrapping tablet: real 0.041s	user 0.016s	sys 0.002s
I20260608 13:00:14.961079  1547 raft_consensus.cc:2804] T 5a48d9ef1c234775a69655a60b7134e0 P 88c68a40ef6644f396cbed2d3409f3a4 [term 1 FOLLOWER]: Leader election won for term 1
I20260608 13:00:14.966244  1538 raft_consensus.cc:359] T c852a68db14d469d860c217f9e64c5a9 P 88c68a40ef6644f396cbed2d3409f3a4 [term 0 FOLLOWER]: Replica starting. Triggering 0 pending ops. Active config: opid_index: -1 OBSOLETE_local: false peers { permanent_uuid: "60205308ffd4421cb72e793f41050a36" member_type: VOTER last_known_addr { host: "127.28.159.65" port: 41597 } } peers { permanent_uuid: "fd8a7821b03b4db38ca8dca1394561b8" member_type: VOTER last_known_addr { host: "127.28.159.66" port: 39623 } } peers { permanent_uuid: "88c68a40ef6644f396cbed2d3409f3a4" member_type: VOTER last_known_addr { host: "127.28.159.67" port: 37895 } }
I20260608 13:00:14.966966  1538 raft_consensus.cc:385] T c852a68db14d469d860c217f9e64c5a9 P 88c68a40ef6644f396cbed2d3409f3a4 [term 0 FOLLOWER]: Consensus starting up: Expiring failure detector timer to make a prompt election more likely
I20260608 13:00:14.967307  1538 raft_consensus.cc:740] T c852a68db14d469d860c217f9e64c5a9 P 88c68a40ef6644f396cbed2d3409f3a4 [term 0 FOLLOWER]: Becoming Follower/Learner. State: Replica: 88c68a40ef6644f396cbed2d3409f3a4, State: Initialized, Role: FOLLOWER
I20260608 13:00:14.968989  1538 consensus_queue.cc:260] T c852a68db14d469d860c217f9e64c5a9 P 88c68a40ef6644f396cbed2d3409f3a4 [NON_LEADER]: Queue going to NON_LEADER mode. State: All replicated index: 0, Majority replicated index: 0, Committed index: 0, Last appended: 0.0, Last appended by leader: 0, Current term: 0, Majority size: -1, State: 0, Mode: NON_LEADER, active raft config: opid_index: -1 OBSOLETE_local: false peers { permanent_uuid: "60205308ffd4421cb72e793f41050a36" member_type: VOTER last_known_addr { host: "127.28.159.65" port: 41597 } } peers { permanent_uuid: "fd8a7821b03b4db38ca8dca1394561b8" member_type: VOTER last_known_addr { host: "127.28.159.66" port: 39623 } } peers { permanent_uuid: "88c68a40ef6644f396cbed2d3409f3a4" member_type: VOTER last_known_addr { host: "127.28.159.67" port: 37895 } }
I20260608 13:00:14.969868  1537 raft_consensus.cc:493] T 23351e8f21104b98bb487cb887029afd P fd8a7821b03b4db38ca8dca1394561b8 [term 0 FOLLOWER]: Starting pre-election (no leader contacted us within the election timeout)
I20260608 13:00:14.970566  1537 raft_consensus.cc:515] T 23351e8f21104b98bb487cb887029afd P fd8a7821b03b4db38ca8dca1394561b8 [term 0 FOLLOWER]: Starting pre-election with config: opid_index: -1 OBSOLETE_local: false peers { permanent_uuid: "60205308ffd4421cb72e793f41050a36" member_type: VOTER last_known_addr { host: "127.28.159.65" port: 41597 } } peers { permanent_uuid: "fd8a7821b03b4db38ca8dca1394561b8" member_type: VOTER last_known_addr { host: "127.28.159.66" port: 39623 } } peers { permanent_uuid: "88c68a40ef6644f396cbed2d3409f3a4" member_type: VOTER last_known_addr { host: "127.28.159.67" port: 37895 } }
I20260608 13:00:14.971868  1538 ts_tablet_manager.cc:1434] T c852a68db14d469d860c217f9e64c5a9 P 88c68a40ef6644f396cbed2d3409f3a4: Time spent starting tablet: real 0.011s	user 0.008s	sys 0.000s
I20260608 13:00:14.972937  1538 tablet_bootstrap.cc:492] T 94c737c255054f0387644c532542445c P 88c68a40ef6644f396cbed2d3409f3a4: Bootstrap starting.
I20260608 13:00:14.973520  1537 leader_election.cc:290] T 23351e8f21104b98bb487cb887029afd P fd8a7821b03b4db38ca8dca1394561b8 [CANDIDATE]: Term 1 pre-election: Requested pre-vote from peers 60205308ffd4421cb72e793f41050a36 (127.28.159.65:41597), 88c68a40ef6644f396cbed2d3409f3a4 (127.28.159.67:37895)
I20260608 13:00:14.976038  1487 tablet_service.cc:1917] Received RequestConsensusVote() RPC: tablet_id: "23351e8f21104b98bb487cb887029afd" candidate_uuid: "fd8a7821b03b4db38ca8dca1394561b8" candidate_term: 1 candidate_status { last_received { term: 0 index: 0 } } ignore_live_leader: false dest_uuid: "88c68a40ef6644f396cbed2d3409f3a4" is_pre_election: true
I20260608 13:00:14.976132  1339 tablet_service.cc:1917] Received RequestConsensusVote() RPC: tablet_id: "23351e8f21104b98bb487cb887029afd" candidate_uuid: "fd8a7821b03b4db38ca8dca1394561b8" candidate_term: 1 candidate_status { last_received { term: 0 index: 0 } } ignore_live_leader: false dest_uuid: "60205308ffd4421cb72e793f41050a36" is_pre_election: true
I20260608 13:00:14.977311  1487 raft_consensus.cc:2393] T 23351e8f21104b98bb487cb887029afd P 88c68a40ef6644f396cbed2d3409f3a4 [term 1 FOLLOWER]: Leader pre-election vote request: Denying vote to candidate fd8a7821b03b4db38ca8dca1394561b8 in current term 1: Already voted for candidate 60205308ffd4421cb72e793f41050a36 in this term.
I20260608 13:00:14.979609  1379 leader_election.cc:304] T 23351e8f21104b98bb487cb887029afd P fd8a7821b03b4db38ca8dca1394561b8 [CANDIDATE]: Term 1 pre-election: Election decided. Result: candidate lost. Election summary: received 3 responses out of 3 voters: 1 yes votes; 2 no votes. yes voters: fd8a7821b03b4db38ca8dca1394561b8; no voters: 60205308ffd4421cb72e793f41050a36, 88c68a40ef6644f396cbed2d3409f3a4
I20260608 13:00:14.981333  1537 raft_consensus.cc:3060] T 23351e8f21104b98bb487cb887029afd P fd8a7821b03b4db38ca8dca1394561b8 [term 0 FOLLOWER]: Advancing to term 1
I20260608 13:00:14.985545  1538 tablet_bootstrap.cc:654] T 94c737c255054f0387644c532542445c P 88c68a40ef6644f396cbed2d3409f3a4: Neither blocks nor log segments found. Creating new log.
I20260608 13:00:14.988430  1566 consensus_queue.cc:1048] T 5abd713b860b4a358e895b25e1e9f539 P 60205308ffd4421cb72e793f41050a36 [LEADER]: Connected to new peer: Peer: permanent_uuid: "88c68a40ef6644f396cbed2d3409f3a4" member_type: VOTER last_known_addr { host: "127.28.159.67" port: 37895 }, Status: LMP_MISMATCH, Last received: 0.0, Next index: 1, Last known committed idx: 0, Time since last communication: 0.001s
I20260608 13:00:14.988674  1338 raft_consensus.cc:2468] T 5a48d9ef1c234775a69655a60b7134e0 P 60205308ffd4421cb72e793f41050a36 [term 1 FOLLOWER]: Leader election vote request: Granting yes vote for candidate 88c68a40ef6644f396cbed2d3409f3a4 in term 1.
I20260608 13:00:14.990309  1547 raft_consensus.cc:697] T 5a48d9ef1c234775a69655a60b7134e0 P 88c68a40ef6644f396cbed2d3409f3a4 [term 1 LEADER]: Becoming Leader. State: Replica: 88c68a40ef6644f396cbed2d3409f3a4, State: Running, Role: LEADER
I20260608 13:00:14.993115  1547 consensus_queue.cc:237] T 5a48d9ef1c234775a69655a60b7134e0 P 88c68a40ef6644f396cbed2d3409f3a4 [LEADER]: Queue going to LEADER mode. State: All replicated index: 0, Majority replicated index: 0, Committed index: 0, Last appended: 0.0, Last appended by leader: 0, Current term: 1, Majority size: 2, State: 0, Mode: LEADER, active raft config: opid_index: -1 OBSOLETE_local: false peers { permanent_uuid: "60205308ffd4421cb72e793f41050a36" member_type: VOTER last_known_addr { host: "127.28.159.65" port: 41597 } } peers { permanent_uuid: "fd8a7821b03b4db38ca8dca1394561b8" member_type: VOTER last_known_addr { host: "127.28.159.66" port: 39623 } } peers { permanent_uuid: "88c68a40ef6644f396cbed2d3409f3a4" member_type: VOTER last_known_addr { host: "127.28.159.67" port: 37895 } }
I20260608 13:00:14.996294  1537 raft_consensus.cc:2749] T 23351e8f21104b98bb487cb887029afd P fd8a7821b03b4db38ca8dca1394561b8 [term 1 FOLLOWER]: Leader pre-election lost for term 1. Reason: could not achieve majority
I20260608 13:00:14.999239  1538 tablet_bootstrap.cc:492] T 94c737c255054f0387644c532542445c P 88c68a40ef6644f396cbed2d3409f3a4: No bootstrap required, opened a new log
I20260608 13:00:14.999841  1538 ts_tablet_manager.cc:1403] T 94c737c255054f0387644c532542445c P 88c68a40ef6644f396cbed2d3409f3a4: Time spent bootstrapping tablet: real 0.027s	user 0.009s	sys 0.003s
I20260608 13:00:15.003355  1544 consensus_queue.cc:1048] T 0cdd2370beca4ce7a02347b1057cfda2 P 60205308ffd4421cb72e793f41050a36 [LEADER]: Connected to new peer: Peer: permanent_uuid: "fd8a7821b03b4db38ca8dca1394561b8" member_type: VOTER last_known_addr { host: "127.28.159.66" port: 39623 }, Status: LMP_MISMATCH, Last received: 0.0, Next index: 1, Last known committed idx: 0, Time since last communication: 0.000s
I20260608 13:00:15.003821  1538 raft_consensus.cc:359] T 94c737c255054f0387644c532542445c P 88c68a40ef6644f396cbed2d3409f3a4 [term 0 FOLLOWER]: Replica starting. Triggering 0 pending ops. Active config: opid_index: -1 OBSOLETE_local: false peers { permanent_uuid: "60205308ffd4421cb72e793f41050a36" member_type: VOTER last_known_addr { host: "127.28.159.65" port: 41597 } } peers { permanent_uuid: "fd8a7821b03b4db38ca8dca1394561b8" member_type: VOTER last_known_addr { host: "127.28.159.66" port: 39623 } } peers { permanent_uuid: "88c68a40ef6644f396cbed2d3409f3a4" member_type: VOTER last_known_addr { host: "127.28.159.67" port: 37895 } }
I20260608 13:00:15.004720  1538 raft_consensus.cc:385] T 94c737c255054f0387644c532542445c P 88c68a40ef6644f396cbed2d3409f3a4 [term 0 FOLLOWER]: Consensus starting up: Expiring failure detector timer to make a prompt election more likely
I20260608 13:00:15.005295  1538 raft_consensus.cc:740] T 94c737c255054f0387644c532542445c P 88c68a40ef6644f396cbed2d3409f3a4 [term 0 FOLLOWER]: Becoming Follower/Learner. State: Replica: 88c68a40ef6644f396cbed2d3409f3a4, State: Initialized, Role: FOLLOWER
I20260608 13:00:15.006291  1538 consensus_queue.cc:260] T 94c737c255054f0387644c532542445c P 88c68a40ef6644f396cbed2d3409f3a4 [NON_LEADER]: Queue going to NON_LEADER mode. State: All replicated index: 0, Majority replicated index: 0, Committed index: 0, Last appended: 0.0, Last appended by leader: 0, Current term: 0, Majority size: -1, State: 0, Mode: NON_LEADER, active raft config: opid_index: -1 OBSOLETE_local: false peers { permanent_uuid: "60205308ffd4421cb72e793f41050a36" member_type: VOTER last_known_addr { host: "127.28.159.65" port: 41597 } } peers { permanent_uuid: "fd8a7821b03b4db38ca8dca1394561b8" member_type: VOTER last_known_addr { host: "127.28.159.66" port: 39623 } } peers { permanent_uuid: "88c68a40ef6644f396cbed2d3409f3a4" member_type: VOTER last_known_addr { host: "127.28.159.67" port: 37895 } }
I20260608 13:00:15.004905  1544 consensus_queue.cc:1048] T 5abd713b860b4a358e895b25e1e9f539 P 60205308ffd4421cb72e793f41050a36 [LEADER]: Connected to new peer: Peer: permanent_uuid: "fd8a7821b03b4db38ca8dca1394561b8" member_type: VOTER last_known_addr { host: "127.28.159.66" port: 39623 }, Status: LMP_MISMATCH, Last received: 0.0, Next index: 1, Last known committed idx: 0, Time since last communication: 0.001s
I20260608 13:00:15.009153  1538 ts_tablet_manager.cc:1434] T 94c737c255054f0387644c532542445c P 88c68a40ef6644f396cbed2d3409f3a4: Time spent starting tablet: real 0.009s	user 0.007s	sys 0.000s
I20260608 13:00:15.024413  1537 raft_consensus.cc:493] T 94c737c255054f0387644c532542445c P fd8a7821b03b4db38ca8dca1394561b8 [term 0 FOLLOWER]: Starting pre-election (no leader contacted us within the election timeout)
I20260608 13:00:15.024969  1537 raft_consensus.cc:515] T 94c737c255054f0387644c532542445c P fd8a7821b03b4db38ca8dca1394561b8 [term 0 FOLLOWER]: Starting pre-election with config: opid_index: -1 OBSOLETE_local: false peers { permanent_uuid: "60205308ffd4421cb72e793f41050a36" member_type: VOTER last_known_addr { host: "127.28.159.65" port: 41597 } } peers { permanent_uuid: "fd8a7821b03b4db38ca8dca1394561b8" member_type: VOTER last_known_addr { host: "127.28.159.66" port: 39623 } } peers { permanent_uuid: "88c68a40ef6644f396cbed2d3409f3a4" member_type: VOTER last_known_addr { host: "127.28.159.67" port: 37895 } }
I20260608 13:00:15.027335  1537 leader_election.cc:290] T 94c737c255054f0387644c532542445c P fd8a7821b03b4db38ca8dca1394561b8 [CANDIDATE]: Term 1 pre-election: Requested pre-vote from peers 60205308ffd4421cb72e793f41050a36 (127.28.159.65:41597), 88c68a40ef6644f396cbed2d3409f3a4 (127.28.159.67:37895)
I20260608 13:00:15.028033  1338 tablet_service.cc:1917] Received RequestConsensusVote() RPC: tablet_id: "94c737c255054f0387644c532542445c" candidate_uuid: "fd8a7821b03b4db38ca8dca1394561b8" candidate_term: 1 candidate_status { last_received { term: 0 index: 0 } } ignore_live_leader: false dest_uuid: "60205308ffd4421cb72e793f41050a36" is_pre_election: true
I20260608 13:00:15.029023  1338 raft_consensus.cc:2468] T 94c737c255054f0387644c532542445c P 60205308ffd4421cb72e793f41050a36 [term 0 FOLLOWER]: Leader pre-election vote request: Granting yes vote for candidate fd8a7821b03b4db38ca8dca1394561b8 in term 0.
I20260608 13:00:15.028486  1233 catalog_manager.cc:5696] T 5a48d9ef1c234775a69655a60b7134e0 P 88c68a40ef6644f396cbed2d3409f3a4 reported cstate change: term changed from 0 to 1, leader changed from <none> to 88c68a40ef6644f396cbed2d3409f3a4 (127.28.159.67). New cstate: current_term: 1 leader_uuid: "88c68a40ef6644f396cbed2d3409f3a4" committed_config { opid_index: -1 OBSOLETE_local: false peers { permanent_uuid: "60205308ffd4421cb72e793f41050a36" member_type: VOTER last_known_addr { host: "127.28.159.65" port: 41597 } health_report { overall_health: UNKNOWN } } peers { permanent_uuid: "fd8a7821b03b4db38ca8dca1394561b8" member_type: VOTER last_known_addr { host: "127.28.159.66" port: 39623 } health_report { overall_health: UNKNOWN } } peers { permanent_uuid: "88c68a40ef6644f396cbed2d3409f3a4" member_type: VOTER last_known_addr { host: "127.28.159.67" port: 37895 } health_report { overall_health: HEALTHY } } }
I20260608 13:00:15.030539  1379 leader_election.cc:304] T 94c737c255054f0387644c532542445c P fd8a7821b03b4db38ca8dca1394561b8 [CANDIDATE]: Term 1 pre-election: Election decided. Result: candidate won. Election summary: received 2 responses out of 3 voters: 2 yes votes; 0 no votes. yes voters: 60205308ffd4421cb72e793f41050a36, fd8a7821b03b4db38ca8dca1394561b8; no voters: 
I20260608 13:00:15.031711  1589 raft_consensus.cc:2804] T 94c737c255054f0387644c532542445c P fd8a7821b03b4db38ca8dca1394561b8 [term 0 FOLLOWER]: Leader pre-election won for term 1
I20260608 13:00:15.032073  1589 raft_consensus.cc:493] T 94c737c255054f0387644c532542445c P fd8a7821b03b4db38ca8dca1394561b8 [term 0 FOLLOWER]: Starting leader election (no leader contacted us within the election timeout)
I20260608 13:00:15.032392  1589 raft_consensus.cc:3060] T 94c737c255054f0387644c532542445c P fd8a7821b03b4db38ca8dca1394561b8 [term 0 FOLLOWER]: Advancing to term 1
I20260608 13:00:15.032954  1488 tablet_service.cc:1917] Received RequestConsensusVote() RPC: tablet_id: "94c737c255054f0387644c532542445c" candidate_uuid: "fd8a7821b03b4db38ca8dca1394561b8" candidate_term: 1 candidate_status { last_received { term: 0 index: 0 } } ignore_live_leader: false dest_uuid: "88c68a40ef6644f396cbed2d3409f3a4" is_pre_election: true
I20260608 13:00:15.033656  1488 raft_consensus.cc:2468] T 94c737c255054f0387644c532542445c P 88c68a40ef6644f396cbed2d3409f3a4 [term 0 FOLLOWER]: Leader pre-election vote request: Granting yes vote for candidate fd8a7821b03b4db38ca8dca1394561b8 in term 0.
I20260608 13:00:15.044430  1589 raft_consensus.cc:515] T 94c737c255054f0387644c532542445c P fd8a7821b03b4db38ca8dca1394561b8 [term 1 FOLLOWER]: Starting leader election with config: opid_index: -1 OBSOLETE_local: false peers { permanent_uuid: "60205308ffd4421cb72e793f41050a36" member_type: VOTER last_known_addr { host: "127.28.159.65" port: 41597 } } peers { permanent_uuid: "fd8a7821b03b4db38ca8dca1394561b8" member_type: VOTER last_known_addr { host: "127.28.159.66" port: 39623 } } peers { permanent_uuid: "88c68a40ef6644f396cbed2d3409f3a4" member_type: VOTER last_known_addr { host: "127.28.159.67" port: 37895 } }
I20260608 13:00:15.053988  1338 tablet_service.cc:1917] Received RequestConsensusVote() RPC: tablet_id: "94c737c255054f0387644c532542445c" candidate_uuid: "fd8a7821b03b4db38ca8dca1394561b8" candidate_term: 1 candidate_status { last_received { term: 0 index: 0 } } ignore_live_leader: false dest_uuid: "60205308ffd4421cb72e793f41050a36"
I20260608 13:00:15.054641  1338 raft_consensus.cc:3060] T 94c737c255054f0387644c532542445c P 60205308ffd4421cb72e793f41050a36 [term 0 FOLLOWER]: Advancing to term 1
I20260608 13:00:15.057988  1589 leader_election.cc:290] T 94c737c255054f0387644c532542445c P fd8a7821b03b4db38ca8dca1394561b8 [CANDIDATE]: Term 1 election: Requested vote from peers 60205308ffd4421cb72e793f41050a36 (127.28.159.65:41597), 88c68a40ef6644f396cbed2d3409f3a4 (127.28.159.67:37895)
I20260608 13:00:15.059209  1488 tablet_service.cc:1917] Received RequestConsensusVote() RPC: tablet_id: "94c737c255054f0387644c532542445c" candidate_uuid: "fd8a7821b03b4db38ca8dca1394561b8" candidate_term: 1 candidate_status { last_received { term: 0 index: 0 } } ignore_live_leader: false dest_uuid: "88c68a40ef6644f396cbed2d3409f3a4"
I20260608 13:00:15.059805  1488 raft_consensus.cc:3060] T 94c737c255054f0387644c532542445c P 88c68a40ef6644f396cbed2d3409f3a4 [term 0 FOLLOWER]: Advancing to term 1
I20260608 13:00:15.061945  1338 raft_consensus.cc:2468] T 94c737c255054f0387644c532542445c P 60205308ffd4421cb72e793f41050a36 [term 1 FOLLOWER]: Leader election vote request: Granting yes vote for candidate fd8a7821b03b4db38ca8dca1394561b8 in term 1.
I20260608 13:00:15.063017  1379 leader_election.cc:304] T 94c737c255054f0387644c532542445c P fd8a7821b03b4db38ca8dca1394561b8 [CANDIDATE]: Term 1 election: Election decided. Result: candidate won. Election summary: received 2 responses out of 3 voters: 2 yes votes; 0 no votes. yes voters: 60205308ffd4421cb72e793f41050a36, fd8a7821b03b4db38ca8dca1394561b8; no voters: 
I20260608 13:00:15.063866  1589 raft_consensus.cc:2804] T 94c737c255054f0387644c532542445c P fd8a7821b03b4db38ca8dca1394561b8 [term 1 FOLLOWER]: Leader election won for term 1
I20260608 13:00:15.064306  1589 raft_consensus.cc:697] T 94c737c255054f0387644c532542445c P fd8a7821b03b4db38ca8dca1394561b8 [term 1 LEADER]: Becoming Leader. State: Replica: fd8a7821b03b4db38ca8dca1394561b8, State: Running, Role: LEADER
I20260608 13:00:15.065194  1589 consensus_queue.cc:237] T 94c737c255054f0387644c532542445c P fd8a7821b03b4db38ca8dca1394561b8 [LEADER]: Queue going to LEADER mode. State: All replicated index: 0, Majority replicated index: 0, Committed index: 0, Last appended: 0.0, Last appended by leader: 0, Current term: 1, Majority size: 2, State: 0, Mode: LEADER, active raft config: opid_index: -1 OBSOLETE_local: false peers { permanent_uuid: "60205308ffd4421cb72e793f41050a36" member_type: VOTER last_known_addr { host: "127.28.159.65" port: 41597 } } peers { permanent_uuid: "fd8a7821b03b4db38ca8dca1394561b8" member_type: VOTER last_known_addr { host: "127.28.159.66" port: 39623 } } peers { permanent_uuid: "88c68a40ef6644f396cbed2d3409f3a4" member_type: VOTER last_known_addr { host: "127.28.159.67" port: 37895 } }
I20260608 13:00:15.066454  1488 raft_consensus.cc:2468] T 94c737c255054f0387644c532542445c P 88c68a40ef6644f396cbed2d3409f3a4 [term 1 FOLLOWER]: Leader election vote request: Granting yes vote for candidate fd8a7821b03b4db38ca8dca1394561b8 in term 1.
I20260608 13:00:15.074774  1235 catalog_manager.cc:5696] T 94c737c255054f0387644c532542445c P fd8a7821b03b4db38ca8dca1394561b8 reported cstate change: term changed from 0 to 1, leader changed from <none> to fd8a7821b03b4db38ca8dca1394561b8 (127.28.159.66). New cstate: current_term: 1 leader_uuid: "fd8a7821b03b4db38ca8dca1394561b8" committed_config { opid_index: -1 OBSOLETE_local: false peers { permanent_uuid: "60205308ffd4421cb72e793f41050a36" member_type: VOTER last_known_addr { host: "127.28.159.65" port: 41597 } health_report { overall_health: UNKNOWN } } peers { permanent_uuid: "fd8a7821b03b4db38ca8dca1394561b8" member_type: VOTER last_known_addr { host: "127.28.159.66" port: 39623 } health_report { overall_health: HEALTHY } } peers { permanent_uuid: "88c68a40ef6644f396cbed2d3409f3a4" member_type: VOTER last_known_addr { host: "127.28.159.67" port: 37895 } health_report { overall_health: UNKNOWN } } }
I20260608 13:00:15.091022  1589 consensus_queue.cc:1048] T a577b0fe465a4f799ee9d592144d28a5 P fd8a7821b03b4db38ca8dca1394561b8 [LEADER]: Connected to new peer: Peer: permanent_uuid: "88c68a40ef6644f396cbed2d3409f3a4" member_type: VOTER last_known_addr { host: "127.28.159.67" port: 37895 }, Status: LMP_MISMATCH, Last received: 0.0, Next index: 1, Last known committed idx: 0, Time since last communication: 0.000s
I20260608 13:00:15.091638  1547 consensus_queue.cc:1048] T 91d1c14e07e94fba8f583c8c1e8b1e3b P 88c68a40ef6644f396cbed2d3409f3a4 [LEADER]: Connected to new peer: Peer: permanent_uuid: "60205308ffd4421cb72e793f41050a36" member_type: VOTER last_known_addr { host: "127.28.159.65" port: 41597 }, Status: LMP_MISMATCH, Last received: 0.0, Next index: 1, Last known committed idx: 0, Time since last communication: 0.000s
I20260608 13:00:15.105551  1564 consensus_queue.cc:1048] T a577b0fe465a4f799ee9d592144d28a5 P fd8a7821b03b4db38ca8dca1394561b8 [LEADER]: Connected to new peer: Peer: permanent_uuid: "60205308ffd4421cb72e793f41050a36" member_type: VOTER last_known_addr { host: "127.28.159.65" port: 41597 }, Status: LMP_MISMATCH, Last received: 0.0, Next index: 1, Last known committed idx: 0, Time since last communication: 0.000s
I20260608 13:00:15.109519  1567 consensus_queue.cc:1048] T 91d1c14e07e94fba8f583c8c1e8b1e3b P 88c68a40ef6644f396cbed2d3409f3a4 [LEADER]: Connected to new peer: Peer: permanent_uuid: "fd8a7821b03b4db38ca8dca1394561b8" member_type: VOTER last_known_addr { host: "127.28.159.66" port: 39623 }, Status: LMP_MISMATCH, Last received: 0.0, Next index: 1, Last known committed idx: 0, Time since last communication: 0.000s
I20260608 13:00:15.143901  1544 consensus_queue.cc:1048] T 23351e8f21104b98bb487cb887029afd P 60205308ffd4421cb72e793f41050a36 [LEADER]: Connected to new peer: Peer: permanent_uuid: "88c68a40ef6644f396cbed2d3409f3a4" member_type: VOTER last_known_addr { host: "127.28.159.67" port: 37895 }, Status: LMP_MISMATCH, Last received: 0.0, Next index: 1, Last known committed idx: 0, Time since last communication: 0.000s
I20260608 13:00:15.155984  1606 consensus_queue.cc:1048] T 23351e8f21104b98bb487cb887029afd P 60205308ffd4421cb72e793f41050a36 [LEADER]: Connected to new peer: Peer: permanent_uuid: "fd8a7821b03b4db38ca8dca1394561b8" member_type: VOTER last_known_addr { host: "127.28.159.66" port: 39623 }, Status: LMP_MISMATCH, Last received: 0.0, Next index: 1, Last known committed idx: 0, Time since last communication: 0.001s
I20260608 13:00:15.178689  1606 raft_consensus.cc:493] T 34ccf5b29de54d5bb6d0e3926e694214 P 60205308ffd4421cb72e793f41050a36 [term 0 FOLLOWER]: Starting pre-election (no leader contacted us within the election timeout)
I20260608 13:00:15.179180  1606 raft_consensus.cc:515] T 34ccf5b29de54d5bb6d0e3926e694214 P 60205308ffd4421cb72e793f41050a36 [term 0 FOLLOWER]: Starting pre-election with config: opid_index: -1 OBSOLETE_local: false peers { permanent_uuid: "60205308ffd4421cb72e793f41050a36" member_type: VOTER last_known_addr { host: "127.28.159.65" port: 41597 } } peers { permanent_uuid: "fd8a7821b03b4db38ca8dca1394561b8" member_type: VOTER last_known_addr { host: "127.28.159.66" port: 39623 } } peers { permanent_uuid: "88c68a40ef6644f396cbed2d3409f3a4" member_type: VOTER last_known_addr { host: "127.28.159.67" port: 37895 } }
I20260608 13:00:15.181000  1606 leader_election.cc:290] T 34ccf5b29de54d5bb6d0e3926e694214 P 60205308ffd4421cb72e793f41050a36 [CANDIDATE]: Term 1 pre-election: Requested pre-vote from peers fd8a7821b03b4db38ca8dca1394561b8 (127.28.159.66:39623), 88c68a40ef6644f396cbed2d3409f3a4 (127.28.159.67:37895)
I20260608 13:00:15.181813  1414 tablet_service.cc:1917] Received RequestConsensusVote() RPC: tablet_id: "34ccf5b29de54d5bb6d0e3926e694214" candidate_uuid: "60205308ffd4421cb72e793f41050a36" candidate_term: 1 candidate_status { last_received { term: 0 index: 0 } } ignore_live_leader: false dest_uuid: "fd8a7821b03b4db38ca8dca1394561b8" is_pre_election: true
I20260608 13:00:15.182163  1488 tablet_service.cc:1917] Received RequestConsensusVote() RPC: tablet_id: "34ccf5b29de54d5bb6d0e3926e694214" candidate_uuid: "60205308ffd4421cb72e793f41050a36" candidate_term: 1 candidate_status { last_received { term: 0 index: 0 } } ignore_live_leader: false dest_uuid: "88c68a40ef6644f396cbed2d3409f3a4" is_pre_election: true
I20260608 13:00:15.182511  1414 raft_consensus.cc:2468] T 34ccf5b29de54d5bb6d0e3926e694214 P fd8a7821b03b4db38ca8dca1394561b8 [term 0 FOLLOWER]: Leader pre-election vote request: Granting yes vote for candidate 60205308ffd4421cb72e793f41050a36 in term 0.
I20260608 13:00:15.182770  1488 raft_consensus.cc:2468] T 34ccf5b29de54d5bb6d0e3926e694214 P 88c68a40ef6644f396cbed2d3409f3a4 [term 0 FOLLOWER]: Leader pre-election vote request: Granting yes vote for candidate 60205308ffd4421cb72e793f41050a36 in term 0.
I20260608 13:00:15.183650  1302 leader_election.cc:304] T 34ccf5b29de54d5bb6d0e3926e694214 P 60205308ffd4421cb72e793f41050a36 [CANDIDATE]: Term 1 pre-election: Election decided. Result: candidate won. Election summary: received 2 responses out of 3 voters: 2 yes votes; 0 no votes. yes voters: 60205308ffd4421cb72e793f41050a36, fd8a7821b03b4db38ca8dca1394561b8; no voters: 
I20260608 13:00:15.184512  1606 raft_consensus.cc:2804] T 34ccf5b29de54d5bb6d0e3926e694214 P 60205308ffd4421cb72e793f41050a36 [term 0 FOLLOWER]: Leader pre-election won for term 1
I20260608 13:00:15.184959  1606 raft_consensus.cc:493] T 34ccf5b29de54d5bb6d0e3926e694214 P 60205308ffd4421cb72e793f41050a36 [term 0 FOLLOWER]: Starting leader election (no leader contacted us within the election timeout)
I20260608 13:00:15.185281  1606 raft_consensus.cc:3060] T 34ccf5b29de54d5bb6d0e3926e694214 P 60205308ffd4421cb72e793f41050a36 [term 0 FOLLOWER]: Advancing to term 1
I20260608 13:00:15.190179  1606 raft_consensus.cc:515] T 34ccf5b29de54d5bb6d0e3926e694214 P 60205308ffd4421cb72e793f41050a36 [term 1 FOLLOWER]: Starting leader election with config: opid_index: -1 OBSOLETE_local: false peers { permanent_uuid: "60205308ffd4421cb72e793f41050a36" member_type: VOTER last_known_addr { host: "127.28.159.65" port: 41597 } } peers { permanent_uuid: "fd8a7821b03b4db38ca8dca1394561b8" member_type: VOTER last_known_addr { host: "127.28.159.66" port: 39623 } } peers { permanent_uuid: "88c68a40ef6644f396cbed2d3409f3a4" member_type: VOTER last_known_addr { host: "127.28.159.67" port: 37895 } }
I20260608 13:00:15.191833  1606 leader_election.cc:290] T 34ccf5b29de54d5bb6d0e3926e694214 P 60205308ffd4421cb72e793f41050a36 [CANDIDATE]: Term 1 election: Requested vote from peers fd8a7821b03b4db38ca8dca1394561b8 (127.28.159.66:39623), 88c68a40ef6644f396cbed2d3409f3a4 (127.28.159.67:37895)
I20260608 13:00:15.192766  1414 tablet_service.cc:1917] Received RequestConsensusVote() RPC: tablet_id: "34ccf5b29de54d5bb6d0e3926e694214" candidate_uuid: "60205308ffd4421cb72e793f41050a36" candidate_term: 1 candidate_status { last_received { term: 0 index: 0 } } ignore_live_leader: false dest_uuid: "fd8a7821b03b4db38ca8dca1394561b8"
I20260608 13:00:15.193348  1414 raft_consensus.cc:3060] T 34ccf5b29de54d5bb6d0e3926e694214 P fd8a7821b03b4db38ca8dca1394561b8 [term 0 FOLLOWER]: Advancing to term 1
I20260608 13:00:15.193131  1488 tablet_service.cc:1917] Received RequestConsensusVote() RPC: tablet_id: "34ccf5b29de54d5bb6d0e3926e694214" candidate_uuid: "60205308ffd4421cb72e793f41050a36" candidate_term: 1 candidate_status { last_received { term: 0 index: 0 } } ignore_live_leader: false dest_uuid: "88c68a40ef6644f396cbed2d3409f3a4"
I20260608 13:00:15.193948  1488 raft_consensus.cc:3060] T 34ccf5b29de54d5bb6d0e3926e694214 P 88c68a40ef6644f396cbed2d3409f3a4 [term 0 FOLLOWER]: Advancing to term 1
I20260608 13:00:15.198663  1488 raft_consensus.cc:2468] T 34ccf5b29de54d5bb6d0e3926e694214 P 88c68a40ef6644f396cbed2d3409f3a4 [term 1 FOLLOWER]: Leader election vote request: Granting yes vote for candidate 60205308ffd4421cb72e793f41050a36 in term 1.
I20260608 13:00:15.199096  1414 raft_consensus.cc:2468] T 34ccf5b29de54d5bb6d0e3926e694214 P fd8a7821b03b4db38ca8dca1394561b8 [term 1 FOLLOWER]: Leader election vote request: Granting yes vote for candidate 60205308ffd4421cb72e793f41050a36 in term 1.
I20260608 13:00:15.199755  1304 leader_election.cc:304] T 34ccf5b29de54d5bb6d0e3926e694214 P 60205308ffd4421cb72e793f41050a36 [CANDIDATE]: Term 1 election: Election decided. Result: candidate won. Election summary: received 2 responses out of 3 voters: 2 yes votes; 0 no votes. yes voters: 60205308ffd4421cb72e793f41050a36, 88c68a40ef6644f396cbed2d3409f3a4; no voters: 
I20260608 13:00:15.200690  1606 raft_consensus.cc:2804] T 34ccf5b29de54d5bb6d0e3926e694214 P 60205308ffd4421cb72e793f41050a36 [term 1 FOLLOWER]: Leader election won for term 1
I20260608 13:00:15.201208  1606 raft_consensus.cc:697] T 34ccf5b29de54d5bb6d0e3926e694214 P 60205308ffd4421cb72e793f41050a36 [term 1 LEADER]: Becoming Leader. State: Replica: 60205308ffd4421cb72e793f41050a36, State: Running, Role: LEADER
I20260608 13:00:15.202014  1606 consensus_queue.cc:237] T 34ccf5b29de54d5bb6d0e3926e694214 P 60205308ffd4421cb72e793f41050a36 [LEADER]: Queue going to LEADER mode. State: All replicated index: 0, Majority replicated index: 0, Committed index: 0, Last appended: 0.0, Last appended by leader: 0, Current term: 1, Majority size: 2, State: 0, Mode: LEADER, active raft config: opid_index: -1 OBSOLETE_local: false peers { permanent_uuid: "60205308ffd4421cb72e793f41050a36" member_type: VOTER last_known_addr { host: "127.28.159.65" port: 41597 } } peers { permanent_uuid: "fd8a7821b03b4db38ca8dca1394561b8" member_type: VOTER last_known_addr { host: "127.28.159.66" port: 39623 } } peers { permanent_uuid: "88c68a40ef6644f396cbed2d3409f3a4" member_type: VOTER last_known_addr { host: "127.28.159.67" port: 37895 } }
I20260608 13:00:15.209873  1235 catalog_manager.cc:5696] T 34ccf5b29de54d5bb6d0e3926e694214 P 60205308ffd4421cb72e793f41050a36 reported cstate change: term changed from 0 to 1, leader changed from <none> to 60205308ffd4421cb72e793f41050a36 (127.28.159.65). New cstate: current_term: 1 leader_uuid: "60205308ffd4421cb72e793f41050a36" committed_config { opid_index: -1 OBSOLETE_local: false peers { permanent_uuid: "60205308ffd4421cb72e793f41050a36" member_type: VOTER last_known_addr { host: "127.28.159.65" port: 41597 } health_report { overall_health: HEALTHY } } peers { permanent_uuid: "fd8a7821b03b4db38ca8dca1394561b8" member_type: VOTER last_known_addr { host: "127.28.159.66" port: 39623 } health_report { overall_health: UNKNOWN } } peers { permanent_uuid: "88c68a40ef6644f396cbed2d3409f3a4" member_type: VOTER last_known_addr { host: "127.28.159.67" port: 37895 } health_report { overall_health: UNKNOWN } } }
I20260608 13:00:15.241772  1488 raft_consensus.cc:3060] T c852a68db14d469d860c217f9e64c5a9 P 88c68a40ef6644f396cbed2d3409f3a4 [term 0 FOLLOWER]: Advancing to term 1
I20260608 13:00:15.247805  1564 consensus_queue.cc:1048] T c852a68db14d469d860c217f9e64c5a9 P fd8a7821b03b4db38ca8dca1394561b8 [LEADER]: Connected to new peer: Peer: permanent_uuid: "88c68a40ef6644f396cbed2d3409f3a4" member_type: VOTER last_known_addr { host: "127.28.159.67" port: 37895 }, Status: LMP_MISMATCH, Last received: 0.0, Next index: 1, Last known committed idx: 0, Time since last communication: 0.000s
I20260608 13:00:15.261054  1564 consensus_queue.cc:1048] T c852a68db14d469d860c217f9e64c5a9 P fd8a7821b03b4db38ca8dca1394561b8 [LEADER]: Connected to new peer: Peer: permanent_uuid: "60205308ffd4421cb72e793f41050a36" member_type: VOTER last_known_addr { host: "127.28.159.65" port: 41597 }, Status: LMP_MISMATCH, Last received: 0.0, Next index: 1, Last known committed idx: 0, Time since last communication: 0.000s
I20260608 13:00:15.350178  1599 consensus_queue.cc:1048] T ece83dadc0034e4f828b459e3bd23eaf P 88c68a40ef6644f396cbed2d3409f3a4 [LEADER]: Connected to new peer: Peer: permanent_uuid: "60205308ffd4421cb72e793f41050a36" member_type: VOTER last_known_addr { host: "127.28.159.65" port: 41597 }, Status: LMP_MISMATCH, Last received: 0.0, Next index: 1, Last known committed idx: 0, Time since last communication: 0.001s
I20260608 13:00:15.355475  1567 consensus_queue.cc:1048] T ece83dadc0034e4f828b459e3bd23eaf P 88c68a40ef6644f396cbed2d3409f3a4 [LEADER]: Connected to new peer: Peer: permanent_uuid: "fd8a7821b03b4db38ca8dca1394561b8" member_type: VOTER last_known_addr { host: "127.28.159.66" port: 39623 }, Status: LMP_MISMATCH, Last received: 0.0, Next index: 1, Last known committed idx: 0, Time since last communication: 0.000s
I20260608 13:00:15.377810  1606 consensus_queue.cc:1048] T 553d7a7d8f2945ae8df4d540666871ec P 60205308ffd4421cb72e793f41050a36 [LEADER]: Connected to new peer: Peer: permanent_uuid: "88c68a40ef6644f396cbed2d3409f3a4" member_type: VOTER last_known_addr { host: "127.28.159.67" port: 37895 }, Status: LMP_MISMATCH, Last received: 0.0, Next index: 1, Last known committed idx: 0, Time since last communication: 0.003s
I20260608 13:00:15.392010  1599 consensus_queue.cc:1048] T 662110fe3afe4321a3aacf7bc067e3b2 P 88c68a40ef6644f396cbed2d3409f3a4 [LEADER]: Connected to new peer: Peer: permanent_uuid: "60205308ffd4421cb72e793f41050a36" member_type: VOTER last_known_addr { host: "127.28.159.65" port: 41597 }, Status: LMP_MISMATCH, Last received: 0.0, Next index: 1, Last known committed idx: 0, Time since last communication: 0.000s
I20260608 13:00:15.441715  1566 consensus_queue.cc:1048] T 553d7a7d8f2945ae8df4d540666871ec P 60205308ffd4421cb72e793f41050a36 [LEADER]: Connected to new peer: Peer: permanent_uuid: "fd8a7821b03b4db38ca8dca1394561b8" member_type: VOTER last_known_addr { host: "127.28.159.66" port: 39623 }, Status: LMP_MISMATCH, Last received: 0.0, Next index: 1, Last known committed idx: 0, Time since last communication: 0.000s
I20260608 13:00:15.442438  1547 consensus_queue.cc:1048] T 662110fe3afe4321a3aacf7bc067e3b2 P 88c68a40ef6644f396cbed2d3409f3a4 [LEADER]: Connected to new peer: Peer: permanent_uuid: "fd8a7821b03b4db38ca8dca1394561b8" member_type: VOTER last_known_addr { host: "127.28.159.66" port: 39623 }, Status: LMP_MISMATCH, Last received: 0.0, Next index: 1, Last known committed idx: 0, Time since last communication: 0.000s
W20260608 13:00:15.469219  1519 meta_cache.cc:1097] Time spent processing table locations response: real 0.065s	user 0.004s	sys 0.000s
