I20260608 12:59:37.077955 32753 raft_consensus.cc:359] T e0c1f4561fc44cb39ee209d884a19a89 P 259ca6723fc44422bf7152e05ec68a25 [term 1 LEARNER]: Replica starting. Triggering 0 pending ops. Active config: opid_index: 2 OBSOLETE_local: false peers { permanent_uuid: "87c593876717426cae7b0ed49b8f1da2" member_type: VOTER last_known_addr { host: "127.28.159.65" port: 39567 } attrs { replace: true } } peers { permanent_uuid: "73cbbff83bee4366abff5d1d93336955" member_type: VOTER last_known_addr { host: "127.28.159.66" port: 43521 } } peers { permanent_uuid: "d81afc3675ac4b79b1de035adc796097" member_type: VOTER last_known_addr { host: "127.28.159.67" port: 37805 } } peers { permanent_uuid: "259ca6723fc44422bf7152e05ec68a25" member_type: NON_VOTER last_known_addr { host: "127.28.159.68" port: 40907 } attrs { promote: true } }
I20260608 12:59:37.078759 32753 raft_consensus.cc:740] T e0c1f4561fc44cb39ee209d884a19a89 P 259ca6723fc44422bf7152e05ec68a25 [term 1 LEARNER]: Becoming Follower/Learner. State: Replica: 259ca6723fc44422bf7152e05ec68a25, State: Initialized, Role: LEARNER
I20260608 12:59:37.079434 32753 consensus_queue.cc:260] T e0c1f4561fc44cb39ee209d884a19a89 P 259ca6723fc44422bf7152e05ec68a25 [NON_LEADER]: Queue going to NON_LEADER mode. State: All replicated index: 0, Majority replicated index: 0, Committed index: 2, Last appended: 1.2, Last appended by leader: 2, Current term: 0, Majority size: -1, State: 0, Mode: NON_LEADER, active raft config: opid_index: 2 OBSOLETE_local: false peers { permanent_uuid: "87c593876717426cae7b0ed49b8f1da2" member_type: VOTER last_known_addr { host: "127.28.159.65" port: 39567 } attrs { replace: true } } peers { permanent_uuid: "73cbbff83bee4366abff5d1d93336955" member_type: VOTER last_known_addr { host: "127.28.159.66" port: 43521 } } peers { permanent_uuid: "d81afc3675ac4b79b1de035adc796097" member_type: VOTER last_known_addr { host: "127.28.159.67" port: 37805 } } peers { permanent_uuid: "259ca6723fc44422bf7152e05ec68a25" member_type: NON_VOTER last_known_addr { host: "127.28.159.68" port: 40907 } attrs { promote: true } }
I20260608 12:59:37.082139 32753 ts_tablet_manager.cc:1434] T e0c1f4561fc44cb39ee209d884a19a89 P 259ca6723fc44422bf7152e05ec68a25: Time spent starting tablet: real 0.007s	user 0.003s	sys 0.005s
I20260608 12:59:37.097693 32395 tablet_copy_service.cc:342] P 73cbbff83bee4366abff5d1d93336955: Request end of tablet copy session 259ca6723fc44422bf7152e05ec68a25-e0c1f4561fc44cb39ee209d884a19a89 received from {username='slave'} at 127.0.0.1:36090
I20260608 12:59:37.098199 32395 tablet_copy_service.cc:434] P 73cbbff83bee4366abff5d1d93336955: ending tablet copy session 259ca6723fc44422bf7152e05ec68a25-e0c1f4561fc44cb39ee209d884a19a89 on tablet e0c1f4561fc44cb39ee209d884a19a89 with peer 259ca6723fc44422bf7152e05ec68a25
I20260608 12:59:37.102509 32758 ts_tablet_manager.cc:933] T 808898f019654545a725811114e01276 P 259ca6723fc44422bf7152e05ec68a25: Initiating tablet copy from peer d81afc3675ac4b79b1de035adc796097 (127.28.159.67:37805)
I20260608 12:59:37.106526 32758 tablet_copy_client.cc:323] T 808898f019654545a725811114e01276 P 259ca6723fc44422bf7152e05ec68a25: tablet copy: Beginning tablet copy session from remote peer at address 127.28.159.67:37805
I20260608 12:59:37.108989 32469 tablet_copy_service.cc:140] P d81afc3675ac4b79b1de035adc796097: Received BeginTabletCopySession request for tablet 808898f019654545a725811114e01276 from peer 259ca6723fc44422bf7152e05ec68a25 ({username='slave'} at 127.0.0.1:57604)
I20260608 12:59:37.109628 32469 tablet_copy_service.cc:161] P d81afc3675ac4b79b1de035adc796097: Beginning new tablet copy session on tablet 808898f019654545a725811114e01276 from peer 259ca6723fc44422bf7152e05ec68a25 at {username='slave'} at 127.0.0.1:57604: session id = 259ca6723fc44422bf7152e05ec68a25-808898f019654545a725811114e01276
I20260608 12:59:37.115303 32469 tablet_copy_source_session.cc:215] T 808898f019654545a725811114e01276 P d81afc3675ac4b79b1de035adc796097: Tablet Copy: opened 0 blocks and 1 log segments
I20260608 12:59:37.118359 32758 data_dirs.cc:400] Could only allocate 1 dirs of requested 3 for tablet 808898f019654545a725811114e01276. 1 dirs total, 0 dirs full, 0 dirs failed
I20260608 12:59:37.118609 32753 ts_tablet_manager.cc:933] T b257df212f0848c6be12be207e0ed3d2 P 259ca6723fc44422bf7152e05ec68a25: Initiating tablet copy from peer 87c593876717426cae7b0ed49b8f1da2 (127.28.159.65:39567)
I20260608 12:59:37.120507 32753 tablet_copy_client.cc:323] T b257df212f0848c6be12be207e0ed3d2 P 259ca6723fc44422bf7152e05ec68a25: tablet copy: Beginning tablet copy session from remote peer at address 127.28.159.65:39567
I20260608 12:59:37.122447 32320 tablet_copy_service.cc:140] P 87c593876717426cae7b0ed49b8f1da2: Received BeginTabletCopySession request for tablet b257df212f0848c6be12be207e0ed3d2 from peer 259ca6723fc44422bf7152e05ec68a25 ({username='slave'} at 127.0.0.1:42722)
I20260608 12:59:37.123003 32320 tablet_copy_service.cc:161] P 87c593876717426cae7b0ed49b8f1da2: Beginning new tablet copy session on tablet b257df212f0848c6be12be207e0ed3d2 from peer 259ca6723fc44422bf7152e05ec68a25 at {username='slave'} at 127.0.0.1:42722: session id = 259ca6723fc44422bf7152e05ec68a25-b257df212f0848c6be12be207e0ed3d2
I20260608 12:59:37.130180 32320 tablet_copy_source_session.cc:215] T b257df212f0848c6be12be207e0ed3d2 P 87c593876717426cae7b0ed49b8f1da2: Tablet Copy: opened 0 blocks and 1 log segments
I20260608 12:59:37.134560 32753 data_dirs.cc:400] Could only allocate 1 dirs of requested 3 for tablet b257df212f0848c6be12be207e0ed3d2. 1 dirs total, 0 dirs full, 0 dirs failed
I20260608 12:59:37.136036 32758 tablet_copy_client.cc:806] T 808898f019654545a725811114e01276 P 259ca6723fc44422bf7152e05ec68a25: tablet copy: Starting download of 0 data blocks...
I20260608 12:59:37.136684 32758 tablet_copy_client.cc:670] T 808898f019654545a725811114e01276 P 259ca6723fc44422bf7152e05ec68a25: tablet copy: Starting download of 1 WAL segments...
I20260608 12:59:37.141352 32758 tablet_copy_client.cc:538] T 808898f019654545a725811114e01276 P 259ca6723fc44422bf7152e05ec68a25: tablet copy: Tablet Copy complete. Replacing tablet superblock.
I20260608 12:59:37.149380 32753 tablet_copy_client.cc:806] T b257df212f0848c6be12be207e0ed3d2 P 259ca6723fc44422bf7152e05ec68a25: tablet copy: Starting download of 0 data blocks...
I20260608 12:59:37.150007 32753 tablet_copy_client.cc:670] T b257df212f0848c6be12be207e0ed3d2 P 259ca6723fc44422bf7152e05ec68a25: tablet copy: Starting download of 1 WAL segments...
I20260608 12:59:37.150228 32758 tablet_bootstrap.cc:492] T 808898f019654545a725811114e01276 P 259ca6723fc44422bf7152e05ec68a25: Bootstrap starting.
I20260608 12:59:37.153615 32753 tablet_copy_client.cc:538] T b257df212f0848c6be12be207e0ed3d2 P 259ca6723fc44422bf7152e05ec68a25: tablet copy: Tablet Copy complete. Replacing tablet superblock.
I20260608 12:59:37.159281 32753 tablet_bootstrap.cc:492] T b257df212f0848c6be12be207e0ed3d2 P 259ca6723fc44422bf7152e05ec68a25: Bootstrap starting.
I20260608 12:59:37.177575 32758 tablet_bootstrap.cc:492] T 808898f019654545a725811114e01276 P 259ca6723fc44422bf7152e05ec68a25: Bootstrap replayed 1/1 log segments. Stats: ops{read=2 overwritten=0 applied=2 ignored=0} inserts{seen=0 ignored=0} mutations{seen=0 ignored=0} orphaned_commits=0. Pending: 0 replicates
I20260608 12:59:37.178066 32753 tablet_bootstrap.cc:492] T b257df212f0848c6be12be207e0ed3d2 P 259ca6723fc44422bf7152e05ec68a25: Bootstrap replayed 1/1 log segments. Stats: ops{read=2 overwritten=0 applied=2 ignored=0} inserts{seen=0 ignored=0} mutations{seen=0 ignored=0} orphaned_commits=0. Pending: 0 replicates
I20260608 12:59:37.178479 32758 tablet_bootstrap.cc:492] T 808898f019654545a725811114e01276 P 259ca6723fc44422bf7152e05ec68a25: Bootstrap complete.
I20260608 12:59:37.178742 32753 tablet_bootstrap.cc:492] T b257df212f0848c6be12be207e0ed3d2 P 259ca6723fc44422bf7152e05ec68a25: Bootstrap complete.
I20260608 12:59:37.179176 32758 ts_tablet_manager.cc:1403] T 808898f019654545a725811114e01276 P 259ca6723fc44422bf7152e05ec68a25: Time spent bootstrapping tablet: real 0.029s	user 0.027s	sys 0.000s
I20260608 12:59:37.179292 32753 ts_tablet_manager.cc:1403] T b257df212f0848c6be12be207e0ed3d2 P 259ca6723fc44422bf7152e05ec68a25: Time spent bootstrapping tablet: real 0.020s	user 0.017s	sys 0.000s
I20260608 12:59:37.181420 32753 raft_consensus.cc:359] T b257df212f0848c6be12be207e0ed3d2 P 259ca6723fc44422bf7152e05ec68a25 [term 1 LEARNER]: Replica starting. Triggering 0 pending ops. Active config: opid_index: 2 OBSOLETE_local: false peers { permanent_uuid: "87c593876717426cae7b0ed49b8f1da2" member_type: VOTER last_known_addr { host: "127.28.159.65" port: 39567 } } peers { permanent_uuid: "73cbbff83bee4366abff5d1d93336955" member_type: VOTER last_known_addr { host: "127.28.159.66" port: 43521 } attrs { replace: true } } peers { permanent_uuid: "d81afc3675ac4b79b1de035adc796097" member_type: VOTER last_known_addr { host: "127.28.159.67" port: 37805 } } peers { permanent_uuid: "259ca6723fc44422bf7152e05ec68a25" member_type: NON_VOTER last_known_addr { host: "127.28.159.68" port: 40907 } attrs { promote: true } }
I20260608 12:59:37.182045 32753 raft_consensus.cc:740] T b257df212f0848c6be12be207e0ed3d2 P 259ca6723fc44422bf7152e05ec68a25 [term 1 LEARNER]: Becoming Follower/Learner. State: Replica: 259ca6723fc44422bf7152e05ec68a25, State: Initialized, Role: LEARNER
I20260608 12:59:37.182232 32758 raft_consensus.cc:359] T 808898f019654545a725811114e01276 P 259ca6723fc44422bf7152e05ec68a25 [term 1 LEARNER]: Replica starting. Triggering 0 pending ops. Active config: opid_index: 2 OBSOLETE_local: false peers { permanent_uuid: "87c593876717426cae7b0ed49b8f1da2" member_type: VOTER last_known_addr { host: "127.28.159.65" port: 39567 } attrs { replace: true } } peers { permanent_uuid: "73cbbff83bee4366abff5d1d93336955" member_type: VOTER last_known_addr { host: "127.28.159.66" port: 43521 } } peers { permanent_uuid: "d81afc3675ac4b79b1de035adc796097" member_type: VOTER last_known_addr { host: "127.28.159.67" port: 37805 } } peers { permanent_uuid: "259ca6723fc44422bf7152e05ec68a25" member_type: NON_VOTER last_known_addr { host: "127.28.159.68" port: 40907 } attrs { promote: true } }
I20260608 12:59:37.182523 32753 consensus_queue.cc:260] T b257df212f0848c6be12be207e0ed3d2 P 259ca6723fc44422bf7152e05ec68a25 [NON_LEADER]: Queue going to NON_LEADER mode. State: All replicated index: 0, Majority replicated index: 0, Committed index: 2, Last appended: 1.2, Last appended by leader: 2, Current term: 0, Majority size: -1, State: 0, Mode: NON_LEADER, active raft config: opid_index: 2 OBSOLETE_local: false peers { permanent_uuid: "87c593876717426cae7b0ed49b8f1da2" member_type: VOTER last_known_addr { host: "127.28.159.65" port: 39567 } } peers { permanent_uuid: "73cbbff83bee4366abff5d1d93336955" member_type: VOTER last_known_addr { host: "127.28.159.66" port: 43521 } attrs { replace: true } } peers { permanent_uuid: "d81afc3675ac4b79b1de035adc796097" member_type: VOTER last_known_addr { host: "127.28.159.67" port: 37805 } } peers { permanent_uuid: "259ca6723fc44422bf7152e05ec68a25" member_type: NON_VOTER last_known_addr { host: "127.28.159.68" port: 40907 } attrs { promote: true } }
I20260608 12:59:37.183048 32758 raft_consensus.cc:740] T 808898f019654545a725811114e01276 P 259ca6723fc44422bf7152e05ec68a25 [term 1 LEARNER]: Becoming Follower/Learner. State: Replica: 259ca6723fc44422bf7152e05ec68a25, State: Initialized, Role: LEARNER
I20260608 12:59:37.183806 32758 consensus_queue.cc:260] T 808898f019654545a725811114e01276 P 259ca6723fc44422bf7152e05ec68a25 [NON_LEADER]: Queue going to NON_LEADER mode. State: All replicated index: 0, Majority replicated index: 0, Committed index: 2, Last appended: 1.2, Last appended by leader: 2, Current term: 0, Majority size: -1, State: 0, Mode: NON_LEADER, active raft config: opid_index: 2 OBSOLETE_local: false peers { permanent_uuid: "87c593876717426cae7b0ed49b8f1da2" member_type: VOTER last_known_addr { host: "127.28.159.65" port: 39567 } attrs { replace: true } } peers { permanent_uuid: "73cbbff83bee4366abff5d1d93336955" member_type: VOTER last_known_addr { host: "127.28.159.66" port: 43521 } } peers { permanent_uuid: "d81afc3675ac4b79b1de035adc796097" member_type: VOTER last_known_addr { host: "127.28.159.67" port: 37805 } } peers { permanent_uuid: "259ca6723fc44422bf7152e05ec68a25" member_type: NON_VOTER last_known_addr { host: "127.28.159.68" port: 40907 } attrs { promote: true } }
I20260608 12:59:37.184818 32753 ts_tablet_manager.cc:1434] T b257df212f0848c6be12be207e0ed3d2 P 259ca6723fc44422bf7152e05ec68a25: Time spent starting tablet: real 0.005s	user 0.006s	sys 0.000s
I20260608 12:59:37.186532 32758 ts_tablet_manager.cc:1434] T 808898f019654545a725811114e01276 P 259ca6723fc44422bf7152e05ec68a25: Time spent starting tablet: real 0.007s	user 0.008s	sys 0.000s
I20260608 12:59:37.186712 32320 tablet_copy_service.cc:342] P 87c593876717426cae7b0ed49b8f1da2: Request end of tablet copy session 259ca6723fc44422bf7152e05ec68a25-b257df212f0848c6be12be207e0ed3d2 received from {username='slave'} at 127.0.0.1:42722
I20260608 12:59:37.187188 32320 tablet_copy_service.cc:434] P 87c593876717426cae7b0ed49b8f1da2: ending tablet copy session 259ca6723fc44422bf7152e05ec68a25-b257df212f0848c6be12be207e0ed3d2 on tablet b257df212f0848c6be12be207e0ed3d2 with peer 259ca6723fc44422bf7152e05ec68a25
I20260608 12:59:37.188982 32469 tablet_copy_service.cc:342] P d81afc3675ac4b79b1de035adc796097: Request end of tablet copy session 259ca6723fc44422bf7152e05ec68a25-808898f019654545a725811114e01276 received from {username='slave'} at 127.0.0.1:57604
I20260608 12:59:37.189443 32469 tablet_copy_service.cc:434] P d81afc3675ac4b79b1de035adc796097: ending tablet copy session 259ca6723fc44422bf7152e05ec68a25-808898f019654545a725811114e01276 on tablet 808898f019654545a725811114e01276 with peer 259ca6723fc44422bf7152e05ec68a25
I20260608 12:59:37.402745 32261 auto_leader_rebalancer.cc:140] leader rebalance for table range_aware_rebalance_new_range
I20260608 12:59:37.439131 32615 raft_consensus.cc:1217] T 1525e5f030d44cb68e62f3a15818d379 P 259ca6723fc44422bf7152e05ec68a25 [term 1 LEARNER]: Deduplicated request from leader. Original: 1.1->[1.2-1.2]   Dedup: 1.2->[]
I20260608 12:59:37.441398 32310 tablet_service.cc:2072] Received LeaderStepDown RPC: tablet_id: "030dc5ab6221451b8bf5adfc08186b7f"
dest_uuid: "87c593876717426cae7b0ed49b8f1da2"
mode: GRACEFUL
new_leader_uuid: "259ca6723fc44422bf7152e05ec68a25"
 from {username='slave'} at 127.0.0.1:42738
I20260608 12:59:37.442157 32310 raft_consensus.cc:606] T 030dc5ab6221451b8bf5adfc08186b7f P 87c593876717426cae7b0ed49b8f1da2 [term 1 LEADER]: Received request to transfer leadership to TS 259ca6723fc44422bf7152e05ec68a25
I20260608 12:59:37.445245 32310 tablet_service.cc:2072] Received LeaderStepDown RPC: tablet_id: "b257df212f0848c6be12be207e0ed3d2"
dest_uuid: "87c593876717426cae7b0ed49b8f1da2"
mode: GRACEFUL
new_leader_uuid: "73cbbff83bee4366abff5d1d93336955"
 from {username='slave'} at 127.0.0.1:42738
I20260608 12:59:37.445816 32310 raft_consensus.cc:606] T b257df212f0848c6be12be207e0ed3d2 P 87c593876717426cae7b0ed49b8f1da2 [term 1 LEADER]: Received request to transfer leadership to TS 73cbbff83bee4366abff5d1d93336955
I20260608 12:59:37.448916 32310 tablet_service.cc:2072] Received LeaderStepDown RPC: tablet_id: "e874b71b80a9445199c5301a4e8039c9"
dest_uuid: "87c593876717426cae7b0ed49b8f1da2"
mode: GRACEFUL
new_leader_uuid: "73cbbff83bee4366abff5d1d93336955"
 from {username='slave'} at 127.0.0.1:42738
I20260608 12:59:37.449445 32310 raft_consensus.cc:606] T e874b71b80a9445199c5301a4e8039c9 P 87c593876717426cae7b0ed49b8f1da2 [term 1 LEADER]: Received request to transfer leadership to TS 73cbbff83bee4366abff5d1d93336955
I20260608 12:59:37.450683 32261 auto_leader_rebalancer.cc:388] table: range_aware_rebalance_new_range, leader rebalance finish, leader transfer count: 3
I20260608 12:59:37.451522 32261 auto_leader_rebalancer.cc:451] All tables' leader rebalancing finished this round
I20260608 12:59:37.596038 32615 raft_consensus.cc:1217] T b257df212f0848c6be12be207e0ed3d2 P 259ca6723fc44422bf7152e05ec68a25 [term 1 LEARNER]: Deduplicated request from leader. Original: 1.1->[1.2-1.2]   Dedup: 1.2->[]
I20260608 12:59:37.635974 32615 raft_consensus.cc:1217] T e0c1f4561fc44cb39ee209d884a19a89 P 259ca6723fc44422bf7152e05ec68a25 [term 1 LEARNER]: Deduplicated request from leader. Original: 1.1->[1.2-1.2]   Dedup: 1.2->[]
I20260608 12:59:37.660837 32615 raft_consensus.cc:1217] T 808898f019654545a725811114e01276 P 259ca6723fc44422bf7152e05ec68a25 [term 1 LEARNER]: Deduplicated request from leader. Original: 1.1->[1.2-1.2]   Dedup: 1.2->[]
I20260608 12:59:37.705760   300 raft_consensus.cc:993] T 030dc5ab6221451b8bf5adfc08186b7f P 87c593876717426cae7b0ed49b8f1da2: : Instructing follower 259ca6723fc44422bf7152e05ec68a25 to start an election
I20260608 12:59:37.706265 32767 raft_consensus.cc:1081] T 030dc5ab6221451b8bf5adfc08186b7f P 87c593876717426cae7b0ed49b8f1da2 [term 1 LEADER]: Signalling peer 259ca6723fc44422bf7152e05ec68a25 to start an election
I20260608 12:59:37.707852 32615 tablet_service.cc:2044] Received Run Leader Election RPC: tablet_id: "030dc5ab6221451b8bf5adfc08186b7f"
dest_uuid: "259ca6723fc44422bf7152e05ec68a25"
 from {username='slave'} at 127.0.0.1:60786
I20260608 12:59:37.708460 32615 raft_consensus.cc:493] T 030dc5ab6221451b8bf5adfc08186b7f P 259ca6723fc44422bf7152e05ec68a25 [term 1 FOLLOWER]: Starting forced leader election (received explicit request)
I20260608 12:59:37.708828 32615 raft_consensus.cc:3060] T 030dc5ab6221451b8bf5adfc08186b7f P 259ca6723fc44422bf7152e05ec68a25 [term 1 FOLLOWER]: Advancing to term 2
I20260608 12:59:37.715664 32615 raft_consensus.cc:515] T 030dc5ab6221451b8bf5adfc08186b7f P 259ca6723fc44422bf7152e05ec68a25 [term 2 FOLLOWER]: Starting forced leader election with config: opid_index: -1 OBSOLETE_local: false peers { permanent_uuid: "259ca6723fc44422bf7152e05ec68a25" member_type: VOTER last_known_addr { host: "127.28.159.68" port: 40907 } } peers { permanent_uuid: "d81afc3675ac4b79b1de035adc796097" member_type: VOTER last_known_addr { host: "127.28.159.67" port: 37805 } } peers { permanent_uuid: "87c593876717426cae7b0ed49b8f1da2" member_type: VOTER last_known_addr { host: "127.28.159.65" port: 39567 } }
I20260608 12:59:37.718668 32615 leader_election.cc:290] T 030dc5ab6221451b8bf5adfc08186b7f P 259ca6723fc44422bf7152e05ec68a25 [CANDIDATE]: Term 2 election: Requested vote from peers d81afc3675ac4b79b1de035adc796097 (127.28.159.67:37805), 87c593876717426cae7b0ed49b8f1da2 (127.28.159.65:39567)
I20260608 12:59:37.718914 32458 tablet_service.cc:1917] Received RequestConsensusVote() RPC: tablet_id: "030dc5ab6221451b8bf5adfc08186b7f" candidate_uuid: "259ca6723fc44422bf7152e05ec68a25" candidate_term: 2 candidate_status { last_received { term: 1 index: 1 } } ignore_live_leader: true dest_uuid: "d81afc3675ac4b79b1de035adc796097"
I20260608 12:59:37.719532 32458 raft_consensus.cc:3060] T 030dc5ab6221451b8bf5adfc08186b7f P d81afc3675ac4b79b1de035adc796097 [term 1 FOLLOWER]: Advancing to term 2
I20260608 12:59:37.718914 32310 tablet_service.cc:1917] Received RequestConsensusVote() RPC: tablet_id: "030dc5ab6221451b8bf5adfc08186b7f" candidate_uuid: "259ca6723fc44422bf7152e05ec68a25" candidate_term: 2 candidate_status { last_received { term: 1 index: 1 } } ignore_live_leader: true dest_uuid: "87c593876717426cae7b0ed49b8f1da2"
I20260608 12:59:37.720558 32310 raft_consensus.cc:3055] T 030dc5ab6221451b8bf5adfc08186b7f P 87c593876717426cae7b0ed49b8f1da2 [term 1 LEADER]: Stepping down as leader of term 1
I20260608 12:59:37.720886 32310 raft_consensus.cc:740] T 030dc5ab6221451b8bf5adfc08186b7f P 87c593876717426cae7b0ed49b8f1da2 [term 1 LEADER]: Becoming Follower/Learner. State: Replica: 87c593876717426cae7b0ed49b8f1da2, State: Running, Role: LEADER
I20260608 12:59:37.721771 32310 consensus_queue.cc:260] T 030dc5ab6221451b8bf5adfc08186b7f P 87c593876717426cae7b0ed49b8f1da2 [NON_LEADER]: Queue going to NON_LEADER mode. State: All replicated index: 0, Majority replicated index: 1, Committed index: 1, Last appended: 1.1, Last appended by leader: 1, Current term: 1, Majority size: -1, State: 0, Mode: NON_LEADER, active raft config: opid_index: -1 OBSOLETE_local: false peers { permanent_uuid: "259ca6723fc44422bf7152e05ec68a25" member_type: VOTER last_known_addr { host: "127.28.159.68" port: 40907 } } peers { permanent_uuid: "d81afc3675ac4b79b1de035adc796097" member_type: VOTER last_known_addr { host: "127.28.159.67" port: 37805 } } peers { permanent_uuid: "87c593876717426cae7b0ed49b8f1da2" member_type: VOTER last_known_addr { host: "127.28.159.65" port: 39567 } }
I20260608 12:59:37.723009 32310 raft_consensus.cc:3060] T 030dc5ab6221451b8bf5adfc08186b7f P 87c593876717426cae7b0ed49b8f1da2 [term 1 FOLLOWER]: Advancing to term 2
I20260608 12:59:37.726341 32458 raft_consensus.cc:2468] T 030dc5ab6221451b8bf5adfc08186b7f P d81afc3675ac4b79b1de035adc796097 [term 2 FOLLOWER]: Leader election vote request: Granting yes vote for candidate 259ca6723fc44422bf7152e05ec68a25 in term 2.
I20260608 12:59:37.727741 32572 leader_election.cc:304] T 030dc5ab6221451b8bf5adfc08186b7f P 259ca6723fc44422bf7152e05ec68a25 [CANDIDATE]: Term 2 election: Election decided. Result: candidate won. Election summary: received 2 responses out of 3 voters: 2 yes votes; 0 no votes. yes voters: 259ca6723fc44422bf7152e05ec68a25, d81afc3675ac4b79b1de035adc796097; no voters: 
I20260608 12:59:37.728621 32692 raft_consensus.cc:2804] T 030dc5ab6221451b8bf5adfc08186b7f P 259ca6723fc44422bf7152e05ec68a25 [term 2 FOLLOWER]: Leader election won for term 2
I20260608 12:59:37.731083 32310 raft_consensus.cc:2468] T 030dc5ab6221451b8bf5adfc08186b7f P 87c593876717426cae7b0ed49b8f1da2 [term 2 FOLLOWER]: Leader election vote request: Granting yes vote for candidate 259ca6723fc44422bf7152e05ec68a25 in term 2.
I20260608 12:59:37.732739 32692 raft_consensus.cc:697] T 030dc5ab6221451b8bf5adfc08186b7f P 259ca6723fc44422bf7152e05ec68a25 [term 2 LEADER]: Becoming Leader. State: Replica: 259ca6723fc44422bf7152e05ec68a25, State: Running, Role: LEADER
I20260608 12:59:37.733871 32692 consensus_queue.cc:237] T 030dc5ab6221451b8bf5adfc08186b7f P 259ca6723fc44422bf7152e05ec68a25 [LEADER]: Queue going to LEADER mode. State: All replicated index: 0, Majority replicated index: 1, Committed index: 1, Last appended: 1.1, Last appended by leader: 1, Current term: 2, Majority size: 2, State: 0, Mode: LEADER, active raft config: opid_index: -1 OBSOLETE_local: false peers { permanent_uuid: "259ca6723fc44422bf7152e05ec68a25" member_type: VOTER last_known_addr { host: "127.28.159.68" port: 40907 } } peers { permanent_uuid: "d81afc3675ac4b79b1de035adc796097" member_type: VOTER last_known_addr { host: "127.28.159.67" port: 37805 } } peers { permanent_uuid: "87c593876717426cae7b0ed49b8f1da2" member_type: VOTER last_known_addr { host: "127.28.159.65" port: 39567 } }
I20260608 12:59:37.741482 32208 catalog_manager.cc:5696] T 030dc5ab6221451b8bf5adfc08186b7f P 259ca6723fc44422bf7152e05ec68a25 reported cstate change: term changed from 1 to 2, leader changed from 87c593876717426cae7b0ed49b8f1da2 (127.28.159.65) to 259ca6723fc44422bf7152e05ec68a25 (127.28.159.68). New cstate: current_term: 2 leader_uuid: "259ca6723fc44422bf7152e05ec68a25" committed_config { opid_index: -1 OBSOLETE_local: false peers { permanent_uuid: "259ca6723fc44422bf7152e05ec68a25" member_type: VOTER last_known_addr { host: "127.28.159.68" port: 40907 } health_report { overall_health: HEALTHY } } peers { permanent_uuid: "d81afc3675ac4b79b1de035adc796097" member_type: VOTER last_known_addr { host: "127.28.159.67" port: 37805 } health_report { overall_health: UNKNOWN } } peers { permanent_uuid: "87c593876717426cae7b0ed49b8f1da2" member_type: VOTER last_known_addr { host: "127.28.159.65" port: 39567 } health_report { overall_health: UNKNOWN } } }
I20260608 12:59:37.853856   300 raft_consensus.cc:993] T e874b71b80a9445199c5301a4e8039c9 P 87c593876717426cae7b0ed49b8f1da2: : Instructing follower 73cbbff83bee4366abff5d1d93336955 to start an election
I20260608 12:59:37.854403   300 raft_consensus.cc:1081] T e874b71b80a9445199c5301a4e8039c9 P 87c593876717426cae7b0ed49b8f1da2 [term 1 LEADER]: Signalling peer 73cbbff83bee4366abff5d1d93336955 to start an election
I20260608 12:59:37.856117 32384 tablet_service.cc:2044] Received Run Leader Election RPC: tablet_id: "e874b71b80a9445199c5301a4e8039c9"
dest_uuid: "73cbbff83bee4366abff5d1d93336955"
 from {username='slave'} at 127.0.0.1:36078
I20260608 12:59:37.856640 32384 raft_consensus.cc:493] T e874b71b80a9445199c5301a4e8039c9 P 73cbbff83bee4366abff5d1d93336955 [term 1 FOLLOWER]: Starting forced leader election (received explicit request)
I20260608 12:59:37.856987 32384 raft_consensus.cc:3060] T e874b71b80a9445199c5301a4e8039c9 P 73cbbff83bee4366abff5d1d93336955 [term 1 FOLLOWER]: Advancing to term 2
I20260608 12:59:37.863116 32384 raft_consensus.cc:515] T e874b71b80a9445199c5301a4e8039c9 P 73cbbff83bee4366abff5d1d93336955 [term 2 FOLLOWER]: Starting forced leader election with config: opid_index: -1 OBSOLETE_local: false peers { permanent_uuid: "73cbbff83bee4366abff5d1d93336955" member_type: VOTER last_known_addr { host: "127.28.159.66" port: 43521 } } peers { permanent_uuid: "87c593876717426cae7b0ed49b8f1da2" member_type: VOTER last_known_addr { host: "127.28.159.65" port: 39567 } } peers { permanent_uuid: "d81afc3675ac4b79b1de035adc796097" member_type: VOTER last_known_addr { host: "127.28.159.67" port: 37805 } }
I20260608 12:59:37.865069 32384 leader_election.cc:290] T e874b71b80a9445199c5301a4e8039c9 P 73cbbff83bee4366abff5d1d93336955 [CANDIDATE]: Term 2 election: Requested vote from peers 87c593876717426cae7b0ed49b8f1da2 (127.28.159.65:39567), d81afc3675ac4b79b1de035adc796097 (127.28.159.67:37805)
I20260608 12:59:37.866125 32310 tablet_service.cc:1917] Received RequestConsensusVote() RPC: tablet_id: "e874b71b80a9445199c5301a4e8039c9" candidate_uuid: "73cbbff83bee4366abff5d1d93336955" candidate_term: 2 candidate_status { last_received { term: 1 index: 1 } } ignore_live_leader: true dest_uuid: "87c593876717426cae7b0ed49b8f1da2"
I20260608 12:59:37.866703 32310 raft_consensus.cc:3055] T e874b71b80a9445199c5301a4e8039c9 P 87c593876717426cae7b0ed49b8f1da2 [term 1 LEADER]: Stepping down as leader of term 1
I20260608 12:59:37.866993 32310 raft_consensus.cc:740] T e874b71b80a9445199c5301a4e8039c9 P 87c593876717426cae7b0ed49b8f1da2 [term 1 LEADER]: Becoming Follower/Learner. State: Replica: 87c593876717426cae7b0ed49b8f1da2, State: Running, Role: LEADER
I20260608 12:59:37.867833 32310 consensus_queue.cc:260] T e874b71b80a9445199c5301a4e8039c9 P 87c593876717426cae7b0ed49b8f1da2 [NON_LEADER]: Queue going to NON_LEADER mode. State: All replicated index: 0, Majority replicated index: 1, Committed index: 1, Last appended: 1.1, Last appended by leader: 1, Current term: 1, Majority size: -1, State: 0, Mode: NON_LEADER, active raft config: opid_index: -1 OBSOLETE_local: false peers { permanent_uuid: "73cbbff83bee4366abff5d1d93336955" member_type: VOTER last_known_addr { host: "127.28.159.66" port: 43521 } } peers { permanent_uuid: "87c593876717426cae7b0ed49b8f1da2" member_type: VOTER last_known_addr { host: "127.28.159.65" port: 39567 } } peers { permanent_uuid: "d81afc3675ac4b79b1de035adc796097" member_type: VOTER last_known_addr { host: "127.28.159.67" port: 37805 } }
I20260608 12:59:37.868062 32458 tablet_service.cc:1917] Received RequestConsensusVote() RPC: tablet_id: "e874b71b80a9445199c5301a4e8039c9" candidate_uuid: "73cbbff83bee4366abff5d1d93336955" candidate_term: 2 candidate_status { last_received { term: 1 index: 1 } } ignore_live_leader: true dest_uuid: "d81afc3675ac4b79b1de035adc796097"
I20260608 12:59:37.868906 32310 raft_consensus.cc:3060] T e874b71b80a9445199c5301a4e8039c9 P 87c593876717426cae7b0ed49b8f1da2 [term 1 FOLLOWER]: Advancing to term 2
I20260608 12:59:37.869011 32458 raft_consensus.cc:3060] T e874b71b80a9445199c5301a4e8039c9 P d81afc3675ac4b79b1de035adc796097 [term 1 FOLLOWER]: Advancing to term 2
I20260608 12:59:37.874734 32458 raft_consensus.cc:2468] T e874b71b80a9445199c5301a4e8039c9 P d81afc3675ac4b79b1de035adc796097 [term 2 FOLLOWER]: Leader election vote request: Granting yes vote for candidate 73cbbff83bee4366abff5d1d93336955 in term 2.
I20260608 12:59:37.875272 32310 raft_consensus.cc:2468] T e874b71b80a9445199c5301a4e8039c9 P 87c593876717426cae7b0ed49b8f1da2 [term 2 FOLLOWER]: Leader election vote request: Granting yes vote for candidate 73cbbff83bee4366abff5d1d93336955 in term 2.
I20260608 12:59:37.875712 32348 leader_election.cc:304] T e874b71b80a9445199c5301a4e8039c9 P 73cbbff83bee4366abff5d1d93336955 [CANDIDATE]: Term 2 election: Election decided. Result: candidate won. Election summary: received 2 responses out of 3 voters: 2 yes votes; 0 no votes. yes voters: 73cbbff83bee4366abff5d1d93336955, d81afc3675ac4b79b1de035adc796097; no voters: 
I20260608 12:59:37.876626 32761 raft_consensus.cc:2804] T e874b71b80a9445199c5301a4e8039c9 P 73cbbff83bee4366abff5d1d93336955 [term 2 FOLLOWER]: Leader election won for term 2
I20260608 12:59:37.877130 32761 raft_consensus.cc:697] T e874b71b80a9445199c5301a4e8039c9 P 73cbbff83bee4366abff5d1d93336955 [term 2 LEADER]: Becoming Leader. State: Replica: 73cbbff83bee4366abff5d1d93336955, State: Running, Role: LEADER
I20260608 12:59:37.878131 32761 consensus_queue.cc:237] T e874b71b80a9445199c5301a4e8039c9 P 73cbbff83bee4366abff5d1d93336955 [LEADER]: Queue going to LEADER mode. State: All replicated index: 0, Majority replicated index: 1, Committed index: 1, Last appended: 1.1, Last appended by leader: 1, Current term: 2, Majority size: 2, State: 0, Mode: LEADER, active raft config: opid_index: -1 OBSOLETE_local: false peers { permanent_uuid: "73cbbff83bee4366abff5d1d93336955" member_type: VOTER last_known_addr { host: "127.28.159.66" port: 43521 } } peers { permanent_uuid: "87c593876717426cae7b0ed49b8f1da2" member_type: VOTER last_known_addr { host: "127.28.159.65" port: 39567 } } peers { permanent_uuid: "d81afc3675ac4b79b1de035adc796097" member_type: VOTER last_known_addr { host: "127.28.159.67" port: 37805 } }
I20260608 12:59:37.886428 32208 catalog_manager.cc:5696] T e874b71b80a9445199c5301a4e8039c9 P 73cbbff83bee4366abff5d1d93336955 reported cstate change: term changed from 1 to 2, leader changed from 87c593876717426cae7b0ed49b8f1da2 (127.28.159.65) to 73cbbff83bee4366abff5d1d93336955 (127.28.159.66). New cstate: current_term: 2 leader_uuid: "73cbbff83bee4366abff5d1d93336955" committed_config { opid_index: -1 OBSOLETE_local: false peers { permanent_uuid: "73cbbff83bee4366abff5d1d93336955" member_type: VOTER last_known_addr { host: "127.28.159.66" port: 43521 } health_report { overall_health: HEALTHY } } peers { permanent_uuid: "87c593876717426cae7b0ed49b8f1da2" member_type: VOTER last_known_addr { host: "127.28.159.65" port: 39567 } health_report { overall_health: UNKNOWN } } peers { permanent_uuid: "d81afc3675ac4b79b1de035adc796097" member_type: VOTER last_known_addr { host: "127.28.159.67" port: 37805 } health_report { overall_health: UNKNOWN } } }
I20260608 12:59:37.958598 32767 raft_consensus.cc:993] T b257df212f0848c6be12be207e0ed3d2 P 87c593876717426cae7b0ed49b8f1da2: : Instructing follower 73cbbff83bee4366abff5d1d93336955 to start an election
I20260608 12:59:37.959088 32511 raft_consensus.cc:1081] T b257df212f0848c6be12be207e0ed3d2 P 87c593876717426cae7b0ed49b8f1da2 [term 1 LEADER]: Signalling peer 73cbbff83bee4366abff5d1d93336955 to start an election
I20260608 12:59:37.961006 32383 tablet_service.cc:2044] Received Run Leader Election RPC: tablet_id: "b257df212f0848c6be12be207e0ed3d2"
dest_uuid: "73cbbff83bee4366abff5d1d93336955"
 from {username='slave'} at 127.0.0.1:36078
I20260608 12:59:37.961598 32383 raft_consensus.cc:493] T b257df212f0848c6be12be207e0ed3d2 P 73cbbff83bee4366abff5d1d93336955 [term 1 FOLLOWER]: Starting forced leader election (received explicit request)
I20260608 12:59:37.961971 32383 raft_consensus.cc:3060] T b257df212f0848c6be12be207e0ed3d2 P 73cbbff83bee4366abff5d1d93336955 [term 1 FOLLOWER]: Advancing to term 2
I20260608 12:59:37.968854 32383 raft_consensus.cc:515] T b257df212f0848c6be12be207e0ed3d2 P 73cbbff83bee4366abff5d1d93336955 [term 2 FOLLOWER]: Starting forced leader election with config: opid_index: 2 OBSOLETE_local: false peers { permanent_uuid: "87c593876717426cae7b0ed49b8f1da2" member_type: VOTER last_known_addr { host: "127.28.159.65" port: 39567 } } peers { permanent_uuid: "73cbbff83bee4366abff5d1d93336955" member_type: VOTER last_known_addr { host: "127.28.159.66" port: 43521 } attrs { replace: true } } peers { permanent_uuid: "d81afc3675ac4b79b1de035adc796097" member_type: VOTER last_known_addr { host: "127.28.159.67" port: 37805 } } peers { permanent_uuid: "259ca6723fc44422bf7152e05ec68a25" member_type: NON_VOTER last_known_addr { host: "127.28.159.68" port: 40907 } attrs { promote: true } }
I20260608 12:59:37.971356 32383 leader_election.cc:290] T b257df212f0848c6be12be207e0ed3d2 P 73cbbff83bee4366abff5d1d93336955 [CANDIDATE]: Term 2 election: Requested vote from peers 87c593876717426cae7b0ed49b8f1da2 (127.28.159.65:39567), d81afc3675ac4b79b1de035adc796097 (127.28.159.67:37805)
I20260608 12:59:37.972486 32310 tablet_service.cc:1917] Received RequestConsensusVote() RPC: tablet_id: "b257df212f0848c6be12be207e0ed3d2" candidate_uuid: "73cbbff83bee4366abff5d1d93336955" candidate_term: 2 candidate_status { last_received { term: 1 index: 2 } } ignore_live_leader: true dest_uuid: "87c593876717426cae7b0ed49b8f1da2"
I20260608 12:59:37.972801 32458 tablet_service.cc:1917] Received RequestConsensusVote() RPC: tablet_id: "b257df212f0848c6be12be207e0ed3d2" candidate_uuid: "73cbbff83bee4366abff5d1d93336955" candidate_term: 2 candidate_status { last_received { term: 1 index: 2 } } ignore_live_leader: true dest_uuid: "d81afc3675ac4b79b1de035adc796097"
I20260608 12:59:37.973122 32310 raft_consensus.cc:3055] T b257df212f0848c6be12be207e0ed3d2 P 87c593876717426cae7b0ed49b8f1da2 [term 1 LEADER]: Stepping down as leader of term 1
I20260608 12:59:37.973464 32310 raft_consensus.cc:740] T b257df212f0848c6be12be207e0ed3d2 P 87c593876717426cae7b0ed49b8f1da2 [term 1 LEADER]: Becoming Follower/Learner. State: Replica: 87c593876717426cae7b0ed49b8f1da2, State: Running, Role: LEADER
I20260608 12:59:37.973475 32458 raft_consensus.cc:3060] T b257df212f0848c6be12be207e0ed3d2 P d81afc3675ac4b79b1de035adc796097 [term 1 FOLLOWER]: Advancing to term 2
I20260608 12:59:37.974421 32310 consensus_queue.cc:260] T b257df212f0848c6be12be207e0ed3d2 P 87c593876717426cae7b0ed49b8f1da2 [NON_LEADER]: Queue going to NON_LEADER mode. State: All replicated index: 0, Majority replicated index: 2, Committed index: 2, Last appended: 1.2, Last appended by leader: 2, Current term: 1, Majority size: -1, State: 0, Mode: NON_LEADER, active raft config: opid_index: 2 OBSOLETE_local: false peers { permanent_uuid: "87c593876717426cae7b0ed49b8f1da2" member_type: VOTER last_known_addr { host: "127.28.159.65" port: 39567 } } peers { permanent_uuid: "73cbbff83bee4366abff5d1d93336955" member_type: VOTER last_known_addr { host: "127.28.159.66" port: 43521 } attrs { replace: true } } peers { permanent_uuid: "d81afc3675ac4b79b1de035adc796097" member_type: VOTER last_known_addr { host: "127.28.159.67" port: 37805 } } peers { permanent_uuid: "259ca6723fc44422bf7152e05ec68a25" member_type: NON_VOTER last_known_addr { host: "127.28.159.68" port: 40907 } attrs { promote: true } }
I20260608 12:59:37.975955 32310 raft_consensus.cc:3060] T b257df212f0848c6be12be207e0ed3d2 P 87c593876717426cae7b0ed49b8f1da2 [term 1 FOLLOWER]: Advancing to term 2
I20260608 12:59:37.978863 32511 raft_consensus.cc:1064] T 1525e5f030d44cb68e62f3a15818d379 P 87c593876717426cae7b0ed49b8f1da2: attempting to promote NON_VOTER 259ca6723fc44422bf7152e05ec68a25 to VOTER
I20260608 12:59:37.981174 32511 consensus_queue.cc:237] T 1525e5f030d44cb68e62f3a15818d379 P 87c593876717426cae7b0ed49b8f1da2 [LEADER]: Queue going to LEADER mode. State: All replicated index: 0, Majority replicated index: 2, Committed index: 2, Last appended: 1.2, Last appended by leader: 0, Current term: 1, Majority size: 3, State: 0, Mode: LEADER, active raft config: opid_index: 3 OBSOLETE_local: false peers { permanent_uuid: "73cbbff83bee4366abff5d1d93336955" member_type: VOTER last_known_addr { host: "127.28.159.66" port: 43521 } } peers { permanent_uuid: "87c593876717426cae7b0ed49b8f1da2" member_type: VOTER last_known_addr { host: "127.28.159.65" port: 39567 } } peers { permanent_uuid: "d81afc3675ac4b79b1de035adc796097" member_type: VOTER last_known_addr { host: "127.28.159.67" port: 37805 } attrs { replace: true } } peers { permanent_uuid: "259ca6723fc44422bf7152e05ec68a25" member_type: VOTER last_known_addr { host: "127.28.159.68" port: 40907 } attrs { promote: false } }
I20260608 12:59:37.982179 32310 raft_consensus.cc:2468] T b257df212f0848c6be12be207e0ed3d2 P 87c593876717426cae7b0ed49b8f1da2 [term 2 FOLLOWER]: Leader election vote request: Granting yes vote for candidate 73cbbff83bee4366abff5d1d93336955 in term 2.
I20260608 12:59:37.982719 32458 raft_consensus.cc:2468] T b257df212f0848c6be12be207e0ed3d2 P d81afc3675ac4b79b1de035adc796097 [term 2 FOLLOWER]: Leader election vote request: Granting yes vote for candidate 73cbbff83bee4366abff5d1d93336955 in term 2.
I20260608 12:59:37.983445 32349 leader_election.cc:304] T b257df212f0848c6be12be207e0ed3d2 P 73cbbff83bee4366abff5d1d93336955 [CANDIDATE]: Term 2 election: Election decided. Result: candidate won. Election summary: received 2 responses out of 3 voters: 2 yes votes; 0 no votes. yes voters: 73cbbff83bee4366abff5d1d93336955, 87c593876717426cae7b0ed49b8f1da2; no voters: 
I20260608 12:59:37.984421 32761 raft_consensus.cc:2804] T b257df212f0848c6be12be207e0ed3d2 P 73cbbff83bee4366abff5d1d93336955 [term 2 FOLLOWER]: Leader election won for term 2
I20260608 12:59:37.985039 32761 raft_consensus.cc:697] T b257df212f0848c6be12be207e0ed3d2 P 73cbbff83bee4366abff5d1d93336955 [term 2 LEADER]: Becoming Leader. State: Replica: 73cbbff83bee4366abff5d1d93336955, State: Running, Role: LEADER
I20260608 12:59:37.986079 32761 consensus_queue.cc:237] T b257df212f0848c6be12be207e0ed3d2 P 73cbbff83bee4366abff5d1d93336955 [LEADER]: Queue going to LEADER mode. State: All replicated index: 0, Majority replicated index: 2, Committed index: 2, Last appended: 1.2, Last appended by leader: 2, Current term: 2, Majority size: 2, State: 0, Mode: LEADER, active raft config: opid_index: 2 OBSOLETE_local: false peers { permanent_uuid: "87c593876717426cae7b0ed49b8f1da2" member_type: VOTER last_known_addr { host: "127.28.159.65" port: 39567 } } peers { permanent_uuid: "73cbbff83bee4366abff5d1d93336955" member_type: VOTER last_known_addr { host: "127.28.159.66" port: 43521 } attrs { replace: true } } peers { permanent_uuid: "d81afc3675ac4b79b1de035adc796097" member_type: VOTER last_known_addr { host: "127.28.159.67" port: 37805 } } peers { permanent_uuid: "259ca6723fc44422bf7152e05ec68a25" member_type: NON_VOTER last_known_addr { host: "127.28.159.68" port: 40907 } attrs { promote: true } }
I20260608 12:59:37.989022 32615 raft_consensus.cc:1275] T 1525e5f030d44cb68e62f3a15818d379 P 259ca6723fc44422bf7152e05ec68a25 [term 1 LEARNER]: Refusing update from remote peer 87c593876717426cae7b0ed49b8f1da2: Log matching property violated. Preceding OpId in replica: term: 1 index: 2. Preceding OpId from leader: term: 1 index: 3. (index mismatch)
I20260608 12:59:37.992563   311 consensus_queue.cc:1048] T 1525e5f030d44cb68e62f3a15818d379 P 87c593876717426cae7b0ed49b8f1da2 [LEADER]: Connected to new peer: Peer: permanent_uuid: "259ca6723fc44422bf7152e05ec68a25" member_type: VOTER last_known_addr { host: "127.28.159.68" port: 40907 } attrs { promote: false }, Status: LMP_MISMATCH, Last received: 0.0, Next index: 3, Last known committed idx: 2, Time since last communication: 0.000s
I20260608 12:59:37.993641 32383 raft_consensus.cc:1275] T 1525e5f030d44cb68e62f3a15818d379 P 73cbbff83bee4366abff5d1d93336955 [term 1 FOLLOWER]: Refusing update from remote peer 87c593876717426cae7b0ed49b8f1da2: Log matching property violated. Preceding OpId in replica: term: 1 index: 2. Preceding OpId from leader: term: 1 index: 3. (index mismatch)
I20260608 12:59:37.995580 32511 consensus_queue.cc:1048] T 1525e5f030d44cb68e62f3a15818d379 P 87c593876717426cae7b0ed49b8f1da2 [LEADER]: Connected to new peer: Peer: permanent_uuid: "73cbbff83bee4366abff5d1d93336955" member_type: VOTER last_known_addr { host: "127.28.159.66" port: 43521 }, Status: LMP_MISMATCH, Last received: 0.0, Next index: 3, Last known committed idx: 2, Time since last communication: 0.000s
I20260608 12:59:37.996194 32458 raft_consensus.cc:1275] T 1525e5f030d44cb68e62f3a15818d379 P d81afc3675ac4b79b1de035adc796097 [term 1 FOLLOWER]: Refusing update from remote peer 87c593876717426cae7b0ed49b8f1da2: Log matching property violated. Preceding OpId in replica: term: 1 index: 2. Preceding OpId from leader: term: 1 index: 3. (index mismatch)
I20260608 12:59:37.997834 32511 consensus_queue.cc:1048] T 1525e5f030d44cb68e62f3a15818d379 P 87c593876717426cae7b0ed49b8f1da2 [LEADER]: Connected to new peer: Peer: permanent_uuid: "d81afc3675ac4b79b1de035adc796097" member_type: VOTER last_known_addr { host: "127.28.159.67" port: 37805 } attrs { replace: true }, Status: LMP_MISMATCH, Last received: 0.0, Next index: 3, Last known committed idx: 2, Time since last communication: 0.000s
I20260608 12:59:38.020905   300 raft_consensus.cc:2955] T 1525e5f030d44cb68e62f3a15818d379 P 87c593876717426cae7b0ed49b8f1da2 [term 1 LEADER]: Committing config change with OpId 1.3: config changed from index 2 to 3, 259ca6723fc44422bf7152e05ec68a25 (127.28.159.68) changed from NON_VOTER to VOTER. New config: { opid_index: 3 OBSOLETE_local: false peers { permanent_uuid: "73cbbff83bee4366abff5d1d93336955" member_type: VOTER last_known_addr { host: "127.28.159.66" port: 43521 } } peers { permanent_uuid: "87c593876717426cae7b0ed49b8f1da2" member_type: VOTER last_known_addr { host: "127.28.159.65" port: 39567 } } peers { permanent_uuid: "d81afc3675ac4b79b1de035adc796097" member_type: VOTER last_known_addr { host: "127.28.159.67" port: 37805 } attrs { replace: true } } peers { permanent_uuid: "259ca6723fc44422bf7152e05ec68a25" member_type: VOTER last_known_addr { host: "127.28.159.68" port: 40907 } attrs { promote: false } } }
I20260608 12:59:38.025115 32383 raft_consensus.cc:2955] T 1525e5f030d44cb68e62f3a15818d379 P 73cbbff83bee4366abff5d1d93336955 [term 1 FOLLOWER]: Committing config change with OpId 1.3: config changed from index 2 to 3, 259ca6723fc44422bf7152e05ec68a25 (127.28.159.68) changed from NON_VOTER to VOTER. New config: { opid_index: 3 OBSOLETE_local: false peers { permanent_uuid: "73cbbff83bee4366abff5d1d93336955" member_type: VOTER last_known_addr { host: "127.28.159.66" port: 43521 } } peers { permanent_uuid: "87c593876717426cae7b0ed49b8f1da2" member_type: VOTER last_known_addr { host: "127.28.159.65" port: 39567 } } peers { permanent_uuid: "d81afc3675ac4b79b1de035adc796097" member_type: VOTER last_known_addr { host: "127.28.159.67" port: 37805 } attrs { replace: true } } peers { permanent_uuid: "259ca6723fc44422bf7152e05ec68a25" member_type: VOTER last_known_addr { host: "127.28.159.68" port: 40907 } attrs { promote: false } } }
I20260608 12:59:38.025331 32613 raft_consensus.cc:2955] T 1525e5f030d44cb68e62f3a15818d379 P 259ca6723fc44422bf7152e05ec68a25 [term 1 FOLLOWER]: Committing config change with OpId 1.3: config changed from index 2 to 3, 259ca6723fc44422bf7152e05ec68a25 (127.28.159.68) changed from NON_VOTER to VOTER. New config: { opid_index: 3 OBSOLETE_local: false peers { permanent_uuid: "73cbbff83bee4366abff5d1d93336955" member_type: VOTER last_known_addr { host: "127.28.159.66" port: 43521 } } peers { permanent_uuid: "87c593876717426cae7b0ed49b8f1da2" member_type: VOTER last_known_addr { host: "127.28.159.65" port: 39567 } } peers { permanent_uuid: "d81afc3675ac4b79b1de035adc796097" member_type: VOTER last_known_addr { host: "127.28.159.67" port: 37805 } attrs { replace: true } } peers { permanent_uuid: "259ca6723fc44422bf7152e05ec68a25" member_type: VOTER last_known_addr { host: "127.28.159.68" port: 40907 } attrs { promote: false } } }
I20260608 12:59:38.026816 32208 catalog_manager.cc:5696] T b257df212f0848c6be12be207e0ed3d2 P 73cbbff83bee4366abff5d1d93336955 reported cstate change: term changed from 1 to 2, leader changed from 87c593876717426cae7b0ed49b8f1da2 (127.28.159.65) to 73cbbff83bee4366abff5d1d93336955 (127.28.159.66). New cstate: current_term: 2 leader_uuid: "73cbbff83bee4366abff5d1d93336955" committed_config { opid_index: 2 OBSOLETE_local: false peers { permanent_uuid: "87c593876717426cae7b0ed49b8f1da2" member_type: VOTER last_known_addr { host: "127.28.159.65" port: 39567 } health_report { overall_health: UNKNOWN } } peers { permanent_uuid: "73cbbff83bee4366abff5d1d93336955" member_type: VOTER last_known_addr { host: "127.28.159.66" port: 43521 } attrs { replace: true } health_report { overall_health: HEALTHY } } peers { permanent_uuid: "d81afc3675ac4b79b1de035adc796097" member_type: VOTER last_known_addr { host: "127.28.159.67" port: 37805 } health_report { overall_health: UNKNOWN } } peers { permanent_uuid: "259ca6723fc44422bf7152e05ec68a25" member_type: NON_VOTER last_known_addr { host: "127.28.159.68" port: 40907 } attrs { promote: true } health_report { overall_health: UNKNOWN } } }
I20260608 12:59:38.044513 32458 raft_consensus.cc:2955] T 1525e5f030d44cb68e62f3a15818d379 P d81afc3675ac4b79b1de035adc796097 [term 1 FOLLOWER]: Committing config change with OpId 1.3: config changed from index 2 to 3, 259ca6723fc44422bf7152e05ec68a25 (127.28.159.68) changed from NON_VOTER to VOTER. New config: { opid_index: 3 OBSOLETE_local: false peers { permanent_uuid: "73cbbff83bee4366abff5d1d93336955" member_type: VOTER last_known_addr { host: "127.28.159.66" port: 43521 } } peers { permanent_uuid: "87c593876717426cae7b0ed49b8f1da2" member_type: VOTER last_known_addr { host: "127.28.159.65" port: 39567 } } peers { permanent_uuid: "d81afc3675ac4b79b1de035adc796097" member_type: VOTER last_known_addr { host: "127.28.159.67" port: 37805 } attrs { replace: true } } peers { permanent_uuid: "259ca6723fc44422bf7152e05ec68a25" member_type: VOTER last_known_addr { host: "127.28.159.68" port: 40907 } attrs { promote: false } } }
I20260608 12:59:38.045256 32205 catalog_manager.cc:5696] T 1525e5f030d44cb68e62f3a15818d379 P 259ca6723fc44422bf7152e05ec68a25 reported cstate change: config changed from index 2 to 3, 259ca6723fc44422bf7152e05ec68a25 (127.28.159.68) changed from NON_VOTER to VOTER. New cstate: current_term: 1 leader_uuid: "87c593876717426cae7b0ed49b8f1da2" committed_config { opid_index: 3 OBSOLETE_local: false peers { permanent_uuid: "73cbbff83bee4366abff5d1d93336955" member_type: VOTER last_known_addr { host: "127.28.159.66" port: 43521 } } peers { permanent_uuid: "87c593876717426cae7b0ed49b8f1da2" member_type: VOTER last_known_addr { host: "127.28.159.65" port: 39567 } } peers { permanent_uuid: "d81afc3675ac4b79b1de035adc796097" member_type: VOTER last_known_addr { host: "127.28.159.67" port: 37805 } attrs { replace: true } } peers { permanent_uuid: "259ca6723fc44422bf7152e05ec68a25" member_type: VOTER last_known_addr { host: "127.28.159.68" port: 40907 } attrs { promote: false } } }
I20260608 12:59:38.052487 32383 tablet_service.cc:2072] Received LeaderStepDown RPC: tablet_id: "b257df212f0848c6be12be207e0ed3d2"
dest_uuid: "73cbbff83bee4366abff5d1d93336955"
mode: GRACEFUL
 from {username='slave'} at 127.0.0.1:36066
I20260608 12:59:38.053170 32383 raft_consensus.cc:606] T b257df212f0848c6be12be207e0ed3d2 P 73cbbff83bee4366abff5d1d93336955 [term 2 LEADER]: Received request to transfer leadership
I20260608 12:59:38.060705 32383 tablet_service.cc:2072] Received LeaderStepDown RPC: tablet_id: "b257df212f0848c6be12be207e0ed3d2"
dest_uuid: "73cbbff83bee4366abff5d1d93336955"
mode: GRACEFUL
 from {username='slave'} at 127.0.0.1:36066
I20260608 12:59:38.065462 32383 raft_consensus.cc:606] T b257df212f0848c6be12be207e0ed3d2 P 73cbbff83bee4366abff5d1d93336955 [term 2 LEADER]: Received request to transfer leadership
I20260608 12:59:38.064883 32761 raft_consensus.cc:1064] T e0c1f4561fc44cb39ee209d884a19a89 P 73cbbff83bee4366abff5d1d93336955: attempting to promote NON_VOTER 259ca6723fc44422bf7152e05ec68a25 to VOTER
I20260608 12:59:38.064204 32310 consensus_queue.cc:237] T 1525e5f030d44cb68e62f3a15818d379 P 87c593876717426cae7b0ed49b8f1da2 [LEADER]: Queue going to LEADER mode. State: All replicated index: 0, Majority replicated index: 3, Committed index: 3, Last appended: 1.3, Last appended by leader: 0, Current term: 1, Majority size: 2, State: 0, Mode: LEADER, active raft config: opid_index: 4 OBSOLETE_local: false peers { permanent_uuid: "73cbbff83bee4366abff5d1d93336955" member_type: VOTER last_known_addr { host: "127.28.159.66" port: 43521 } } peers { permanent_uuid: "87c593876717426cae7b0ed49b8f1da2" member_type: VOTER last_known_addr { host: "127.28.159.65" port: 39567 } } peers { permanent_uuid: "259ca6723fc44422bf7152e05ec68a25" member_type: VOTER last_known_addr { host: "127.28.159.68" port: 40907 } attrs { promote: false } }
W20260608 12:59:38.067459 32193 proxy.cc:239] Call had error, refreshing address and retrying: Remote error: Service unavailable: leadership transfer for b257df212f0848c6be12be207e0ed3d2 already in progress
