I20260608 13:00:17.376338  1467 ts_tablet_manager.cc:1403] T 3dc013644c7646e3b31dcfb9c8c4256f P 3764b031de4844b5ac13fa7387e13738: Time spent bootstrapping tablet: real 0.081s	user 0.032s	sys 0.037s
I20260608 13:00:17.375860  1464 consensus_queue.cc:260] T 5680e4f0d47544e4946e5189b013541c P fac6c886d7df49febe957405af1135a3 [NON_LEADER]: Queue going to NON_LEADER mode. State: All replicated index: 0, Majority replicated index: 0, Committed index: 0, Last appended: 0.0, Last appended by leader: 0, Current term: 0, Majority size: -1, State: 0, Mode: NON_LEADER, active raft config: opid_index: -1 OBSOLETE_local: false peers { permanent_uuid: "fac6c886d7df49febe957405af1135a3" member_type: VOTER last_known_addr { host: "127.28.134.129" port: 40501 } } peers { permanent_uuid: "0021ed63c84b4d1db639a59e8af16e4a" member_type: VOTER last_known_addr { host: "127.28.134.130" port: 34687 } } peers { permanent_uuid: "3764b031de4844b5ac13fa7387e13738" member_type: VOTER last_known_addr { host: "127.28.134.131" port: 36419 } }
I20260608 13:00:17.376879  1473 raft_consensus.cc:493] T 606152e98a21407b9c9b666fb29451f5 P 0021ed63c84b4d1db639a59e8af16e4a [term 0 FOLLOWER]: Starting pre-election (no leader contacted us within the election timeout)
I20260608 13:00:17.377424  1473 raft_consensus.cc:515] T 606152e98a21407b9c9b666fb29451f5 P 0021ed63c84b4d1db639a59e8af16e4a [term 0 FOLLOWER]: Starting pre-election with config: opid_index: -1 OBSOLETE_local: false peers { permanent_uuid: "fac6c886d7df49febe957405af1135a3" member_type: VOTER last_known_addr { host: "127.28.134.129" port: 40501 } } peers { permanent_uuid: "0021ed63c84b4d1db639a59e8af16e4a" member_type: VOTER last_known_addr { host: "127.28.134.130" port: 34687 } } peers { permanent_uuid: "3764b031de4844b5ac13fa7387e13738" member_type: VOTER last_known_addr { host: "127.28.134.131" port: 36419 } }
I20260608 13:00:17.378538  1464 ts_tablet_manager.cc:1434] T 5680e4f0d47544e4946e5189b013541c P fac6c886d7df49febe957405af1135a3: Time spent starting tablet: real 0.012s	user 0.004s	sys 0.004s
I20260608 13:00:17.379657  1464 tablet_bootstrap.cc:492] T 1a5641134ecb4d74a968ebcfbd48b857 P fac6c886d7df49febe957405af1135a3: Bootstrap starting.
I20260608 13:00:17.379842  1473 leader_election.cc:290] T 606152e98a21407b9c9b666fb29451f5 P 0021ed63c84b4d1db639a59e8af16e4a [CANDIDATE]: Term 1 pre-election: Requested pre-vote from peers fac6c886d7df49febe957405af1135a3 (127.28.134.129:40501), 3764b031de4844b5ac13fa7387e13738 (127.28.134.131:36419)
I20260608 13:00:17.379894  1467 raft_consensus.cc:359] T 3dc013644c7646e3b31dcfb9c8c4256f P 3764b031de4844b5ac13fa7387e13738 [term 0 FOLLOWER]: Replica starting. Triggering 0 pending ops. Active config: opid_index: -1 OBSOLETE_local: false peers { permanent_uuid: "fac6c886d7df49febe957405af1135a3" member_type: VOTER last_known_addr { host: "127.28.134.129" port: 40501 } } peers { permanent_uuid: "0021ed63c84b4d1db639a59e8af16e4a" member_type: VOTER last_known_addr { host: "127.28.134.130" port: 34687 } } peers { permanent_uuid: "3764b031de4844b5ac13fa7387e13738" member_type: VOTER last_known_addr { host: "127.28.134.131" port: 36419 } }
I20260608 13:00:17.380913  1467 raft_consensus.cc:385] T 3dc013644c7646e3b31dcfb9c8c4256f P 3764b031de4844b5ac13fa7387e13738 [term 0 FOLLOWER]: Consensus starting up: Expiring failure detector timer to make a prompt election more likely
I20260608 13:00:17.381276  1467 raft_consensus.cc:740] T 3dc013644c7646e3b31dcfb9c8c4256f P 3764b031de4844b5ac13fa7387e13738 [term 0 FOLLOWER]: Becoming Follower/Learner. State: Replica: 3764b031de4844b5ac13fa7387e13738, State: Initialized, Role: FOLLOWER
I20260608 13:00:17.373406  1468 ts_tablet_manager.cc:1403] T 0ce91bfc28fc42669ad2e95a06f09e73 P 0021ed63c84b4d1db639a59e8af16e4a: Time spent bootstrapping tablet: real 0.036s	user 0.023s	sys 0.000s
I20260608 13:00:17.382813  1270 tablet_service.cc:1917] Received RequestConsensusVote() RPC: tablet_id: "606152e98a21407b9c9b666fb29451f5" candidate_uuid: "0021ed63c84b4d1db639a59e8af16e4a" candidate_term: 1 candidate_status { last_received { term: 0 index: 0 } } ignore_live_leader: false dest_uuid: "fac6c886d7df49febe957405af1135a3" is_pre_election: true
I20260608 13:00:17.384279  1419 tablet_service.cc:1917] Received RequestConsensusVote() RPC: tablet_id: "606152e98a21407b9c9b666fb29451f5" candidate_uuid: "0021ed63c84b4d1db639a59e8af16e4a" candidate_term: 1 candidate_status { last_received { term: 0 index: 0 } } ignore_live_leader: false dest_uuid: "3764b031de4844b5ac13fa7387e13738" is_pre_election: true
I20260608 13:00:17.384999  1419 raft_consensus.cc:2468] T 606152e98a21407b9c9b666fb29451f5 P 3764b031de4844b5ac13fa7387e13738 [term 0 FOLLOWER]: Leader pre-election vote request: Granting yes vote for candidate 0021ed63c84b4d1db639a59e8af16e4a in term 0.
I20260608 13:00:17.385753  1468 raft_consensus.cc:359] T 0ce91bfc28fc42669ad2e95a06f09e73 P 0021ed63c84b4d1db639a59e8af16e4a [term 0 FOLLOWER]: Replica starting. Triggering 0 pending ops. Active config: opid_index: -1 OBSOLETE_local: false peers { permanent_uuid: "fac6c886d7df49febe957405af1135a3" member_type: VOTER last_known_addr { host: "127.28.134.129" port: 40501 } } peers { permanent_uuid: "0021ed63c84b4d1db639a59e8af16e4a" member_type: VOTER last_known_addr { host: "127.28.134.130" port: 34687 } } peers { permanent_uuid: "3764b031de4844b5ac13fa7387e13738" member_type: VOTER last_known_addr { host: "127.28.134.131" port: 36419 } }
I20260608 13:00:17.386615  1468 raft_consensus.cc:385] T 0ce91bfc28fc42669ad2e95a06f09e73 P 0021ed63c84b4d1db639a59e8af16e4a [term 0 FOLLOWER]: Consensus starting up: Expiring failure detector timer to make a prompt election more likely
I20260608 13:00:17.386927  1468 raft_consensus.cc:740] T 0ce91bfc28fc42669ad2e95a06f09e73 P 0021ed63c84b4d1db639a59e8af16e4a [term 0 FOLLOWER]: Becoming Follower/Learner. State: Replica: 0021ed63c84b4d1db639a59e8af16e4a, State: Initialized, Role: FOLLOWER
I20260608 13:00:17.386855  1310 leader_election.cc:304] T 606152e98a21407b9c9b666fb29451f5 P 0021ed63c84b4d1db639a59e8af16e4a [CANDIDATE]: Term 1 pre-election: Election decided. Result: candidate won. Election summary: received 2 responses out of 3 voters: 2 yes votes; 0 no votes. yes voters: 0021ed63c84b4d1db639a59e8af16e4a, 3764b031de4844b5ac13fa7387e13738; no voters: 
I20260608 13:00:17.387389  1464 tablet_bootstrap.cc:654] T 1a5641134ecb4d74a968ebcfbd48b857 P fac6c886d7df49febe957405af1135a3: Neither blocks nor log segments found. Creating new log.
W20260608 13:00:17.388157  1310 leader_election.cc:343] T 606152e98a21407b9c9b666fb29451f5 P 0021ed63c84b4d1db639a59e8af16e4a [CANDIDATE]: Term 1 pre-election: Tablet error from VoteRequest() call to peer fac6c886d7df49febe957405af1135a3 (127.28.134.129:40501): Illegal state: must be running to vote when last-logged opid is not known
I20260608 13:00:17.388036  1468 consensus_queue.cc:260] T 0ce91bfc28fc42669ad2e95a06f09e73 P 0021ed63c84b4d1db639a59e8af16e4a [NON_LEADER]: Queue going to NON_LEADER mode. State: All replicated index: 0, Majority replicated index: 0, Committed index: 0, Last appended: 0.0, Last appended by leader: 0, Current term: 0, Majority size: -1, State: 0, Mode: NON_LEADER, active raft config: opid_index: -1 OBSOLETE_local: false peers { permanent_uuid: "fac6c886d7df49febe957405af1135a3" member_type: VOTER last_known_addr { host: "127.28.134.129" port: 40501 } } peers { permanent_uuid: "0021ed63c84b4d1db639a59e8af16e4a" member_type: VOTER last_known_addr { host: "127.28.134.130" port: 34687 } } peers { permanent_uuid: "3764b031de4844b5ac13fa7387e13738" member_type: VOTER last_known_addr { host: "127.28.134.131" port: 36419 } }
I20260608 13:00:17.389348  1473 raft_consensus.cc:2804] T 606152e98a21407b9c9b666fb29451f5 P 0021ed63c84b4d1db639a59e8af16e4a [term 0 FOLLOWER]: Leader pre-election won for term 1
I20260608 13:00:17.389768  1473 raft_consensus.cc:493] T 606152e98a21407b9c9b666fb29451f5 P 0021ed63c84b4d1db639a59e8af16e4a [term 0 FOLLOWER]: Starting leader election (no leader contacted us within the election timeout)
I20260608 13:00:17.390336  1473 raft_consensus.cc:3060] T 606152e98a21407b9c9b666fb29451f5 P 0021ed63c84b4d1db639a59e8af16e4a [term 0 FOLLOWER]: Advancing to term 1
I20260608 13:00:17.393018  1468 ts_tablet_manager.cc:1434] T 0ce91bfc28fc42669ad2e95a06f09e73 P 0021ed63c84b4d1db639a59e8af16e4a: Time spent starting tablet: real 0.011s	user 0.007s	sys 0.001s
I20260608 13:00:17.394600  1468 tablet_bootstrap.cc:492] T 175c2b58173c43e6a23b679c8549c0d0 P 0021ed63c84b4d1db639a59e8af16e4a: Bootstrap starting.
I20260608 13:00:17.399878  1473 raft_consensus.cc:515] T 606152e98a21407b9c9b666fb29451f5 P 0021ed63c84b4d1db639a59e8af16e4a [term 1 FOLLOWER]: Starting leader election with config: opid_index: -1 OBSOLETE_local: false peers { permanent_uuid: "fac6c886d7df49febe957405af1135a3" member_type: VOTER last_known_addr { host: "127.28.134.129" port: 40501 } } peers { permanent_uuid: "0021ed63c84b4d1db639a59e8af16e4a" member_type: VOTER last_known_addr { host: "127.28.134.130" port: 34687 } } peers { permanent_uuid: "3764b031de4844b5ac13fa7387e13738" member_type: VOTER last_known_addr { host: "127.28.134.131" port: 36419 } }
I20260608 13:00:17.402933  1270 tablet_service.cc:1917] Received RequestConsensusVote() RPC: tablet_id: "606152e98a21407b9c9b666fb29451f5" candidate_uuid: "0021ed63c84b4d1db639a59e8af16e4a" candidate_term: 1 candidate_status { last_received { term: 0 index: 0 } } ignore_live_leader: false dest_uuid: "fac6c886d7df49febe957405af1135a3"
I20260608 13:00:17.382157  1467 consensus_queue.cc:260] T 3dc013644c7646e3b31dcfb9c8c4256f P 3764b031de4844b5ac13fa7387e13738 [NON_LEADER]: Queue going to NON_LEADER mode. State: All replicated index: 0, Majority replicated index: 0, Committed index: 0, Last appended: 0.0, Last appended by leader: 0, Current term: 0, Majority size: -1, State: 0, Mode: NON_LEADER, active raft config: opid_index: -1 OBSOLETE_local: false peers { permanent_uuid: "fac6c886d7df49febe957405af1135a3" member_type: VOTER last_known_addr { host: "127.28.134.129" port: 40501 } } peers { permanent_uuid: "0021ed63c84b4d1db639a59e8af16e4a" member_type: VOTER last_known_addr { host: "127.28.134.130" port: 34687 } } peers { permanent_uuid: "3764b031de4844b5ac13fa7387e13738" member_type: VOTER last_known_addr { host: "127.28.134.131" port: 36419 } }
W20260608 13:00:17.404482  1310 leader_election.cc:343] T 606152e98a21407b9c9b666fb29451f5 P 0021ed63c84b4d1db639a59e8af16e4a [CANDIDATE]: Term 1 election: Tablet error from VoteRequest() call to peer fac6c886d7df49febe957405af1135a3 (127.28.134.129:40501): Illegal state: must be running to vote when last-logged opid is not known
I20260608 13:00:17.406354  1467 ts_tablet_manager.cc:1434] T 3dc013644c7646e3b31dcfb9c8c4256f P 3764b031de4844b5ac13fa7387e13738: Time spent starting tablet: real 0.030s	user 0.009s	sys 0.000s
I20260608 13:00:17.408864  1467 tablet_bootstrap.cc:492] T 62de3935d41f4be09d7e830d93752d0c P 3764b031de4844b5ac13fa7387e13738: Bootstrap starting.
I20260608 13:00:17.413408  1505 raft_consensus.cc:493] T 0ce91bfc28fc42669ad2e95a06f09e73 P 0021ed63c84b4d1db639a59e8af16e4a [term 0 FOLLOWER]: Starting pre-election (no leader contacted us within the election timeout)
I20260608 13:00:17.419802  1464 tablet_bootstrap.cc:492] T 1a5641134ecb4d74a968ebcfbd48b857 P fac6c886d7df49febe957405af1135a3: No bootstrap required, opened a new log
I20260608 13:00:17.424925  1464 ts_tablet_manager.cc:1403] T 1a5641134ecb4d74a968ebcfbd48b857 P fac6c886d7df49febe957405af1135a3: Time spent bootstrapping tablet: real 0.046s	user 0.039s	sys 0.005s
I20260608 13:00:17.424594  1473 leader_election.cc:290] T 606152e98a21407b9c9b666fb29451f5 P 0021ed63c84b4d1db639a59e8af16e4a [CANDIDATE]: Term 1 election: Requested vote from peers fac6c886d7df49febe957405af1135a3 (127.28.134.129:40501), 3764b031de4844b5ac13fa7387e13738 (127.28.134.131:36419)
I20260608 13:00:17.413877  1419 tablet_service.cc:1917] Received RequestConsensusVote() RPC: tablet_id: "606152e98a21407b9c9b666fb29451f5" candidate_uuid: "0021ed63c84b4d1db639a59e8af16e4a" candidate_term: 1 candidate_status { last_received { term: 0 index: 0 } } ignore_live_leader: false dest_uuid: "3764b031de4844b5ac13fa7387e13738"
I20260608 13:00:17.425848  1419 raft_consensus.cc:3060] T 606152e98a21407b9c9b666fb29451f5 P 3764b031de4844b5ac13fa7387e13738 [term 0 FOLLOWER]: Advancing to term 1
I20260608 13:00:17.428299  1507 raft_consensus.cc:493] T 62de3935d41f4be09d7e830d93752d0c P 0021ed63c84b4d1db639a59e8af16e4a [term 0 FOLLOWER]: Starting pre-election (no leader contacted us within the election timeout)
I20260608 13:00:17.428877  1507 raft_consensus.cc:515] T 62de3935d41f4be09d7e830d93752d0c P 0021ed63c84b4d1db639a59e8af16e4a [term 0 FOLLOWER]: Starting pre-election with config: opid_index: -1 OBSOLETE_local: false peers { permanent_uuid: "fac6c886d7df49febe957405af1135a3" member_type: VOTER last_known_addr { host: "127.28.134.129" port: 40501 } } peers { permanent_uuid: "0021ed63c84b4d1db639a59e8af16e4a" member_type: VOTER last_known_addr { host: "127.28.134.130" port: 34687 } } peers { permanent_uuid: "3764b031de4844b5ac13fa7387e13738" member_type: VOTER last_known_addr { host: "127.28.134.131" port: 36419 } }
I20260608 13:00:17.418213  1467 tablet_bootstrap.cc:654] T 62de3935d41f4be09d7e830d93752d0c P 3764b031de4844b5ac13fa7387e13738: Neither blocks nor log segments found. Creating new log.
I20260608 13:00:17.431710  1468 tablet_bootstrap.cc:654] T 175c2b58173c43e6a23b679c8549c0d0 P 0021ed63c84b4d1db639a59e8af16e4a: Neither blocks nor log segments found. Creating new log.
I20260608 13:00:17.432945  1419 raft_consensus.cc:2468] T 606152e98a21407b9c9b666fb29451f5 P 3764b031de4844b5ac13fa7387e13738 [term 1 FOLLOWER]: Leader election vote request: Granting yes vote for candidate 0021ed63c84b4d1db639a59e8af16e4a in term 1.
I20260608 13:00:17.424737  1505 raft_consensus.cc:515] T 0ce91bfc28fc42669ad2e95a06f09e73 P 0021ed63c84b4d1db639a59e8af16e4a [term 0 FOLLOWER]: Starting pre-election with config: opid_index: -1 OBSOLETE_local: false peers { permanent_uuid: "fac6c886d7df49febe957405af1135a3" member_type: VOTER last_known_addr { host: "127.28.134.129" port: 40501 } } peers { permanent_uuid: "0021ed63c84b4d1db639a59e8af16e4a" member_type: VOTER last_known_addr { host: "127.28.134.130" port: 34687 } } peers { permanent_uuid: "3764b031de4844b5ac13fa7387e13738" member_type: VOTER last_known_addr { host: "127.28.134.131" port: 36419 } }
I20260608 13:00:17.434358  1310 leader_election.cc:304] T 606152e98a21407b9c9b666fb29451f5 P 0021ed63c84b4d1db639a59e8af16e4a [CANDIDATE]: Term 1 election: Election decided. Result: candidate won. Election summary: received 3 responses out of 3 voters: 2 yes votes; 1 no votes. yes voters: 0021ed63c84b4d1db639a59e8af16e4a, 3764b031de4844b5ac13fa7387e13738; no voters: fac6c886d7df49febe957405af1135a3
I20260608 13:00:17.435529  1473 raft_consensus.cc:2804] T 606152e98a21407b9c9b666fb29451f5 P 0021ed63c84b4d1db639a59e8af16e4a [term 1 FOLLOWER]: Leader election won for term 1
I20260608 13:00:17.435988  1507 leader_election.cc:290] T 62de3935d41f4be09d7e830d93752d0c P 0021ed63c84b4d1db639a59e8af16e4a [CANDIDATE]: Term 1 pre-election: Requested pre-vote from peers fac6c886d7df49febe957405af1135a3 (127.28.134.129:40501), 3764b031de4844b5ac13fa7387e13738 (127.28.134.131:36419)
I20260608 13:00:17.437112  1270 tablet_service.cc:1917] Received RequestConsensusVote() RPC: tablet_id: "62de3935d41f4be09d7e830d93752d0c" candidate_uuid: "0021ed63c84b4d1db639a59e8af16e4a" candidate_term: 1 candidate_status { last_received { term: 0 index: 0 } } ignore_live_leader: false dest_uuid: "fac6c886d7df49febe957405af1135a3" is_pre_election: true
I20260608 13:00:17.437459  1505 leader_election.cc:290] T 0ce91bfc28fc42669ad2e95a06f09e73 P 0021ed63c84b4d1db639a59e8af16e4a [CANDIDATE]: Term 1 pre-election: Requested pre-vote from peers fac6c886d7df49febe957405af1135a3 (127.28.134.129:40501), 3764b031de4844b5ac13fa7387e13738 (127.28.134.131:36419)
I20260608 13:00:17.435635  1464 raft_consensus.cc:359] T 1a5641134ecb4d74a968ebcfbd48b857 P fac6c886d7df49febe957405af1135a3 [term 0 FOLLOWER]: Replica starting. Triggering 0 pending ops. Active config: opid_index: -1 OBSOLETE_local: false peers { permanent_uuid: "fac6c886d7df49febe957405af1135a3" member_type: VOTER last_known_addr { host: "127.28.134.129" port: 40501 } } peers { permanent_uuid: "0021ed63c84b4d1db639a59e8af16e4a" member_type: VOTER last_known_addr { host: "127.28.134.130" port: 34687 } } peers { permanent_uuid: "3764b031de4844b5ac13fa7387e13738" member_type: VOTER last_known_addr { host: "127.28.134.131" port: 36419 } }
I20260608 13:00:17.438048  1464 raft_consensus.cc:385] T 1a5641134ecb4d74a968ebcfbd48b857 P fac6c886d7df49febe957405af1135a3 [term 0 FOLLOWER]: Consensus starting up: Expiring failure detector timer to make a prompt election more likely
I20260608 13:00:17.438736  1464 raft_consensus.cc:740] T 1a5641134ecb4d74a968ebcfbd48b857 P fac6c886d7df49febe957405af1135a3 [term 0 FOLLOWER]: Becoming Follower/Learner. State: Replica: fac6c886d7df49febe957405af1135a3, State: Initialized, Role: FOLLOWER
I20260608 13:00:17.440163  1464 consensus_queue.cc:260] T 1a5641134ecb4d74a968ebcfbd48b857 P fac6c886d7df49febe957405af1135a3 [NON_LEADER]: Queue going to NON_LEADER mode. State: All replicated index: 0, Majority replicated index: 0, Committed index: 0, Last appended: 0.0, Last appended by leader: 0, Current term: 0, Majority size: -1, State: 0, Mode: NON_LEADER, active raft config: opid_index: -1 OBSOLETE_local: false peers { permanent_uuid: "fac6c886d7df49febe957405af1135a3" member_type: VOTER last_known_addr { host: "127.28.134.129" port: 40501 } } peers { permanent_uuid: "0021ed63c84b4d1db639a59e8af16e4a" member_type: VOTER last_known_addr { host: "127.28.134.130" port: 34687 } } peers { permanent_uuid: "3764b031de4844b5ac13fa7387e13738" member_type: VOTER last_known_addr { host: "127.28.134.131" port: 36419 } }
I20260608 13:00:17.440698  1270 tablet_service.cc:1917] Received RequestConsensusVote() RPC: tablet_id: "0ce91bfc28fc42669ad2e95a06f09e73" candidate_uuid: "0021ed63c84b4d1db639a59e8af16e4a" candidate_term: 1 candidate_status { last_received { term: 0 index: 0 } } ignore_live_leader: false dest_uuid: "fac6c886d7df49febe957405af1135a3" is_pre_election: true
I20260608 13:00:17.441452  1270 raft_consensus.cc:2468] T 0ce91bfc28fc42669ad2e95a06f09e73 P fac6c886d7df49febe957405af1135a3 [term 0 FOLLOWER]: Leader pre-election vote request: Granting yes vote for candidate 0021ed63c84b4d1db639a59e8af16e4a in term 0.
I20260608 13:00:17.444057  1418 tablet_service.cc:1917] Received RequestConsensusVote() RPC: tablet_id: "0ce91bfc28fc42669ad2e95a06f09e73" candidate_uuid: "0021ed63c84b4d1db639a59e8af16e4a" candidate_term: 1 candidate_status { last_received { term: 0 index: 0 } } ignore_live_leader: false dest_uuid: "3764b031de4844b5ac13fa7387e13738" is_pre_election: true
I20260608 13:00:17.444723  1418 raft_consensus.cc:2468] T 0ce91bfc28fc42669ad2e95a06f09e73 P 3764b031de4844b5ac13fa7387e13738 [term 0 FOLLOWER]: Leader pre-election vote request: Granting yes vote for candidate 0021ed63c84b4d1db639a59e8af16e4a in term 0.
I20260608 13:00:17.447335  1464 ts_tablet_manager.cc:1434] T 1a5641134ecb4d74a968ebcfbd48b857 P fac6c886d7df49febe957405af1135a3: Time spent starting tablet: real 0.022s	user 0.008s	sys 0.000s
W20260608 13:00:17.448040  1310 leader_election.cc:343] T 62de3935d41f4be09d7e830d93752d0c P 0021ed63c84b4d1db639a59e8af16e4a [CANDIDATE]: Term 1 pre-election: Tablet error from VoteRequest() call to peer fac6c886d7df49febe957405af1135a3 (127.28.134.129:40501): Illegal state: must be running to vote when last-logged opid is not known
I20260608 13:00:17.448412  1464 tablet_bootstrap.cc:492] T 62de3935d41f4be09d7e830d93752d0c P fac6c886d7df49febe957405af1135a3: Bootstrap starting.
I20260608 13:00:17.457154  1467 tablet_bootstrap.cc:492] T 62de3935d41f4be09d7e830d93752d0c P 3764b031de4844b5ac13fa7387e13738: No bootstrap required, opened a new log
I20260608 13:00:17.457967  1467 ts_tablet_manager.cc:1403] T 62de3935d41f4be09d7e830d93752d0c P 3764b031de4844b5ac13fa7387e13738: Time spent bootstrapping tablet: real 0.049s	user 0.021s	sys 0.011s
I20260608 13:00:17.452637  1473 raft_consensus.cc:697] T 606152e98a21407b9c9b666fb29451f5 P 0021ed63c84b4d1db639a59e8af16e4a [term 1 LEADER]: Becoming Leader. State: Replica: 0021ed63c84b4d1db639a59e8af16e4a, State: Running, Role: LEADER
I20260608 13:00:17.460675  1464 tablet_bootstrap.cc:654] T 62de3935d41f4be09d7e830d93752d0c P fac6c886d7df49febe957405af1135a3: Neither blocks nor log segments found. Creating new log.
I20260608 13:00:17.459230  1473 consensus_queue.cc:237] T 606152e98a21407b9c9b666fb29451f5 P 0021ed63c84b4d1db639a59e8af16e4a [LEADER]: Queue going to LEADER mode. State: All replicated index: 0, Majority replicated index: 0, Committed index: 0, Last appended: 0.0, Last appended by leader: 0, Current term: 1, Majority size: 2, State: 0, Mode: LEADER, active raft config: opid_index: -1 OBSOLETE_local: false peers { permanent_uuid: "fac6c886d7df49febe957405af1135a3" member_type: VOTER last_known_addr { host: "127.28.134.129" port: 40501 } } peers { permanent_uuid: "0021ed63c84b4d1db639a59e8af16e4a" member_type: VOTER last_known_addr { host: "127.28.134.130" port: 34687 } } peers { permanent_uuid: "3764b031de4844b5ac13fa7387e13738" member_type: VOTER last_known_addr { host: "127.28.134.131" port: 36419 } }
I20260608 13:00:17.462126  1310 leader_election.cc:304] T 0ce91bfc28fc42669ad2e95a06f09e73 P 0021ed63c84b4d1db639a59e8af16e4a [CANDIDATE]: Term 1 pre-election: Election decided. Result: candidate won. Election summary: received 2 responses out of 3 voters: 2 yes votes; 0 no votes. yes voters: 0021ed63c84b4d1db639a59e8af16e4a, fac6c886d7df49febe957405af1135a3; no voters: 
I20260608 13:00:17.464110  1508 raft_consensus.cc:2804] T 0ce91bfc28fc42669ad2e95a06f09e73 P 0021ed63c84b4d1db639a59e8af16e4a [term 0 FOLLOWER]: Leader pre-election won for term 1
I20260608 13:00:17.463023  1419 tablet_service.cc:1917] Received RequestConsensusVote() RPC: tablet_id: "62de3935d41f4be09d7e830d93752d0c" candidate_uuid: "0021ed63c84b4d1db639a59e8af16e4a" candidate_term: 1 candidate_status { last_received { term: 0 index: 0 } } ignore_live_leader: false dest_uuid: "3764b031de4844b5ac13fa7387e13738" is_pre_election: true
I20260608 13:00:17.464588  1508 raft_consensus.cc:493] T 0ce91bfc28fc42669ad2e95a06f09e73 P 0021ed63c84b4d1db639a59e8af16e4a [term 0 FOLLOWER]: Starting leader election (no leader contacted us within the election timeout)
I20260608 13:00:17.465000  1508 raft_consensus.cc:3060] T 0ce91bfc28fc42669ad2e95a06f09e73 P 0021ed63c84b4d1db639a59e8af16e4a [term 0 FOLLOWER]: Advancing to term 1
W20260608 13:00:17.467082  1310 leader_election.cc:343] T 62de3935d41f4be09d7e830d93752d0c P 0021ed63c84b4d1db639a59e8af16e4a [CANDIDATE]: Term 1 pre-election: Tablet error from VoteRequest() call to peer 3764b031de4844b5ac13fa7387e13738 (127.28.134.131:36419): Illegal state: must be running to vote when last-logged opid is not known
I20260608 13:00:17.468045  1310 leader_election.cc:304] T 62de3935d41f4be09d7e830d93752d0c P 0021ed63c84b4d1db639a59e8af16e4a [CANDIDATE]: Term 1 pre-election: Election decided. Result: candidate lost. Election summary: received 3 responses out of 3 voters: 1 yes votes; 2 no votes. yes voters: 0021ed63c84b4d1db639a59e8af16e4a; no voters: 3764b031de4844b5ac13fa7387e13738, fac6c886d7df49febe957405af1135a3
I20260608 13:00:17.469108  1466 raft_consensus.cc:493] T 1a5641134ecb4d74a968ebcfbd48b857 P fac6c886d7df49febe957405af1135a3 [term 0 FOLLOWER]: Starting pre-election (no leader contacted us within the election timeout)
I20260608 13:00:17.469640  1466 raft_consensus.cc:515] T 1a5641134ecb4d74a968ebcfbd48b857 P fac6c886d7df49febe957405af1135a3 [term 0 FOLLOWER]: Starting pre-election with config: opid_index: -1 OBSOLETE_local: false peers { permanent_uuid: "fac6c886d7df49febe957405af1135a3" member_type: VOTER last_known_addr { host: "127.28.134.129" port: 40501 } } peers { permanent_uuid: "0021ed63c84b4d1db639a59e8af16e4a" member_type: VOTER last_known_addr { host: "127.28.134.130" port: 34687 } } peers { permanent_uuid: "3764b031de4844b5ac13fa7387e13738" member_type: VOTER last_known_addr { host: "127.28.134.131" port: 36419 } }
I20260608 13:00:17.471443  1467 raft_consensus.cc:359] T 62de3935d41f4be09d7e830d93752d0c P 3764b031de4844b5ac13fa7387e13738 [term 0 FOLLOWER]: Replica starting. Triggering 0 pending ops. Active config: opid_index: -1 OBSOLETE_local: false peers { permanent_uuid: "fac6c886d7df49febe957405af1135a3" member_type: VOTER last_known_addr { host: "127.28.134.129" port: 40501 } } peers { permanent_uuid: "0021ed63c84b4d1db639a59e8af16e4a" member_type: VOTER last_known_addr { host: "127.28.134.130" port: 34687 } } peers { permanent_uuid: "3764b031de4844b5ac13fa7387e13738" member_type: VOTER last_known_addr { host: "127.28.134.131" port: 36419 } }
I20260608 13:00:17.472448  1468 tablet_bootstrap.cc:492] T 175c2b58173c43e6a23b679c8549c0d0 P 0021ed63c84b4d1db639a59e8af16e4a: No bootstrap required, opened a new log
I20260608 13:00:17.471920  1466 leader_election.cc:290] T 1a5641134ecb4d74a968ebcfbd48b857 P fac6c886d7df49febe957405af1135a3 [CANDIDATE]: Term 1 pre-election: Requested pre-vote from peers 0021ed63c84b4d1db639a59e8af16e4a (127.28.134.130:34687), 3764b031de4844b5ac13fa7387e13738 (127.28.134.131:36419)
I20260608 13:00:17.472960  1468 ts_tablet_manager.cc:1403] T 175c2b58173c43e6a23b679c8549c0d0 P 0021ed63c84b4d1db639a59e8af16e4a: Time spent bootstrapping tablet: real 0.079s	user 0.024s	sys 0.019s
I20260608 13:00:17.472723  1345 tablet_service.cc:1917] Received RequestConsensusVote() RPC: tablet_id: "1a5641134ecb4d74a968ebcfbd48b857" candidate_uuid: "fac6c886d7df49febe957405af1135a3" candidate_term: 1 candidate_status { last_received { term: 0 index: 0 } } ignore_live_leader: false dest_uuid: "0021ed63c84b4d1db639a59e8af16e4a" is_pre_election: true
I20260608 13:00:17.472824  1505 raft_consensus.cc:2749] T 62de3935d41f4be09d7e830d93752d0c P 0021ed63c84b4d1db639a59e8af16e4a [term 0 FOLLOWER]: Leader pre-election lost for term 1. Reason: could not achieve majority
I20260608 13:00:17.473395  1419 tablet_service.cc:1917] Received RequestConsensusVote() RPC: tablet_id: "1a5641134ecb4d74a968ebcfbd48b857" candidate_uuid: "fac6c886d7df49febe957405af1135a3" candidate_term: 1 candidate_status { last_received { term: 0 index: 0 } } ignore_live_leader: false dest_uuid: "3764b031de4844b5ac13fa7387e13738" is_pre_election: true
I20260608 13:00:17.473608  1345 raft_consensus.cc:2468] T 1a5641134ecb4d74a968ebcfbd48b857 P 0021ed63c84b4d1db639a59e8af16e4a [term 0 FOLLOWER]: Leader pre-election vote request: Granting yes vote for candidate fac6c886d7df49febe957405af1135a3 in term 0.
W20260608 13:00:17.474973  1235 leader_election.cc:343] T 1a5641134ecb4d74a968ebcfbd48b857 P fac6c886d7df49febe957405af1135a3 [CANDIDATE]: Term 1 pre-election: Tablet error from VoteRequest() call to peer 3764b031de4844b5ac13fa7387e13738 (127.28.134.131:36419): Illegal state: must be running to vote when last-logged opid is not known
I20260608 13:00:17.472247  1467 raft_consensus.cc:385] T 62de3935d41f4be09d7e830d93752d0c P 3764b031de4844b5ac13fa7387e13738 [term 0 FOLLOWER]: Consensus starting up: Expiring failure detector timer to make a prompt election more likely
I20260608 13:00:17.475589  1233 leader_election.cc:304] T 1a5641134ecb4d74a968ebcfbd48b857 P fac6c886d7df49febe957405af1135a3 [CANDIDATE]: Term 1 pre-election: Election decided. Result: candidate won. Election summary: received 3 responses out of 3 voters: 2 yes votes; 1 no votes. yes voters: 0021ed63c84b4d1db639a59e8af16e4a, fac6c886d7df49febe957405af1135a3; no voters: 3764b031de4844b5ac13fa7387e13738
I20260608 13:00:17.476151  1467 raft_consensus.cc:740] T 62de3935d41f4be09d7e830d93752d0c P 3764b031de4844b5ac13fa7387e13738 [term 0 FOLLOWER]: Becoming Follower/Learner. State: Replica: 3764b031de4844b5ac13fa7387e13738, State: Initialized, Role: FOLLOWER
I20260608 13:00:17.476569  1466 raft_consensus.cc:2804] T 1a5641134ecb4d74a968ebcfbd48b857 P fac6c886d7df49febe957405af1135a3 [term 0 FOLLOWER]: Leader pre-election won for term 1
I20260608 13:00:17.476140  1468 raft_consensus.cc:359] T 175c2b58173c43e6a23b679c8549c0d0 P 0021ed63c84b4d1db639a59e8af16e4a [term 0 FOLLOWER]: Replica starting. Triggering 0 pending ops. Active config: opid_index: -1 OBSOLETE_local: false peers { permanent_uuid: "fac6c886d7df49febe957405af1135a3" member_type: VOTER last_known_addr { host: "127.28.134.129" port: 40501 } } peers { permanent_uuid: "3764b031de4844b5ac13fa7387e13738" member_type: VOTER last_known_addr { host: "127.28.134.131" port: 36419 } } peers { permanent_uuid: "0021ed63c84b4d1db639a59e8af16e4a" member_type: VOTER last_known_addr { host: "127.28.134.130" port: 34687 } }
I20260608 13:00:17.477041  1466 raft_consensus.cc:493] T 1a5641134ecb4d74a968ebcfbd48b857 P fac6c886d7df49febe957405af1135a3 [term 0 FOLLOWER]: Starting leader election (no leader contacted us within the election timeout)
I20260608 13:00:17.477151  1468 raft_consensus.cc:385] T 175c2b58173c43e6a23b679c8549c0d0 P 0021ed63c84b4d1db639a59e8af16e4a [term 0 FOLLOWER]: Consensus starting up: Expiring failure detector timer to make a prompt election more likely
I20260608 13:00:17.477552  1466 raft_consensus.cc:3060] T 1a5641134ecb4d74a968ebcfbd48b857 P fac6c886d7df49febe957405af1135a3 [term 0 FOLLOWER]: Advancing to term 1
I20260608 13:00:17.477592  1468 raft_consensus.cc:740] T 175c2b58173c43e6a23b679c8549c0d0 P 0021ed63c84b4d1db639a59e8af16e4a [term 0 FOLLOWER]: Becoming Follower/Learner. State: Replica: 0021ed63c84b4d1db639a59e8af16e4a, State: Initialized, Role: FOLLOWER
I20260608 13:00:17.478904  1468 consensus_queue.cc:260] T 175c2b58173c43e6a23b679c8549c0d0 P 0021ed63c84b4d1db639a59e8af16e4a [NON_LEADER]: Queue going to NON_LEADER mode. State: All replicated index: 0, Majority replicated index: 0, Committed index: 0, Last appended: 0.0, Last appended by leader: 0, Current term: 0, Majority size: -1, State: 0, Mode: NON_LEADER, active raft config: opid_index: -1 OBSOLETE_local: false peers { permanent_uuid: "fac6c886d7df49febe957405af1135a3" member_type: VOTER last_known_addr { host: "127.28.134.129" port: 40501 } } peers { permanent_uuid: "3764b031de4844b5ac13fa7387e13738" member_type: VOTER last_known_addr { host: "127.28.134.131" port: 36419 } } peers { permanent_uuid: "0021ed63c84b4d1db639a59e8af16e4a" member_type: VOTER last_known_addr { host: "127.28.134.130" port: 34687 } }
I20260608 13:00:17.481173  1468 ts_tablet_manager.cc:1434] T 175c2b58173c43e6a23b679c8549c0d0 P 0021ed63c84b4d1db639a59e8af16e4a: Time spent starting tablet: real 0.008s	user 0.007s	sys 0.001s
I20260608 13:00:17.477581  1467 consensus_queue.cc:260] T 62de3935d41f4be09d7e830d93752d0c P 3764b031de4844b5ac13fa7387e13738 [NON_LEADER]: Queue going to NON_LEADER mode. State: All replicated index: 0, Majority replicated index: 0, Committed index: 0, Last appended: 0.0, Last appended by leader: 0, Current term: 0, Majority size: -1, State: 0, Mode: NON_LEADER, active raft config: opid_index: -1 OBSOLETE_local: false peers { permanent_uuid: "fac6c886d7df49febe957405af1135a3" member_type: VOTER last_known_addr { host: "127.28.134.129" port: 40501 } } peers { permanent_uuid: "0021ed63c84b4d1db639a59e8af16e4a" member_type: VOTER last_known_addr { host: "127.28.134.130" port: 34687 } } peers { permanent_uuid: "3764b031de4844b5ac13fa7387e13738" member_type: VOTER last_known_addr { host: "127.28.134.131" port: 36419 } }
I20260608 13:00:17.482751  1468 tablet_bootstrap.cc:492] T 5a533fbadf484dcc8582b4239e15b4a8 P 0021ed63c84b4d1db639a59e8af16e4a: Bootstrap starting.
I20260608 13:00:17.485390  1466 raft_consensus.cc:515] T 1a5641134ecb4d74a968ebcfbd48b857 P fac6c886d7df49febe957405af1135a3 [term 1 FOLLOWER]: Starting leader election with config: opid_index: -1 OBSOLETE_local: false peers { permanent_uuid: "fac6c886d7df49febe957405af1135a3" member_type: VOTER last_known_addr { host: "127.28.134.129" port: 40501 } } peers { permanent_uuid: "0021ed63c84b4d1db639a59e8af16e4a" member_type: VOTER last_known_addr { host: "127.28.134.130" port: 34687 } } peers { permanent_uuid: "3764b031de4844b5ac13fa7387e13738" member_type: VOTER last_known_addr { host: "127.28.134.131" port: 36419 } }
I20260608 13:00:17.488554  1345 tablet_service.cc:1917] Received RequestConsensusVote() RPC: tablet_id: "1a5641134ecb4d74a968ebcfbd48b857" candidate_uuid: "fac6c886d7df49febe957405af1135a3" candidate_term: 1 candidate_status { last_received { term: 0 index: 0 } } ignore_live_leader: false dest_uuid: "0021ed63c84b4d1db639a59e8af16e4a"
I20260608 13:00:17.487708  1166 catalog_manager.cc:5696] T 606152e98a21407b9c9b666fb29451f5 P 0021ed63c84b4d1db639a59e8af16e4a reported cstate change: term changed from 0 to 1, leader changed from <none> to 0021ed63c84b4d1db639a59e8af16e4a (127.28.134.130). New cstate: current_term: 1 leader_uuid: "0021ed63c84b4d1db639a59e8af16e4a" committed_config { opid_index: -1 OBSOLETE_local: false peers { permanent_uuid: "fac6c886d7df49febe957405af1135a3" member_type: VOTER last_known_addr { host: "127.28.134.129" port: 40501 } health_report { overall_health: UNKNOWN } } peers { permanent_uuid: "0021ed63c84b4d1db639a59e8af16e4a" member_type: VOTER last_known_addr { host: "127.28.134.130" port: 34687 } health_report { overall_health: HEALTHY } } peers { permanent_uuid: "3764b031de4844b5ac13fa7387e13738" member_type: VOTER last_known_addr { host: "127.28.134.131" port: 36419 } health_report { overall_health: UNKNOWN } } }
I20260608 13:00:17.489195  1345 raft_consensus.cc:3060] T 1a5641134ecb4d74a968ebcfbd48b857 P 0021ed63c84b4d1db639a59e8af16e4a [term 0 FOLLOWER]: Advancing to term 1
I20260608 13:00:17.489671  1468 tablet_bootstrap.cc:654] T 5a533fbadf484dcc8582b4239e15b4a8 P 0021ed63c84b4d1db639a59e8af16e4a: Neither blocks nor log segments found. Creating new log.
I20260608 13:00:17.493227  1467 ts_tablet_manager.cc:1434] T 62de3935d41f4be09d7e830d93752d0c P 3764b031de4844b5ac13fa7387e13738: Time spent starting tablet: real 0.027s	user 0.008s	sys 0.000s
I20260608 13:00:17.500178  1508 raft_consensus.cc:515] T 0ce91bfc28fc42669ad2e95a06f09e73 P 0021ed63c84b4d1db639a59e8af16e4a [term 1 FOLLOWER]: Starting leader election with config: opid_index: -1 OBSOLETE_local: false peers { permanent_uuid: "fac6c886d7df49febe957405af1135a3" member_type: VOTER last_known_addr { host: "127.28.134.129" port: 40501 } } peers { permanent_uuid: "0021ed63c84b4d1db639a59e8af16e4a" member_type: VOTER last_known_addr { host: "127.28.134.130" port: 34687 } } peers { permanent_uuid: "3764b031de4844b5ac13fa7387e13738" member_type: VOTER last_known_addr { host: "127.28.134.131" port: 36419 } }
I20260608 13:00:17.505884  1468 tablet_bootstrap.cc:492] T 5a533fbadf484dcc8582b4239e15b4a8 P 0021ed63c84b4d1db639a59e8af16e4a: No bootstrap required, opened a new log
I20260608 13:00:17.505705  1270 tablet_service.cc:1917] Received RequestConsensusVote() RPC: tablet_id: "0ce91bfc28fc42669ad2e95a06f09e73" candidate_uuid: "0021ed63c84b4d1db639a59e8af16e4a" candidate_term: 1 candidate_status { last_received { term: 0 index: 0 } } ignore_live_leader: false dest_uuid: "fac6c886d7df49febe957405af1135a3"
I20260608 13:00:17.506134  1419 tablet_service.cc:1917] Received RequestConsensusVote() RPC: tablet_id: "1a5641134ecb4d74a968ebcfbd48b857" candidate_uuid: "fac6c886d7df49febe957405af1135a3" candidate_term: 1 candidate_status { last_received { term: 0 index: 0 } } ignore_live_leader: false dest_uuid: "3764b031de4844b5ac13fa7387e13738"
I20260608 13:00:17.506664  1468 ts_tablet_manager.cc:1403] T 5a533fbadf484dcc8582b4239e15b4a8 P 0021ed63c84b4d1db639a59e8af16e4a: Time spent bootstrapping tablet: real 0.024s	user 0.010s	sys 0.012s
I20260608 13:00:17.506628  1270 raft_consensus.cc:3060] T 0ce91bfc28fc42669ad2e95a06f09e73 P fac6c886d7df49febe957405af1135a3 [term 0 FOLLOWER]: Advancing to term 1
W20260608 13:00:17.507787  1235 leader_election.cc:343] T 1a5641134ecb4d74a968ebcfbd48b857 P fac6c886d7df49febe957405af1135a3 [CANDIDATE]: Term 1 election: Tablet error from VoteRequest() call to peer 3764b031de4844b5ac13fa7387e13738 (127.28.134.131:36419): Illegal state: must be running to vote when last-logged opid is not known
I20260608 13:00:17.508951  1466 leader_election.cc:290] T 1a5641134ecb4d74a968ebcfbd48b857 P fac6c886d7df49febe957405af1135a3 [CANDIDATE]: Term 1 election: Requested vote from peers 0021ed63c84b4d1db639a59e8af16e4a (127.28.134.130:34687), 3764b031de4844b5ac13fa7387e13738 (127.28.134.131:36419)
I20260608 13:00:17.510528  1468 raft_consensus.cc:359] T 5a533fbadf484dcc8582b4239e15b4a8 P 0021ed63c84b4d1db639a59e8af16e4a [term 0 FOLLOWER]: Replica starting. Triggering 0 pending ops. Active config: opid_index: -1 OBSOLETE_local: false peers { permanent_uuid: "fac6c886d7df49febe957405af1135a3" member_type: VOTER last_known_addr { host: "127.28.134.129" port: 40501 } } peers { permanent_uuid: "0021ed63c84b4d1db639a59e8af16e4a" member_type: VOTER last_known_addr { host: "127.28.134.130" port: 34687 } } peers { permanent_uuid: "3764b031de4844b5ac13fa7387e13738" member_type: VOTER last_known_addr { host: "127.28.134.131" port: 36419 } }
I20260608 13:00:17.511559  1468 raft_consensus.cc:385] T 5a533fbadf484dcc8582b4239e15b4a8 P 0021ed63c84b4d1db639a59e8af16e4a [term 0 FOLLOWER]: Consensus starting up: Expiring failure detector timer to make a prompt election more likely
I20260608 13:00:17.511981  1468 raft_consensus.cc:740] T 5a533fbadf484dcc8582b4239e15b4a8 P 0021ed63c84b4d1db639a59e8af16e4a [term 0 FOLLOWER]: Becoming Follower/Learner. State: Replica: 0021ed63c84b4d1db639a59e8af16e4a, State: Initialized, Role: FOLLOWER
I20260608 13:00:17.512826  1467 tablet_bootstrap.cc:492] T fed595aa776b4cc98aa9c63fcb3e4699 P 3764b031de4844b5ac13fa7387e13738: Bootstrap starting.
I20260608 13:00:17.512969  1468 consensus_queue.cc:260] T 5a533fbadf484dcc8582b4239e15b4a8 P 0021ed63c84b4d1db639a59e8af16e4a [NON_LEADER]: Queue going to NON_LEADER mode. State: All replicated index: 0, Majority replicated index: 0, Committed index: 0, Last appended: 0.0, Last appended by leader: 0, Current term: 0, Majority size: -1, State: 0, Mode: NON_LEADER, active raft config: opid_index: -1 OBSOLETE_local: false peers { permanent_uuid: "fac6c886d7df49febe957405af1135a3" member_type: VOTER last_known_addr { host: "127.28.134.129" port: 40501 } } peers { permanent_uuid: "0021ed63c84b4d1db639a59e8af16e4a" member_type: VOTER last_known_addr { host: "127.28.134.130" port: 34687 } } peers { permanent_uuid: "3764b031de4844b5ac13fa7387e13738" member_type: VOTER last_known_addr { host: "127.28.134.131" port: 36419 } }
I20260608 13:00:17.514724  1270 raft_consensus.cc:2468] T 0ce91bfc28fc42669ad2e95a06f09e73 P fac6c886d7df49febe957405af1135a3 [term 1 FOLLOWER]: Leader election vote request: Granting yes vote for candidate 0021ed63c84b4d1db639a59e8af16e4a in term 1.
I20260608 13:00:17.515390  1464 tablet_bootstrap.cc:492] T 62de3935d41f4be09d7e830d93752d0c P fac6c886d7df49febe957405af1135a3: No bootstrap required, opened a new log
I20260608 13:00:17.515467  1468 ts_tablet_manager.cc:1434] T 5a533fbadf484dcc8582b4239e15b4a8 P 0021ed63c84b4d1db639a59e8af16e4a: Time spent starting tablet: real 0.008s	user 0.007s	sys 0.000s
I20260608 13:00:17.516013  1310 leader_election.cc:304] T 0ce91bfc28fc42669ad2e95a06f09e73 P 0021ed63c84b4d1db639a59e8af16e4a [CANDIDATE]: Term 1 election: Election decided. Result: candidate won. Election summary: received 2 responses out of 3 voters: 2 yes votes; 0 no votes. yes voters: 0021ed63c84b4d1db639a59e8af16e4a, fac6c886d7df49febe957405af1135a3; no voters: 
I20260608 13:00:17.516471  1508 leader_election.cc:290] T 0ce91bfc28fc42669ad2e95a06f09e73 P 0021ed63c84b4d1db639a59e8af16e4a [CANDIDATE]: Term 1 election: Requested vote from peers fac6c886d7df49febe957405af1135a3 (127.28.134.129:40501), 3764b031de4844b5ac13fa7387e13738 (127.28.134.131:36419)
I20260608 13:00:17.516726  1468 tablet_bootstrap.cc:492] T fed595aa776b4cc98aa9c63fcb3e4699 P 0021ed63c84b4d1db639a59e8af16e4a: Bootstrap starting.
I20260608 13:00:17.517607  1345 raft_consensus.cc:2468] T 1a5641134ecb4d74a968ebcfbd48b857 P 0021ed63c84b4d1db639a59e8af16e4a [term 1 FOLLOWER]: Leader election vote request: Granting yes vote for candidate fac6c886d7df49febe957405af1135a3 in term 1.
I20260608 13:00:17.518040  1419 tablet_service.cc:1917] Received RequestConsensusVote() RPC: tablet_id: "0ce91bfc28fc42669ad2e95a06f09e73" candidate_uuid: "0021ed63c84b4d1db639a59e8af16e4a" candidate_term: 1 candidate_status { last_received { term: 0 index: 0 } } ignore_live_leader: false dest_uuid: "3764b031de4844b5ac13fa7387e13738"
I20260608 13:00:17.518679  1419 raft_consensus.cc:3060] T 0ce91bfc28fc42669ad2e95a06f09e73 P 3764b031de4844b5ac13fa7387e13738 [term 0 FOLLOWER]: Advancing to term 1
I20260608 13:00:17.518886  1233 leader_election.cc:304] T 1a5641134ecb4d74a968ebcfbd48b857 P fac6c886d7df49febe957405af1135a3 [CANDIDATE]: Term 1 election: Election decided. Result: candidate won. Election summary: received 3 responses out of 3 voters: 2 yes votes; 1 no votes. yes voters: 0021ed63c84b4d1db639a59e8af16e4a, fac6c886d7df49febe957405af1135a3; no voters: 3764b031de4844b5ac13fa7387e13738
I20260608 13:00:17.517095  1508 raft_consensus.cc:2804] T 0ce91bfc28fc42669ad2e95a06f09e73 P 0021ed63c84b4d1db639a59e8af16e4a [term 1 FOLLOWER]: Leader election won for term 1
I20260608 13:00:17.524384  1468 tablet_bootstrap.cc:654] T fed595aa776b4cc98aa9c63fcb3e4699 P 0021ed63c84b4d1db639a59e8af16e4a: Neither blocks nor log segments found. Creating new log.
I20260608 13:00:17.516006  1464 ts_tablet_manager.cc:1403] T 62de3935d41f4be09d7e830d93752d0c P fac6c886d7df49febe957405af1135a3: Time spent bootstrapping tablet: real 0.068s	user 0.011s	sys 0.006s
I20260608 13:00:17.526883  1467 tablet_bootstrap.cc:654] T fed595aa776b4cc98aa9c63fcb3e4699 P 3764b031de4844b5ac13fa7387e13738: Neither blocks nor log segments found. Creating new log.
I20260608 13:00:17.529888  1464 raft_consensus.cc:359] T 62de3935d41f4be09d7e830d93752d0c P fac6c886d7df49febe957405af1135a3 [term 0 FOLLOWER]: Replica starting. Triggering 0 pending ops. Active config: opid_index: -1 OBSOLETE_local: false peers { permanent_uuid: "fac6c886d7df49febe957405af1135a3" member_type: VOTER last_known_addr { host: "127.28.134.129" port: 40501 } } peers { permanent_uuid: "0021ed63c84b4d1db639a59e8af16e4a" member_type: VOTER last_known_addr { host: "127.28.134.130" port: 34687 } } peers { permanent_uuid: "3764b031de4844b5ac13fa7387e13738" member_type: VOTER last_known_addr { host: "127.28.134.131" port: 36419 } }
I20260608 13:00:17.530936  1464 raft_consensus.cc:385] T 62de3935d41f4be09d7e830d93752d0c P fac6c886d7df49febe957405af1135a3 [term 0 FOLLOWER]: Consensus starting up: Expiring failure detector timer to make a prompt election more likely
I20260608 13:00:17.531298  1464 raft_consensus.cc:740] T 62de3935d41f4be09d7e830d93752d0c P fac6c886d7df49febe957405af1135a3 [term 0 FOLLOWER]: Becoming Follower/Learner. State: Replica: fac6c886d7df49febe957405af1135a3, State: Initialized, Role: FOLLOWER
I20260608 13:00:17.522118  1466 raft_consensus.cc:2804] T 1a5641134ecb4d74a968ebcfbd48b857 P fac6c886d7df49febe957405af1135a3 [term 1 FOLLOWER]: Leader election won for term 1
I20260608 13:00:17.533281  1419 raft_consensus.cc:2468] T 0ce91bfc28fc42669ad2e95a06f09e73 P 3764b031de4844b5ac13fa7387e13738 [term 1 FOLLOWER]: Leader election vote request: Granting yes vote for candidate 0021ed63c84b4d1db639a59e8af16e4a in term 1.
I20260608 13:00:17.535501  1508 raft_consensus.cc:697] T 0ce91bfc28fc42669ad2e95a06f09e73 P 0021ed63c84b4d1db639a59e8af16e4a [term 1 LEADER]: Becoming Leader. State: Replica: 0021ed63c84b4d1db639a59e8af16e4a, State: Running, Role: LEADER
I20260608 13:00:17.536528  1464 consensus_queue.cc:260] T 62de3935d41f4be09d7e830d93752d0c P fac6c886d7df49febe957405af1135a3 [NON_LEADER]: Queue going to NON_LEADER mode. State: All replicated index: 0, Majority replicated index: 0, Committed index: 0, Last appended: 0.0, Last appended by leader: 0, Current term: 0, Majority size: -1, State: 0, Mode: NON_LEADER, active raft config: opid_index: -1 OBSOLETE_local: false peers { permanent_uuid: "fac6c886d7df49febe957405af1135a3" member_type: VOTER last_known_addr { host: "127.28.134.129" port: 40501 } } peers { permanent_uuid: "0021ed63c84b4d1db639a59e8af16e4a" member_type: VOTER last_known_addr { host: "127.28.134.130" port: 34687 } } peers { permanent_uuid: "3764b031de4844b5ac13fa7387e13738" member_type: VOTER last_known_addr { host: "127.28.134.131" port: 36419 } }
I20260608 13:00:17.538178  1508 consensus_queue.cc:237] T 0ce91bfc28fc42669ad2e95a06f09e73 P 0021ed63c84b4d1db639a59e8af16e4a [LEADER]: Queue going to LEADER mode. State: All replicated index: 0, Majority replicated index: 0, Committed index: 0, Last appended: 0.0, Last appended by leader: 0, Current term: 1, Majority size: 2, State: 0, Mode: LEADER, active raft config: opid_index: -1 OBSOLETE_local: false peers { permanent_uuid: "fac6c886d7df49febe957405af1135a3" member_type: VOTER last_known_addr { host: "127.28.134.129" port: 40501 } } peers { permanent_uuid: "0021ed63c84b4d1db639a59e8af16e4a" member_type: VOTER last_known_addr { host: "127.28.134.130" port: 34687 } } peers { permanent_uuid: "3764b031de4844b5ac13fa7387e13738" member_type: VOTER last_known_addr { host: "127.28.134.131" port: 36419 } }
I20260608 13:00:17.541440  1468 tablet_bootstrap.cc:492] T fed595aa776b4cc98aa9c63fcb3e4699 P 0021ed63c84b4d1db639a59e8af16e4a: No bootstrap required, opened a new log
I20260608 13:00:17.542323  1468 ts_tablet_manager.cc:1403] T fed595aa776b4cc98aa9c63fcb3e4699 P 0021ed63c84b4d1db639a59e8af16e4a: Time spent bootstrapping tablet: real 0.026s	user 0.015s	sys 0.009s
I20260608 13:00:17.544678  1464 ts_tablet_manager.cc:1434] T 62de3935d41f4be09d7e830d93752d0c P fac6c886d7df49febe957405af1135a3: Time spent starting tablet: real 0.018s	user 0.006s	sys 0.004s
I20260608 13:00:17.544517  1466 raft_consensus.cc:697] T 1a5641134ecb4d74a968ebcfbd48b857 P fac6c886d7df49febe957405af1135a3 [term 1 LEADER]: Becoming Leader. State: Replica: fac6c886d7df49febe957405af1135a3, State: Running, Role: LEADER
I20260608 13:00:17.545410  1468 raft_consensus.cc:359] T fed595aa776b4cc98aa9c63fcb3e4699 P 0021ed63c84b4d1db639a59e8af16e4a [term 0 FOLLOWER]: Replica starting. Triggering 0 pending ops. Active config: opid_index: -1 OBSOLETE_local: false peers { permanent_uuid: "fac6c886d7df49febe957405af1135a3" member_type: VOTER last_known_addr { host: "127.28.134.129" port: 40501 } } peers { permanent_uuid: "0021ed63c84b4d1db639a59e8af16e4a" member_type: VOTER last_known_addr { host: "127.28.134.130" port: 34687 } } peers { permanent_uuid: "3764b031de4844b5ac13fa7387e13738" member_type: VOTER last_known_addr { host: "127.28.134.131" port: 36419 } }
I20260608 13:00:17.546198  1468 raft_consensus.cc:385] T fed595aa776b4cc98aa9c63fcb3e4699 P 0021ed63c84b4d1db639a59e8af16e4a [term 0 FOLLOWER]: Consensus starting up: Expiring failure detector timer to make a prompt election more likely
I20260608 13:00:17.546600  1468 raft_consensus.cc:740] T fed595aa776b4cc98aa9c63fcb3e4699 P 0021ed63c84b4d1db639a59e8af16e4a [term 0 FOLLOWER]: Becoming Follower/Learner. State: Replica: 0021ed63c84b4d1db639a59e8af16e4a, State: Initialized, Role: FOLLOWER
I20260608 13:00:17.545858  1466 consensus_queue.cc:237] T 1a5641134ecb4d74a968ebcfbd48b857 P fac6c886d7df49febe957405af1135a3 [LEADER]: Queue going to LEADER mode. State: All replicated index: 0, Majority replicated index: 0, Committed index: 0, Last appended: 0.0, Last appended by leader: 0, Current term: 1, Majority size: 2, State: 0, Mode: LEADER, active raft config: opid_index: -1 OBSOLETE_local: false peers { permanent_uuid: "fac6c886d7df49febe957405af1135a3" member_type: VOTER last_known_addr { host: "127.28.134.129" port: 40501 } } peers { permanent_uuid: "0021ed63c84b4d1db639a59e8af16e4a" member_type: VOTER last_known_addr { host: "127.28.134.130" port: 34687 } } peers { permanent_uuid: "3764b031de4844b5ac13fa7387e13738" member_type: VOTER last_known_addr { host: "127.28.134.131" port: 36419 } }
I20260608 13:00:17.547465  1468 consensus_queue.cc:260] T fed595aa776b4cc98aa9c63fcb3e4699 P 0021ed63c84b4d1db639a59e8af16e4a [NON_LEADER]: Queue going to NON_LEADER mode. State: All replicated index: 0, Majority replicated index: 0, Committed index: 0, Last appended: 0.0, Last appended by leader: 0, Current term: 0, Majority size: -1, State: 0, Mode: NON_LEADER, active raft config: opid_index: -1 OBSOLETE_local: false peers { permanent_uuid: "fac6c886d7df49febe957405af1135a3" member_type: VOTER last_known_addr { host: "127.28.134.129" port: 40501 } } peers { permanent_uuid: "0021ed63c84b4d1db639a59e8af16e4a" member_type: VOTER last_known_addr { host: "127.28.134.130" port: 34687 } } peers { permanent_uuid: "3764b031de4844b5ac13fa7387e13738" member_type: VOTER last_known_addr { host: "127.28.134.131" port: 36419 } }
I20260608 13:00:17.547979  1464 tablet_bootstrap.cc:492] T 606152e98a21407b9c9b666fb29451f5 P fac6c886d7df49febe957405af1135a3: Bootstrap starting.
I20260608 13:00:17.550076  1468 ts_tablet_manager.cc:1434] T fed595aa776b4cc98aa9c63fcb3e4699 P 0021ed63c84b4d1db639a59e8af16e4a: Time spent starting tablet: real 0.007s	user 0.005s	sys 0.000s
I20260608 13:00:17.551187  1468 tablet_bootstrap.cc:492] T 5680e4f0d47544e4946e5189b013541c P 0021ed63c84b4d1db639a59e8af16e4a: Bootstrap starting.
I20260608 13:00:17.552007  1473 raft_consensus.cc:493] T 175c2b58173c43e6a23b679c8549c0d0 P 0021ed63c84b4d1db639a59e8af16e4a [term 0 FOLLOWER]: Starting pre-election (no leader contacted us within the election timeout)
