I20260608 12:58:14.917872 29852 catalog_manager.cc:5696] T f82a2224a6a648618138643a19dc81a2 P 3a342d38908b433198b65dbd7f1168b6 reported cstate change: term changed from 0 to 1, leader changed from <none> to 3a342d38908b433198b65dbd7f1168b6 (127.28.153.66). New cstate: current_term: 1 leader_uuid: "3a342d38908b433198b65dbd7f1168b6" committed_config { opid_index: -1 OBSOLETE_local: false peers { permanent_uuid: "785e4c0933a74cec949e66f0546ddd85" member_type: VOTER last_known_addr { host: "127.28.153.65" port: 44209 } health_report { overall_health: UNKNOWN } } peers { permanent_uuid: "3a342d38908b433198b65dbd7f1168b6" member_type: VOTER last_known_addr { host: "127.28.153.66" port: 45769 } health_report { overall_health: HEALTHY } } peers { permanent_uuid: "da8f68e39a544ac1894cd57ee3d88af4" member_type: VOTER last_known_addr { host: "127.28.153.67" port: 34081 } health_report { overall_health: UNKNOWN } } }
I20260608 12:58:14.921597 29918 leader_election.cc:304] T 790a69545091466ea004eb99471d91d7 P 785e4c0933a74cec949e66f0546ddd85 [CANDIDATE]: Term 1 pre-election: Election decided. Result: candidate won. Election summary: received 2 responses out of 3 voters: 2 yes votes; 0 no votes. yes voters: 785e4c0933a74cec949e66f0546ddd85, da8f68e39a544ac1894cd57ee3d88af4; no voters: 
I20260608 12:58:14.922652 30152 raft_consensus.cc:2804] T 5eec6ea367b94bb7adfbd4695577a58b P 785e4c0933a74cec949e66f0546ddd85 [term 0 FOLLOWER]: Leader pre-election won for term 1
I20260608 12:58:14.923019 30152 raft_consensus.cc:493] T 5eec6ea367b94bb7adfbd4695577a58b P 785e4c0933a74cec949e66f0546ddd85 [term 0 FOLLOWER]: Starting leader election (no leader contacted us within the election timeout)
I20260608 12:58:14.923116 29954 tablet_service.cc:1917] Received RequestConsensusVote() RPC: tablet_id: "6193bdb723a54f81839a6c9e2bfce6b6" candidate_uuid: "3a342d38908b433198b65dbd7f1168b6" candidate_term: 1 candidate_status { last_received { term: 0 index: 0 } } ignore_live_leader: false dest_uuid: "785e4c0933a74cec949e66f0546ddd85" is_pre_election: true
I20260608 12:58:14.923408 30152 raft_consensus.cc:3060] T 5eec6ea367b94bb7adfbd4695577a58b P 785e4c0933a74cec949e66f0546ddd85 [term 0 FOLLOWER]: Advancing to term 1
I20260608 12:58:14.923804 29954 raft_consensus.cc:2468] T 6193bdb723a54f81839a6c9e2bfce6b6 P 785e4c0933a74cec949e66f0546ddd85 [term 0 FOLLOWER]: Leader pre-election vote request: Granting yes vote for candidate 3a342d38908b433198b65dbd7f1168b6 in term 0.
I20260608 12:58:14.924238 30150 tablet_bootstrap.cc:492] T c532ca6aa74c48169deeebb26f8b2249 P 3a342d38908b433198b65dbd7f1168b6: No bootstrap required, opened a new log
I20260608 12:58:14.924818 30150 ts_tablet_manager.cc:1403] T c532ca6aa74c48169deeebb26f8b2249 P 3a342d38908b433198b65dbd7f1168b6: Time spent bootstrapping tablet: real 0.075s	user 0.010s	sys 0.018s
I20260608 12:58:14.925343 29992 leader_election.cc:304] T 6193bdb723a54f81839a6c9e2bfce6b6 P 3a342d38908b433198b65dbd7f1168b6 [CANDIDATE]: Term 1 pre-election: Election decided. Result: candidate won. Election summary: received 2 responses out of 3 voters: 2 yes votes; 0 no votes. yes voters: 3a342d38908b433198b65dbd7f1168b6, 785e4c0933a74cec949e66f0546ddd85; no voters: 
I20260608 12:58:14.926270 30155 raft_consensus.cc:2804] T 6193bdb723a54f81839a6c9e2bfce6b6 P 3a342d38908b433198b65dbd7f1168b6 [term 0 FOLLOWER]: Leader pre-election won for term 1
I20260608 12:58:14.936375 30170 leader_election.cc:290] T 6193bdb723a54f81839a6c9e2bfce6b6 P 3a342d38908b433198b65dbd7f1168b6 [CANDIDATE]: Term 1 pre-election: Requested pre-vote from peers 785e4c0933a74cec949e66f0546ddd85 (127.28.153.65:44209), da8f68e39a544ac1894cd57ee3d88af4 (127.28.153.67:34081)
I20260608 12:58:14.931447 30155 raft_consensus.cc:493] T 6193bdb723a54f81839a6c9e2bfce6b6 P 3a342d38908b433198b65dbd7f1168b6 [term 0 FOLLOWER]: Starting leader election (no leader contacted us within the election timeout)
I20260608 12:58:14.938184 30155 raft_consensus.cc:3060] T 6193bdb723a54f81839a6c9e2bfce6b6 P 3a342d38908b433198b65dbd7f1168b6 [term 0 FOLLOWER]: Advancing to term 1
I20260608 12:58:14.948937 30148 tablet_bootstrap.cc:654] T c532ca6aa74c48169deeebb26f8b2249 P 785e4c0933a74cec949e66f0546ddd85: Neither blocks nor log segments found. Creating new log.
I20260608 12:58:14.948177 30155 raft_consensus.cc:515] T 6193bdb723a54f81839a6c9e2bfce6b6 P 3a342d38908b433198b65dbd7f1168b6 [term 1 FOLLOWER]: Starting leader election with config: opid_index: -1 OBSOLETE_local: false peers { permanent_uuid: "785e4c0933a74cec949e66f0546ddd85" member_type: VOTER last_known_addr { host: "127.28.153.65" port: 44209 } } peers { permanent_uuid: "3a342d38908b433198b65dbd7f1168b6" member_type: VOTER last_known_addr { host: "127.28.153.66" port: 45769 } } peers { permanent_uuid: "da8f68e39a544ac1894cd57ee3d88af4" member_type: VOTER last_known_addr { host: "127.28.153.67" port: 34081 } }
I20260608 12:58:14.957624 29954 tablet_service.cc:1917] Received RequestConsensusVote() RPC: tablet_id: "6193bdb723a54f81839a6c9e2bfce6b6" candidate_uuid: "3a342d38908b433198b65dbd7f1168b6" candidate_term: 1 candidate_status { last_received { term: 0 index: 0 } } ignore_live_leader: false dest_uuid: "785e4c0933a74cec949e66f0546ddd85"
I20260608 12:58:14.966127 29954 raft_consensus.cc:3060] T 6193bdb723a54f81839a6c9e2bfce6b6 P 785e4c0933a74cec949e66f0546ddd85 [term 0 FOLLOWER]: Advancing to term 1
I20260608 12:58:14.960081 30150 raft_consensus.cc:359] T c532ca6aa74c48169deeebb26f8b2249 P 3a342d38908b433198b65dbd7f1168b6 [term 0 FOLLOWER]: Replica starting. Triggering 0 pending ops. Active config: opid_index: -1 OBSOLETE_local: false peers { permanent_uuid: "785e4c0933a74cec949e66f0546ddd85" member_type: VOTER last_known_addr { host: "127.28.153.65" port: 44209 } } peers { permanent_uuid: "3a342d38908b433198b65dbd7f1168b6" member_type: VOTER last_known_addr { host: "127.28.153.66" port: 45769 } } peers { permanent_uuid: "da8f68e39a544ac1894cd57ee3d88af4" member_type: VOTER last_known_addr { host: "127.28.153.67" port: 34081 } }
I20260608 12:58:14.966982 30150 raft_consensus.cc:385] T c532ca6aa74c48169deeebb26f8b2249 P 3a342d38908b433198b65dbd7f1168b6 [term 0 FOLLOWER]: Consensus starting up: Expiring failure detector timer to make a prompt election more likely
I20260608 12:58:14.965278 30151 tablet_bootstrap.cc:654] T 4a0e9f523cab4679988cbdc90ff70d49 P da8f68e39a544ac1894cd57ee3d88af4: Neither blocks nor log segments found. Creating new log.
I20260608 12:58:14.963624 30103 tablet_service.cc:1917] Received RequestConsensusVote() RPC: tablet_id: "6193bdb723a54f81839a6c9e2bfce6b6" candidate_uuid: "3a342d38908b433198b65dbd7f1168b6" candidate_term: 1 candidate_status { last_received { term: 0 index: 0 } } ignore_live_leader: false dest_uuid: "da8f68e39a544ac1894cd57ee3d88af4" is_pre_election: true
I20260608 12:58:14.970670 30103 raft_consensus.cc:2468] T 6193bdb723a54f81839a6c9e2bfce6b6 P da8f68e39a544ac1894cd57ee3d88af4 [term 0 FOLLOWER]: Leader pre-election vote request: Granting yes vote for candidate 3a342d38908b433198b65dbd7f1168b6 in term 0.
I20260608 12:58:14.970712 30028 tablet_service.cc:1917] Received RequestConsensusVote() RPC: tablet_id: "790a69545091466ea004eb99471d91d7" candidate_uuid: "785e4c0933a74cec949e66f0546ddd85" candidate_term: 1 candidate_status { last_received { term: 0 index: 0 } } ignore_live_leader: false dest_uuid: "3a342d38908b433198b65dbd7f1168b6" is_pre_election: true
I20260608 12:58:14.971796 30028 raft_consensus.cc:2468] T 790a69545091466ea004eb99471d91d7 P 3a342d38908b433198b65dbd7f1168b6 [term 0 FOLLOWER]: Leader pre-election vote request: Granting yes vote for candidate 785e4c0933a74cec949e66f0546ddd85 in term 0.
I20260608 12:58:14.967469 30029 tablet_service.cc:1917] Received RequestConsensusVote() RPC: tablet_id: "5eec6ea367b94bb7adfbd4695577a58b" candidate_uuid: "785e4c0933a74cec949e66f0546ddd85" candidate_term: 1 candidate_status { last_received { term: 0 index: 0 } } ignore_live_leader: false dest_uuid: "3a342d38908b433198b65dbd7f1168b6" is_pre_election: true
I20260608 12:58:14.974292 30180 raft_consensus.cc:2804] T 790a69545091466ea004eb99471d91d7 P 785e4c0933a74cec949e66f0546ddd85 [term 0 FOLLOWER]: Leader pre-election won for term 1
I20260608 12:58:14.974766 30180 raft_consensus.cc:493] T 790a69545091466ea004eb99471d91d7 P 785e4c0933a74cec949e66f0546ddd85 [term 0 FOLLOWER]: Starting leader election (no leader contacted us within the election timeout)
I20260608 12:58:14.975175 30180 raft_consensus.cc:3060] T 790a69545091466ea004eb99471d91d7 P 785e4c0933a74cec949e66f0546ddd85 [term 0 FOLLOWER]: Advancing to term 1
I20260608 12:58:14.974926 30029 raft_consensus.cc:2468] T 5eec6ea367b94bb7adfbd4695577a58b P 3a342d38908b433198b65dbd7f1168b6 [term 0 FOLLOWER]: Leader pre-election vote request: Granting yes vote for candidate 785e4c0933a74cec949e66f0546ddd85 in term 0.
I20260608 12:58:14.976435 30155 leader_election.cc:290] T 6193bdb723a54f81839a6c9e2bfce6b6 P 3a342d38908b433198b65dbd7f1168b6 [CANDIDATE]: Term 1 election: Requested vote from peers 785e4c0933a74cec949e66f0546ddd85 (127.28.153.65:44209), da8f68e39a544ac1894cd57ee3d88af4 (127.28.153.67:34081)
I20260608 12:58:14.977257 29954 raft_consensus.cc:2468] T 6193bdb723a54f81839a6c9e2bfce6b6 P 785e4c0933a74cec949e66f0546ddd85 [term 1 FOLLOWER]: Leader election vote request: Granting yes vote for candidate 3a342d38908b433198b65dbd7f1168b6 in term 1.
I20260608 12:58:14.978897 29992 leader_election.cc:304] T 6193bdb723a54f81839a6c9e2bfce6b6 P 3a342d38908b433198b65dbd7f1168b6 [CANDIDATE]: Term 1 election: Election decided. Result: candidate won. Election summary: received 2 responses out of 3 voters: 2 yes votes; 0 no votes. yes voters: 3a342d38908b433198b65dbd7f1168b6, 785e4c0933a74cec949e66f0546ddd85; no voters: 
I20260608 12:58:14.979820 30155 raft_consensus.cc:2804] T 6193bdb723a54f81839a6c9e2bfce6b6 P 3a342d38908b433198b65dbd7f1168b6 [term 1 FOLLOWER]: Leader election won for term 1
I20260608 12:58:14.980319 30155 raft_consensus.cc:697] T 6193bdb723a54f81839a6c9e2bfce6b6 P 3a342d38908b433198b65dbd7f1168b6 [term 1 LEADER]: Becoming Leader. State: Replica: 3a342d38908b433198b65dbd7f1168b6, State: Running, Role: LEADER
I20260608 12:58:14.978018 30103 tablet_service.cc:1917] Received RequestConsensusVote() RPC: tablet_id: "6193bdb723a54f81839a6c9e2bfce6b6" candidate_uuid: "3a342d38908b433198b65dbd7f1168b6" candidate_term: 1 candidate_status { last_received { term: 0 index: 0 } } ignore_live_leader: false dest_uuid: "da8f68e39a544ac1894cd57ee3d88af4"
I20260608 12:58:14.968302 30150 raft_consensus.cc:740] T c532ca6aa74c48169deeebb26f8b2249 P 3a342d38908b433198b65dbd7f1168b6 [term 0 FOLLOWER]: Becoming Follower/Learner. State: Replica: 3a342d38908b433198b65dbd7f1168b6, State: Initialized, Role: FOLLOWER
I20260608 12:58:14.982420 29953 tablet_service.cc:1917] Received RequestConsensusVote() RPC: tablet_id: "790a69545091466ea004eb99471d91d7" candidate_uuid: "da8f68e39a544ac1894cd57ee3d88af4" candidate_term: 1 candidate_status { last_received { term: 0 index: 0 } } ignore_live_leader: false dest_uuid: "785e4c0933a74cec949e66f0546ddd85" is_pre_election: true
I20260608 12:58:14.981179 30155 consensus_queue.cc:237] T 6193bdb723a54f81839a6c9e2bfce6b6 P 3a342d38908b433198b65dbd7f1168b6 [LEADER]: Queue going to LEADER mode. State: All replicated index: 0, Majority replicated index: 0, Committed index: 0, Last appended: 0.0, Last appended by leader: 0, Current term: 1, Majority size: 2, State: 0, Mode: LEADER, active raft config: opid_index: -1 OBSOLETE_local: false peers { permanent_uuid: "785e4c0933a74cec949e66f0546ddd85" member_type: VOTER last_known_addr { host: "127.28.153.65" port: 44209 } } peers { permanent_uuid: "3a342d38908b433198b65dbd7f1168b6" member_type: VOTER last_known_addr { host: "127.28.153.66" port: 45769 } } peers { permanent_uuid: "da8f68e39a544ac1894cd57ee3d88af4" member_type: VOTER last_known_addr { host: "127.28.153.67" port: 34081 } }
I20260608 12:58:14.983363 30103 raft_consensus.cc:3060] T 6193bdb723a54f81839a6c9e2bfce6b6 P da8f68e39a544ac1894cd57ee3d88af4 [term 0 FOLLOWER]: Advancing to term 1
I20260608 12:58:14.983287 30150 consensus_queue.cc:260] T c532ca6aa74c48169deeebb26f8b2249 P 3a342d38908b433198b65dbd7f1168b6 [NON_LEADER]: Queue going to NON_LEADER mode. State: All replicated index: 0, Majority replicated index: 0, Committed index: 0, Last appended: 0.0, Last appended by leader: 0, Current term: 0, Majority size: -1, State: 0, Mode: NON_LEADER, active raft config: opid_index: -1 OBSOLETE_local: false peers { permanent_uuid: "785e4c0933a74cec949e66f0546ddd85" member_type: VOTER last_known_addr { host: "127.28.153.65" port: 44209 } } peers { permanent_uuid: "3a342d38908b433198b65dbd7f1168b6" member_type: VOTER last_known_addr { host: "127.28.153.66" port: 45769 } } peers { permanent_uuid: "da8f68e39a544ac1894cd57ee3d88af4" member_type: VOTER last_known_addr { host: "127.28.153.67" port: 34081 } }
I20260608 12:58:14.957975 30152 raft_consensus.cc:515] T 5eec6ea367b94bb7adfbd4695577a58b P 785e4c0933a74cec949e66f0546ddd85 [term 1 FOLLOWER]: Starting leader election with config: opid_index: -1 OBSOLETE_local: false peers { permanent_uuid: "785e4c0933a74cec949e66f0546ddd85" member_type: VOTER last_known_addr { host: "127.28.153.65" port: 44209 } } peers { permanent_uuid: "3a342d38908b433198b65dbd7f1168b6" member_type: VOTER last_known_addr { host: "127.28.153.66" port: 45769 } } peers { permanent_uuid: "da8f68e39a544ac1894cd57ee3d88af4" member_type: VOTER last_known_addr { host: "127.28.153.67" port: 34081 } }
I20260608 12:58:14.990615 30029 tablet_service.cc:1917] Received RequestConsensusVote() RPC: tablet_id: "5eec6ea367b94bb7adfbd4695577a58b" candidate_uuid: "785e4c0933a74cec949e66f0546ddd85" candidate_term: 1 candidate_status { last_received { term: 0 index: 0 } } ignore_live_leader: false dest_uuid: "3a342d38908b433198b65dbd7f1168b6"
I20260608 12:58:14.991212 30029 raft_consensus.cc:3060] T 5eec6ea367b94bb7adfbd4695577a58b P 3a342d38908b433198b65dbd7f1168b6 [term 0 FOLLOWER]: Advancing to term 1
I20260608 12:58:14.994489 30180 raft_consensus.cc:515] T 790a69545091466ea004eb99471d91d7 P 785e4c0933a74cec949e66f0546ddd85 [term 1 FOLLOWER]: Starting leader election with config: opid_index: -1 OBSOLETE_local: false peers { permanent_uuid: "785e4c0933a74cec949e66f0546ddd85" member_type: VOTER last_known_addr { host: "127.28.153.65" port: 44209 } } peers { permanent_uuid: "3a342d38908b433198b65dbd7f1168b6" member_type: VOTER last_known_addr { host: "127.28.153.66" port: 45769 } } peers { permanent_uuid: "da8f68e39a544ac1894cd57ee3d88af4" member_type: VOTER last_known_addr { host: "127.28.153.67" port: 34081 } }
I20260608 12:58:14.997391 29953 raft_consensus.cc:2393] T 790a69545091466ea004eb99471d91d7 P 785e4c0933a74cec949e66f0546ddd85 [term 1 FOLLOWER]: Leader pre-election vote request: Denying vote to candidate da8f68e39a544ac1894cd57ee3d88af4 in current term 1: Already voted for candidate 785e4c0933a74cec949e66f0546ddd85 in this term.
I20260608 12:58:14.998178 30150 ts_tablet_manager.cc:1434] T c532ca6aa74c48169deeebb26f8b2249 P 3a342d38908b433198b65dbd7f1168b6: Time spent starting tablet: real 0.073s	user 0.007s	sys 0.002s
I20260608 12:58:14.999419 30102 tablet_service.cc:1917] Received RequestConsensusVote() RPC: tablet_id: "5eec6ea367b94bb7adfbd4695577a58b" candidate_uuid: "785e4c0933a74cec949e66f0546ddd85" candidate_term: 1 candidate_status { last_received { term: 0 index: 0 } } ignore_live_leader: false dest_uuid: "da8f68e39a544ac1894cd57ee3d88af4"
I20260608 12:58:14.999585 30150 tablet_bootstrap.cc:492] T 98e348022eff4c819fc39c62aede2191 P 3a342d38908b433198b65dbd7f1168b6: Bootstrap starting.
I20260608 12:58:14.999768 30152 leader_election.cc:290] T 5eec6ea367b94bb7adfbd4695577a58b P 785e4c0933a74cec949e66f0546ddd85 [CANDIDATE]: Term 1 election: Requested vote from peers 3a342d38908b433198b65dbd7f1168b6 (127.28.153.66:45769), da8f68e39a544ac1894cd57ee3d88af4 (127.28.153.67:34081)
I20260608 12:58:15.000051 30102 raft_consensus.cc:3060] T 5eec6ea367b94bb7adfbd4695577a58b P da8f68e39a544ac1894cd57ee3d88af4 [term 0 FOLLOWER]: Advancing to term 1
I20260608 12:58:15.001241 30180 leader_election.cc:290] T 790a69545091466ea004eb99471d91d7 P 785e4c0933a74cec949e66f0546ddd85 [CANDIDATE]: Term 1 election: Requested vote from peers 3a342d38908b433198b65dbd7f1168b6 (127.28.153.66:45769), da8f68e39a544ac1894cd57ee3d88af4 (127.28.153.67:34081)
I20260608 12:58:15.001941 30152 raft_consensus.cc:493] T bfbb9b223f614c5e80d887e7e04f4852 P 785e4c0933a74cec949e66f0546ddd85 [term 0 FOLLOWER]: Starting pre-election (no leader contacted us within the election timeout)
I20260608 12:58:15.002041 30028 tablet_service.cc:1917] Received RequestConsensusVote() RPC: tablet_id: "790a69545091466ea004eb99471d91d7" candidate_uuid: "785e4c0933a74cec949e66f0546ddd85" candidate_term: 1 candidate_status { last_received { term: 0 index: 0 } } ignore_live_leader: false dest_uuid: "3a342d38908b433198b65dbd7f1168b6"
I20260608 12:58:15.003104 30028 raft_consensus.cc:3060] T 790a69545091466ea004eb99471d91d7 P 3a342d38908b433198b65dbd7f1168b6 [term 0 FOLLOWER]: Advancing to term 1
I20260608 12:58:15.003299 30148 tablet_bootstrap.cc:492] T c532ca6aa74c48169deeebb26f8b2249 P 785e4c0933a74cec949e66f0546ddd85: No bootstrap required, opened a new log
I20260608 12:58:15.002682 30152 raft_consensus.cc:515] T bfbb9b223f614c5e80d887e7e04f4852 P 785e4c0933a74cec949e66f0546ddd85 [term 0 FOLLOWER]: Starting pre-election with config: opid_index: -1 OBSOLETE_local: false peers { permanent_uuid: "785e4c0933a74cec949e66f0546ddd85" member_type: VOTER last_known_addr { host: "127.28.153.65" port: 44209 } } peers { permanent_uuid: "3a342d38908b433198b65dbd7f1168b6" member_type: VOTER last_known_addr { host: "127.28.153.66" port: 45769 } } peers { permanent_uuid: "da8f68e39a544ac1894cd57ee3d88af4" member_type: VOTER last_known_addr { host: "127.28.153.67" port: 34081 } }
I20260608 12:58:14.996248 30103 raft_consensus.cc:2468] T 6193bdb723a54f81839a6c9e2bfce6b6 P da8f68e39a544ac1894cd57ee3d88af4 [term 1 FOLLOWER]: Leader election vote request: Granting yes vote for candidate 3a342d38908b433198b65dbd7f1168b6 in term 1.
I20260608 12:58:15.003189 30101 tablet_service.cc:1917] Received RequestConsensusVote() RPC: tablet_id: "790a69545091466ea004eb99471d91d7" candidate_uuid: "785e4c0933a74cec949e66f0546ddd85" candidate_term: 1 candidate_status { last_received { term: 0 index: 0 } } ignore_live_leader: false dest_uuid: "da8f68e39a544ac1894cd57ee3d88af4"
I20260608 12:58:15.003887 30148 ts_tablet_manager.cc:1403] T c532ca6aa74c48169deeebb26f8b2249 P 785e4c0933a74cec949e66f0546ddd85: Time spent bootstrapping tablet: real 0.134s	user 0.017s	sys 0.005s
I20260608 12:58:15.005330 30101 raft_consensus.cc:3060] T 790a69545091466ea004eb99471d91d7 P da8f68e39a544ac1894cd57ee3d88af4 [term 0 FOLLOWER]: Advancing to term 1
I20260608 12:58:15.009068 30100 tablet_service.cc:1917] Received RequestConsensusVote() RPC: tablet_id: "bfbb9b223f614c5e80d887e7e04f4852" candidate_uuid: "785e4c0933a74cec949e66f0546ddd85" candidate_term: 1 candidate_status { last_received { term: 0 index: 0 } } ignore_live_leader: false dest_uuid: "da8f68e39a544ac1894cd57ee3d88af4" is_pre_election: true
I20260608 12:58:15.011627 30027 tablet_service.cc:1917] Received RequestConsensusVote() RPC: tablet_id: "bfbb9b223f614c5e80d887e7e04f4852" candidate_uuid: "785e4c0933a74cec949e66f0546ddd85" candidate_term: 1 candidate_status { last_received { term: 0 index: 0 } } ignore_live_leader: false dest_uuid: "3a342d38908b433198b65dbd7f1168b6" is_pre_election: true
I20260608 12:58:15.008463 30152 leader_election.cc:290] T bfbb9b223f614c5e80d887e7e04f4852 P 785e4c0933a74cec949e66f0546ddd85 [CANDIDATE]: Term 1 pre-election: Requested pre-vote from peers 3a342d38908b433198b65dbd7f1168b6 (127.28.153.66:45769), da8f68e39a544ac1894cd57ee3d88af4 (127.28.153.67:34081)
I20260608 12:58:15.012355 30027 raft_consensus.cc:2468] T bfbb9b223f614c5e80d887e7e04f4852 P 3a342d38908b433198b65dbd7f1168b6 [term 0 FOLLOWER]: Leader pre-election vote request: Granting yes vote for candidate 785e4c0933a74cec949e66f0546ddd85 in term 0.
I20260608 12:58:15.010036 30100 raft_consensus.cc:2468] T bfbb9b223f614c5e80d887e7e04f4852 P da8f68e39a544ac1894cd57ee3d88af4 [term 0 FOLLOWER]: Leader pre-election vote request: Granting yes vote for candidate 785e4c0933a74cec949e66f0546ddd85 in term 0.
I20260608 12:58:15.014911 29920 leader_election.cc:304] T bfbb9b223f614c5e80d887e7e04f4852 P 785e4c0933a74cec949e66f0546ddd85 [CANDIDATE]: Term 1 pre-election: Election decided. Result: candidate won. Election summary: received 2 responses out of 3 voters: 2 yes votes; 0 no votes. yes voters: 3a342d38908b433198b65dbd7f1168b6, 785e4c0933a74cec949e66f0546ddd85; no voters: 
I20260608 12:58:15.016352 30102 raft_consensus.cc:2468] T 5eec6ea367b94bb7adfbd4695577a58b P da8f68e39a544ac1894cd57ee3d88af4 [term 1 FOLLOWER]: Leader election vote request: Granting yes vote for candidate 785e4c0933a74cec949e66f0546ddd85 in term 1.
I20260608 12:58:15.017684 29918 leader_election.cc:304] T 5eec6ea367b94bb7adfbd4695577a58b P 785e4c0933a74cec949e66f0546ddd85 [CANDIDATE]: Term 1 election: Election decided. Result: candidate won. Election summary: received 2 responses out of 3 voters: 2 yes votes; 0 no votes. yes voters: 785e4c0933a74cec949e66f0546ddd85, da8f68e39a544ac1894cd57ee3d88af4; no voters: 
I20260608 12:58:15.017956 30101 raft_consensus.cc:2468] T 790a69545091466ea004eb99471d91d7 P da8f68e39a544ac1894cd57ee3d88af4 [term 1 FOLLOWER]: Leader election vote request: Granting yes vote for candidate 785e4c0933a74cec949e66f0546ddd85 in term 1.
I20260608 12:58:15.018874 30028 raft_consensus.cc:2468] T 790a69545091466ea004eb99471d91d7 P 3a342d38908b433198b65dbd7f1168b6 [term 1 FOLLOWER]: Leader election vote request: Granting yes vote for candidate 785e4c0933a74cec949e66f0546ddd85 in term 1.
I20260608 12:58:15.018909 30180 raft_consensus.cc:2804] T 5eec6ea367b94bb7adfbd4695577a58b P 785e4c0933a74cec949e66f0546ddd85 [term 1 FOLLOWER]: Leader election won for term 1
I20260608 12:58:15.019598 29918 leader_election.cc:304] T 790a69545091466ea004eb99471d91d7 P 785e4c0933a74cec949e66f0546ddd85 [CANDIDATE]: Term 1 election: Election decided. Result: candidate won. Election summary: received 2 responses out of 3 voters: 2 yes votes; 0 no votes. yes voters: 785e4c0933a74cec949e66f0546ddd85, da8f68e39a544ac1894cd57ee3d88af4; no voters: 
I20260608 12:58:15.014495 30148 raft_consensus.cc:359] T c532ca6aa74c48169deeebb26f8b2249 P 785e4c0933a74cec949e66f0546ddd85 [term 0 FOLLOWER]: Replica starting. Triggering 0 pending ops. Active config: opid_index: -1 OBSOLETE_local: false peers { permanent_uuid: "785e4c0933a74cec949e66f0546ddd85" member_type: VOTER last_known_addr { host: "127.28.153.65" port: 44209 } } peers { permanent_uuid: "3a342d38908b433198b65dbd7f1168b6" member_type: VOTER last_known_addr { host: "127.28.153.66" port: 45769 } } peers { permanent_uuid: "da8f68e39a544ac1894cd57ee3d88af4" member_type: VOTER last_known_addr { host: "127.28.153.67" port: 34081 } }
I20260608 12:58:15.021304 30148 raft_consensus.cc:385] T c532ca6aa74c48169deeebb26f8b2249 P 785e4c0933a74cec949e66f0546ddd85 [term 0 FOLLOWER]: Consensus starting up: Expiring failure detector timer to make a prompt election more likely
I20260608 12:58:15.021512 30152 raft_consensus.cc:2804] T bfbb9b223f614c5e80d887e7e04f4852 P 785e4c0933a74cec949e66f0546ddd85 [term 0 FOLLOWER]: Leader pre-election won for term 1
I20260608 12:58:15.022876 30148 raft_consensus.cc:740] T c532ca6aa74c48169deeebb26f8b2249 P 785e4c0933a74cec949e66f0546ddd85 [term 0 FOLLOWER]: Becoming Follower/Learner. State: Replica: 785e4c0933a74cec949e66f0546ddd85, State: Initialized, Role: FOLLOWER
I20260608 12:58:15.030097 30148 consensus_queue.cc:260] T c532ca6aa74c48169deeebb26f8b2249 P 785e4c0933a74cec949e66f0546ddd85 [NON_LEADER]: Queue going to NON_LEADER mode. State: All replicated index: 0, Majority replicated index: 0, Committed index: 0, Last appended: 0.0, Last appended by leader: 0, Current term: 0, Majority size: -1, State: 0, Mode: NON_LEADER, active raft config: opid_index: -1 OBSOLETE_local: false peers { permanent_uuid: "785e4c0933a74cec949e66f0546ddd85" member_type: VOTER last_known_addr { host: "127.28.153.65" port: 44209 } } peers { permanent_uuid: "3a342d38908b433198b65dbd7f1168b6" member_type: VOTER last_known_addr { host: "127.28.153.66" port: 45769 } } peers { permanent_uuid: "da8f68e39a544ac1894cd57ee3d88af4" member_type: VOTER last_known_addr { host: "127.28.153.67" port: 34081 } }
I20260608 12:58:15.019465 30029 raft_consensus.cc:2468] T 5eec6ea367b94bb7adfbd4695577a58b P 3a342d38908b433198b65dbd7f1168b6 [term 1 FOLLOWER]: Leader election vote request: Granting yes vote for candidate 785e4c0933a74cec949e66f0546ddd85 in term 1.
I20260608 12:58:15.022591 30152 raft_consensus.cc:493] T bfbb9b223f614c5e80d887e7e04f4852 P 785e4c0933a74cec949e66f0546ddd85 [term 0 FOLLOWER]: Starting leader election (no leader contacted us within the election timeout)
I20260608 12:58:15.035642 30152 raft_consensus.cc:3060] T bfbb9b223f614c5e80d887e7e04f4852 P 785e4c0933a74cec949e66f0546ddd85 [term 0 FOLLOWER]: Advancing to term 1
I20260608 12:58:15.036294 30028 tablet_service.cc:1917] Received RequestConsensusVote() RPC: tablet_id: "790a69545091466ea004eb99471d91d7" candidate_uuid: "da8f68e39a544ac1894cd57ee3d88af4" candidate_term: 1 candidate_status { last_received { term: 0 index: 0 } } ignore_live_leader: false dest_uuid: "3a342d38908b433198b65dbd7f1168b6" is_pre_election: true
I20260608 12:58:15.037129 30028 raft_consensus.cc:2393] T 790a69545091466ea004eb99471d91d7 P 3a342d38908b433198b65dbd7f1168b6 [term 1 FOLLOWER]: Leader pre-election vote request: Denying vote to candidate da8f68e39a544ac1894cd57ee3d88af4 in current term 1: Already voted for candidate 785e4c0933a74cec949e66f0546ddd85 in this term.
I20260608 12:58:15.039582 30069 leader_election.cc:304] T 790a69545091466ea004eb99471d91d7 P da8f68e39a544ac1894cd57ee3d88af4 [CANDIDATE]: Term 1 pre-election: Election decided. Result: candidate lost. Election summary: received 3 responses out of 3 voters: 1 yes votes; 2 no votes. yes voters: da8f68e39a544ac1894cd57ee3d88af4; no voters: 3a342d38908b433198b65dbd7f1168b6, 785e4c0933a74cec949e66f0546ddd85
I20260608 12:58:15.040529 30180 raft_consensus.cc:697] T 5eec6ea367b94bb7adfbd4695577a58b P 785e4c0933a74cec949e66f0546ddd85 [term 1 LEADER]: Becoming Leader. State: Replica: 785e4c0933a74cec949e66f0546ddd85, State: Running, Role: LEADER
I20260608 12:58:15.041895 30180 consensus_queue.cc:237] T 5eec6ea367b94bb7adfbd4695577a58b P 785e4c0933a74cec949e66f0546ddd85 [LEADER]: Queue going to LEADER mode. State: All replicated index: 0, Majority replicated index: 0, Committed index: 0, Last appended: 0.0, Last appended by leader: 0, Current term: 1, Majority size: 2, State: 0, Mode: LEADER, active raft config: opid_index: -1 OBSOLETE_local: false peers { permanent_uuid: "785e4c0933a74cec949e66f0546ddd85" member_type: VOTER last_known_addr { host: "127.28.153.65" port: 44209 } } peers { permanent_uuid: "3a342d38908b433198b65dbd7f1168b6" member_type: VOTER last_known_addr { host: "127.28.153.66" port: 45769 } } peers { permanent_uuid: "da8f68e39a544ac1894cd57ee3d88af4" member_type: VOTER last_known_addr { host: "127.28.153.67" port: 34081 } }
I20260608 12:58:15.043546 30187 raft_consensus.cc:2804] T 790a69545091466ea004eb99471d91d7 P 785e4c0933a74cec949e66f0546ddd85 [term 1 FOLLOWER]: Leader election won for term 1
I20260608 12:58:15.044132 30187 raft_consensus.cc:697] T 790a69545091466ea004eb99471d91d7 P 785e4c0933a74cec949e66f0546ddd85 [term 1 LEADER]: Becoming Leader. State: Replica: 785e4c0933a74cec949e66f0546ddd85, State: Running, Role: LEADER
I20260608 12:58:15.044234 30157 raft_consensus.cc:2749] T 790a69545091466ea004eb99471d91d7 P da8f68e39a544ac1894cd57ee3d88af4 [term 1 FOLLOWER]: Leader pre-election lost for term 1. Reason: could not achieve majority
I20260608 12:58:15.045238 30187 consensus_queue.cc:237] T 790a69545091466ea004eb99471d91d7 P 785e4c0933a74cec949e66f0546ddd85 [LEADER]: Queue going to LEADER mode. State: All replicated index: 0, Majority replicated index: 0, Committed index: 0, Last appended: 0.0, Last appended by leader: 0, Current term: 1, Majority size: 2, State: 0, Mode: LEADER, active raft config: opid_index: -1 OBSOLETE_local: false peers { permanent_uuid: "785e4c0933a74cec949e66f0546ddd85" member_type: VOTER last_known_addr { host: "127.28.153.65" port: 44209 } } peers { permanent_uuid: "3a342d38908b433198b65dbd7f1168b6" member_type: VOTER last_known_addr { host: "127.28.153.66" port: 45769 } } peers { permanent_uuid: "da8f68e39a544ac1894cd57ee3d88af4" member_type: VOTER last_known_addr { host: "127.28.153.67" port: 34081 } }
I20260608 12:58:15.047631 30152 raft_consensus.cc:515] T bfbb9b223f614c5e80d887e7e04f4852 P 785e4c0933a74cec949e66f0546ddd85 [term 1 FOLLOWER]: Starting leader election with config: opid_index: -1 OBSOLETE_local: false peers { permanent_uuid: "785e4c0933a74cec949e66f0546ddd85" member_type: VOTER last_known_addr { host: "127.28.153.65" port: 44209 } } peers { permanent_uuid: "3a342d38908b433198b65dbd7f1168b6" member_type: VOTER last_known_addr { host: "127.28.153.66" port: 45769 } } peers { permanent_uuid: "da8f68e39a544ac1894cd57ee3d88af4" member_type: VOTER last_known_addr { host: "127.28.153.67" port: 34081 } }
I20260608 12:58:15.049392 30151 tablet_bootstrap.cc:492] T 4a0e9f523cab4679988cbdc90ff70d49 P da8f68e39a544ac1894cd57ee3d88af4: No bootstrap required, opened a new log
I20260608 12:58:15.049916 30151 ts_tablet_manager.cc:1403] T 4a0e9f523cab4679988cbdc90ff70d49 P da8f68e39a544ac1894cd57ee3d88af4: Time spent bootstrapping tablet: real 0.145s	user 0.000s	sys 0.016s
I20260608 12:58:15.051523 30102 tablet_service.cc:1917] Received RequestConsensusVote() RPC: tablet_id: "bfbb9b223f614c5e80d887e7e04f4852" candidate_uuid: "785e4c0933a74cec949e66f0546ddd85" candidate_term: 1 candidate_status { last_received { term: 0 index: 0 } } ignore_live_leader: false dest_uuid: "da8f68e39a544ac1894cd57ee3d88af4"
I20260608 12:58:15.059125 30028 tablet_service.cc:1917] Received RequestConsensusVote() RPC: tablet_id: "bfbb9b223f614c5e80d887e7e04f4852" candidate_uuid: "785e4c0933a74cec949e66f0546ddd85" candidate_term: 1 candidate_status { last_received { term: 0 index: 0 } } ignore_live_leader: false dest_uuid: "3a342d38908b433198b65dbd7f1168b6"
I20260608 12:58:15.059342 30151 raft_consensus.cc:359] T 4a0e9f523cab4679988cbdc90ff70d49 P da8f68e39a544ac1894cd57ee3d88af4 [term 0 FOLLOWER]: Replica starting. Triggering 0 pending ops. Active config: opid_index: -1 OBSOLETE_local: false peers { permanent_uuid: "785e4c0933a74cec949e66f0546ddd85" member_type: VOTER last_known_addr { host: "127.28.153.65" port: 44209 } } peers { permanent_uuid: "3a342d38908b433198b65dbd7f1168b6" member_type: VOTER last_known_addr { host: "127.28.153.66" port: 45769 } } peers { permanent_uuid: "da8f68e39a544ac1894cd57ee3d88af4" member_type: VOTER last_known_addr { host: "127.28.153.67" port: 34081 } }
I20260608 12:58:15.059769 30028 raft_consensus.cc:3060] T bfbb9b223f614c5e80d887e7e04f4852 P 3a342d38908b433198b65dbd7f1168b6 [term 0 FOLLOWER]: Advancing to term 1
I20260608 12:58:15.060061 30151 raft_consensus.cc:385] T 4a0e9f523cab4679988cbdc90ff70d49 P da8f68e39a544ac1894cd57ee3d88af4 [term 0 FOLLOWER]: Consensus starting up: Expiring failure detector timer to make a prompt election more likely
I20260608 12:58:15.060392 30151 raft_consensus.cc:740] T 4a0e9f523cab4679988cbdc90ff70d49 P da8f68e39a544ac1894cd57ee3d88af4 [term 0 FOLLOWER]: Becoming Follower/Learner. State: Replica: da8f68e39a544ac1894cd57ee3d88af4, State: Initialized, Role: FOLLOWER
I20260608 12:58:15.061327 30151 consensus_queue.cc:260] T 4a0e9f523cab4679988cbdc90ff70d49 P da8f68e39a544ac1894cd57ee3d88af4 [NON_LEADER]: Queue going to NON_LEADER mode. State: All replicated index: 0, Majority replicated index: 0, Committed index: 0, Last appended: 0.0, Last appended by leader: 0, Current term: 0, Majority size: -1, State: 0, Mode: NON_LEADER, active raft config: opid_index: -1 OBSOLETE_local: false peers { permanent_uuid: "785e4c0933a74cec949e66f0546ddd85" member_type: VOTER last_known_addr { host: "127.28.153.65" port: 44209 } } peers { permanent_uuid: "3a342d38908b433198b65dbd7f1168b6" member_type: VOTER last_known_addr { host: "127.28.153.66" port: 45769 } } peers { permanent_uuid: "da8f68e39a544ac1894cd57ee3d88af4" member_type: VOTER last_known_addr { host: "127.28.153.67" port: 34081 } }
I20260608 12:58:15.053588 30152 leader_election.cc:290] T bfbb9b223f614c5e80d887e7e04f4852 P 785e4c0933a74cec949e66f0546ddd85 [CANDIDATE]: Term 1 election: Requested vote from peers 3a342d38908b433198b65dbd7f1168b6 (127.28.153.66:45769), da8f68e39a544ac1894cd57ee3d88af4 (127.28.153.67:34081)
I20260608 12:58:15.053278 30102 raft_consensus.cc:3060] T bfbb9b223f614c5e80d887e7e04f4852 P da8f68e39a544ac1894cd57ee3d88af4 [term 0 FOLLOWER]: Advancing to term 1
I20260608 12:58:15.071045 30028 raft_consensus.cc:2468] T bfbb9b223f614c5e80d887e7e04f4852 P 3a342d38908b433198b65dbd7f1168b6 [term 1 FOLLOWER]: Leader election vote request: Granting yes vote for candidate 785e4c0933a74cec949e66f0546ddd85 in term 1.
I20260608 12:58:15.072269 30151 ts_tablet_manager.cc:1434] T 4a0e9f523cab4679988cbdc90ff70d49 P da8f68e39a544ac1894cd57ee3d88af4: Time spent starting tablet: real 0.022s	user 0.006s	sys 0.001s
I20260608 12:58:15.072470 29920 leader_election.cc:304] T bfbb9b223f614c5e80d887e7e04f4852 P 785e4c0933a74cec949e66f0546ddd85 [CANDIDATE]: Term 1 election: Election decided. Result: candidate won. Election summary: received 2 responses out of 3 voters: 2 yes votes; 0 no votes. yes voters: 3a342d38908b433198b65dbd7f1168b6, 785e4c0933a74cec949e66f0546ddd85; no voters: 
I20260608 12:58:15.073483 30152 raft_consensus.cc:2804] T bfbb9b223f614c5e80d887e7e04f4852 P 785e4c0933a74cec949e66f0546ddd85 [term 1 FOLLOWER]: Leader election won for term 1
I20260608 12:58:15.074183 30152 raft_consensus.cc:697] T bfbb9b223f614c5e80d887e7e04f4852 P 785e4c0933a74cec949e66f0546ddd85 [term 1 LEADER]: Becoming Leader. State: Replica: 785e4c0933a74cec949e66f0546ddd85, State: Running, Role: LEADER
I20260608 12:58:15.075028 30152 consensus_queue.cc:237] T bfbb9b223f614c5e80d887e7e04f4852 P 785e4c0933a74cec949e66f0546ddd85 [LEADER]: Queue going to LEADER mode. State: All replicated index: 0, Majority replicated index: 0, Committed index: 0, Last appended: 0.0, Last appended by leader: 0, Current term: 1, Majority size: 2, State: 0, Mode: LEADER, active raft config: opid_index: -1 OBSOLETE_local: false peers { permanent_uuid: "785e4c0933a74cec949e66f0546ddd85" member_type: VOTER last_known_addr { host: "127.28.153.65" port: 44209 } } peers { permanent_uuid: "3a342d38908b433198b65dbd7f1168b6" member_type: VOTER last_known_addr { host: "127.28.153.66" port: 45769 } } peers { permanent_uuid: "da8f68e39a544ac1894cd57ee3d88af4" member_type: VOTER last_known_addr { host: "127.28.153.67" port: 34081 } }
I20260608 12:58:15.079264 30150 tablet_bootstrap.cc:654] T 98e348022eff4c819fc39c62aede2191 P 3a342d38908b433198b65dbd7f1168b6: Neither blocks nor log segments found. Creating new log.
I20260608 12:58:15.082898 30151 tablet_bootstrap.cc:492] T c532ca6aa74c48169deeebb26f8b2249 P da8f68e39a544ac1894cd57ee3d88af4: Bootstrap starting.
I20260608 12:58:15.076366 30102 raft_consensus.cc:2468] T bfbb9b223f614c5e80d887e7e04f4852 P da8f68e39a544ac1894cd57ee3d88af4 [term 1 FOLLOWER]: Leader election vote request: Granting yes vote for candidate 785e4c0933a74cec949e66f0546ddd85 in term 1.
I20260608 12:58:15.088197 29851 catalog_manager.cc:5696] T 5eec6ea367b94bb7adfbd4695577a58b P 785e4c0933a74cec949e66f0546ddd85 reported cstate change: term changed from 0 to 1, leader changed from <none> to 785e4c0933a74cec949e66f0546ddd85 (127.28.153.65). New cstate: current_term: 1 leader_uuid: "785e4c0933a74cec949e66f0546ddd85" committed_config { opid_index: -1 OBSOLETE_local: false peers { permanent_uuid: "785e4c0933a74cec949e66f0546ddd85" member_type: VOTER last_known_addr { host: "127.28.153.65" port: 44209 } health_report { overall_health: HEALTHY } } peers { permanent_uuid: "3a342d38908b433198b65dbd7f1168b6" member_type: VOTER last_known_addr { host: "127.28.153.66" port: 45769 } health_report { overall_health: UNKNOWN } } peers { permanent_uuid: "da8f68e39a544ac1894cd57ee3d88af4" member_type: VOTER last_known_addr { host: "127.28.153.67" port: 34081 } health_report { overall_health: UNKNOWN } } }
I20260608 12:58:15.099464 29852 catalog_manager.cc:5696] T 6193bdb723a54f81839a6c9e2bfce6b6 P 3a342d38908b433198b65dbd7f1168b6 reported cstate change: term changed from 0 to 1, leader changed from <none> to 3a342d38908b433198b65dbd7f1168b6 (127.28.153.66). New cstate: current_term: 1 leader_uuid: "3a342d38908b433198b65dbd7f1168b6" committed_config { opid_index: -1 OBSOLETE_local: false peers { permanent_uuid: "785e4c0933a74cec949e66f0546ddd85" member_type: VOTER last_known_addr { host: "127.28.153.65" port: 44209 } health_report { overall_health: UNKNOWN } } peers { permanent_uuid: "3a342d38908b433198b65dbd7f1168b6" member_type: VOTER last_known_addr { host: "127.28.153.66" port: 45769 } health_report { overall_health: HEALTHY } } peers { permanent_uuid: "da8f68e39a544ac1894cd57ee3d88af4" member_type: VOTER last_known_addr { host: "127.28.153.67" port: 34081 } health_report { overall_health: UNKNOWN } } }
I20260608 12:58:15.102062 30151 tablet_bootstrap.cc:654] T c532ca6aa74c48169deeebb26f8b2249 P da8f68e39a544ac1894cd57ee3d88af4: Neither blocks nor log segments found. Creating new log.
I20260608 12:58:15.102680 30148 ts_tablet_manager.cc:1434] T c532ca6aa74c48169deeebb26f8b2249 P 785e4c0933a74cec949e66f0546ddd85: Time spent starting tablet: real 0.097s	user 0.023s	sys 0.022s
I20260608 12:58:15.103837 30148 tablet_bootstrap.cc:492] T 98e348022eff4c819fc39c62aede2191 P 785e4c0933a74cec949e66f0546ddd85: Bootstrap starting.
I20260608 12:58:15.113016 30148 tablet_bootstrap.cc:654] T 98e348022eff4c819fc39c62aede2191 P 785e4c0933a74cec949e66f0546ddd85: Neither blocks nor log segments found. Creating new log.
I20260608 12:58:15.119292 30150 tablet_bootstrap.cc:492] T 98e348022eff4c819fc39c62aede2191 P 3a342d38908b433198b65dbd7f1168b6: No bootstrap required, opened a new log
I20260608 12:58:15.119738 30151 tablet_bootstrap.cc:492] T c532ca6aa74c48169deeebb26f8b2249 P da8f68e39a544ac1894cd57ee3d88af4: No bootstrap required, opened a new log
I20260608 12:58:15.119851 30150 ts_tablet_manager.cc:1403] T 98e348022eff4c819fc39c62aede2191 P 3a342d38908b433198b65dbd7f1168b6: Time spent bootstrapping tablet: real 0.120s	user 0.027s	sys 0.013s
I20260608 12:58:15.120287 30151 ts_tablet_manager.cc:1403] T c532ca6aa74c48169deeebb26f8b2249 P da8f68e39a544ac1894cd57ee3d88af4: Time spent bootstrapping tablet: real 0.038s	user 0.013s	sys 0.002s
I20260608 12:58:15.121112 29851 catalog_manager.cc:5696] T 790a69545091466ea004eb99471d91d7 P 785e4c0933a74cec949e66f0546ddd85 reported cstate change: term changed from 0 to 1, leader changed from <none> to 785e4c0933a74cec949e66f0546ddd85 (127.28.153.65). New cstate: current_term: 1 leader_uuid: "785e4c0933a74cec949e66f0546ddd85" committed_config { opid_index: -1 OBSOLETE_local: false peers { permanent_uuid: "785e4c0933a74cec949e66f0546ddd85" member_type: VOTER last_known_addr { host: "127.28.153.65" port: 44209 } health_report { overall_health: HEALTHY } } peers { permanent_uuid: "3a342d38908b433198b65dbd7f1168b6" member_type: VOTER last_known_addr { host: "127.28.153.66" port: 45769 } health_report { overall_health: UNKNOWN } } peers { permanent_uuid: "da8f68e39a544ac1894cd57ee3d88af4" member_type: VOTER last_known_addr { host: "127.28.153.67" port: 34081 } health_report { overall_health: UNKNOWN } } }
I20260608 12:58:15.123274 30150 raft_consensus.cc:359] T 98e348022eff4c819fc39c62aede2191 P 3a342d38908b433198b65dbd7f1168b6 [term 0 FOLLOWER]: Replica starting. Triggering 0 pending ops. Active config: opid_index: -1 OBSOLETE_local: false peers { permanent_uuid: "785e4c0933a74cec949e66f0546ddd85" member_type: VOTER last_known_addr { host: "127.28.153.65" port: 44209 } } peers { permanent_uuid: "3a342d38908b433198b65dbd7f1168b6" member_type: VOTER last_known_addr { host: "127.28.153.66" port: 45769 } } peers { permanent_uuid: "da8f68e39a544ac1894cd57ee3d88af4" member_type: VOTER last_known_addr { host: "127.28.153.67" port: 34081 } }
I20260608 12:58:15.123628 30151 raft_consensus.cc:359] T c532ca6aa74c48169deeebb26f8b2249 P da8f68e39a544ac1894cd57ee3d88af4 [term 0 FOLLOWER]: Replica starting. Triggering 0 pending ops. Active config: opid_index: -1 OBSOLETE_local: false peers { permanent_uuid: "785e4c0933a74cec949e66f0546ddd85" member_type: VOTER last_known_addr { host: "127.28.153.65" port: 44209 } } peers { permanent_uuid: "3a342d38908b433198b65dbd7f1168b6" member_type: VOTER last_known_addr { host: "127.28.153.66" port: 45769 } } peers { permanent_uuid: "da8f68e39a544ac1894cd57ee3d88af4" member_type: VOTER last_known_addr { host: "127.28.153.67" port: 34081 } }
I20260608 12:58:15.124935 30150 raft_consensus.cc:385] T 98e348022eff4c819fc39c62aede2191 P 3a342d38908b433198b65dbd7f1168b6 [term 0 FOLLOWER]: Consensus starting up: Expiring failure detector timer to make a prompt election more likely
I20260608 12:58:15.125067 30151 raft_consensus.cc:385] T c532ca6aa74c48169deeebb26f8b2249 P da8f68e39a544ac1894cd57ee3d88af4 [term 0 FOLLOWER]: Consensus starting up: Expiring failure detector timer to make a prompt election more likely
I20260608 12:58:15.125487 30151 raft_consensus.cc:740] T c532ca6aa74c48169deeebb26f8b2249 P da8f68e39a544ac1894cd57ee3d88af4 [term 0 FOLLOWER]: Becoming Follower/Learner. State: Replica: da8f68e39a544ac1894cd57ee3d88af4, State: Initialized, Role: FOLLOWER
I20260608 12:58:15.125402 30150 raft_consensus.cc:740] T 98e348022eff4c819fc39c62aede2191 P 3a342d38908b433198b65dbd7f1168b6 [term 0 FOLLOWER]: Becoming Follower/Learner. State: Replica: 3a342d38908b433198b65dbd7f1168b6, State: Initialized, Role: FOLLOWER
I20260608 12:58:15.126967 30150 consensus_queue.cc:260] T 98e348022eff4c819fc39c62aede2191 P 3a342d38908b433198b65dbd7f1168b6 [NON_LEADER]: Queue going to NON_LEADER mode. State: All replicated index: 0, Majority replicated index: 0, Committed index: 0, Last appended: 0.0, Last appended by leader: 0, Current term: 0, Majority size: -1, State: 0, Mode: NON_LEADER, active raft config: opid_index: -1 OBSOLETE_local: false peers { permanent_uuid: "785e4c0933a74cec949e66f0546ddd85" member_type: VOTER last_known_addr { host: "127.28.153.65" port: 44209 } } peers { permanent_uuid: "3a342d38908b433198b65dbd7f1168b6" member_type: VOTER last_known_addr { host: "127.28.153.66" port: 45769 } } peers { permanent_uuid: "da8f68e39a544ac1894cd57ee3d88af4" member_type: VOTER last_known_addr { host: "127.28.153.67" port: 34081 } }
I20260608 12:58:15.127126 30151 consensus_queue.cc:260] T c532ca6aa74c48169deeebb26f8b2249 P da8f68e39a544ac1894cd57ee3d88af4 [NON_LEADER]: Queue going to NON_LEADER mode. State: All replicated index: 0, Majority replicated index: 0, Committed index: 0, Last appended: 0.0, Last appended by leader: 0, Current term: 0, Majority size: -1, State: 0, Mode: NON_LEADER, active raft config: opid_index: -1 OBSOLETE_local: false peers { permanent_uuid: "785e4c0933a74cec949e66f0546ddd85" member_type: VOTER last_known_addr { host: "127.28.153.65" port: 44209 } } peers { permanent_uuid: "3a342d38908b433198b65dbd7f1168b6" member_type: VOTER last_known_addr { host: "127.28.153.66" port: 45769 } } peers { permanent_uuid: "da8f68e39a544ac1894cd57ee3d88af4" member_type: VOTER last_known_addr { host: "127.28.153.67" port: 34081 } }
I20260608 12:58:15.125730 29851 catalog_manager.cc:5696] T bfbb9b223f614c5e80d887e7e04f4852 P 785e4c0933a74cec949e66f0546ddd85 reported cstate change: term changed from 0 to 1, leader changed from <none> to 785e4c0933a74cec949e66f0546ddd85 (127.28.153.65). New cstate: current_term: 1 leader_uuid: "785e4c0933a74cec949e66f0546ddd85" committed_config { opid_index: -1 OBSOLETE_local: false peers { permanent_uuid: "785e4c0933a74cec949e66f0546ddd85" member_type: VOTER last_known_addr { host: "127.28.153.65" port: 44209 } health_report { overall_health: HEALTHY } } peers { permanent_uuid: "3a342d38908b433198b65dbd7f1168b6" member_type: VOTER last_known_addr { host: "127.28.153.66" port: 45769 } health_report { overall_health: UNKNOWN } } peers { permanent_uuid: "da8f68e39a544ac1894cd57ee3d88af4" member_type: VOTER last_known_addr { host: "127.28.153.67" port: 34081 } health_report { overall_health: UNKNOWN } } }
I20260608 12:58:15.128793 30148 tablet_bootstrap.cc:492] T 98e348022eff4c819fc39c62aede2191 P 785e4c0933a74cec949e66f0546ddd85: No bootstrap required, opened a new log
I20260608 12:58:15.129284 30148 ts_tablet_manager.cc:1403] T 98e348022eff4c819fc39c62aede2191 P 785e4c0933a74cec949e66f0546ddd85: Time spent bootstrapping tablet: real 0.026s	user 0.015s	sys 0.005s
I20260608 12:58:15.131810 30150 ts_tablet_manager.cc:1434] T 98e348022eff4c819fc39c62aede2191 P 3a342d38908b433198b65dbd7f1168b6: Time spent starting tablet: real 0.011s	user 0.000s	sys 0.007s
I20260608 12:58:15.132690 30151 ts_tablet_manager.cc:1434] T c532ca6aa74c48169deeebb26f8b2249 P da8f68e39a544ac1894cd57ee3d88af4: Time spent starting tablet: real 0.012s	user 0.007s	sys 0.002s
I20260608 12:58:15.132980 30150 tablet_bootstrap.cc:492] T 4a0e9f523cab4679988cbdc90ff70d49 P 3a342d38908b433198b65dbd7f1168b6: Bootstrap starting.
I20260608 12:58:15.132619 30148 raft_consensus.cc:359] T 98e348022eff4c819fc39c62aede2191 P 785e4c0933a74cec949e66f0546ddd85 [term 0 FOLLOWER]: Replica starting. Triggering 0 pending ops. Active config: opid_index: -1 OBSOLETE_local: false peers { permanent_uuid: "785e4c0933a74cec949e66f0546ddd85" member_type: VOTER last_known_addr { host: "127.28.153.65" port: 44209 } } peers { permanent_uuid: "3a342d38908b433198b65dbd7f1168b6" member_type: VOTER last_known_addr { host: "127.28.153.66" port: 45769 } } peers { permanent_uuid: "da8f68e39a544ac1894cd57ee3d88af4" member_type: VOTER last_known_addr { host: "127.28.153.67" port: 34081 } }
I20260608 12:58:15.133606 30148 raft_consensus.cc:385] T 98e348022eff4c819fc39c62aede2191 P 785e4c0933a74cec949e66f0546ddd85 [term 0 FOLLOWER]: Consensus starting up: Expiring failure detector timer to make a prompt election more likely
I20260608 12:58:15.134018 30151 tablet_bootstrap.cc:492] T 98e348022eff4c819fc39c62aede2191 P da8f68e39a544ac1894cd57ee3d88af4: Bootstrap starting.
I20260608 12:58:15.133973 30148 raft_consensus.cc:740] T 98e348022eff4c819fc39c62aede2191 P 785e4c0933a74cec949e66f0546ddd85 [term 0 FOLLOWER]: Becoming Follower/Learner. State: Replica: 785e4c0933a74cec949e66f0546ddd85, State: Initialized, Role: FOLLOWER
I20260608 12:58:15.135145 30148 consensus_queue.cc:260] T 98e348022eff4c819fc39c62aede2191 P 785e4c0933a74cec949e66f0546ddd85 [NON_LEADER]: Queue going to NON_LEADER mode. State: All replicated index: 0, Majority replicated index: 0, Committed index: 0, Last appended: 0.0, Last appended by leader: 0, Current term: 0, Majority size: -1, State: 0, Mode: NON_LEADER, active raft config: opid_index: -1 OBSOLETE_local: false peers { permanent_uuid: "785e4c0933a74cec949e66f0546ddd85" member_type: VOTER last_known_addr { host: "127.28.153.65" port: 44209 } } peers { permanent_uuid: "3a342d38908b433198b65dbd7f1168b6" member_type: VOTER last_known_addr { host: "127.28.153.66" port: 45769 } } peers { permanent_uuid: "da8f68e39a544ac1894cd57ee3d88af4" member_type: VOTER last_known_addr { host: "127.28.153.67" port: 34081 } }
I20260608 12:58:15.137533 30148 ts_tablet_manager.cc:1434] T 98e348022eff4c819fc39c62aede2191 P 785e4c0933a74cec949e66f0546ddd85: Time spent starting tablet: real 0.008s	user 0.006s	sys 0.000s
I20260608 12:58:15.140594 30150 tablet_bootstrap.cc:654] T 4a0e9f523cab4679988cbdc90ff70d49 P 3a342d38908b433198b65dbd7f1168b6: Neither blocks nor log segments found. Creating new log.
I20260608 12:58:15.141459 30151 tablet_bootstrap.cc:654] T 98e348022eff4c819fc39c62aede2191 P da8f68e39a544ac1894cd57ee3d88af4: Neither blocks nor log segments found. Creating new log.
I20260608 12:58:15.152567 30150 tablet_bootstrap.cc:492] T 4a0e9f523cab4679988cbdc90ff70d49 P 3a342d38908b433198b65dbd7f1168b6: No bootstrap required, opened a new log
I20260608 12:58:15.153147 30150 ts_tablet_manager.cc:1403] T 4a0e9f523cab4679988cbdc90ff70d49 P 3a342d38908b433198b65dbd7f1168b6: Time spent bootstrapping tablet: real 0.020s	user 0.012s	sys 0.007s
I20260608 12:58:15.155320 30150 raft_consensus.cc:359] T 4a0e9f523cab4679988cbdc90ff70d49 P 3a342d38908b433198b65dbd7f1168b6 [term 0 FOLLOWER]: Replica starting. Triggering 0 pending ops. Active config: opid_index: -1 OBSOLETE_local: false peers { permanent_uuid: "785e4c0933a74cec949e66f0546ddd85" member_type: VOTER last_known_addr { host: "127.28.153.65" port: 44209 } } peers { permanent_uuid: "3a342d38908b433198b65dbd7f1168b6" member_type: VOTER last_known_addr { host: "127.28.153.66" port: 45769 } } peers { permanent_uuid: "da8f68e39a544ac1894cd57ee3d88af4" member_type: VOTER last_known_addr { host: "127.28.153.67" port: 34081 } }
I20260608 12:58:15.155861 30150 raft_consensus.cc:385] T 4a0e9f523cab4679988cbdc90ff70d49 P 3a342d38908b433198b65dbd7f1168b6 [term 0 FOLLOWER]: Consensus starting up: Expiring failure detector timer to make a prompt election more likely
I20260608 12:58:15.156106 30150 raft_consensus.cc:740] T 4a0e9f523cab4679988cbdc90ff70d49 P 3a342d38908b433198b65dbd7f1168b6 [term 0 FOLLOWER]: Becoming Follower/Learner. State: Replica: 3a342d38908b433198b65dbd7f1168b6, State: Initialized, Role: FOLLOWER
