I20260608 12:59:21.142742 31937 leader_election.cc:304] T 9eee4aa4b18b45a987cb8c95c78c8287 P 8c34c749be04465ea6a1ecfbc5481bf1 [CANDIDATE]: Term 1 pre-election: Election decided. Result: candidate won. Election summary: received 3 responses out of 3 voters: 2 yes votes; 1 no votes. yes voters: 799065ac30cd4ed2b289f143f86efe7e, 8c34c749be04465ea6a1ecfbc5481bf1; no voters: 02f00498ca1a4369ab449b4b94f36230
I20260608 12:59:21.142956 32202 raft_consensus.cc:515] T 0787869632874b11a0352908a30c8268 P 799065ac30cd4ed2b289f143f86efe7e [term 1 FOLLOWER]: Starting leader election with config: opid_index: -1 OBSOLETE_local: false peers { permanent_uuid: "02f00498ca1a4369ab449b4b94f36230" member_type: VOTER last_known_addr { host: "127.28.85.66" port: 45739 } } peers { permanent_uuid: "8c34c749be04465ea6a1ecfbc5481bf1" member_type: VOTER last_known_addr { host: "127.28.85.65" port: 45733 } } peers { permanent_uuid: "799065ac30cd4ed2b289f143f86efe7e" member_type: VOTER last_known_addr { host: "127.28.85.67" port: 36451 } }
I20260608 12:59:21.134829 31972 tablet_service.cc:1917] Received RequestConsensusVote() RPC: tablet_id: "0787869632874b11a0352908a30c8268" candidate_uuid: "799065ac30cd4ed2b289f143f86efe7e" candidate_term: 1 candidate_status { last_received { term: 0 index: 0 } } ignore_live_leader: false dest_uuid: "8c34c749be04465ea6a1ecfbc5481bf1" is_pre_election: true
I20260608 12:59:21.144559 32199 raft_consensus.cc:2804] T 9eee4aa4b18b45a987cb8c95c78c8287 P 8c34c749be04465ea6a1ecfbc5481bf1 [term 0 FOLLOWER]: Leader pre-election won for term 1
I20260608 12:59:21.144737 31972 raft_consensus.cc:2468] T 0787869632874b11a0352908a30c8268 P 8c34c749be04465ea6a1ecfbc5481bf1 [term 0 FOLLOWER]: Leader pre-election vote request: Granting yes vote for candidate 799065ac30cd4ed2b289f143f86efe7e in term 0.
I20260608 12:59:21.145090 32199 raft_consensus.cc:493] T 9eee4aa4b18b45a987cb8c95c78c8287 P 8c34c749be04465ea6a1ecfbc5481bf1 [term 0 FOLLOWER]: Starting leader election (no leader contacted us within the election timeout)
I20260608 12:59:21.145653 32199 raft_consensus.cc:3060] T 9eee4aa4b18b45a987cb8c95c78c8287 P 8c34c749be04465ea6a1ecfbc5481bf1 [term 0 FOLLOWER]: Advancing to term 1
I20260608 12:59:21.148469 32170 tablet_bootstrap.cc:492] T 9eee4aa4b18b45a987cb8c95c78c8287 P 02f00498ca1a4369ab449b4b94f36230: No bootstrap required, opened a new log
I20260608 12:59:21.148800 32047 tablet_service.cc:1917] Received RequestConsensusVote() RPC: tablet_id: "0787869632874b11a0352908a30c8268" candidate_uuid: "799065ac30cd4ed2b289f143f86efe7e" candidate_term: 1 candidate_status { last_received { term: 0 index: 0 } } ignore_live_leader: false dest_uuid: "02f00498ca1a4369ab449b4b94f36230"
I20260608 12:59:21.149024 32170 ts_tablet_manager.cc:1403] T 9eee4aa4b18b45a987cb8c95c78c8287 P 02f00498ca1a4369ab449b4b94f36230: Time spent bootstrapping tablet: real 0.020s	user 0.012s	sys 0.004s
I20260608 12:59:21.149135 31972 tablet_service.cc:1917] Received RequestConsensusVote() RPC: tablet_id: "0787869632874b11a0352908a30c8268" candidate_uuid: "799065ac30cd4ed2b289f143f86efe7e" candidate_term: 1 candidate_status { last_received { term: 0 index: 0 } } ignore_live_leader: false dest_uuid: "8c34c749be04465ea6a1ecfbc5481bf1"
I20260608 12:59:21.149474 32047 raft_consensus.cc:3060] T 0787869632874b11a0352908a30c8268 P 02f00498ca1a4369ab449b4b94f36230 [term 0 FOLLOWER]: Advancing to term 1
I20260608 12:59:21.149812 31972 raft_consensus.cc:3060] T 0787869632874b11a0352908a30c8268 P 8c34c749be04465ea6a1ecfbc5481bf1 [term 0 FOLLOWER]: Advancing to term 1
I20260608 12:59:21.152170 32170 raft_consensus.cc:359] T 9eee4aa4b18b45a987cb8c95c78c8287 P 02f00498ca1a4369ab449b4b94f36230 [term 0 FOLLOWER]: Replica starting. Triggering 0 pending ops. Active config: opid_index: -1 OBSOLETE_local: false peers { permanent_uuid: "8c34c749be04465ea6a1ecfbc5481bf1" member_type: VOTER last_known_addr { host: "127.28.85.65" port: 45733 } } peers { permanent_uuid: "02f00498ca1a4369ab449b4b94f36230" member_type: VOTER last_known_addr { host: "127.28.85.66" port: 45739 } } peers { permanent_uuid: "799065ac30cd4ed2b289f143f86efe7e" member_type: VOTER last_known_addr { host: "127.28.85.67" port: 36451 } }
I20260608 12:59:21.152835 32170 raft_consensus.cc:385] T 9eee4aa4b18b45a987cb8c95c78c8287 P 02f00498ca1a4369ab449b4b94f36230 [term 0 FOLLOWER]: Consensus starting up: Expiring failure detector timer to make a prompt election more likely
I20260608 12:59:21.152813 32199 raft_consensus.cc:515] T 9eee4aa4b18b45a987cb8c95c78c8287 P 8c34c749be04465ea6a1ecfbc5481bf1 [term 1 FOLLOWER]: Starting leader election with config: opid_index: -1 OBSOLETE_local: false peers { permanent_uuid: "8c34c749be04465ea6a1ecfbc5481bf1" member_type: VOTER last_known_addr { host: "127.28.85.65" port: 45733 } } peers { permanent_uuid: "02f00498ca1a4369ab449b4b94f36230" member_type: VOTER last_known_addr { host: "127.28.85.66" port: 45739 } } peers { permanent_uuid: "799065ac30cd4ed2b289f143f86efe7e" member_type: VOTER last_known_addr { host: "127.28.85.67" port: 36451 } }
I20260608 12:59:21.153282 32170 raft_consensus.cc:740] T 9eee4aa4b18b45a987cb8c95c78c8287 P 02f00498ca1a4369ab449b4b94f36230 [term 0 FOLLOWER]: Becoming Follower/Learner. State: Replica: 02f00498ca1a4369ab449b4b94f36230, State: Initialized, Role: FOLLOWER
I20260608 12:59:21.154136 32170 consensus_queue.cc:260] T 9eee4aa4b18b45a987cb8c95c78c8287 P 02f00498ca1a4369ab449b4b94f36230 [NON_LEADER]: Queue going to NON_LEADER mode. State: All replicated index: 0, Majority replicated index: 0, Committed index: 0, Last appended: 0.0, Last appended by leader: 0, Current term: 0, Majority size: -1, State: 0, Mode: NON_LEADER, active raft config: opid_index: -1 OBSOLETE_local: false peers { permanent_uuid: "8c34c749be04465ea6a1ecfbc5481bf1" member_type: VOTER last_known_addr { host: "127.28.85.65" port: 45733 } } peers { permanent_uuid: "02f00498ca1a4369ab449b4b94f36230" member_type: VOTER last_known_addr { host: "127.28.85.66" port: 45739 } } peers { permanent_uuid: "799065ac30cd4ed2b289f143f86efe7e" member_type: VOTER last_known_addr { host: "127.28.85.67" port: 36451 } }
I20260608 12:59:21.155718 32048 tablet_service.cc:1917] Received RequestConsensusVote() RPC: tablet_id: "9eee4aa4b18b45a987cb8c95c78c8287" candidate_uuid: "8c34c749be04465ea6a1ecfbc5481bf1" candidate_term: 1 candidate_status { last_received { term: 0 index: 0 } } ignore_live_leader: false dest_uuid: "02f00498ca1a4369ab449b4b94f36230"
I20260608 12:59:21.155884 32199 leader_election.cc:290] T 9eee4aa4b18b45a987cb8c95c78c8287 P 8c34c749be04465ea6a1ecfbc5481bf1 [CANDIDATE]: Term 1 election: Requested vote from peers 02f00498ca1a4369ab449b4b94f36230 (127.28.85.66:45739), 799065ac30cd4ed2b289f143f86efe7e (127.28.85.67:36451)
I20260608 12:59:21.156368 32048 raft_consensus.cc:3060] T 9eee4aa4b18b45a987cb8c95c78c8287 P 02f00498ca1a4369ab449b4b94f36230 [term 0 FOLLOWER]: Advancing to term 1
I20260608 12:59:21.156695 31972 raft_consensus.cc:2468] T 0787869632874b11a0352908a30c8268 P 8c34c749be04465ea6a1ecfbc5481bf1 [term 1 FOLLOWER]: Leader election vote request: Granting yes vote for candidate 799065ac30cd4ed2b289f143f86efe7e in term 1.
I20260608 12:59:21.157961 32202 leader_election.cc:290] T 0787869632874b11a0352908a30c8268 P 799065ac30cd4ed2b289f143f86efe7e [CANDIDATE]: Term 1 election: Requested vote from peers 02f00498ca1a4369ab449b4b94f36230 (127.28.85.66:45739), 8c34c749be04465ea6a1ecfbc5481bf1 (127.28.85.65:45733)
I20260608 12:59:21.157899 32086 leader_election.cc:304] T 0787869632874b11a0352908a30c8268 P 799065ac30cd4ed2b289f143f86efe7e [CANDIDATE]: Term 1 election: Election decided. Result: candidate won. Election summary: received 2 responses out of 3 voters: 2 yes votes; 0 no votes. yes voters: 799065ac30cd4ed2b289f143f86efe7e, 8c34c749be04465ea6a1ecfbc5481bf1; no voters: 
I20260608 12:59:21.159098 32202 raft_consensus.cc:2804] T 0787869632874b11a0352908a30c8268 P 799065ac30cd4ed2b289f143f86efe7e [term 1 FOLLOWER]: Leader election won for term 1
I20260608 12:59:21.159435 32122 tablet_service.cc:1917] Received RequestConsensusVote() RPC: tablet_id: "9eee4aa4b18b45a987cb8c95c78c8287" candidate_uuid: "8c34c749be04465ea6a1ecfbc5481bf1" candidate_term: 1 candidate_status { last_received { term: 0 index: 0 } } ignore_live_leader: false dest_uuid: "799065ac30cd4ed2b289f143f86efe7e"
I20260608 12:59:21.159673 32202 raft_consensus.cc:697] T 0787869632874b11a0352908a30c8268 P 799065ac30cd4ed2b289f143f86efe7e [term 1 LEADER]: Becoming Leader. State: Replica: 799065ac30cd4ed2b289f143f86efe7e, State: Running, Role: LEADER
I20260608 12:59:21.160516 32122 raft_consensus.cc:3060] T 9eee4aa4b18b45a987cb8c95c78c8287 P 799065ac30cd4ed2b289f143f86efe7e [term 0 FOLLOWER]: Advancing to term 1
I20260608 12:59:21.160650 32202 consensus_queue.cc:237] T 0787869632874b11a0352908a30c8268 P 799065ac30cd4ed2b289f143f86efe7e [LEADER]: Queue going to LEADER mode. State: All replicated index: 0, Majority replicated index: 0, Committed index: 0, Last appended: 0.0, Last appended by leader: 0, Current term: 1, Majority size: 2, State: 0, Mode: LEADER, active raft config: opid_index: -1 OBSOLETE_local: false peers { permanent_uuid: "02f00498ca1a4369ab449b4b94f36230" member_type: VOTER last_known_addr { host: "127.28.85.66" port: 45739 } } peers { permanent_uuid: "8c34c749be04465ea6a1ecfbc5481bf1" member_type: VOTER last_known_addr { host: "127.28.85.65" port: 45733 } } peers { permanent_uuid: "799065ac30cd4ed2b289f143f86efe7e" member_type: VOTER last_known_addr { host: "127.28.85.67" port: 36451 } }
I20260608 12:59:21.163491 32048 raft_consensus.cc:2468] T 9eee4aa4b18b45a987cb8c95c78c8287 P 02f00498ca1a4369ab449b4b94f36230 [term 1 FOLLOWER]: Leader election vote request: Granting yes vote for candidate 8c34c749be04465ea6a1ecfbc5481bf1 in term 1.
I20260608 12:59:21.164974 31936 leader_election.cc:304] T 9eee4aa4b18b45a987cb8c95c78c8287 P 8c34c749be04465ea6a1ecfbc5481bf1 [CANDIDATE]: Term 1 election: Election decided. Result: candidate won. Election summary: received 2 responses out of 3 voters: 2 yes votes; 0 no votes. yes voters: 02f00498ca1a4369ab449b4b94f36230, 8c34c749be04465ea6a1ecfbc5481bf1; no voters: 
I20260608 12:59:21.166076 32199 raft_consensus.cc:2804] T 9eee4aa4b18b45a987cb8c95c78c8287 P 8c34c749be04465ea6a1ecfbc5481bf1 [term 1 FOLLOWER]: Leader election won for term 1
I20260608 12:59:21.166561 32199 raft_consensus.cc:697] T 9eee4aa4b18b45a987cb8c95c78c8287 P 8c34c749be04465ea6a1ecfbc5481bf1 [term 1 LEADER]: Becoming Leader. State: Replica: 8c34c749be04465ea6a1ecfbc5481bf1, State: Running, Role: LEADER
I20260608 12:59:21.167511 32170 ts_tablet_manager.cc:1434] T 9eee4aa4b18b45a987cb8c95c78c8287 P 02f00498ca1a4369ab449b4b94f36230: Time spent starting tablet: real 0.018s	user 0.005s	sys 0.000s
I20260608 12:59:21.167371 32199 consensus_queue.cc:237] T 9eee4aa4b18b45a987cb8c95c78c8287 P 8c34c749be04465ea6a1ecfbc5481bf1 [LEADER]: Queue going to LEADER mode. State: All replicated index: 0, Majority replicated index: 0, Committed index: 0, Last appended: 0.0, Last appended by leader: 0, Current term: 1, Majority size: 2, State: 0, Mode: LEADER, active raft config: opid_index: -1 OBSOLETE_local: false peers { permanent_uuid: "8c34c749be04465ea6a1ecfbc5481bf1" member_type: VOTER last_known_addr { host: "127.28.85.65" port: 45733 } } peers { permanent_uuid: "02f00498ca1a4369ab449b4b94f36230" member_type: VOTER last_known_addr { host: "127.28.85.66" port: 45739 } } peers { permanent_uuid: "799065ac30cd4ed2b289f143f86efe7e" member_type: VOTER last_known_addr { host: "127.28.85.67" port: 36451 } }
I20260608 12:59:21.169344 32047 raft_consensus.cc:2468] T 0787869632874b11a0352908a30c8268 P 02f00498ca1a4369ab449b4b94f36230 [term 1 FOLLOWER]: Leader election vote request: Granting yes vote for candidate 799065ac30cd4ed2b289f143f86efe7e in term 1.
I20260608 12:59:21.173580 32122 raft_consensus.cc:2468] T 9eee4aa4b18b45a987cb8c95c78c8287 P 799065ac30cd4ed2b289f143f86efe7e [term 1 FOLLOWER]: Leader election vote request: Granting yes vote for candidate 8c34c749be04465ea6a1ecfbc5481bf1 in term 1.
I20260608 12:59:21.173275 32183 raft_consensus.cc:515] T a79a480555b845a1bda18863aa0c51fa P 02f00498ca1a4369ab449b4b94f36230 [term 1 FOLLOWER]: Starting leader election with config: opid_index: -1 OBSOLETE_local: false peers { permanent_uuid: "8c34c749be04465ea6a1ecfbc5481bf1" member_type: VOTER last_known_addr { host: "127.28.85.65" port: 45733 } } peers { permanent_uuid: "02f00498ca1a4369ab449b4b94f36230" member_type: VOTER last_known_addr { host: "127.28.85.66" port: 45739 } } peers { permanent_uuid: "799065ac30cd4ed2b289f143f86efe7e" member_type: VOTER last_known_addr { host: "127.28.85.67" port: 36451 } }
I20260608 12:59:21.180994 32183 leader_election.cc:290] T a79a480555b845a1bda18863aa0c51fa P 02f00498ca1a4369ab449b4b94f36230 [CANDIDATE]: Term 1 election: Requested vote from peers 8c34c749be04465ea6a1ecfbc5481bf1 (127.28.85.65:45733), 799065ac30cd4ed2b289f143f86efe7e (127.28.85.67:36451)
I20260608 12:59:21.181962 31972 tablet_service.cc:1917] Received RequestConsensusVote() RPC: tablet_id: "a79a480555b845a1bda18863aa0c51fa" candidate_uuid: "02f00498ca1a4369ab449b4b94f36230" candidate_term: 1 candidate_status { last_received { term: 0 index: 0 } } ignore_live_leader: false dest_uuid: "8c34c749be04465ea6a1ecfbc5481bf1"
I20260608 12:59:21.185292 31972 raft_consensus.cc:3060] T a79a480555b845a1bda18863aa0c51fa P 8c34c749be04465ea6a1ecfbc5481bf1 [term 0 FOLLOWER]: Advancing to term 1
I20260608 12:59:21.184577 31871 catalog_manager.cc:5696] T 9eee4aa4b18b45a987cb8c95c78c8287 P 8c34c749be04465ea6a1ecfbc5481bf1 reported cstate change: term changed from 0 to 1, leader changed from <none> to 8c34c749be04465ea6a1ecfbc5481bf1 (127.28.85.65). New cstate: current_term: 1 leader_uuid: "8c34c749be04465ea6a1ecfbc5481bf1" committed_config { opid_index: -1 OBSOLETE_local: false peers { permanent_uuid: "8c34c749be04465ea6a1ecfbc5481bf1" member_type: VOTER last_known_addr { host: "127.28.85.65" port: 45733 } health_report { overall_health: HEALTHY } } peers { permanent_uuid: "02f00498ca1a4369ab449b4b94f36230" member_type: VOTER last_known_addr { host: "127.28.85.66" port: 45739 } health_report { overall_health: UNKNOWN } } peers { permanent_uuid: "799065ac30cd4ed2b289f143f86efe7e" member_type: VOTER last_known_addr { host: "127.28.85.67" port: 36451 } health_report { overall_health: UNKNOWN } } }
I20260608 12:59:21.190541 32122 tablet_service.cc:1917] Received RequestConsensusVote() RPC: tablet_id: "a79a480555b845a1bda18863aa0c51fa" candidate_uuid: "02f00498ca1a4369ab449b4b94f36230" candidate_term: 1 candidate_status { last_received { term: 0 index: 0 } } ignore_live_leader: false dest_uuid: "799065ac30cd4ed2b289f143f86efe7e"
I20260608 12:59:21.189920 31869 catalog_manager.cc:5696] T 0787869632874b11a0352908a30c8268 P 799065ac30cd4ed2b289f143f86efe7e reported cstate change: term changed from 0 to 1, leader changed from <none> to 799065ac30cd4ed2b289f143f86efe7e (127.28.85.67). New cstate: current_term: 1 leader_uuid: "799065ac30cd4ed2b289f143f86efe7e" committed_config { opid_index: -1 OBSOLETE_local: false peers { permanent_uuid: "02f00498ca1a4369ab449b4b94f36230" member_type: VOTER last_known_addr { host: "127.28.85.66" port: 45739 } health_report { overall_health: UNKNOWN } } peers { permanent_uuid: "8c34c749be04465ea6a1ecfbc5481bf1" member_type: VOTER last_known_addr { host: "127.28.85.65" port: 45733 } health_report { overall_health: UNKNOWN } } peers { permanent_uuid: "799065ac30cd4ed2b289f143f86efe7e" member_type: VOTER last_known_addr { host: "127.28.85.67" port: 36451 } health_report { overall_health: HEALTHY } } }
I20260608 12:59:21.191049 31972 raft_consensus.cc:2468] T a79a480555b845a1bda18863aa0c51fa P 8c34c749be04465ea6a1ecfbc5481bf1 [term 1 FOLLOWER]: Leader election vote request: Granting yes vote for candidate 02f00498ca1a4369ab449b4b94f36230 in term 1.
I20260608 12:59:21.191308 32122 raft_consensus.cc:3060] T a79a480555b845a1bda18863aa0c51fa P 799065ac30cd4ed2b289f143f86efe7e [term 0 FOLLOWER]: Advancing to term 1
I20260608 12:59:21.192332 32012 leader_election.cc:304] T a79a480555b845a1bda18863aa0c51fa P 02f00498ca1a4369ab449b4b94f36230 [CANDIDATE]: Term 1 election: Election decided. Result: candidate won. Election summary: received 2 responses out of 3 voters: 2 yes votes; 0 no votes. yes voters: 02f00498ca1a4369ab449b4b94f36230, 8c34c749be04465ea6a1ecfbc5481bf1; no voters: 
I20260608 12:59:21.195582 32183 raft_consensus.cc:2804] T a79a480555b845a1bda18863aa0c51fa P 02f00498ca1a4369ab449b4b94f36230 [term 1 FOLLOWER]: Leader election won for term 1
I20260608 12:59:21.197256 32183 raft_consensus.cc:697] T a79a480555b845a1bda18863aa0c51fa P 02f00498ca1a4369ab449b4b94f36230 [term 1 LEADER]: Becoming Leader. State: Replica: 02f00498ca1a4369ab449b4b94f36230, State: Running, Role: LEADER
I20260608 12:59:21.198119 32183 consensus_queue.cc:237] T a79a480555b845a1bda18863aa0c51fa P 02f00498ca1a4369ab449b4b94f36230 [LEADER]: Queue going to LEADER mode. State: All replicated index: 0, Majority replicated index: 0, Committed index: 0, Last appended: 0.0, Last appended by leader: 0, Current term: 1, Majority size: 2, State: 0, Mode: LEADER, active raft config: opid_index: -1 OBSOLETE_local: false peers { permanent_uuid: "8c34c749be04465ea6a1ecfbc5481bf1" member_type: VOTER last_known_addr { host: "127.28.85.65" port: 45733 } } peers { permanent_uuid: "02f00498ca1a4369ab449b4b94f36230" member_type: VOTER last_known_addr { host: "127.28.85.66" port: 45739 } } peers { permanent_uuid: "799065ac30cd4ed2b289f143f86efe7e" member_type: VOTER last_known_addr { host: "127.28.85.67" port: 36451 } }
I20260608 12:59:21.201244 32122 raft_consensus.cc:2468] T a79a480555b845a1bda18863aa0c51fa P 799065ac30cd4ed2b289f143f86efe7e [term 1 FOLLOWER]: Leader election vote request: Granting yes vote for candidate 02f00498ca1a4369ab449b4b94f36230 in term 1.
I20260608 12:59:21.207176 31869 catalog_manager.cc:5696] T a79a480555b845a1bda18863aa0c51fa P 02f00498ca1a4369ab449b4b94f36230 reported cstate change: term changed from 0 to 1, leader changed from <none> to 02f00498ca1a4369ab449b4b94f36230 (127.28.85.66). New cstate: current_term: 1 leader_uuid: "02f00498ca1a4369ab449b4b94f36230" committed_config { opid_index: -1 OBSOLETE_local: false peers { permanent_uuid: "8c34c749be04465ea6a1ecfbc5481bf1" member_type: VOTER last_known_addr { host: "127.28.85.65" port: 45733 } health_report { overall_health: UNKNOWN } } peers { permanent_uuid: "02f00498ca1a4369ab449b4b94f36230" member_type: VOTER last_known_addr { host: "127.28.85.66" port: 45739 } health_report { overall_health: HEALTHY } } peers { permanent_uuid: "799065ac30cd4ed2b289f143f86efe7e" member_type: VOTER last_known_addr { host: "127.28.85.67" port: 36451 } health_report { overall_health: UNKNOWN } } }
I20260608 12:59:21.329164 32183 raft_consensus.cc:493] T 2a45e9d6411c4f619ff4a4c97b1f3fa8 P 02f00498ca1a4369ab449b4b94f36230 [term 0 FOLLOWER]: Starting pre-election (no leader contacted us within the election timeout)
I20260608 12:59:21.329701 32183 raft_consensus.cc:515] T 2a45e9d6411c4f619ff4a4c97b1f3fa8 P 02f00498ca1a4369ab449b4b94f36230 [term 0 FOLLOWER]: Starting pre-election with config: opid_index: -1 OBSOLETE_local: false peers { permanent_uuid: "8c34c749be04465ea6a1ecfbc5481bf1" member_type: VOTER last_known_addr { host: "127.28.85.65" port: 45733 } } peers { permanent_uuid: "02f00498ca1a4369ab449b4b94f36230" member_type: VOTER last_known_addr { host: "127.28.85.66" port: 45739 } } peers { permanent_uuid: "799065ac30cd4ed2b289f143f86efe7e" member_type: VOTER last_known_addr { host: "127.28.85.67" port: 36451 } }
I20260608 12:59:21.331493 32183 leader_election.cc:290] T 2a45e9d6411c4f619ff4a4c97b1f3fa8 P 02f00498ca1a4369ab449b4b94f36230 [CANDIDATE]: Term 1 pre-election: Requested pre-vote from peers 8c34c749be04465ea6a1ecfbc5481bf1 (127.28.85.65:45733), 799065ac30cd4ed2b289f143f86efe7e (127.28.85.67:36451)
I20260608 12:59:21.332412 31972 tablet_service.cc:1917] Received RequestConsensusVote() RPC: tablet_id: "2a45e9d6411c4f619ff4a4c97b1f3fa8" candidate_uuid: "02f00498ca1a4369ab449b4b94f36230" candidate_term: 1 candidate_status { last_received { term: 0 index: 0 } } ignore_live_leader: false dest_uuid: "8c34c749be04465ea6a1ecfbc5481bf1" is_pre_election: true
I20260608 12:59:21.332854 32122 tablet_service.cc:1917] Received RequestConsensusVote() RPC: tablet_id: "2a45e9d6411c4f619ff4a4c97b1f3fa8" candidate_uuid: "02f00498ca1a4369ab449b4b94f36230" candidate_term: 1 candidate_status { last_received { term: 0 index: 0 } } ignore_live_leader: false dest_uuid: "799065ac30cd4ed2b289f143f86efe7e" is_pre_election: true
I20260608 12:59:21.333108 31972 raft_consensus.cc:2393] T 2a45e9d6411c4f619ff4a4c97b1f3fa8 P 8c34c749be04465ea6a1ecfbc5481bf1 [term 1 FOLLOWER]: Leader pre-election vote request: Denying vote to candidate 02f00498ca1a4369ab449b4b94f36230 in current term 1: Already voted for candidate 799065ac30cd4ed2b289f143f86efe7e in this term.
I20260608 12:59:21.334451 32012 leader_election.cc:304] T 2a45e9d6411c4f619ff4a4c97b1f3fa8 P 02f00498ca1a4369ab449b4b94f36230 [CANDIDATE]: Term 1 pre-election: Election decided. Result: candidate lost. Election summary: received 3 responses out of 3 voters: 1 yes votes; 2 no votes. yes voters: 02f00498ca1a4369ab449b4b94f36230; no voters: 799065ac30cd4ed2b289f143f86efe7e, 8c34c749be04465ea6a1ecfbc5481bf1
I20260608 12:59:21.335157 32183 raft_consensus.cc:3060] T 2a45e9d6411c4f619ff4a4c97b1f3fa8 P 02f00498ca1a4369ab449b4b94f36230 [term 0 FOLLOWER]: Advancing to term 1
I20260608 12:59:21.340162 32183 raft_consensus.cc:2749] T 2a45e9d6411c4f619ff4a4c97b1f3fa8 P 02f00498ca1a4369ab449b4b94f36230 [term 1 FOLLOWER]: Leader pre-election lost for term 1. Reason: could not achieve majority
I20260608 12:59:21.353564 32202 consensus_queue.cc:1048] T 2a45e9d6411c4f619ff4a4c97b1f3fa8 P 799065ac30cd4ed2b289f143f86efe7e [LEADER]: Connected to new peer: Peer: permanent_uuid: "8c34c749be04465ea6a1ecfbc5481bf1" member_type: VOTER last_known_addr { host: "127.28.85.65" port: 45733 }, Status: LMP_MISMATCH, Last received: 0.0, Next index: 1, Last known committed idx: 0, Time since last communication: 0.000s
I20260608 12:59:21.366935 32202 consensus_queue.cc:1048] T 2a45e9d6411c4f619ff4a4c97b1f3fa8 P 799065ac30cd4ed2b289f143f86efe7e [LEADER]: Connected to new peer: Peer: permanent_uuid: "02f00498ca1a4369ab449b4b94f36230" member_type: VOTER last_known_addr { host: "127.28.85.66" port: 45739 }, Status: LMP_MISMATCH, Last received: 0.0, Next index: 1, Last known committed idx: 0, Time since last communication: 0.000s
I20260608 12:59:21.456473 32183 raft_consensus.cc:493] T 69a4f7ab772e44e7af69fb6312f6bdbf P 02f00498ca1a4369ab449b4b94f36230 [term 0 FOLLOWER]: Starting pre-election (no leader contacted us within the election timeout)
I20260608 12:59:21.456925 32183 raft_consensus.cc:515] T 69a4f7ab772e44e7af69fb6312f6bdbf P 02f00498ca1a4369ab449b4b94f36230 [term 0 FOLLOWER]: Starting pre-election with config: opid_index: -1 OBSOLETE_local: false peers { permanent_uuid: "8c34c749be04465ea6a1ecfbc5481bf1" member_type: VOTER last_known_addr { host: "127.28.85.65" port: 45733 } } peers { permanent_uuid: "02f00498ca1a4369ab449b4b94f36230" member_type: VOTER last_known_addr { host: "127.28.85.66" port: 45739 } } peers { permanent_uuid: "799065ac30cd4ed2b289f143f86efe7e" member_type: VOTER last_known_addr { host: "127.28.85.67" port: 36451 } }
I20260608 12:59:21.458722 32183 leader_election.cc:290] T 69a4f7ab772e44e7af69fb6312f6bdbf P 02f00498ca1a4369ab449b4b94f36230 [CANDIDATE]: Term 1 pre-election: Requested pre-vote from peers 8c34c749be04465ea6a1ecfbc5481bf1 (127.28.85.65:45733), 799065ac30cd4ed2b289f143f86efe7e (127.28.85.67:36451)
I20260608 12:59:21.459722 31972 tablet_service.cc:1917] Received RequestConsensusVote() RPC: tablet_id: "69a4f7ab772e44e7af69fb6312f6bdbf" candidate_uuid: "02f00498ca1a4369ab449b4b94f36230" candidate_term: 1 candidate_status { last_received { term: 0 index: 0 } } ignore_live_leader: false dest_uuid: "8c34c749be04465ea6a1ecfbc5481bf1" is_pre_election: true
I20260608 12:59:21.459892 32122 tablet_service.cc:1917] Received RequestConsensusVote() RPC: tablet_id: "69a4f7ab772e44e7af69fb6312f6bdbf" candidate_uuid: "02f00498ca1a4369ab449b4b94f36230" candidate_term: 1 candidate_status { last_received { term: 0 index: 0 } } ignore_live_leader: false dest_uuid: "799065ac30cd4ed2b289f143f86efe7e" is_pre_election: true
I20260608 12:59:21.460474 31972 raft_consensus.cc:2393] T 69a4f7ab772e44e7af69fb6312f6bdbf P 8c34c749be04465ea6a1ecfbc5481bf1 [term 1 FOLLOWER]: Leader pre-election vote request: Denying vote to candidate 02f00498ca1a4369ab449b4b94f36230 in current term 1: Already voted for candidate 799065ac30cd4ed2b289f143f86efe7e in this term.
I20260608 12:59:21.461596 32012 leader_election.cc:304] T 69a4f7ab772e44e7af69fb6312f6bdbf P 02f00498ca1a4369ab449b4b94f36230 [CANDIDATE]: Term 1 pre-election: Election decided. Result: candidate lost. Election summary: received 3 responses out of 3 voters: 1 yes votes; 2 no votes. yes voters: 02f00498ca1a4369ab449b4b94f36230; no voters: 799065ac30cd4ed2b289f143f86efe7e, 8c34c749be04465ea6a1ecfbc5481bf1
I20260608 12:59:21.462203 32183 raft_consensus.cc:3060] T 69a4f7ab772e44e7af69fb6312f6bdbf P 02f00498ca1a4369ab449b4b94f36230 [term 0 FOLLOWER]: Advancing to term 1
I20260608 12:59:21.466873 32183 raft_consensus.cc:2749] T 69a4f7ab772e44e7af69fb6312f6bdbf P 02f00498ca1a4369ab449b4b94f36230 [term 1 FOLLOWER]: Leader pre-election lost for term 1. Reason: could not achieve majority
I20260608 12:59:21.476177 32199 raft_consensus.cc:493] T f1c9c7e22d6a45cdae803dcfb1ff6585 P 8c34c749be04465ea6a1ecfbc5481bf1 [term 0 FOLLOWER]: Starting pre-election (no leader contacted us within the election timeout)
I20260608 12:59:21.476683 32199 raft_consensus.cc:515] T f1c9c7e22d6a45cdae803dcfb1ff6585 P 8c34c749be04465ea6a1ecfbc5481bf1 [term 0 FOLLOWER]: Starting pre-election with config: opid_index: -1 OBSOLETE_local: false peers { permanent_uuid: "8c34c749be04465ea6a1ecfbc5481bf1" member_type: VOTER last_known_addr { host: "127.28.85.65" port: 45733 } } peers { permanent_uuid: "02f00498ca1a4369ab449b4b94f36230" member_type: VOTER last_known_addr { host: "127.28.85.66" port: 45739 } } peers { permanent_uuid: "799065ac30cd4ed2b289f143f86efe7e" member_type: VOTER last_known_addr { host: "127.28.85.67" port: 36451 } }
I20260608 12:59:21.478717 32199 leader_election.cc:290] T f1c9c7e22d6a45cdae803dcfb1ff6585 P 8c34c749be04465ea6a1ecfbc5481bf1 [CANDIDATE]: Term 1 pre-election: Requested pre-vote from peers 02f00498ca1a4369ab449b4b94f36230 (127.28.85.66:45739), 799065ac30cd4ed2b289f143f86efe7e (127.28.85.67:36451)
I20260608 12:59:21.479540 32047 tablet_service.cc:1917] Received RequestConsensusVote() RPC: tablet_id: "f1c9c7e22d6a45cdae803dcfb1ff6585" candidate_uuid: "8c34c749be04465ea6a1ecfbc5481bf1" candidate_term: 1 candidate_status { last_received { term: 0 index: 0 } } ignore_live_leader: false dest_uuid: "02f00498ca1a4369ab449b4b94f36230" is_pre_election: true
I20260608 12:59:21.479884 32122 tablet_service.cc:1917] Received RequestConsensusVote() RPC: tablet_id: "f1c9c7e22d6a45cdae803dcfb1ff6585" candidate_uuid: "8c34c749be04465ea6a1ecfbc5481bf1" candidate_term: 1 candidate_status { last_received { term: 0 index: 0 } } ignore_live_leader: false dest_uuid: "799065ac30cd4ed2b289f143f86efe7e" is_pre_election: true
I20260608 12:59:21.480305 32047 raft_consensus.cc:2468] T f1c9c7e22d6a45cdae803dcfb1ff6585 P 02f00498ca1a4369ab449b4b94f36230 [term 0 FOLLOWER]: Leader pre-election vote request: Granting yes vote for candidate 8c34c749be04465ea6a1ecfbc5481bf1 in term 0.
I20260608 12:59:21.480512 32122 raft_consensus.cc:2468] T f1c9c7e22d6a45cdae803dcfb1ff6585 P 799065ac30cd4ed2b289f143f86efe7e [term 0 FOLLOWER]: Leader pre-election vote request: Granting yes vote for candidate 8c34c749be04465ea6a1ecfbc5481bf1 in term 0.
I20260608 12:59:21.481580 31936 leader_election.cc:304] T f1c9c7e22d6a45cdae803dcfb1ff6585 P 8c34c749be04465ea6a1ecfbc5481bf1 [CANDIDATE]: Term 1 pre-election: Election decided. Result: candidate won. Election summary: received 2 responses out of 3 voters: 2 yes votes; 0 no votes. yes voters: 02f00498ca1a4369ab449b4b94f36230, 8c34c749be04465ea6a1ecfbc5481bf1; no voters: 
I20260608 12:59:21.482537 32199 raft_consensus.cc:2804] T f1c9c7e22d6a45cdae803dcfb1ff6585 P 8c34c749be04465ea6a1ecfbc5481bf1 [term 0 FOLLOWER]: Leader pre-election won for term 1
I20260608 12:59:21.482823 32199 raft_consensus.cc:493] T f1c9c7e22d6a45cdae803dcfb1ff6585 P 8c34c749be04465ea6a1ecfbc5481bf1 [term 0 FOLLOWER]: Starting leader election (no leader contacted us within the election timeout)
I20260608 12:59:21.483122 32199 raft_consensus.cc:3060] T f1c9c7e22d6a45cdae803dcfb1ff6585 P 8c34c749be04465ea6a1ecfbc5481bf1 [term 0 FOLLOWER]: Advancing to term 1
I20260608 12:59:21.487739 32199 raft_consensus.cc:515] T f1c9c7e22d6a45cdae803dcfb1ff6585 P 8c34c749be04465ea6a1ecfbc5481bf1 [term 1 FOLLOWER]: Starting leader election with config: opid_index: -1 OBSOLETE_local: false peers { permanent_uuid: "8c34c749be04465ea6a1ecfbc5481bf1" member_type: VOTER last_known_addr { host: "127.28.85.65" port: 45733 } } peers { permanent_uuid: "02f00498ca1a4369ab449b4b94f36230" member_type: VOTER last_known_addr { host: "127.28.85.66" port: 45739 } } peers { permanent_uuid: "799065ac30cd4ed2b289f143f86efe7e" member_type: VOTER last_known_addr { host: "127.28.85.67" port: 36451 } }
I20260608 12:59:21.489447 32199 leader_election.cc:290] T f1c9c7e22d6a45cdae803dcfb1ff6585 P 8c34c749be04465ea6a1ecfbc5481bf1 [CANDIDATE]: Term 1 election: Requested vote from peers 02f00498ca1a4369ab449b4b94f36230 (127.28.85.66:45739), 799065ac30cd4ed2b289f143f86efe7e (127.28.85.67:36451)
I20260608 12:59:21.490356 32047 tablet_service.cc:1917] Received RequestConsensusVote() RPC: tablet_id: "f1c9c7e22d6a45cdae803dcfb1ff6585" candidate_uuid: "8c34c749be04465ea6a1ecfbc5481bf1" candidate_term: 1 candidate_status { last_received { term: 0 index: 0 } } ignore_live_leader: false dest_uuid: "02f00498ca1a4369ab449b4b94f36230"
I20260608 12:59:21.490561 32122 tablet_service.cc:1917] Received RequestConsensusVote() RPC: tablet_id: "f1c9c7e22d6a45cdae803dcfb1ff6585" candidate_uuid: "8c34c749be04465ea6a1ecfbc5481bf1" candidate_term: 1 candidate_status { last_received { term: 0 index: 0 } } ignore_live_leader: false dest_uuid: "799065ac30cd4ed2b289f143f86efe7e"
I20260608 12:59:21.490965 32047 raft_consensus.cc:3060] T f1c9c7e22d6a45cdae803dcfb1ff6585 P 02f00498ca1a4369ab449b4b94f36230 [term 0 FOLLOWER]: Advancing to term 1
I20260608 12:59:21.491060 32122 raft_consensus.cc:3060] T f1c9c7e22d6a45cdae803dcfb1ff6585 P 799065ac30cd4ed2b289f143f86efe7e [term 0 FOLLOWER]: Advancing to term 1
I20260608 12:59:21.497814 32047 raft_consensus.cc:2468] T f1c9c7e22d6a45cdae803dcfb1ff6585 P 02f00498ca1a4369ab449b4b94f36230 [term 1 FOLLOWER]: Leader election vote request: Granting yes vote for candidate 8c34c749be04465ea6a1ecfbc5481bf1 in term 1.
I20260608 12:59:21.497814 32122 raft_consensus.cc:2468] T f1c9c7e22d6a45cdae803dcfb1ff6585 P 799065ac30cd4ed2b289f143f86efe7e [term 1 FOLLOWER]: Leader election vote request: Granting yes vote for candidate 8c34c749be04465ea6a1ecfbc5481bf1 in term 1.
I20260608 12:59:21.499279 31937 leader_election.cc:304] T f1c9c7e22d6a45cdae803dcfb1ff6585 P 8c34c749be04465ea6a1ecfbc5481bf1 [CANDIDATE]: Term 1 election: Election decided. Result: candidate won. Election summary: received 2 responses out of 3 voters: 2 yes votes; 0 no votes. yes voters: 799065ac30cd4ed2b289f143f86efe7e, 8c34c749be04465ea6a1ecfbc5481bf1; no voters: 
I20260608 12:59:21.500037 32199 raft_consensus.cc:2804] T f1c9c7e22d6a45cdae803dcfb1ff6585 P 8c34c749be04465ea6a1ecfbc5481bf1 [term 1 FOLLOWER]: Leader election won for term 1
I20260608 12:59:21.500568 32199 raft_consensus.cc:697] T f1c9c7e22d6a45cdae803dcfb1ff6585 P 8c34c749be04465ea6a1ecfbc5481bf1 [term 1 LEADER]: Becoming Leader. State: Replica: 8c34c749be04465ea6a1ecfbc5481bf1, State: Running, Role: LEADER
I20260608 12:59:21.501413 32199 consensus_queue.cc:237] T f1c9c7e22d6a45cdae803dcfb1ff6585 P 8c34c749be04465ea6a1ecfbc5481bf1 [LEADER]: Queue going to LEADER mode. State: All replicated index: 0, Majority replicated index: 0, Committed index: 0, Last appended: 0.0, Last appended by leader: 0, Current term: 1, Majority size: 2, State: 0, Mode: LEADER, active raft config: opid_index: -1 OBSOLETE_local: false peers { permanent_uuid: "8c34c749be04465ea6a1ecfbc5481bf1" member_type: VOTER last_known_addr { host: "127.28.85.65" port: 45733 } } peers { permanent_uuid: "02f00498ca1a4369ab449b4b94f36230" member_type: VOTER last_known_addr { host: "127.28.85.66" port: 45739 } } peers { permanent_uuid: "799065ac30cd4ed2b289f143f86efe7e" member_type: VOTER last_known_addr { host: "127.28.85.67" port: 36451 } }
I20260608 12:59:21.502753 32202 consensus_queue.cc:1048] T 69a4f7ab772e44e7af69fb6312f6bdbf P 799065ac30cd4ed2b289f143f86efe7e [LEADER]: Connected to new peer: Peer: permanent_uuid: "8c34c749be04465ea6a1ecfbc5481bf1" member_type: VOTER last_known_addr { host: "127.28.85.65" port: 45733 }, Status: LMP_MISMATCH, Last received: 0.0, Next index: 1, Last known committed idx: 0, Time since last communication: 0.000s
I20260608 12:59:21.510133 31869 catalog_manager.cc:5696] T f1c9c7e22d6a45cdae803dcfb1ff6585 P 8c34c749be04465ea6a1ecfbc5481bf1 reported cstate change: term changed from 0 to 1, leader changed from <none> to 8c34c749be04465ea6a1ecfbc5481bf1 (127.28.85.65). New cstate: current_term: 1 leader_uuid: "8c34c749be04465ea6a1ecfbc5481bf1" committed_config { opid_index: -1 OBSOLETE_local: false peers { permanent_uuid: "8c34c749be04465ea6a1ecfbc5481bf1" member_type: VOTER last_known_addr { host: "127.28.85.65" port: 45733 } health_report { overall_health: HEALTHY } } peers { permanent_uuid: "02f00498ca1a4369ab449b4b94f36230" member_type: VOTER last_known_addr { host: "127.28.85.66" port: 45739 } health_report { overall_health: UNKNOWN } } peers { permanent_uuid: "799065ac30cd4ed2b289f143f86efe7e" member_type: VOTER last_known_addr { host: "127.28.85.67" port: 36451 } health_report { overall_health: UNKNOWN } } }
I20260608 12:59:21.515205 32205 consensus_queue.cc:1048] T 69a4f7ab772e44e7af69fb6312f6bdbf P 799065ac30cd4ed2b289f143f86efe7e [LEADER]: Connected to new peer: Peer: permanent_uuid: "02f00498ca1a4369ab449b4b94f36230" member_type: VOTER last_known_addr { host: "127.28.85.66" port: 45739 }, Status: LMP_MISMATCH, Last received: 0.0, Next index: 1, Last known committed idx: 0, Time since last communication: 0.000s
I20260608 12:59:21.529582 32199 consensus_queue.cc:1048] T f557ce9924e24f10a94aa5b53676fe20 P 8c34c749be04465ea6a1ecfbc5481bf1 [LEADER]: Connected to new peer: Peer: permanent_uuid: "02f00498ca1a4369ab449b4b94f36230" member_type: VOTER last_known_addr { host: "127.28.85.66" port: 45739 }, Status: LMP_MISMATCH, Last received: 0.0, Next index: 1, Last known committed idx: 0, Time since last communication: 0.000s
I20260608 12:59:21.542109 32199 consensus_queue.cc:1048] T f557ce9924e24f10a94aa5b53676fe20 P 8c34c749be04465ea6a1ecfbc5481bf1 [LEADER]: Connected to new peer: Peer: permanent_uuid: "799065ac30cd4ed2b289f143f86efe7e" member_type: VOTER last_known_addr { host: "127.28.85.67" port: 36451 }, Status: LMP_MISMATCH, Last received: 0.0, Next index: 1, Last known committed idx: 0, Time since last communication: 0.001s
I20260608 12:59:21.555233 32228 consensus_queue.cc:1048] T 9eee4aa4b18b45a987cb8c95c78c8287 P 8c34c749be04465ea6a1ecfbc5481bf1 [LEADER]: Connected to new peer: Peer: permanent_uuid: "02f00498ca1a4369ab449b4b94f36230" member_type: VOTER last_known_addr { host: "127.28.85.66" port: 45739 }, Status: LMP_MISMATCH, Last received: 0.0, Next index: 1, Last known committed idx: 0, Time since last communication: 0.000s
I20260608 12:59:21.567045 32228 consensus_queue.cc:1048] T 9eee4aa4b18b45a987cb8c95c78c8287 P 8c34c749be04465ea6a1ecfbc5481bf1 [LEADER]: Connected to new peer: Peer: permanent_uuid: "799065ac30cd4ed2b289f143f86efe7e" member_type: VOTER last_known_addr { host: "127.28.85.67" port: 36451 }, Status: LMP_MISMATCH, Last received: 0.0, Next index: 1, Last known committed idx: 0, Time since last communication: 0.000s
I20260608 12:59:21.594035 32183 raft_consensus.cc:493] T da3777f0742a43f0bb38070495c4d66d P 02f00498ca1a4369ab449b4b94f36230 [term 0 FOLLOWER]: Starting pre-election (no leader contacted us within the election timeout)
I20260608 12:59:21.594570 32183 raft_consensus.cc:515] T da3777f0742a43f0bb38070495c4d66d P 02f00498ca1a4369ab449b4b94f36230 [term 0 FOLLOWER]: Starting pre-election with config: opid_index: -1 OBSOLETE_local: false peers { permanent_uuid: "8c34c749be04465ea6a1ecfbc5481bf1" member_type: VOTER last_known_addr { host: "127.28.85.65" port: 45733 } } peers { permanent_uuid: "799065ac30cd4ed2b289f143f86efe7e" member_type: VOTER last_known_addr { host: "127.28.85.67" port: 36451 } } peers { permanent_uuid: "02f00498ca1a4369ab449b4b94f36230" member_type: VOTER last_known_addr { host: "127.28.85.66" port: 45739 } }
I20260608 12:59:21.596550 32183 leader_election.cc:290] T da3777f0742a43f0bb38070495c4d66d P 02f00498ca1a4369ab449b4b94f36230 [CANDIDATE]: Term 1 pre-election: Requested pre-vote from peers 8c34c749be04465ea6a1ecfbc5481bf1 (127.28.85.65:45733), 799065ac30cd4ed2b289f143f86efe7e (127.28.85.67:36451)
I20260608 12:59:21.597265 31972 tablet_service.cc:1917] Received RequestConsensusVote() RPC: tablet_id: "da3777f0742a43f0bb38070495c4d66d" candidate_uuid: "02f00498ca1a4369ab449b4b94f36230" candidate_term: 1 candidate_status { last_received { term: 0 index: 0 } } ignore_live_leader: false dest_uuid: "8c34c749be04465ea6a1ecfbc5481bf1" is_pre_election: true
I20260608 12:59:21.597606 32122 tablet_service.cc:1917] Received RequestConsensusVote() RPC: tablet_id: "da3777f0742a43f0bb38070495c4d66d" candidate_uuid: "02f00498ca1a4369ab449b4b94f36230" candidate_term: 1 candidate_status { last_received { term: 0 index: 0 } } ignore_live_leader: false dest_uuid: "799065ac30cd4ed2b289f143f86efe7e" is_pre_election: true
I20260608 12:59:21.598116 31972 raft_consensus.cc:2393] T da3777f0742a43f0bb38070495c4d66d P 8c34c749be04465ea6a1ecfbc5481bf1 [term 1 FOLLOWER]: Leader pre-election vote request: Denying vote to candidate 02f00498ca1a4369ab449b4b94f36230 in current term 1: Already voted for candidate 8c34c749be04465ea6a1ecfbc5481bf1 in this term.
I20260608 12:59:21.598390 32122 raft_consensus.cc:2393] T da3777f0742a43f0bb38070495c4d66d P 799065ac30cd4ed2b289f143f86efe7e [term 1 FOLLOWER]: Leader pre-election vote request: Denying vote to candidate 02f00498ca1a4369ab449b4b94f36230 in current term 1: Already voted for candidate 799065ac30cd4ed2b289f143f86efe7e in this term.
I20260608 12:59:21.599414 32012 leader_election.cc:304] T da3777f0742a43f0bb38070495c4d66d P 02f00498ca1a4369ab449b4b94f36230 [CANDIDATE]: Term 1 pre-election: Election decided. Result: candidate lost. Election summary: received 3 responses out of 3 voters: 1 yes votes; 2 no votes. yes voters: 02f00498ca1a4369ab449b4b94f36230; no voters: 799065ac30cd4ed2b289f143f86efe7e, 8c34c749be04465ea6a1ecfbc5481bf1
I20260608 12:59:21.600092 32183 raft_consensus.cc:3060] T da3777f0742a43f0bb38070495c4d66d P 02f00498ca1a4369ab449b4b94f36230 [term 0 FOLLOWER]: Advancing to term 1
I20260608 12:59:21.604481 32183 raft_consensus.cc:2749] T da3777f0742a43f0bb38070495c4d66d P 02f00498ca1a4369ab449b4b94f36230 [term 1 FOLLOWER]: Leader pre-election lost for term 1. Reason: could not achieve majority
I20260608 12:59:21.647228 32205 consensus_queue.cc:1048] T 0787869632874b11a0352908a30c8268 P 799065ac30cd4ed2b289f143f86efe7e [LEADER]: Connected to new peer: Peer: permanent_uuid: "02f00498ca1a4369ab449b4b94f36230" member_type: VOTER last_known_addr { host: "127.28.85.66" port: 45739 }, Status: LMP_MISMATCH, Last received: 0.0, Next index: 1, Last known committed idx: 0, Time since last communication: 0.000s
I20260608 12:59:21.658987 32202 consensus_queue.cc:1048] T 0787869632874b11a0352908a30c8268 P 799065ac30cd4ed2b289f143f86efe7e [LEADER]: Connected to new peer: Peer: permanent_uuid: "8c34c749be04465ea6a1ecfbc5481bf1" member_type: VOTER last_known_addr { host: "127.28.85.65" port: 45733 }, Status: LMP_MISMATCH, Last received: 0.0, Next index: 1, Last known committed idx: 0, Time since last communication: 0.000s
I20260608 12:59:21.730459 32183 consensus_queue.cc:1048] T a79a480555b845a1bda18863aa0c51fa P 02f00498ca1a4369ab449b4b94f36230 [LEADER]: Connected to new peer: Peer: permanent_uuid: "8c34c749be04465ea6a1ecfbc5481bf1" member_type: VOTER last_known_addr { host: "127.28.85.65" port: 45733 }, Status: LMP_MISMATCH, Last received: 0.0, Next index: 1, Last known committed idx: 0, Time since last communication: 0.000s
I20260608 12:59:21.742976 32235 consensus_queue.cc:1048] T a79a480555b845a1bda18863aa0c51fa P 02f00498ca1a4369ab449b4b94f36230 [LEADER]: Connected to new peer: Peer: permanent_uuid: "799065ac30cd4ed2b289f143f86efe7e" member_type: VOTER last_known_addr { host: "127.28.85.67" port: 36451 }, Status: LMP_MISMATCH, Last received: 0.0, Next index: 1, Last known committed idx: 0, Time since last communication: 0.000s
W20260608 12:59:21.884739 31919 auto_rebalancer.cc:259] Could not retrieve cluster info: Service unavailable: Tablet not running
I20260608 12:59:22.055951 32228 consensus_queue.cc:1048] T f1c9c7e22d6a45cdae803dcfb1ff6585 P 8c34c749be04465ea6a1ecfbc5481bf1 [LEADER]: Connected to new peer: Peer: permanent_uuid: "02f00498ca1a4369ab449b4b94f36230" member_type: VOTER last_known_addr { host: "127.28.85.66" port: 45739 }, Status: LMP_MISMATCH, Last received: 0.0, Next index: 1, Last known committed idx: 0, Time since last communication: 0.000s
I20260608 12:59:22.056874 32171 consensus_queue.cc:1048] T f1c9c7e22d6a45cdae803dcfb1ff6585 P 8c34c749be04465ea6a1ecfbc5481bf1 [LEADER]: Connected to new peer: Peer: permanent_uuid: "799065ac30cd4ed2b289f143f86efe7e" member_type: VOTER last_known_addr { host: "127.28.85.67" port: 36451 }, Status: LMP_MISMATCH, Last received: 0.0, Next index: 1, Last known committed idx: 0, Time since last communication: 0.000s
W20260608 12:59:22.887046 31919 auto_rebalancer.cc:259] Could not retrieve cluster info: Service unavailable: Tablet not running
I20260608 12:59:22.890015 31924 auto_leader_rebalancer.cc:140] leader rebalance for table range_aware_rebalance_new_range
W20260608 12:59:22.890888 31924 auto_leader_rebalancer.cc:460] the master instance isn't leader: Service unavailable: Tablet not running
I20260608 12:59:22.909793 32171 raft_consensus.cc:493] T da3777f0742a43f0bb38070495c4d66d P 8c34c749be04465ea6a1ecfbc5481bf1 [term 1 FOLLOWER]: Starting pre-election (no leader contacted us within the election timeout)
I20260608 12:59:22.910423 32171 raft_consensus.cc:515] T da3777f0742a43f0bb38070495c4d66d P 8c34c749be04465ea6a1ecfbc5481bf1 [term 1 FOLLOWER]: Starting pre-election with config: opid_index: -1 OBSOLETE_local: false peers { permanent_uuid: "8c34c749be04465ea6a1ecfbc5481bf1" member_type: VOTER last_known_addr { host: "127.28.85.65" port: 45733 } } peers { permanent_uuid: "799065ac30cd4ed2b289f143f86efe7e" member_type: VOTER last_known_addr { host: "127.28.85.67" port: 36451 } } peers { permanent_uuid: "02f00498ca1a4369ab449b4b94f36230" member_type: VOTER last_known_addr { host: "127.28.85.66" port: 45739 } }
I20260608 12:59:22.912684 32171 leader_election.cc:290] T da3777f0742a43f0bb38070495c4d66d P 8c34c749be04465ea6a1ecfbc5481bf1 [CANDIDATE]: Term 2 pre-election: Requested pre-vote from peers 799065ac30cd4ed2b289f143f86efe7e (127.28.85.67:36451), 02f00498ca1a4369ab449b4b94f36230 (127.28.85.66:45739)
I20260608 12:59:22.913416 32122 tablet_service.cc:1917] Received RequestConsensusVote() RPC: tablet_id: "da3777f0742a43f0bb38070495c4d66d" candidate_uuid: "8c34c749be04465ea6a1ecfbc5481bf1" candidate_term: 2 candidate_status { last_received { term: 0 index: 0 } } ignore_live_leader: false dest_uuid: "799065ac30cd4ed2b289f143f86efe7e" is_pre_election: true
I20260608 12:59:22.913841 32047 tablet_service.cc:1917] Received RequestConsensusVote() RPC: tablet_id: "da3777f0742a43f0bb38070495c4d66d" candidate_uuid: "8c34c749be04465ea6a1ecfbc5481bf1" candidate_term: 2 candidate_status { last_received { term: 0 index: 0 } } ignore_live_leader: false dest_uuid: "02f00498ca1a4369ab449b4b94f36230" is_pre_election: true
I20260608 12:59:22.913966 32122 raft_consensus.cc:2468] T da3777f0742a43f0bb38070495c4d66d P 799065ac30cd4ed2b289f143f86efe7e [term 1 FOLLOWER]: Leader pre-election vote request: Granting yes vote for candidate 8c34c749be04465ea6a1ecfbc5481bf1 in term 1.
I20260608 12:59:22.914487 32047 raft_consensus.cc:2468] T da3777f0742a43f0bb38070495c4d66d P 02f00498ca1a4369ab449b4b94f36230 [term 1 FOLLOWER]: Leader pre-election vote request: Granting yes vote for candidate 8c34c749be04465ea6a1ecfbc5481bf1 in term 1.
I20260608 12:59:22.915318 31937 leader_election.cc:304] T da3777f0742a43f0bb38070495c4d66d P 8c34c749be04465ea6a1ecfbc5481bf1 [CANDIDATE]: Term 2 pre-election: Election decided. Result: candidate won. Election summary: received 2 responses out of 3 voters: 2 yes votes; 0 no votes. yes voters: 799065ac30cd4ed2b289f143f86efe7e, 8c34c749be04465ea6a1ecfbc5481bf1; no voters: 
I20260608 12:59:22.916328 32171 raft_consensus.cc:2804] T da3777f0742a43f0bb38070495c4d66d P 8c34c749be04465ea6a1ecfbc5481bf1 [term 1 FOLLOWER]: Leader pre-election won for term 2
I20260608 12:59:22.916635 32171 raft_consensus.cc:493] T da3777f0742a43f0bb38070495c4d66d P 8c34c749be04465ea6a1ecfbc5481bf1 [term 1 FOLLOWER]: Starting leader election (no leader contacted us within the election timeout)
I20260608 12:59:22.916865 32171 raft_consensus.cc:3060] T da3777f0742a43f0bb38070495c4d66d P 8c34c749be04465ea6a1ecfbc5481bf1 [term 1 FOLLOWER]: Advancing to term 2
I20260608 12:59:22.921530 32171 raft_consensus.cc:515] T da3777f0742a43f0bb38070495c4d66d P 8c34c749be04465ea6a1ecfbc5481bf1 [term 2 FOLLOWER]: Starting leader election with config: opid_index: -1 OBSOLETE_local: false peers { permanent_uuid: "8c34c749be04465ea6a1ecfbc5481bf1" member_type: VOTER last_known_addr { host: "127.28.85.65" port: 45733 } } peers { permanent_uuid: "799065ac30cd4ed2b289f143f86efe7e" member_type: VOTER last_known_addr { host: "127.28.85.67" port: 36451 } } peers { permanent_uuid: "02f00498ca1a4369ab449b4b94f36230" member_type: VOTER last_known_addr { host: "127.28.85.66" port: 45739 } }
I20260608 12:59:22.923055 32171 leader_election.cc:290] T da3777f0742a43f0bb38070495c4d66d P 8c34c749be04465ea6a1ecfbc5481bf1 [CANDIDATE]: Term 2 election: Requested vote from peers 799065ac30cd4ed2b289f143f86efe7e (127.28.85.67:36451), 02f00498ca1a4369ab449b4b94f36230 (127.28.85.66:45739)
I20260608 12:59:22.923970 32122 tablet_service.cc:1917] Received RequestConsensusVote() RPC: tablet_id: "da3777f0742a43f0bb38070495c4d66d" candidate_uuid: "8c34c749be04465ea6a1ecfbc5481bf1" candidate_term: 2 candidate_status { last_received { term: 0 index: 0 } } ignore_live_leader: false dest_uuid: "799065ac30cd4ed2b289f143f86efe7e"
I20260608 12:59:22.924225 32047 tablet_service.cc:1917] Received RequestConsensusVote() RPC: tablet_id: "da3777f0742a43f0bb38070495c4d66d" candidate_uuid: "8c34c749be04465ea6a1ecfbc5481bf1" candidate_term: 2 candidate_status { last_received { term: 0 index: 0 } } ignore_live_leader: false dest_uuid: "02f00498ca1a4369ab449b4b94f36230"
I20260608 12:59:22.924507 32122 raft_consensus.cc:3060] T da3777f0742a43f0bb38070495c4d66d P 799065ac30cd4ed2b289f143f86efe7e [term 1 FOLLOWER]: Advancing to term 2
I20260608 12:59:22.924871 32047 raft_consensus.cc:3060] T da3777f0742a43f0bb38070495c4d66d P 02f00498ca1a4369ab449b4b94f36230 [term 1 FOLLOWER]: Advancing to term 2
I20260608 12:59:22.929286 32122 raft_consensus.cc:2468] T da3777f0742a43f0bb38070495c4d66d P 799065ac30cd4ed2b289f143f86efe7e [term 2 FOLLOWER]: Leader election vote request: Granting yes vote for candidate 8c34c749be04465ea6a1ecfbc5481bf1 in term 2.
I20260608 12:59:22.929802 32047 raft_consensus.cc:2468] T da3777f0742a43f0bb38070495c4d66d P 02f00498ca1a4369ab449b4b94f36230 [term 2 FOLLOWER]: Leader election vote request: Granting yes vote for candidate 8c34c749be04465ea6a1ecfbc5481bf1 in term 2.
I20260608 12:59:22.930482 31937 leader_election.cc:304] T da3777f0742a43f0bb38070495c4d66d P 8c34c749be04465ea6a1ecfbc5481bf1 [CANDIDATE]: Term 2 election: Election decided. Result: candidate won. Election summary: received 2 responses out of 3 voters: 2 yes votes; 0 no votes. yes voters: 799065ac30cd4ed2b289f143f86efe7e, 8c34c749be04465ea6a1ecfbc5481bf1; no voters: 
I20260608 12:59:22.931486 32171 raft_consensus.cc:2804] T da3777f0742a43f0bb38070495c4d66d P 8c34c749be04465ea6a1ecfbc5481bf1 [term 2 FOLLOWER]: Leader election won for term 2
I20260608 12:59:22.932494 32171 raft_consensus.cc:697] T da3777f0742a43f0bb38070495c4d66d P 8c34c749be04465ea6a1ecfbc5481bf1 [term 2 LEADER]: Becoming Leader. State: Replica: 8c34c749be04465ea6a1ecfbc5481bf1, State: Running, Role: LEADER
I20260608 12:59:22.933243 32171 consensus_queue.cc:237] T da3777f0742a43f0bb38070495c4d66d P 8c34c749be04465ea6a1ecfbc5481bf1 [LEADER]: Queue going to LEADER mode. State: All replicated index: 0, Majority replicated index: 0, Committed index: 0, Last appended: 0.0, Last appended by leader: 0, Current term: 2, Majority size: 2, State: 0, Mode: LEADER, active raft config: opid_index: -1 OBSOLETE_local: false peers { permanent_uuid: "8c34c749be04465ea6a1ecfbc5481bf1" member_type: VOTER last_known_addr { host: "127.28.85.65" port: 45733 } } peers { permanent_uuid: "799065ac30cd4ed2b289f143f86efe7e" member_type: VOTER last_known_addr { host: "127.28.85.67" port: 36451 } } peers { permanent_uuid: "02f00498ca1a4369ab449b4b94f36230" member_type: VOTER last_known_addr { host: "127.28.85.66" port: 45739 } }
