I20260608 12:59:16.106108 20419 tablet_bootstrap.cc:654] T 644f825008604f1a8450dd77482b2cfb P b255a0b629514051a810449bffe9dbd4: Neither blocks nor log segments found. Creating new log.
I20260608 12:59:16.107573 20418 tablet_bootstrap.cc:492] T 5d02968156094c499c0c74734b4c6285 P 11ddcd71aadc4a9eb3245c36f9e589a9: Bootstrap starting.
I20260608 12:59:16.116863 20300 tablet_service.cc:1917] Received RequestConsensusVote() RPC: tablet_id: "644f825008604f1a8450dd77482b2cfb" candidate_uuid: "11ddcd71aadc4a9eb3245c36f9e589a9" candidate_term: 1 candidate_status { last_received { term: 0 index: 0 } } ignore_live_leader: false dest_uuid: "b255a0b629514051a810449bffe9dbd4"
W20260608 12:59:16.118261 20339 leader_election.cc:343] T 644f825008604f1a8450dd77482b2cfb P 11ddcd71aadc4a9eb3245c36f9e589a9 [CANDIDATE]: Term 1 election: Tablet error from VoteRequest() call to peer b255a0b629514051a810449bffe9dbd4 (127.16.209.2:46883): Illegal state: must be running to vote when last-logged opid is not known
I20260608 12:59:16.108989 20420 tablet_bootstrap.cc:492] T f92c066f25f64f36a864e01f9893204f P 24e5c0bb17d845a58f07fb3a28656bea: No bootstrap required, opened a new log
I20260608 12:59:16.119488 20426 leader_election.cc:290] T 644f825008604f1a8450dd77482b2cfb P 11ddcd71aadc4a9eb3245c36f9e589a9 [CANDIDATE]: Term 1 election: Requested vote from peers b255a0b629514051a810449bffe9dbd4 (127.16.209.2:46883), 24e5c0bb17d845a58f07fb3a28656bea (127.16.209.1:36001)
I20260608 12:59:16.119621 20420 ts_tablet_manager.cc:1403] T f92c066f25f64f36a864e01f9893204f P 24e5c0bb17d845a58f07fb3a28656bea: Time spent bootstrapping tablet: real 0.093s	user 0.020s	sys 0.008s
I20260608 12:59:16.121264 20224 tablet_service.cc:1917] Received RequestConsensusVote() RPC: tablet_id: "644f825008604f1a8450dd77482b2cfb" candidate_uuid: "11ddcd71aadc4a9eb3245c36f9e589a9" candidate_term: 1 candidate_status { last_received { term: 0 index: 0 } } ignore_live_leader: false dest_uuid: "24e5c0bb17d845a58f07fb3a28656bea"
I20260608 12:59:16.121933 20224 raft_consensus.cc:3060] T 644f825008604f1a8450dd77482b2cfb P 24e5c0bb17d845a58f07fb3a28656bea [term 0 FOLLOWER]: Advancing to term 1
I20260608 12:59:16.124218 20420 raft_consensus.cc:359] T f92c066f25f64f36a864e01f9893204f P 24e5c0bb17d845a58f07fb3a28656bea [term 0 FOLLOWER]: Replica starting. Triggering 0 pending ops. Active config: opid_index: -1 OBSOLETE_local: false peers { permanent_uuid: "24e5c0bb17d845a58f07fb3a28656bea" member_type: VOTER last_known_addr { host: "127.16.209.1" port: 36001 } } peers { permanent_uuid: "b255a0b629514051a810449bffe9dbd4" member_type: VOTER last_known_addr { host: "127.16.209.2" port: 46883 } } peers { permanent_uuid: "11ddcd71aadc4a9eb3245c36f9e589a9" member_type: VOTER last_known_addr { host: "127.16.209.3" port: 39333 } }
I20260608 12:59:16.125324 20420 raft_consensus.cc:385] T f92c066f25f64f36a864e01f9893204f P 24e5c0bb17d845a58f07fb3a28656bea [term 0 FOLLOWER]: Consensus starting up: Expiring failure detector timer to make a prompt election more likely
I20260608 12:59:16.125447 20418 tablet_bootstrap.cc:654] T 5d02968156094c499c0c74734b4c6285 P 11ddcd71aadc4a9eb3245c36f9e589a9: Neither blocks nor log segments found. Creating new log.
I20260608 12:59:16.125715 20420 raft_consensus.cc:740] T f92c066f25f64f36a864e01f9893204f P 24e5c0bb17d845a58f07fb3a28656bea [term 0 FOLLOWER]: Becoming Follower/Learner. State: Replica: 24e5c0bb17d845a58f07fb3a28656bea, State: Initialized, Role: FOLLOWER
I20260608 12:59:16.126736 20420 consensus_queue.cc:260] T f92c066f25f64f36a864e01f9893204f P 24e5c0bb17d845a58f07fb3a28656bea [NON_LEADER]: Queue going to NON_LEADER mode. State: All replicated index: 0, Majority replicated index: 0, Committed index: 0, Last appended: 0.0, Last appended by leader: 0, Current term: 0, Majority size: -1, State: 0, Mode: NON_LEADER, active raft config: opid_index: -1 OBSOLETE_local: false peers { permanent_uuid: "24e5c0bb17d845a58f07fb3a28656bea" member_type: VOTER last_known_addr { host: "127.16.209.1" port: 36001 } } peers { permanent_uuid: "b255a0b629514051a810449bffe9dbd4" member_type: VOTER last_known_addr { host: "127.16.209.2" port: 46883 } } peers { permanent_uuid: "11ddcd71aadc4a9eb3245c36f9e589a9" member_type: VOTER last_known_addr { host: "127.16.209.3" port: 39333 } }
I20260608 12:59:16.129297 20224 raft_consensus.cc:2468] T 644f825008604f1a8450dd77482b2cfb P 24e5c0bb17d845a58f07fb3a28656bea [term 1 FOLLOWER]: Leader election vote request: Granting yes vote for candidate 11ddcd71aadc4a9eb3245c36f9e589a9 in term 1.
I20260608 12:59:16.129477 20420 ts_tablet_manager.cc:1434] T f92c066f25f64f36a864e01f9893204f P 24e5c0bb17d845a58f07fb3a28656bea: Time spent starting tablet: real 0.009s	user 0.006s	sys 0.000s
I20260608 12:59:16.135355 20420 tablet_bootstrap.cc:492] T 5d02968156094c499c0c74734b4c6285 P 24e5c0bb17d845a58f07fb3a28656bea: Bootstrap starting.
I20260608 12:59:16.135661 20339 leader_election.cc:304] T 644f825008604f1a8450dd77482b2cfb P 11ddcd71aadc4a9eb3245c36f9e589a9 [CANDIDATE]: Term 1 election: Election decided. Result: candidate won. Election summary: received 3 responses out of 3 voters: 2 yes votes; 1 no votes. yes voters: 11ddcd71aadc4a9eb3245c36f9e589a9, 24e5c0bb17d845a58f07fb3a28656bea; no voters: b255a0b629514051a810449bffe9dbd4
I20260608 12:59:16.136152 20426 raft_consensus.cc:493] T 5aff892500334ac79f507d736c02ae7c P 11ddcd71aadc4a9eb3245c36f9e589a9 [term 0 FOLLOWER]: Starting pre-election (no leader contacted us within the election timeout)
I20260608 12:59:16.118930 20419 tablet_bootstrap.cc:492] T 644f825008604f1a8450dd77482b2cfb P b255a0b629514051a810449bffe9dbd4: No bootstrap required, opened a new log
I20260608 12:59:16.136646 20426 raft_consensus.cc:515] T 5aff892500334ac79f507d736c02ae7c P 11ddcd71aadc4a9eb3245c36f9e589a9 [term 0 FOLLOWER]: Starting pre-election with config: opid_index: -1 OBSOLETE_local: false peers { permanent_uuid: "24e5c0bb17d845a58f07fb3a28656bea" member_type: VOTER last_known_addr { host: "127.16.209.1" port: 36001 } } peers { permanent_uuid: "b255a0b629514051a810449bffe9dbd4" member_type: VOTER last_known_addr { host: "127.16.209.2" port: 46883 } } peers { permanent_uuid: "11ddcd71aadc4a9eb3245c36f9e589a9" member_type: VOTER last_known_addr { host: "127.16.209.3" port: 39333 } }
I20260608 12:59:16.137487 20419 ts_tablet_manager.cc:1403] T 644f825008604f1a8450dd77482b2cfb P b255a0b629514051a810449bffe9dbd4: Time spent bootstrapping tablet: real 0.093s	user 0.015s	sys 0.003s
I20260608 12:59:16.138937 20426 leader_election.cc:290] T 5aff892500334ac79f507d736c02ae7c P 11ddcd71aadc4a9eb3245c36f9e589a9 [CANDIDATE]: Term 1 pre-election: Requested pre-vote from peers 24e5c0bb17d845a58f07fb3a28656bea (127.16.209.1:36001), b255a0b629514051a810449bffe9dbd4 (127.16.209.2:46883)
I20260608 12:59:16.139494 20426 raft_consensus.cc:2804] T 644f825008604f1a8450dd77482b2cfb P 11ddcd71aadc4a9eb3245c36f9e589a9 [term 1 FOLLOWER]: Leader election won for term 1
I20260608 12:59:16.140269 20426 raft_consensus.cc:697] T 644f825008604f1a8450dd77482b2cfb P 11ddcd71aadc4a9eb3245c36f9e589a9 [term 1 LEADER]: Becoming Leader. State: Replica: 11ddcd71aadc4a9eb3245c36f9e589a9, State: Running, Role: LEADER
I20260608 12:59:16.140573 20300 tablet_service.cc:1917] Received RequestConsensusVote() RPC: tablet_id: "5aff892500334ac79f507d736c02ae7c" candidate_uuid: "11ddcd71aadc4a9eb3245c36f9e589a9" candidate_term: 1 candidate_status { last_received { term: 0 index: 0 } } ignore_live_leader: false dest_uuid: "b255a0b629514051a810449bffe9dbd4" is_pre_election: true
I20260608 12:59:16.141498 20300 raft_consensus.cc:2393] T 5aff892500334ac79f507d736c02ae7c P b255a0b629514051a810449bffe9dbd4 [term 1 FOLLOWER]: Leader pre-election vote request: Denying vote to candidate 11ddcd71aadc4a9eb3245c36f9e589a9 in current term 1: Already voted for candidate b255a0b629514051a810449bffe9dbd4 in this term.
I20260608 12:59:16.141300 20426 consensus_queue.cc:237] T 644f825008604f1a8450dd77482b2cfb P 11ddcd71aadc4a9eb3245c36f9e589a9 [LEADER]: Queue going to LEADER mode. State: All replicated index: 0, Majority replicated index: 0, Committed index: 0, Last appended: 0.0, Last appended by leader: 0, Current term: 1, Majority size: 2, State: 0, Mode: LEADER, active raft config: opid_index: -1 OBSOLETE_local: false peers { permanent_uuid: "b255a0b629514051a810449bffe9dbd4" member_type: VOTER last_known_addr { host: "127.16.209.2" port: 46883 } } peers { permanent_uuid: "24e5c0bb17d845a58f07fb3a28656bea" member_type: VOTER last_known_addr { host: "127.16.209.1" port: 36001 } } peers { permanent_uuid: "11ddcd71aadc4a9eb3245c36f9e589a9" member_type: VOTER last_known_addr { host: "127.16.209.3" port: 39333 } }
I20260608 12:59:16.143219 20224 tablet_service.cc:1917] Received RequestConsensusVote() RPC: tablet_id: "5aff892500334ac79f507d736c02ae7c" candidate_uuid: "11ddcd71aadc4a9eb3245c36f9e589a9" candidate_term: 1 candidate_status { last_received { term: 0 index: 0 } } ignore_live_leader: false dest_uuid: "24e5c0bb17d845a58f07fb3a28656bea" is_pre_election: true
I20260608 12:59:16.144019 20224 raft_consensus.cc:2393] T 5aff892500334ac79f507d736c02ae7c P 24e5c0bb17d845a58f07fb3a28656bea [term 1 FOLLOWER]: Leader pre-election vote request: Denying vote to candidate 11ddcd71aadc4a9eb3245c36f9e589a9 in current term 1: Already voted for candidate 24e5c0bb17d845a58f07fb3a28656bea in this term.
I20260608 12:59:16.145164 20339 leader_election.cc:304] T 5aff892500334ac79f507d736c02ae7c P 11ddcd71aadc4a9eb3245c36f9e589a9 [CANDIDATE]: Term 1 pre-election: Election decided. Result: candidate lost. Election summary: received 3 responses out of 3 voters: 1 yes votes; 2 no votes. yes voters: 11ddcd71aadc4a9eb3245c36f9e589a9; no voters: 24e5c0bb17d845a58f07fb3a28656bea, b255a0b629514051a810449bffe9dbd4
I20260608 12:59:16.145486 20418 tablet_bootstrap.cc:492] T 5d02968156094c499c0c74734b4c6285 P 11ddcd71aadc4a9eb3245c36f9e589a9: No bootstrap required, opened a new log
I20260608 12:59:16.146209 20418 ts_tablet_manager.cc:1403] T 5d02968156094c499c0c74734b4c6285 P 11ddcd71aadc4a9eb3245c36f9e589a9: Time spent bootstrapping tablet: real 0.039s	user 0.016s	sys 0.000s
I20260608 12:59:16.146384 20463 raft_consensus.cc:3060] T 5aff892500334ac79f507d736c02ae7c P 11ddcd71aadc4a9eb3245c36f9e589a9 [term 0 FOLLOWER]: Advancing to term 1
I20260608 12:59:16.148716 20419 raft_consensus.cc:359] T 644f825008604f1a8450dd77482b2cfb P b255a0b629514051a810449bffe9dbd4 [term 0 FOLLOWER]: Replica starting. Triggering 0 pending ops. Active config: opid_index: -1 OBSOLETE_local: false peers { permanent_uuid: "b255a0b629514051a810449bffe9dbd4" member_type: VOTER last_known_addr { host: "127.16.209.2" port: 46883 } } peers { permanent_uuid: "24e5c0bb17d845a58f07fb3a28656bea" member_type: VOTER last_known_addr { host: "127.16.209.1" port: 36001 } } peers { permanent_uuid: "11ddcd71aadc4a9eb3245c36f9e589a9" member_type: VOTER last_known_addr { host: "127.16.209.3" port: 39333 } }
I20260608 12:59:16.149438 20419 raft_consensus.cc:385] T 644f825008604f1a8450dd77482b2cfb P b255a0b629514051a810449bffe9dbd4 [term 0 FOLLOWER]: Consensus starting up: Expiring failure detector timer to make a prompt election more likely
I20260608 12:59:16.149713 20419 raft_consensus.cc:740] T 644f825008604f1a8450dd77482b2cfb P b255a0b629514051a810449bffe9dbd4 [term 0 FOLLOWER]: Becoming Follower/Learner. State: Replica: b255a0b629514051a810449bffe9dbd4, State: Initialized, Role: FOLLOWER
I20260608 12:59:16.153970 20463 raft_consensus.cc:2749] T 5aff892500334ac79f507d736c02ae7c P 11ddcd71aadc4a9eb3245c36f9e589a9 [term 1 FOLLOWER]: Leader pre-election lost for term 1. Reason: could not achieve majority
I20260608 12:59:16.154302 20120 catalog_manager.cc:5696] T f92c066f25f64f36a864e01f9893204f P 11ddcd71aadc4a9eb3245c36f9e589a9 reported cstate change: term changed from 0 to 1, leader changed from <none> to 11ddcd71aadc4a9eb3245c36f9e589a9 (127.16.209.3). New cstate: current_term: 1 leader_uuid: "11ddcd71aadc4a9eb3245c36f9e589a9" committed_config { opid_index: -1 OBSOLETE_local: false peers { permanent_uuid: "24e5c0bb17d845a58f07fb3a28656bea" member_type: VOTER last_known_addr { host: "127.16.209.1" port: 36001 } health_report { overall_health: UNKNOWN } } peers { permanent_uuid: "b255a0b629514051a810449bffe9dbd4" member_type: VOTER last_known_addr { host: "127.16.209.2" port: 46883 } health_report { overall_health: UNKNOWN } } peers { permanent_uuid: "11ddcd71aadc4a9eb3245c36f9e589a9" member_type: VOTER last_known_addr { host: "127.16.209.3" port: 39333 } health_report { overall_health: HEALTHY } } }
I20260608 12:59:16.156188 20419 consensus_queue.cc:260] T 644f825008604f1a8450dd77482b2cfb P b255a0b629514051a810449bffe9dbd4 [NON_LEADER]: Queue going to NON_LEADER mode. State: All replicated index: 0, Majority replicated index: 0, Committed index: 0, Last appended: 0.0, Last appended by leader: 0, Current term: 0, Majority size: -1, State: 0, Mode: NON_LEADER, active raft config: opid_index: -1 OBSOLETE_local: false peers { permanent_uuid: "b255a0b629514051a810449bffe9dbd4" member_type: VOTER last_known_addr { host: "127.16.209.2" port: 46883 } } peers { permanent_uuid: "24e5c0bb17d845a58f07fb3a28656bea" member_type: VOTER last_known_addr { host: "127.16.209.1" port: 36001 } } peers { permanent_uuid: "11ddcd71aadc4a9eb3245c36f9e589a9" member_type: VOTER last_known_addr { host: "127.16.209.3" port: 39333 } }
I20260608 12:59:16.150271 20418 raft_consensus.cc:359] T 5d02968156094c499c0c74734b4c6285 P 11ddcd71aadc4a9eb3245c36f9e589a9 [term 0 FOLLOWER]: Replica starting. Triggering 0 pending ops. Active config: opid_index: -1 OBSOLETE_local: false peers { permanent_uuid: "b255a0b629514051a810449bffe9dbd4" member_type: VOTER last_known_addr { host: "127.16.209.2" port: 46883 } } peers { permanent_uuid: "24e5c0bb17d845a58f07fb3a28656bea" member_type: VOTER last_known_addr { host: "127.16.209.1" port: 36001 } } peers { permanent_uuid: "11ddcd71aadc4a9eb3245c36f9e589a9" member_type: VOTER last_known_addr { host: "127.16.209.3" port: 39333 } }
I20260608 12:59:16.159480 20418 raft_consensus.cc:385] T 5d02968156094c499c0c74734b4c6285 P 11ddcd71aadc4a9eb3245c36f9e589a9 [term 0 FOLLOWER]: Consensus starting up: Expiring failure detector timer to make a prompt election more likely
I20260608 12:59:16.159817 20418 raft_consensus.cc:740] T 5d02968156094c499c0c74734b4c6285 P 11ddcd71aadc4a9eb3245c36f9e589a9 [term 0 FOLLOWER]: Becoming Follower/Learner. State: Replica: 11ddcd71aadc4a9eb3245c36f9e589a9, State: Initialized, Role: FOLLOWER
I20260608 12:59:16.160643 20418 consensus_queue.cc:260] T 5d02968156094c499c0c74734b4c6285 P 11ddcd71aadc4a9eb3245c36f9e589a9 [NON_LEADER]: Queue going to NON_LEADER mode. State: All replicated index: 0, Majority replicated index: 0, Committed index: 0, Last appended: 0.0, Last appended by leader: 0, Current term: 0, Majority size: -1, State: 0, Mode: NON_LEADER, active raft config: opid_index: -1 OBSOLETE_local: false peers { permanent_uuid: "b255a0b629514051a810449bffe9dbd4" member_type: VOTER last_known_addr { host: "127.16.209.2" port: 46883 } } peers { permanent_uuid: "24e5c0bb17d845a58f07fb3a28656bea" member_type: VOTER last_known_addr { host: "127.16.209.1" port: 36001 } } peers { permanent_uuid: "11ddcd71aadc4a9eb3245c36f9e589a9" member_type: VOTER last_known_addr { host: "127.16.209.3" port: 39333 } }
I20260608 12:59:16.161473 20419 ts_tablet_manager.cc:1434] T 644f825008604f1a8450dd77482b2cfb P b255a0b629514051a810449bffe9dbd4: Time spent starting tablet: real 0.024s	user 0.006s	sys 0.001s
I20260608 12:59:16.162529 20419 tablet_bootstrap.cc:492] T 11e817b28e7d4978a5caf3d1a7b4874a P b255a0b629514051a810449bffe9dbd4: Bootstrap starting.
I20260608 12:59:16.162951 20420 tablet_bootstrap.cc:654] T 5d02968156094c499c0c74734b4c6285 P 24e5c0bb17d845a58f07fb3a28656bea: Neither blocks nor log segments found. Creating new log.
I20260608 12:59:16.163146 20418 ts_tablet_manager.cc:1434] T 5d02968156094c499c0c74734b4c6285 P 11ddcd71aadc4a9eb3245c36f9e589a9: Time spent starting tablet: real 0.016s	user 0.010s	sys 0.000s
I20260608 12:59:16.164346 20418 tablet_bootstrap.cc:492] T 11e817b28e7d4978a5caf3d1a7b4874a P 11ddcd71aadc4a9eb3245c36f9e589a9: Bootstrap starting.
I20260608 12:59:16.170060 20419 tablet_bootstrap.cc:654] T 11e817b28e7d4978a5caf3d1a7b4874a P b255a0b629514051a810449bffe9dbd4: Neither blocks nor log segments found. Creating new log.
I20260608 12:59:16.170411 20418 tablet_bootstrap.cc:654] T 11e817b28e7d4978a5caf3d1a7b4874a P 11ddcd71aadc4a9eb3245c36f9e589a9: Neither blocks nor log segments found. Creating new log.
I20260608 12:59:16.199043 20419 tablet_bootstrap.cc:492] T 11e817b28e7d4978a5caf3d1a7b4874a P b255a0b629514051a810449bffe9dbd4: No bootstrap required, opened a new log
I20260608 12:59:16.199704 20419 ts_tablet_manager.cc:1403] T 11e817b28e7d4978a5caf3d1a7b4874a P b255a0b629514051a810449bffe9dbd4: Time spent bootstrapping tablet: real 0.037s	user 0.015s	sys 0.004s
I20260608 12:59:16.203662 20419 raft_consensus.cc:359] T 11e817b28e7d4978a5caf3d1a7b4874a P b255a0b629514051a810449bffe9dbd4 [term 0 FOLLOWER]: Replica starting. Triggering 0 pending ops. Active config: opid_index: -1 OBSOLETE_local: false peers { permanent_uuid: "24e5c0bb17d845a58f07fb3a28656bea" member_type: VOTER last_known_addr { host: "127.16.209.1" port: 36001 } } peers { permanent_uuid: "b255a0b629514051a810449bffe9dbd4" member_type: VOTER last_known_addr { host: "127.16.209.2" port: 46883 } } peers { permanent_uuid: "11ddcd71aadc4a9eb3245c36f9e589a9" member_type: VOTER last_known_addr { host: "127.16.209.3" port: 39333 } }
I20260608 12:59:16.204597 20419 raft_consensus.cc:385] T 11e817b28e7d4978a5caf3d1a7b4874a P b255a0b629514051a810449bffe9dbd4 [term 0 FOLLOWER]: Consensus starting up: Expiring failure detector timer to make a prompt election more likely
I20260608 12:59:16.204938 20419 raft_consensus.cc:740] T 11e817b28e7d4978a5caf3d1a7b4874a P b255a0b629514051a810449bffe9dbd4 [term 0 FOLLOWER]: Becoming Follower/Learner. State: Replica: b255a0b629514051a810449bffe9dbd4, State: Initialized, Role: FOLLOWER
I20260608 12:59:16.206214 20419 consensus_queue.cc:260] T 11e817b28e7d4978a5caf3d1a7b4874a P b255a0b629514051a810449bffe9dbd4 [NON_LEADER]: Queue going to NON_LEADER mode. State: All replicated index: 0, Majority replicated index: 0, Committed index: 0, Last appended: 0.0, Last appended by leader: 0, Current term: 0, Majority size: -1, State: 0, Mode: NON_LEADER, active raft config: opid_index: -1 OBSOLETE_local: false peers { permanent_uuid: "24e5c0bb17d845a58f07fb3a28656bea" member_type: VOTER last_known_addr { host: "127.16.209.1" port: 36001 } } peers { permanent_uuid: "b255a0b629514051a810449bffe9dbd4" member_type: VOTER last_known_addr { host: "127.16.209.2" port: 46883 } } peers { permanent_uuid: "11ddcd71aadc4a9eb3245c36f9e589a9" member_type: VOTER last_known_addr { host: "127.16.209.3" port: 39333 } }
I20260608 12:59:16.208020 20123 catalog_manager.cc:5696] T 438372d7efbf4d0fbfbfd3f3997d64e8 P 11ddcd71aadc4a9eb3245c36f9e589a9 reported cstate change: term changed from 0 to 1, leader changed from <none> to 11ddcd71aadc4a9eb3245c36f9e589a9 (127.16.209.3). New cstate: current_term: 1 leader_uuid: "11ddcd71aadc4a9eb3245c36f9e589a9" committed_config { opid_index: -1 OBSOLETE_local: false peers { permanent_uuid: "24e5c0bb17d845a58f07fb3a28656bea" member_type: VOTER last_known_addr { host: "127.16.209.1" port: 36001 } health_report { overall_health: UNKNOWN } } peers { permanent_uuid: "b255a0b629514051a810449bffe9dbd4" member_type: VOTER last_known_addr { host: "127.16.209.2" port: 46883 } health_report { overall_health: UNKNOWN } } peers { permanent_uuid: "11ddcd71aadc4a9eb3245c36f9e589a9" member_type: VOTER last_known_addr { host: "127.16.209.3" port: 39333 } health_report { overall_health: HEALTHY } } }
I20260608 12:59:16.210861 20123 catalog_manager.cc:5696] T 6d4a4e74afd64d84a3487d0e1578e4d2 P 11ddcd71aadc4a9eb3245c36f9e589a9 reported cstate change: term changed from 0 to 1, leader changed from <none> to 11ddcd71aadc4a9eb3245c36f9e589a9 (127.16.209.3). New cstate: current_term: 1 leader_uuid: "11ddcd71aadc4a9eb3245c36f9e589a9" committed_config { opid_index: -1 OBSOLETE_local: false peers { permanent_uuid: "b255a0b629514051a810449bffe9dbd4" member_type: VOTER last_known_addr { host: "127.16.209.2" port: 46883 } health_report { overall_health: UNKNOWN } } peers { permanent_uuid: "24e5c0bb17d845a58f07fb3a28656bea" member_type: VOTER last_known_addr { host: "127.16.209.1" port: 36001 } health_report { overall_health: UNKNOWN } } peers { permanent_uuid: "11ddcd71aadc4a9eb3245c36f9e589a9" member_type: VOTER last_known_addr { host: "127.16.209.3" port: 39333 } health_report { overall_health: HEALTHY } } }
I20260608 12:59:16.213304 20123 catalog_manager.cc:5696] T 644f825008604f1a8450dd77482b2cfb P 11ddcd71aadc4a9eb3245c36f9e589a9 reported cstate change: term changed from 0 to 1, leader changed from <none> to 11ddcd71aadc4a9eb3245c36f9e589a9 (127.16.209.3). New cstate: current_term: 1 leader_uuid: "11ddcd71aadc4a9eb3245c36f9e589a9" committed_config { opid_index: -1 OBSOLETE_local: false peers { permanent_uuid: "b255a0b629514051a810449bffe9dbd4" member_type: VOTER last_known_addr { host: "127.16.209.2" port: 46883 } health_report { overall_health: UNKNOWN } } peers { permanent_uuid: "24e5c0bb17d845a58f07fb3a28656bea" member_type: VOTER last_known_addr { host: "127.16.209.1" port: 36001 } health_report { overall_health: UNKNOWN } } peers { permanent_uuid: "11ddcd71aadc4a9eb3245c36f9e589a9" member_type: VOTER last_known_addr { host: "127.16.209.3" port: 39333 } health_report { overall_health: HEALTHY } } }
I20260608 12:59:16.218919 20419 ts_tablet_manager.cc:1434] T 11e817b28e7d4978a5caf3d1a7b4874a P b255a0b629514051a810449bffe9dbd4: Time spent starting tablet: real 0.019s	user 0.008s	sys 0.000s
I20260608 12:59:16.221503 20420 tablet_bootstrap.cc:492] T 5d02968156094c499c0c74734b4c6285 P 24e5c0bb17d845a58f07fb3a28656bea: No bootstrap required, opened a new log
I20260608 12:59:16.222028 20420 ts_tablet_manager.cc:1403] T 5d02968156094c499c0c74734b4c6285 P 24e5c0bb17d845a58f07fb3a28656bea: Time spent bootstrapping tablet: real 0.087s	user 0.039s	sys 0.024s
I20260608 12:59:16.223245 20418 tablet_bootstrap.cc:492] T 11e817b28e7d4978a5caf3d1a7b4874a P 11ddcd71aadc4a9eb3245c36f9e589a9: No bootstrap required, opened a new log
I20260608 12:59:16.223721 20418 ts_tablet_manager.cc:1403] T 11e817b28e7d4978a5caf3d1a7b4874a P 11ddcd71aadc4a9eb3245c36f9e589a9: Time spent bootstrapping tablet: real 0.060s	user 0.024s	sys 0.032s
I20260608 12:59:16.224941 20420 raft_consensus.cc:359] T 5d02968156094c499c0c74734b4c6285 P 24e5c0bb17d845a58f07fb3a28656bea [term 0 FOLLOWER]: Replica starting. Triggering 0 pending ops. Active config: opid_index: -1 OBSOLETE_local: false peers { permanent_uuid: "b255a0b629514051a810449bffe9dbd4" member_type: VOTER last_known_addr { host: "127.16.209.2" port: 46883 } } peers { permanent_uuid: "24e5c0bb17d845a58f07fb3a28656bea" member_type: VOTER last_known_addr { host: "127.16.209.1" port: 36001 } } peers { permanent_uuid: "11ddcd71aadc4a9eb3245c36f9e589a9" member_type: VOTER last_known_addr { host: "127.16.209.3" port: 39333 } }
I20260608 12:59:16.225641 20420 raft_consensus.cc:385] T 5d02968156094c499c0c74734b4c6285 P 24e5c0bb17d845a58f07fb3a28656bea [term 0 FOLLOWER]: Consensus starting up: Expiring failure detector timer to make a prompt election more likely
I20260608 12:59:16.225900 20420 raft_consensus.cc:740] T 5d02968156094c499c0c74734b4c6285 P 24e5c0bb17d845a58f07fb3a28656bea [term 0 FOLLOWER]: Becoming Follower/Learner. State: Replica: 24e5c0bb17d845a58f07fb3a28656bea, State: Initialized, Role: FOLLOWER
I20260608 12:59:16.226644 20420 consensus_queue.cc:260] T 5d02968156094c499c0c74734b4c6285 P 24e5c0bb17d845a58f07fb3a28656bea [NON_LEADER]: Queue going to NON_LEADER mode. State: All replicated index: 0, Majority replicated index: 0, Committed index: 0, Last appended: 0.0, Last appended by leader: 0, Current term: 0, Majority size: -1, State: 0, Mode: NON_LEADER, active raft config: opid_index: -1 OBSOLETE_local: false peers { permanent_uuid: "b255a0b629514051a810449bffe9dbd4" member_type: VOTER last_known_addr { host: "127.16.209.2" port: 46883 } } peers { permanent_uuid: "24e5c0bb17d845a58f07fb3a28656bea" member_type: VOTER last_known_addr { host: "127.16.209.1" port: 36001 } } peers { permanent_uuid: "11ddcd71aadc4a9eb3245c36f9e589a9" member_type: VOTER last_known_addr { host: "127.16.209.3" port: 39333 } }
I20260608 12:59:16.226648 20418 raft_consensus.cc:359] T 11e817b28e7d4978a5caf3d1a7b4874a P 11ddcd71aadc4a9eb3245c36f9e589a9 [term 0 FOLLOWER]: Replica starting. Triggering 0 pending ops. Active config: opid_index: -1 OBSOLETE_local: false peers { permanent_uuid: "24e5c0bb17d845a58f07fb3a28656bea" member_type: VOTER last_known_addr { host: "127.16.209.1" port: 36001 } } peers { permanent_uuid: "b255a0b629514051a810449bffe9dbd4" member_type: VOTER last_known_addr { host: "127.16.209.2" port: 46883 } } peers { permanent_uuid: "11ddcd71aadc4a9eb3245c36f9e589a9" member_type: VOTER last_known_addr { host: "127.16.209.3" port: 39333 } }
I20260608 12:59:16.227522 20418 raft_consensus.cc:385] T 11e817b28e7d4978a5caf3d1a7b4874a P 11ddcd71aadc4a9eb3245c36f9e589a9 [term 0 FOLLOWER]: Consensus starting up: Expiring failure detector timer to make a prompt election more likely
I20260608 12:59:16.227814 20418 raft_consensus.cc:740] T 11e817b28e7d4978a5caf3d1a7b4874a P 11ddcd71aadc4a9eb3245c36f9e589a9 [term 0 FOLLOWER]: Becoming Follower/Learner. State: Replica: 11ddcd71aadc4a9eb3245c36f9e589a9, State: Initialized, Role: FOLLOWER
I20260608 12:59:16.228827 20420 ts_tablet_manager.cc:1434] T 5d02968156094c499c0c74734b4c6285 P 24e5c0bb17d845a58f07fb3a28656bea: Time spent starting tablet: real 0.007s	user 0.007s	sys 0.000s
I20260608 12:59:16.228658 20418 consensus_queue.cc:260] T 11e817b28e7d4978a5caf3d1a7b4874a P 11ddcd71aadc4a9eb3245c36f9e589a9 [NON_LEADER]: Queue going to NON_LEADER mode. State: All replicated index: 0, Majority replicated index: 0, Committed index: 0, Last appended: 0.0, Last appended by leader: 0, Current term: 0, Majority size: -1, State: 0, Mode: NON_LEADER, active raft config: opid_index: -1 OBSOLETE_local: false peers { permanent_uuid: "24e5c0bb17d845a58f07fb3a28656bea" member_type: VOTER last_known_addr { host: "127.16.209.1" port: 36001 } } peers { permanent_uuid: "b255a0b629514051a810449bffe9dbd4" member_type: VOTER last_known_addr { host: "127.16.209.2" port: 46883 } } peers { permanent_uuid: "11ddcd71aadc4a9eb3245c36f9e589a9" member_type: VOTER last_known_addr { host: "127.16.209.3" port: 39333 } }
I20260608 12:59:16.230732 20418 ts_tablet_manager.cc:1434] T 11e817b28e7d4978a5caf3d1a7b4874a P 11ddcd71aadc4a9eb3245c36f9e589a9: Time spent starting tablet: real 0.007s	user 0.005s	sys 0.000s
I20260608 12:59:16.321768 20448 raft_consensus.cc:493] T f92c066f25f64f36a864e01f9893204f P 24e5c0bb17d845a58f07fb3a28656bea [term 0 FOLLOWER]: Starting pre-election (no leader contacted us within the election timeout)
I20260608 12:59:16.322320 20448 raft_consensus.cc:515] T f92c066f25f64f36a864e01f9893204f P 24e5c0bb17d845a58f07fb3a28656bea [term 0 FOLLOWER]: Starting pre-election with config: opid_index: -1 OBSOLETE_local: false peers { permanent_uuid: "24e5c0bb17d845a58f07fb3a28656bea" member_type: VOTER last_known_addr { host: "127.16.209.1" port: 36001 } } peers { permanent_uuid: "b255a0b629514051a810449bffe9dbd4" member_type: VOTER last_known_addr { host: "127.16.209.2" port: 46883 } } peers { permanent_uuid: "11ddcd71aadc4a9eb3245c36f9e589a9" member_type: VOTER last_known_addr { host: "127.16.209.3" port: 39333 } }
I20260608 12:59:16.324186 20448 leader_election.cc:290] T f92c066f25f64f36a864e01f9893204f P 24e5c0bb17d845a58f07fb3a28656bea [CANDIDATE]: Term 1 pre-election: Requested pre-vote from peers b255a0b629514051a810449bffe9dbd4 (127.16.209.2:46883), 11ddcd71aadc4a9eb3245c36f9e589a9 (127.16.209.3:39333)
I20260608 12:59:16.325148 20300 tablet_service.cc:1917] Received RequestConsensusVote() RPC: tablet_id: "f92c066f25f64f36a864e01f9893204f" candidate_uuid: "24e5c0bb17d845a58f07fb3a28656bea" candidate_term: 1 candidate_status { last_received { term: 0 index: 0 } } ignore_live_leader: false dest_uuid: "b255a0b629514051a810449bffe9dbd4" is_pre_election: true
I20260608 12:59:16.325467 20373 tablet_service.cc:1917] Received RequestConsensusVote() RPC: tablet_id: "f92c066f25f64f36a864e01f9893204f" candidate_uuid: "24e5c0bb17d845a58f07fb3a28656bea" candidate_term: 1 candidate_status { last_received { term: 0 index: 0 } } ignore_live_leader: false dest_uuid: "11ddcd71aadc4a9eb3245c36f9e589a9" is_pre_election: true
I20260608 12:59:16.325834 20300 raft_consensus.cc:2393] T f92c066f25f64f36a864e01f9893204f P b255a0b629514051a810449bffe9dbd4 [term 1 FOLLOWER]: Leader pre-election vote request: Denying vote to candidate 24e5c0bb17d845a58f07fb3a28656bea in current term 1: Already voted for candidate 11ddcd71aadc4a9eb3245c36f9e589a9 in this term.
I20260608 12:59:16.327234 20190 leader_election.cc:304] T f92c066f25f64f36a864e01f9893204f P 24e5c0bb17d845a58f07fb3a28656bea [CANDIDATE]: Term 1 pre-election: Election decided. Result: candidate lost. Election summary: received 3 responses out of 3 voters: 1 yes votes; 2 no votes. yes voters: 24e5c0bb17d845a58f07fb3a28656bea; no voters: 11ddcd71aadc4a9eb3245c36f9e589a9, b255a0b629514051a810449bffe9dbd4
I20260608 12:59:16.327925 20448 raft_consensus.cc:3060] T f92c066f25f64f36a864e01f9893204f P 24e5c0bb17d845a58f07fb3a28656bea [term 0 FOLLOWER]: Advancing to term 1
I20260608 12:59:16.332793 20448 raft_consensus.cc:2749] T f92c066f25f64f36a864e01f9893204f P 24e5c0bb17d845a58f07fb3a28656bea [term 1 FOLLOWER]: Leader pre-election lost for term 1. Reason: could not achieve majority
I20260608 12:59:16.333364 20449 raft_consensus.cc:493] T 11e817b28e7d4978a5caf3d1a7b4874a P b255a0b629514051a810449bffe9dbd4 [term 0 FOLLOWER]: Starting pre-election (no leader contacted us within the election timeout)
I20260608 12:59:16.333750 20449 raft_consensus.cc:515] T 11e817b28e7d4978a5caf3d1a7b4874a P b255a0b629514051a810449bffe9dbd4 [term 0 FOLLOWER]: Starting pre-election with config: opid_index: -1 OBSOLETE_local: false peers { permanent_uuid: "24e5c0bb17d845a58f07fb3a28656bea" member_type: VOTER last_known_addr { host: "127.16.209.1" port: 36001 } } peers { permanent_uuid: "b255a0b629514051a810449bffe9dbd4" member_type: VOTER last_known_addr { host: "127.16.209.2" port: 46883 } } peers { permanent_uuid: "11ddcd71aadc4a9eb3245c36f9e589a9" member_type: VOTER last_known_addr { host: "127.16.209.3" port: 39333 } }
I20260608 12:59:16.335644 20449 leader_election.cc:290] T 11e817b28e7d4978a5caf3d1a7b4874a P b255a0b629514051a810449bffe9dbd4 [CANDIDATE]: Term 1 pre-election: Requested pre-vote from peers 24e5c0bb17d845a58f07fb3a28656bea (127.16.209.1:36001), 11ddcd71aadc4a9eb3245c36f9e589a9 (127.16.209.3:39333)
I20260608 12:59:16.336328 20224 tablet_service.cc:1917] Received RequestConsensusVote() RPC: tablet_id: "11e817b28e7d4978a5caf3d1a7b4874a" candidate_uuid: "b255a0b629514051a810449bffe9dbd4" candidate_term: 1 candidate_status { last_received { term: 0 index: 0 } } ignore_live_leader: false dest_uuid: "24e5c0bb17d845a58f07fb3a28656bea" is_pre_election: true
I20260608 12:59:16.336751 20373 tablet_service.cc:1917] Received RequestConsensusVote() RPC: tablet_id: "11e817b28e7d4978a5caf3d1a7b4874a" candidate_uuid: "b255a0b629514051a810449bffe9dbd4" candidate_term: 1 candidate_status { last_received { term: 0 index: 0 } } ignore_live_leader: false dest_uuid: "11ddcd71aadc4a9eb3245c36f9e589a9" is_pre_election: true
I20260608 12:59:16.337036 20224 raft_consensus.cc:2468] T 11e817b28e7d4978a5caf3d1a7b4874a P 24e5c0bb17d845a58f07fb3a28656bea [term 0 FOLLOWER]: Leader pre-election vote request: Granting yes vote for candidate b255a0b629514051a810449bffe9dbd4 in term 0.
I20260608 12:59:16.337360 20373 raft_consensus.cc:2468] T 11e817b28e7d4978a5caf3d1a7b4874a P 11ddcd71aadc4a9eb3245c36f9e589a9 [term 0 FOLLOWER]: Leader pre-election vote request: Granting yes vote for candidate b255a0b629514051a810449bffe9dbd4 in term 0.
I20260608 12:59:16.338289 20265 leader_election.cc:304] T 11e817b28e7d4978a5caf3d1a7b4874a P b255a0b629514051a810449bffe9dbd4 [CANDIDATE]: Term 1 pre-election: Election decided. Result: candidate won. Election summary: received 2 responses out of 3 voters: 2 yes votes; 0 no votes. yes voters: 24e5c0bb17d845a58f07fb3a28656bea, b255a0b629514051a810449bffe9dbd4; no voters: 
I20260608 12:59:16.339277 20449 raft_consensus.cc:2804] T 11e817b28e7d4978a5caf3d1a7b4874a P b255a0b629514051a810449bffe9dbd4 [term 0 FOLLOWER]: Leader pre-election won for term 1
I20260608 12:59:16.339876 20449 raft_consensus.cc:493] T 11e817b28e7d4978a5caf3d1a7b4874a P b255a0b629514051a810449bffe9dbd4 [term 0 FOLLOWER]: Starting leader election (no leader contacted us within the election timeout)
I20260608 12:59:16.340188 20449 raft_consensus.cc:3060] T 11e817b28e7d4978a5caf3d1a7b4874a P b255a0b629514051a810449bffe9dbd4 [term 0 FOLLOWER]: Advancing to term 1
I20260608 12:59:16.344941 20449 raft_consensus.cc:515] T 11e817b28e7d4978a5caf3d1a7b4874a P b255a0b629514051a810449bffe9dbd4 [term 1 FOLLOWER]: Starting leader election with config: opid_index: -1 OBSOLETE_local: false peers { permanent_uuid: "24e5c0bb17d845a58f07fb3a28656bea" member_type: VOTER last_known_addr { host: "127.16.209.1" port: 36001 } } peers { permanent_uuid: "b255a0b629514051a810449bffe9dbd4" member_type: VOTER last_known_addr { host: "127.16.209.2" port: 46883 } } peers { permanent_uuid: "11ddcd71aadc4a9eb3245c36f9e589a9" member_type: VOTER last_known_addr { host: "127.16.209.3" port: 39333 } }
I20260608 12:59:16.346577 20449 leader_election.cc:290] T 11e817b28e7d4978a5caf3d1a7b4874a P b255a0b629514051a810449bffe9dbd4 [CANDIDATE]: Term 1 election: Requested vote from peers 24e5c0bb17d845a58f07fb3a28656bea (127.16.209.1:36001), 11ddcd71aadc4a9eb3245c36f9e589a9 (127.16.209.3:39333)
I20260608 12:59:16.347514 20224 tablet_service.cc:1917] Received RequestConsensusVote() RPC: tablet_id: "11e817b28e7d4978a5caf3d1a7b4874a" candidate_uuid: "b255a0b629514051a810449bffe9dbd4" candidate_term: 1 candidate_status { last_received { term: 0 index: 0 } } ignore_live_leader: false dest_uuid: "24e5c0bb17d845a58f07fb3a28656bea"
I20260608 12:59:16.347676 20373 tablet_service.cc:1917] Received RequestConsensusVote() RPC: tablet_id: "11e817b28e7d4978a5caf3d1a7b4874a" candidate_uuid: "b255a0b629514051a810449bffe9dbd4" candidate_term: 1 candidate_status { last_received { term: 0 index: 0 } } ignore_live_leader: false dest_uuid: "11ddcd71aadc4a9eb3245c36f9e589a9"
I20260608 12:59:16.348076 20224 raft_consensus.cc:3060] T 11e817b28e7d4978a5caf3d1a7b4874a P 24e5c0bb17d845a58f07fb3a28656bea [term 0 FOLLOWER]: Advancing to term 1
I20260608 12:59:16.348196 20373 raft_consensus.cc:3060] T 11e817b28e7d4978a5caf3d1a7b4874a P 11ddcd71aadc4a9eb3245c36f9e589a9 [term 0 FOLLOWER]: Advancing to term 1
I20260608 12:59:16.352998 20373 raft_consensus.cc:2468] T 11e817b28e7d4978a5caf3d1a7b4874a P 11ddcd71aadc4a9eb3245c36f9e589a9 [term 1 FOLLOWER]: Leader election vote request: Granting yes vote for candidate b255a0b629514051a810449bffe9dbd4 in term 1.
I20260608 12:59:16.353627 20224 raft_consensus.cc:2468] T 11e817b28e7d4978a5caf3d1a7b4874a P 24e5c0bb17d845a58f07fb3a28656bea [term 1 FOLLOWER]: Leader election vote request: Granting yes vote for candidate b255a0b629514051a810449bffe9dbd4 in term 1.
I20260608 12:59:16.354137 20265 leader_election.cc:304] T 11e817b28e7d4978a5caf3d1a7b4874a P b255a0b629514051a810449bffe9dbd4 [CANDIDATE]: Term 1 election: Election decided. Result: candidate won. Election summary: received 2 responses out of 3 voters: 2 yes votes; 0 no votes. yes voters: 11ddcd71aadc4a9eb3245c36f9e589a9, b255a0b629514051a810449bffe9dbd4; no voters: 
I20260608 12:59:16.355052 20449 raft_consensus.cc:2804] T 11e817b28e7d4978a5caf3d1a7b4874a P b255a0b629514051a810449bffe9dbd4 [term 1 FOLLOWER]: Leader election won for term 1
I20260608 12:59:16.355545 20449 raft_consensus.cc:697] T 11e817b28e7d4978a5caf3d1a7b4874a P b255a0b629514051a810449bffe9dbd4 [term 1 LEADER]: Becoming Leader. State: Replica: b255a0b629514051a810449bffe9dbd4, State: Running, Role: LEADER
I20260608 12:59:16.356379 20449 consensus_queue.cc:237] T 11e817b28e7d4978a5caf3d1a7b4874a P b255a0b629514051a810449bffe9dbd4 [LEADER]: Queue going to LEADER mode. State: All replicated index: 0, Majority replicated index: 0, Committed index: 0, Last appended: 0.0, Last appended by leader: 0, Current term: 1, Majority size: 2, State: 0, Mode: LEADER, active raft config: opid_index: -1 OBSOLETE_local: false peers { permanent_uuid: "24e5c0bb17d845a58f07fb3a28656bea" member_type: VOTER last_known_addr { host: "127.16.209.1" port: 36001 } } peers { permanent_uuid: "b255a0b629514051a810449bffe9dbd4" member_type: VOTER last_known_addr { host: "127.16.209.2" port: 46883 } } peers { permanent_uuid: "11ddcd71aadc4a9eb3245c36f9e589a9" member_type: VOTER last_known_addr { host: "127.16.209.3" port: 39333 } }
I20260608 12:59:16.364224 20123 catalog_manager.cc:5696] T 11e817b28e7d4978a5caf3d1a7b4874a P b255a0b629514051a810449bffe9dbd4 reported cstate change: term changed from 0 to 1, leader changed from <none> to b255a0b629514051a810449bffe9dbd4 (127.16.209.2). New cstate: current_term: 1 leader_uuid: "b255a0b629514051a810449bffe9dbd4" committed_config { opid_index: -1 OBSOLETE_local: false peers { permanent_uuid: "24e5c0bb17d845a58f07fb3a28656bea" member_type: VOTER last_known_addr { host: "127.16.209.1" port: 36001 } health_report { overall_health: UNKNOWN } } peers { permanent_uuid: "b255a0b629514051a810449bffe9dbd4" member_type: VOTER last_known_addr { host: "127.16.209.2" port: 46883 } health_report { overall_health: HEALTHY } } peers { permanent_uuid: "11ddcd71aadc4a9eb3245c36f9e589a9" member_type: VOTER last_known_addr { host: "127.16.209.3" port: 39333 } health_report { overall_health: UNKNOWN } } }
I20260608 12:59:16.428687 20448 raft_consensus.cc:493] T 5d02968156094c499c0c74734b4c6285 P 24e5c0bb17d845a58f07fb3a28656bea [term 0 FOLLOWER]: Starting pre-election (no leader contacted us within the election timeout)
I20260608 12:59:16.429230 20448 raft_consensus.cc:515] T 5d02968156094c499c0c74734b4c6285 P 24e5c0bb17d845a58f07fb3a28656bea [term 0 FOLLOWER]: Starting pre-election with config: opid_index: -1 OBSOLETE_local: false peers { permanent_uuid: "b255a0b629514051a810449bffe9dbd4" member_type: VOTER last_known_addr { host: "127.16.209.2" port: 46883 } } peers { permanent_uuid: "24e5c0bb17d845a58f07fb3a28656bea" member_type: VOTER last_known_addr { host: "127.16.209.1" port: 36001 } } peers { permanent_uuid: "11ddcd71aadc4a9eb3245c36f9e589a9" member_type: VOTER last_known_addr { host: "127.16.209.3" port: 39333 } }
I20260608 12:59:16.431440 20448 leader_election.cc:290] T 5d02968156094c499c0c74734b4c6285 P 24e5c0bb17d845a58f07fb3a28656bea [CANDIDATE]: Term 1 pre-election: Requested pre-vote from peers b255a0b629514051a810449bffe9dbd4 (127.16.209.2:46883), 11ddcd71aadc4a9eb3245c36f9e589a9 (127.16.209.3:39333)
I20260608 12:59:16.432258 20300 tablet_service.cc:1917] Received RequestConsensusVote() RPC: tablet_id: "5d02968156094c499c0c74734b4c6285" candidate_uuid: "24e5c0bb17d845a58f07fb3a28656bea" candidate_term: 1 candidate_status { last_received { term: 0 index: 0 } } ignore_live_leader: false dest_uuid: "b255a0b629514051a810449bffe9dbd4" is_pre_election: true
I20260608 12:59:16.432578 20373 tablet_service.cc:1917] Received RequestConsensusVote() RPC: tablet_id: "5d02968156094c499c0c74734b4c6285" candidate_uuid: "24e5c0bb17d845a58f07fb3a28656bea" candidate_term: 1 candidate_status { last_received { term: 0 index: 0 } } ignore_live_leader: false dest_uuid: "11ddcd71aadc4a9eb3245c36f9e589a9" is_pre_election: true
I20260608 12:59:16.433003 20300 raft_consensus.cc:2468] T 5d02968156094c499c0c74734b4c6285 P b255a0b629514051a810449bffe9dbd4 [term 0 FOLLOWER]: Leader pre-election vote request: Granting yes vote for candidate 24e5c0bb17d845a58f07fb3a28656bea in term 0.
I20260608 12:59:16.433216 20373 raft_consensus.cc:2468] T 5d02968156094c499c0c74734b4c6285 P 11ddcd71aadc4a9eb3245c36f9e589a9 [term 0 FOLLOWER]: Leader pre-election vote request: Granting yes vote for candidate 24e5c0bb17d845a58f07fb3a28656bea in term 0.
I20260608 12:59:16.434106 20190 leader_election.cc:304] T 5d02968156094c499c0c74734b4c6285 P 24e5c0bb17d845a58f07fb3a28656bea [CANDIDATE]: Term 1 pre-election: Election decided. Result: candidate won. Election summary: received 2 responses out of 3 voters: 2 yes votes; 0 no votes. yes voters: 24e5c0bb17d845a58f07fb3a28656bea, b255a0b629514051a810449bffe9dbd4; no voters: 
I20260608 12:59:16.435418 20453 raft_consensus.cc:2804] T 5d02968156094c499c0c74734b4c6285 P 24e5c0bb17d845a58f07fb3a28656bea [term 0 FOLLOWER]: Leader pre-election won for term 1
I20260608 12:59:16.435788 20453 raft_consensus.cc:493] T 5d02968156094c499c0c74734b4c6285 P 24e5c0bb17d845a58f07fb3a28656bea [term 0 FOLLOWER]: Starting leader election (no leader contacted us within the election timeout)
I20260608 12:59:16.436177 20453 raft_consensus.cc:3060] T 5d02968156094c499c0c74734b4c6285 P 24e5c0bb17d845a58f07fb3a28656bea [term 0 FOLLOWER]: Advancing to term 1
I20260608 12:59:16.438174 20448 consensus_queue.cc:1048] T 14f0213c72d14c73ab1a04f778b99554 P 24e5c0bb17d845a58f07fb3a28656bea [LEADER]: Connected to new peer: Peer: permanent_uuid: "b255a0b629514051a810449bffe9dbd4" member_type: VOTER last_known_addr { host: "127.16.209.2" port: 46883 }, Status: LMP_MISMATCH, Last received: 0.0, Next index: 1, Last known committed idx: 0, Time since last communication: 0.000s
I20260608 12:59:16.442453 20453 raft_consensus.cc:515] T 5d02968156094c499c0c74734b4c6285 P 24e5c0bb17d845a58f07fb3a28656bea [term 1 FOLLOWER]: Starting leader election with config: opid_index: -1 OBSOLETE_local: false peers { permanent_uuid: "b255a0b629514051a810449bffe9dbd4" member_type: VOTER last_known_addr { host: "127.16.209.2" port: 46883 } } peers { permanent_uuid: "24e5c0bb17d845a58f07fb3a28656bea" member_type: VOTER last_known_addr { host: "127.16.209.1" port: 36001 } } peers { permanent_uuid: "11ddcd71aadc4a9eb3245c36f9e589a9" member_type: VOTER last_known_addr { host: "127.16.209.3" port: 39333 } }
I20260608 12:59:16.445573 20453 leader_election.cc:290] T 5d02968156094c499c0c74734b4c6285 P 24e5c0bb17d845a58f07fb3a28656bea [CANDIDATE]: Term 1 election: Requested vote from peers b255a0b629514051a810449bffe9dbd4 (127.16.209.2:46883), 11ddcd71aadc4a9eb3245c36f9e589a9 (127.16.209.3:39333)
I20260608 12:59:16.445658 20300 tablet_service.cc:1917] Received RequestConsensusVote() RPC: tablet_id: "5d02968156094c499c0c74734b4c6285" candidate_uuid: "24e5c0bb17d845a58f07fb3a28656bea" candidate_term: 1 candidate_status { last_received { term: 0 index: 0 } } ignore_live_leader: false dest_uuid: "b255a0b629514051a810449bffe9dbd4"
I20260608 12:59:16.446382 20300 raft_consensus.cc:3060] T 5d02968156094c499c0c74734b4c6285 P b255a0b629514051a810449bffe9dbd4 [term 0 FOLLOWER]: Advancing to term 1
I20260608 12:59:16.447751 20373 tablet_service.cc:1917] Received RequestConsensusVote() RPC: tablet_id: "5d02968156094c499c0c74734b4c6285" candidate_uuid: "24e5c0bb17d845a58f07fb3a28656bea" candidate_term: 1 candidate_status { last_received { term: 0 index: 0 } } ignore_live_leader: false dest_uuid: "11ddcd71aadc4a9eb3245c36f9e589a9"
I20260608 12:59:16.448521 20373 raft_consensus.cc:3060] T 5d02968156094c499c0c74734b4c6285 P 11ddcd71aadc4a9eb3245c36f9e589a9 [term 0 FOLLOWER]: Advancing to term 1
I20260608 12:59:16.453706 20426 consensus_queue.cc:1048] T f92c066f25f64f36a864e01f9893204f P 11ddcd71aadc4a9eb3245c36f9e589a9 [LEADER]: Connected to new peer: Peer: permanent_uuid: "b255a0b629514051a810449bffe9dbd4" member_type: VOTER last_known_addr { host: "127.16.209.2" port: 46883 }, Status: LMP_MISMATCH, Last received: 0.0, Next index: 1, Last known committed idx: 0, Time since last communication: 0.000s
I20260608 12:59:16.453917 20300 raft_consensus.cc:2468] T 5d02968156094c499c0c74734b4c6285 P b255a0b629514051a810449bffe9dbd4 [term 1 FOLLOWER]: Leader election vote request: Granting yes vote for candidate 24e5c0bb17d845a58f07fb3a28656bea in term 1.
I20260608 12:59:16.455157 20190 leader_election.cc:304] T 5d02968156094c499c0c74734b4c6285 P 24e5c0bb17d845a58f07fb3a28656bea [CANDIDATE]: Term 1 election: Election decided. Result: candidate won. Election summary: received 2 responses out of 3 voters: 2 yes votes; 0 no votes. yes voters: 24e5c0bb17d845a58f07fb3a28656bea, b255a0b629514051a810449bffe9dbd4; no voters: 
I20260608 12:59:16.456182 20453 raft_consensus.cc:2804] T 5d02968156094c499c0c74734b4c6285 P 24e5c0bb17d845a58f07fb3a28656bea [term 1 FOLLOWER]: Leader election won for term 1
I20260608 12:59:16.457616 20453 raft_consensus.cc:697] T 5d02968156094c499c0c74734b4c6285 P 24e5c0bb17d845a58f07fb3a28656bea [term 1 LEADER]: Becoming Leader. State: Replica: 24e5c0bb17d845a58f07fb3a28656bea, State: Running, Role: LEADER
I20260608 12:59:16.458628 20453 consensus_queue.cc:237] T 5d02968156094c499c0c74734b4c6285 P 24e5c0bb17d845a58f07fb3a28656bea [LEADER]: Queue going to LEADER mode. State: All replicated index: 0, Majority replicated index: 0, Committed index: 0, Last appended: 0.0, Last appended by leader: 0, Current term: 1, Majority size: 2, State: 0, Mode: LEADER, active raft config: opid_index: -1 OBSOLETE_local: false peers { permanent_uuid: "b255a0b629514051a810449bffe9dbd4" member_type: VOTER last_known_addr { host: "127.16.209.2" port: 46883 } } peers { permanent_uuid: "24e5c0bb17d845a58f07fb3a28656bea" member_type: VOTER last_known_addr { host: "127.16.209.1" port: 36001 } } peers { permanent_uuid: "11ddcd71aadc4a9eb3245c36f9e589a9" member_type: VOTER last_known_addr { host: "127.16.209.3" port: 39333 } }
I20260608 12:59:16.460103 20373 raft_consensus.cc:2468] T 5d02968156094c499c0c74734b4c6285 P 11ddcd71aadc4a9eb3245c36f9e589a9 [term 1 FOLLOWER]: Leader election vote request: Granting yes vote for candidate 24e5c0bb17d845a58f07fb3a28656bea in term 1.
I20260608 12:59:16.461958 20448 consensus_queue.cc:1048] T 14f0213c72d14c73ab1a04f778b99554 P 24e5c0bb17d845a58f07fb3a28656bea [LEADER]: Connected to new peer: Peer: permanent_uuid: "11ddcd71aadc4a9eb3245c36f9e589a9" member_type: VOTER last_known_addr { host: "127.16.209.3" port: 39333 }, Status: LMP_MISMATCH, Last received: 0.0, Next index: 1, Last known committed idx: 0, Time since last communication: 0.000s
I20260608 12:59:16.466681 20449 raft_consensus.cc:493] T 644f825008604f1a8450dd77482b2cfb P b255a0b629514051a810449bffe9dbd4 [term 0 FOLLOWER]: Starting pre-election (no leader contacted us within the election timeout)
I20260608 12:59:16.467383 20449 raft_consensus.cc:515] T 644f825008604f1a8450dd77482b2cfb P b255a0b629514051a810449bffe9dbd4 [term 0 FOLLOWER]: Starting pre-election with config: opid_index: -1 OBSOLETE_local: false peers { permanent_uuid: "b255a0b629514051a810449bffe9dbd4" member_type: VOTER last_known_addr { host: "127.16.209.2" port: 46883 } } peers { permanent_uuid: "24e5c0bb17d845a58f07fb3a28656bea" member_type: VOTER last_known_addr { host: "127.16.209.1" port: 36001 } } peers { permanent_uuid: "11ddcd71aadc4a9eb3245c36f9e589a9" member_type: VOTER last_known_addr { host: "127.16.209.3" port: 39333 } }
I20260608 12:59:16.469862 20449 leader_election.cc:290] T 644f825008604f1a8450dd77482b2cfb P b255a0b629514051a810449bffe9dbd4 [CANDIDATE]: Term 1 pre-election: Requested pre-vote from peers 24e5c0bb17d845a58f07fb3a28656bea (127.16.209.1:36001), 11ddcd71aadc4a9eb3245c36f9e589a9 (127.16.209.3:39333)
I20260608 12:59:16.470908 20224 tablet_service.cc:1917] Received RequestConsensusVote() RPC: tablet_id: "644f825008604f1a8450dd77482b2cfb" candidate_uuid: "b255a0b629514051a810449bffe9dbd4" candidate_term: 1 candidate_status { last_received { term: 0 index: 0 } } ignore_live_leader: false dest_uuid: "24e5c0bb17d845a58f07fb3a28656bea" is_pre_election: true
I20260608 12:59:16.471751 20224 raft_consensus.cc:2393] T 644f825008604f1a8450dd77482b2cfb P 24e5c0bb17d845a58f07fb3a28656bea [term 1 FOLLOWER]: Leader pre-election vote request: Denying vote to candidate b255a0b629514051a810449bffe9dbd4 in current term 1: Already voted for candidate 11ddcd71aadc4a9eb3245c36f9e589a9 in this term.
I20260608 12:59:16.471627 20374 tablet_service.cc:1917] Received RequestConsensusVote() RPC: tablet_id: "644f825008604f1a8450dd77482b2cfb" candidate_uuid: "b255a0b629514051a810449bffe9dbd4" candidate_term: 1 candidate_status { last_received { term: 0 index: 0 } } ignore_live_leader: false dest_uuid: "11ddcd71aadc4a9eb3245c36f9e589a9" is_pre_election: true
I20260608 12:59:16.471931 20123 catalog_manager.cc:5696] T 5d02968156094c499c0c74734b4c6285 P 24e5c0bb17d845a58f07fb3a28656bea reported cstate change: term changed from 0 to 1, leader changed from <none> to 24e5c0bb17d845a58f07fb3a28656bea (127.16.209.1). New cstate: current_term: 1 leader_uuid: "24e5c0bb17d845a58f07fb3a28656bea" committed_config { opid_index: -1 OBSOLETE_local: false peers { permanent_uuid: "b255a0b629514051a810449bffe9dbd4" member_type: VOTER last_known_addr { host: "127.16.209.2" port: 46883 } health_report { overall_health: UNKNOWN } } peers { permanent_uuid: "24e5c0bb17d845a58f07fb3a28656bea" member_type: VOTER last_known_addr { host: "127.16.209.1" port: 36001 } health_report { overall_health: HEALTHY } } peers { permanent_uuid: "11ddcd71aadc4a9eb3245c36f9e589a9" member_type: VOTER last_known_addr { host: "127.16.209.3" port: 39333 } health_report { overall_health: UNKNOWN } } }
