I20260608 12:58:15.115454 30988 tablet_service.cc:1917] Received RequestConsensusVote() RPC: tablet_id: "6c724373f6234f3b86f0307cc3e104a4" candidate_uuid: "4c24ed07dda04e79a241ab31f06c1443" candidate_term: 1 candidate_status { last_received { term: 0 index: 0 } } ignore_live_leader: false dest_uuid: "1e850cfcbba54ae58e557689763f3b0d" is_pre_election: true
I20260608 12:58:15.122555 31136 tablet_service.cc:1917] Received RequestConsensusVote() RPC: tablet_id: "2bc5663120f14153b42d54ef03170d63" candidate_uuid: "1e850cfcbba54ae58e557689763f3b0d" candidate_term: 1 candidate_status { last_received { term: 0 index: 0 } } ignore_live_leader: false dest_uuid: "4c24ed07dda04e79a241ab31f06c1443"
I20260608 12:58:15.123344 31136 raft_consensus.cc:3060] T 2bc5663120f14153b42d54ef03170d63 P 4c24ed07dda04e79a241ab31f06c1443 [term 0 FOLLOWER]: Advancing to term 1
I20260608 12:58:15.125803 31135 tablet_service.cc:1917] Received RequestConsensusVote() RPC: tablet_id: "2bc5663120f14153b42d54ef03170d63" candidate_uuid: "fd7baa926e2348b2a951c1010f625a36" candidate_term: 1 candidate_status { last_received { term: 0 index: 0 } } ignore_live_leader: false dest_uuid: "4c24ed07dda04e79a241ab31f06c1443" is_pre_election: true
I20260608 12:58:15.126588 31063 tablet_service.cc:1917] Received RequestConsensusVote() RPC: tablet_id: "6c724373f6234f3b86f0307cc3e104a4" candidate_uuid: "4c24ed07dda04e79a241ab31f06c1443" candidate_term: 1 candidate_status { last_received { term: 0 index: 0 } } ignore_live_leader: false dest_uuid: "fd7baa926e2348b2a951c1010f625a36" is_pre_election: true
I20260608 12:58:15.126019 30884 catalog_manager.cc:5696] T 6c724373f6234f3b86f0307cc3e104a4 P 1e850cfcbba54ae58e557689763f3b0d reported cstate change: term changed from 0 to 1, leader changed from <none> to 1e850cfcbba54ae58e557689763f3b0d (127.28.139.65). New cstate: current_term: 1 leader_uuid: "1e850cfcbba54ae58e557689763f3b0d" committed_config { opid_index: -1 OBSOLETE_local: false peers { permanent_uuid: "1e850cfcbba54ae58e557689763f3b0d" member_type: VOTER last_known_addr { host: "127.28.139.65" port: 41449 } health_report { overall_health: HEALTHY } } peers { permanent_uuid: "fd7baa926e2348b2a951c1010f625a36" member_type: VOTER last_known_addr { host: "127.28.139.66" port: 39927 } health_report { overall_health: UNKNOWN } } peers { permanent_uuid: "4c24ed07dda04e79a241ab31f06c1443" member_type: VOTER last_known_addr { host: "127.28.139.67" port: 44901 } health_report { overall_health: UNKNOWN } } }
I20260608 12:58:15.127413 31063 raft_consensus.cc:2393] T 6c724373f6234f3b86f0307cc3e104a4 P fd7baa926e2348b2a951c1010f625a36 [term 1 FOLLOWER]: Leader pre-election vote request: Denying vote to candidate 4c24ed07dda04e79a241ab31f06c1443 in current term 1: Already voted for candidate 1e850cfcbba54ae58e557689763f3b0d in this term.
I20260608 12:58:15.127590 31134 tablet_service.cc:1917] Received RequestConsensusVote() RPC: tablet_id: "2bc5663120f14153b42d54ef03170d63" candidate_uuid: "fd7baa926e2348b2a951c1010f625a36" candidate_term: 1 candidate_status { last_received { term: 0 index: 0 } } ignore_live_leader: false dest_uuid: "4c24ed07dda04e79a241ab31f06c1443"
I20260608 12:58:15.128877 31137 raft_consensus.cc:2468] T 6c724373f6234f3b86f0307cc3e104a4 P 4c24ed07dda04e79a241ab31f06c1443 [term 1 FOLLOWER]: Leader election vote request: Granting yes vote for candidate 1e850cfcbba54ae58e557689763f3b0d in term 1.
I20260608 12:58:15.130352 31027 leader_election.cc:304] T 2bc5663120f14153b42d54ef03170d63 P fd7baa926e2348b2a951c1010f625a36 [CANDIDATE]: Term 1 election: Election decided. Result: candidate lost. Election summary: received 3 responses out of 3 voters: 1 yes votes; 2 no votes. yes voters: fd7baa926e2348b2a951c1010f625a36; no voters: 1e850cfcbba54ae58e557689763f3b0d, 4c24ed07dda04e79a241ab31f06c1443
I20260608 12:58:15.131724 31189 raft_consensus.cc:2749] T 2bc5663120f14153b42d54ef03170d63 P fd7baa926e2348b2a951c1010f625a36 [term 1 FOLLOWER]: Leader election lost for term 1. Reason: could not achieve majority
I20260608 12:58:15.132519 31102 leader_election.cc:304] T 6c724373f6234f3b86f0307cc3e104a4 P 4c24ed07dda04e79a241ab31f06c1443 [CANDIDATE]: Term 1 pre-election: Election decided. Result: candidate lost. Election summary: received 3 responses out of 3 voters: 1 yes votes; 2 no votes. yes voters: 4c24ed07dda04e79a241ab31f06c1443; no voters: 1e850cfcbba54ae58e557689763f3b0d, fd7baa926e2348b2a951c1010f625a36
I20260608 12:58:15.133473 31186 raft_consensus.cc:2749] T 6c724373f6234f3b86f0307cc3e104a4 P 4c24ed07dda04e79a241ab31f06c1443 [term 1 FOLLOWER]: Leader pre-election lost for term 1. Reason: could not achieve majority
I20260608 12:58:15.135026 31136 raft_consensus.cc:2468] T 2bc5663120f14153b42d54ef03170d63 P 4c24ed07dda04e79a241ab31f06c1443 [term 1 FOLLOWER]: Leader election vote request: Granting yes vote for candidate 1e850cfcbba54ae58e557689763f3b0d in term 1.
I20260608 12:58:15.136356 30952 leader_election.cc:304] T 2bc5663120f14153b42d54ef03170d63 P 1e850cfcbba54ae58e557689763f3b0d [CANDIDATE]: Term 1 election: Election decided. Result: candidate won. Election summary: received 3 responses out of 3 voters: 2 yes votes; 1 no votes. yes voters: 1e850cfcbba54ae58e557689763f3b0d, 4c24ed07dda04e79a241ab31f06c1443; no voters: fd7baa926e2348b2a951c1010f625a36
I20260608 12:58:15.137344 31191 raft_consensus.cc:2804] T 2bc5663120f14153b42d54ef03170d63 P 1e850cfcbba54ae58e557689763f3b0d [term 1 FOLLOWER]: Leader election won for term 1
I20260608 12:58:15.137944 31191 raft_consensus.cc:697] T 2bc5663120f14153b42d54ef03170d63 P 1e850cfcbba54ae58e557689763f3b0d [term 1 LEADER]: Becoming Leader. State: Replica: 1e850cfcbba54ae58e557689763f3b0d, State: Running, Role: LEADER
I20260608 12:58:15.138747 31191 consensus_queue.cc:237] T 2bc5663120f14153b42d54ef03170d63 P 1e850cfcbba54ae58e557689763f3b0d [LEADER]: Queue going to LEADER mode. State: All replicated index: 0, Majority replicated index: 0, Committed index: 0, Last appended: 0.0, Last appended by leader: 0, Current term: 1, Majority size: 2, State: 0, Mode: LEADER, active raft config: opid_index: -1 OBSOLETE_local: false peers { permanent_uuid: "1e850cfcbba54ae58e557689763f3b0d" member_type: VOTER last_known_addr { host: "127.28.139.65" port: 41449 } } peers { permanent_uuid: "4c24ed07dda04e79a241ab31f06c1443" member_type: VOTER last_known_addr { host: "127.28.139.67" port: 44901 } } peers { permanent_uuid: "fd7baa926e2348b2a951c1010f625a36" member_type: VOTER last_known_addr { host: "127.28.139.66" port: 39927 } }
I20260608 12:58:15.149963 30884 catalog_manager.cc:5696] T 2bc5663120f14153b42d54ef03170d63 P 1e850cfcbba54ae58e557689763f3b0d reported cstate change: term changed from 0 to 1, leader changed from <none> to 1e850cfcbba54ae58e557689763f3b0d (127.28.139.65). New cstate: current_term: 1 leader_uuid: "1e850cfcbba54ae58e557689763f3b0d" committed_config { opid_index: -1 OBSOLETE_local: false peers { permanent_uuid: "1e850cfcbba54ae58e557689763f3b0d" member_type: VOTER last_known_addr { host: "127.28.139.65" port: 41449 } health_report { overall_health: HEALTHY } } peers { permanent_uuid: "4c24ed07dda04e79a241ab31f06c1443" member_type: VOTER last_known_addr { host: "127.28.139.67" port: 44901 } health_report { overall_health: UNKNOWN } } peers { permanent_uuid: "fd7baa926e2348b2a951c1010f625a36" member_type: VOTER last_known_addr { host: "127.28.139.66" port: 39927 } health_report { overall_health: UNKNOWN } } }
I20260608 12:58:15.221390 30939 auto_leader_rebalancer.cc:140] leader rebalance for table test-workload
I20260608 12:58:15.235726 30988 tablet_service.cc:2072] Received LeaderStepDown RPC: tablet_id: "6c724373f6234f3b86f0307cc3e104a4"
dest_uuid: "1e850cfcbba54ae58e557689763f3b0d"
mode: GRACEFUL
new_leader_uuid: "fd7baa926e2348b2a951c1010f625a36"
 from {username='slave'} at 127.0.0.1:42482
I20260608 12:58:15.236408 30988 raft_consensus.cc:606] T 6c724373f6234f3b86f0307cc3e104a4 P 1e850cfcbba54ae58e557689763f3b0d [term 1 LEADER]: Received request to transfer leadership to TS fd7baa926e2348b2a951c1010f625a36
I20260608 12:58:15.237716 30939 auto_leader_rebalancer.cc:388] table: test-workload, leader rebalance finish, leader transfer count: 1
I20260608 12:58:15.238162 30939 auto_leader_rebalancer.cc:451] All tables' leader rebalancing finished this round
I20260608 12:58:15.505713 31191 consensus_queue.cc:1048] T 6c724373f6234f3b86f0307cc3e104a4 P 1e850cfcbba54ae58e557689763f3b0d [LEADER]: Connected to new peer: Peer: permanent_uuid: "4c24ed07dda04e79a241ab31f06c1443" member_type: VOTER last_known_addr { host: "127.28.139.67" port: 44901 }, Status: LMP_MISMATCH, Last received: 0.0, Next index: 1, Last known committed idx: 0, Time since last communication: 0.000s
I20260608 12:58:15.518566 31191 consensus_queue.cc:1048] T 6c724373f6234f3b86f0307cc3e104a4 P 1e850cfcbba54ae58e557689763f3b0d [LEADER]: Connected to new peer: Peer: permanent_uuid: "fd7baa926e2348b2a951c1010f625a36" member_type: VOTER last_known_addr { host: "127.28.139.66" port: 39927 }, Status: LMP_MISMATCH, Last received: 0.0, Next index: 1, Last known committed idx: 0, Time since last communication: 0.001s
I20260608 12:58:15.527770 31201 raft_consensus.cc:993] T 6c724373f6234f3b86f0307cc3e104a4 P 1e850cfcbba54ae58e557689763f3b0d: : Instructing follower fd7baa926e2348b2a951c1010f625a36 to start an election
I20260608 12:58:15.528288 31191 raft_consensus.cc:1081] T 6c724373f6234f3b86f0307cc3e104a4 P 1e850cfcbba54ae58e557689763f3b0d [term 1 LEADER]: Signalling peer fd7baa926e2348b2a951c1010f625a36 to start an election
I20260608 12:58:15.529857 31063 tablet_service.cc:2044] Received Run Leader Election RPC: tablet_id: "6c724373f6234f3b86f0307cc3e104a4"
dest_uuid: "fd7baa926e2348b2a951c1010f625a36"
 from {username='slave'} at 127.0.0.1:59192
I20260608 12:58:15.530510 31063 raft_consensus.cc:493] T 6c724373f6234f3b86f0307cc3e104a4 P fd7baa926e2348b2a951c1010f625a36 [term 1 FOLLOWER]: Starting forced leader election (received explicit request)
I20260608 12:58:15.530918 31063 raft_consensus.cc:3060] T 6c724373f6234f3b86f0307cc3e104a4 P fd7baa926e2348b2a951c1010f625a36 [term 1 FOLLOWER]: Advancing to term 2
I20260608 12:58:15.535856 31063 raft_consensus.cc:515] T 6c724373f6234f3b86f0307cc3e104a4 P fd7baa926e2348b2a951c1010f625a36 [term 2 FOLLOWER]: Starting forced leader election with config: opid_index: -1 OBSOLETE_local: false peers { permanent_uuid: "1e850cfcbba54ae58e557689763f3b0d" member_type: VOTER last_known_addr { host: "127.28.139.65" port: 41449 } } peers { permanent_uuid: "fd7baa926e2348b2a951c1010f625a36" member_type: VOTER last_known_addr { host: "127.28.139.66" port: 39927 } } peers { permanent_uuid: "4c24ed07dda04e79a241ab31f06c1443" member_type: VOTER last_known_addr { host: "127.28.139.67" port: 44901 } }
I20260608 12:58:15.537853 31063 leader_election.cc:290] T 6c724373f6234f3b86f0307cc3e104a4 P fd7baa926e2348b2a951c1010f625a36 [CANDIDATE]: Term 2 election: Requested vote from peers 1e850cfcbba54ae58e557689763f3b0d (127.28.139.65:41449), 4c24ed07dda04e79a241ab31f06c1443 (127.28.139.67:44901)
I20260608 12:58:15.538713 30988 tablet_service.cc:1917] Received RequestConsensusVote() RPC: tablet_id: "6c724373f6234f3b86f0307cc3e104a4" candidate_uuid: "fd7baa926e2348b2a951c1010f625a36" candidate_term: 2 candidate_status { last_received { term: 1 index: 1 } } ignore_live_leader: true dest_uuid: "1e850cfcbba54ae58e557689763f3b0d"
I20260608 12:58:15.539177 31136 tablet_service.cc:1917] Received RequestConsensusVote() RPC: tablet_id: "6c724373f6234f3b86f0307cc3e104a4" candidate_uuid: "fd7baa926e2348b2a951c1010f625a36" candidate_term: 2 candidate_status { last_received { term: 1 index: 1 } } ignore_live_leader: true dest_uuid: "4c24ed07dda04e79a241ab31f06c1443"
I20260608 12:58:15.539422 30988 raft_consensus.cc:3055] T 6c724373f6234f3b86f0307cc3e104a4 P 1e850cfcbba54ae58e557689763f3b0d [term 1 LEADER]: Stepping down as leader of term 1
I20260608 12:58:15.539887 31136 raft_consensus.cc:3060] T 6c724373f6234f3b86f0307cc3e104a4 P 4c24ed07dda04e79a241ab31f06c1443 [term 1 FOLLOWER]: Advancing to term 2
I20260608 12:58:15.539855 30988 raft_consensus.cc:740] T 6c724373f6234f3b86f0307cc3e104a4 P 1e850cfcbba54ae58e557689763f3b0d [term 1 LEADER]: Becoming Follower/Learner. State: Replica: 1e850cfcbba54ae58e557689763f3b0d, State: Running, Role: LEADER
I20260608 12:58:15.540900 30988 consensus_queue.cc:260] T 6c724373f6234f3b86f0307cc3e104a4 P 1e850cfcbba54ae58e557689763f3b0d [NON_LEADER]: Queue going to NON_LEADER mode. State: All replicated index: 0, Majority replicated index: 1, Committed index: 1, Last appended: 1.1, Last appended by leader: 1, Current term: 1, Majority size: -1, State: 0, Mode: NON_LEADER, active raft config: opid_index: -1 OBSOLETE_local: false peers { permanent_uuid: "1e850cfcbba54ae58e557689763f3b0d" member_type: VOTER last_known_addr { host: "127.28.139.65" port: 41449 } } peers { permanent_uuid: "fd7baa926e2348b2a951c1010f625a36" member_type: VOTER last_known_addr { host: "127.28.139.66" port: 39927 } } peers { permanent_uuid: "4c24ed07dda04e79a241ab31f06c1443" member_type: VOTER last_known_addr { host: "127.28.139.67" port: 44901 } }
I20260608 12:58:15.542059 30988 raft_consensus.cc:3060] T 6c724373f6234f3b86f0307cc3e104a4 P 1e850cfcbba54ae58e557689763f3b0d [term 1 FOLLOWER]: Advancing to term 2
I20260608 12:58:15.548677 31136 raft_consensus.cc:2468] T 6c724373f6234f3b86f0307cc3e104a4 P 4c24ed07dda04e79a241ab31f06c1443 [term 2 FOLLOWER]: Leader election vote request: Granting yes vote for candidate fd7baa926e2348b2a951c1010f625a36 in term 2.
I20260608 12:58:15.549405 30988 raft_consensus.cc:2468] T 6c724373f6234f3b86f0307cc3e104a4 P 1e850cfcbba54ae58e557689763f3b0d [term 2 FOLLOWER]: Leader election vote request: Granting yes vote for candidate fd7baa926e2348b2a951c1010f625a36 in term 2.
I20260608 12:58:15.550048 31027 leader_election.cc:304] T 6c724373f6234f3b86f0307cc3e104a4 P fd7baa926e2348b2a951c1010f625a36 [CANDIDATE]: Term 2 election: Election decided. Result: candidate won. Election summary: received 2 responses out of 3 voters: 2 yes votes; 0 no votes. yes voters: 4c24ed07dda04e79a241ab31f06c1443, fd7baa926e2348b2a951c1010f625a36; no voters: 
I20260608 12:58:15.550987 31189 raft_consensus.cc:2804] T 6c724373f6234f3b86f0307cc3e104a4 P fd7baa926e2348b2a951c1010f625a36 [term 2 FOLLOWER]: Leader election won for term 2
I20260608 12:58:15.552068 31189 raft_consensus.cc:697] T 6c724373f6234f3b86f0307cc3e104a4 P fd7baa926e2348b2a951c1010f625a36 [term 2 LEADER]: Becoming Leader. State: Replica: fd7baa926e2348b2a951c1010f625a36, State: Running, Role: LEADER
I20260608 12:58:15.552945 31189 consensus_queue.cc:237] T 6c724373f6234f3b86f0307cc3e104a4 P fd7baa926e2348b2a951c1010f625a36 [LEADER]: Queue going to LEADER mode. State: All replicated index: 0, Majority replicated index: 1, Committed index: 1, Last appended: 1.1, Last appended by leader: 1, Current term: 2, Majority size: 2, State: 0, Mode: LEADER, active raft config: opid_index: -1 OBSOLETE_local: false peers { permanent_uuid: "1e850cfcbba54ae58e557689763f3b0d" member_type: VOTER last_known_addr { host: "127.28.139.65" port: 41449 } } peers { permanent_uuid: "fd7baa926e2348b2a951c1010f625a36" member_type: VOTER last_known_addr { host: "127.28.139.66" port: 39927 } } peers { permanent_uuid: "4c24ed07dda04e79a241ab31f06c1443" member_type: VOTER last_known_addr { host: "127.28.139.67" port: 44901 } }
I20260608 12:58:15.559265 30885 catalog_manager.cc:5696] T 6c724373f6234f3b86f0307cc3e104a4 P fd7baa926e2348b2a951c1010f625a36 reported cstate change: term changed from 1 to 2, leader changed from 1e850cfcbba54ae58e557689763f3b0d (127.28.139.65) to fd7baa926e2348b2a951c1010f625a36 (127.28.139.66). New cstate: current_term: 2 leader_uuid: "fd7baa926e2348b2a951c1010f625a36" committed_config { opid_index: -1 OBSOLETE_local: false peers { permanent_uuid: "1e850cfcbba54ae58e557689763f3b0d" member_type: VOTER last_known_addr { host: "127.28.139.65" port: 41449 } health_report { overall_health: UNKNOWN } } peers { permanent_uuid: "fd7baa926e2348b2a951c1010f625a36" member_type: VOTER last_known_addr { host: "127.28.139.66" port: 39927 } health_report { overall_health: HEALTHY } } peers { permanent_uuid: "4c24ed07dda04e79a241ab31f06c1443" member_type: VOTER last_known_addr { host: "127.28.139.67" port: 44901 } health_report { overall_health: UNKNOWN } } }
I20260608 12:58:15.718736 31191 consensus_queue.cc:1048] T 2bc5663120f14153b42d54ef03170d63 P 1e850cfcbba54ae58e557689763f3b0d [LEADER]: Connected to new peer: Peer: permanent_uuid: "fd7baa926e2348b2a951c1010f625a36" member_type: VOTER last_known_addr { host: "127.28.139.66" port: 39927 }, Status: LMP_MISMATCH, Last received: 0.0, Next index: 1, Last known committed idx: 0, Time since last communication: 0.000s
I20260608 12:58:15.730443 31191 consensus_queue.cc:1048] T 2bc5663120f14153b42d54ef03170d63 P 1e850cfcbba54ae58e557689763f3b0d [LEADER]: Connected to new peer: Peer: permanent_uuid: "4c24ed07dda04e79a241ab31f06c1443" member_type: VOTER last_known_addr { host: "127.28.139.67" port: 44901 }, Status: LMP_MISMATCH, Last received: 0.0, Next index: 1, Last known committed idx: 0, Time since last communication: 0.000s
I20260608 12:58:15.938148 31136 raft_consensus.cc:1275] T 6c724373f6234f3b86f0307cc3e104a4 P 4c24ed07dda04e79a241ab31f06c1443 [term 2 FOLLOWER]: Refusing update from remote peer fd7baa926e2348b2a951c1010f625a36: Log matching property violated. Preceding OpId in replica: term: 1 index: 1. Preceding OpId from leader: term: 2 index: 2. (index mismatch)
I20260608 12:58:15.939824 31189 consensus_queue.cc:1048] T 6c724373f6234f3b86f0307cc3e104a4 P fd7baa926e2348b2a951c1010f625a36 [LEADER]: Connected to new peer: Peer: permanent_uuid: "4c24ed07dda04e79a241ab31f06c1443" member_type: VOTER last_known_addr { host: "127.28.139.67" port: 44901 }, Status: LMP_MISMATCH, Last received: 0.0, Next index: 2, Last known committed idx: 1, Time since last communication: 0.000s
I20260608 12:58:15.949586 30988 raft_consensus.cc:1275] T 6c724373f6234f3b86f0307cc3e104a4 P 1e850cfcbba54ae58e557689763f3b0d [term 2 FOLLOWER]: Refusing update from remote peer fd7baa926e2348b2a951c1010f625a36: Log matching property violated. Preceding OpId in replica: term: 1 index: 1. Preceding OpId from leader: term: 2 index: 2. (index mismatch)
I20260608 12:58:15.951337 31189 consensus_queue.cc:1048] T 6c724373f6234f3b86f0307cc3e104a4 P fd7baa926e2348b2a951c1010f625a36 [LEADER]: Connected to new peer: Peer: permanent_uuid: "1e850cfcbba54ae58e557689763f3b0d" member_type: VOTER last_known_addr { host: "127.28.139.65" port: 41449 }, Status: LMP_MISMATCH, Last received: 0.0, Next index: 2, Last known committed idx: 1, Time since last communication: 0.000s
I20260608 12:58:17.239145 30939 auto_leader_rebalancer.cc:140] leader rebalance for table test-workload
I20260608 12:58:17.241329 30939 auto_leader_rebalancer.cc:388] table: test-workload, leader rebalance finish, leader transfer count: 0
I20260608 12:58:17.241760 30939 auto_leader_rebalancer.cc:451] All tables' leader rebalancing finished this round
I20260608 12:58:19.242631 30939 auto_leader_rebalancer.cc:140] leader rebalance for table test-workload
I20260608 12:58:19.244920 30939 auto_leader_rebalancer.cc:388] table: test-workload, leader rebalance finish, leader transfer count: 0
I20260608 12:58:19.245334 30939 auto_leader_rebalancer.cc:451] All tables' leader rebalancing finished this round
I20260608 12:58:21.246318 30939 auto_leader_rebalancer.cc:140] leader rebalance for table test-workload
I20260608 12:58:21.248509 30939 auto_leader_rebalancer.cc:388] table: test-workload, leader rebalance finish, leader transfer count: 0
I20260608 12:58:21.248916 30939 auto_leader_rebalancer.cc:451] All tables' leader rebalancing finished this round
I20260608 12:58:23.250064 30939 auto_leader_rebalancer.cc:140] leader rebalance for table test-workload
I20260608 12:58:23.252477 30939 auto_leader_rebalancer.cc:388] table: test-workload, leader rebalance finish, leader transfer count: 0
I20260608 12:58:23.252873 30939 auto_leader_rebalancer.cc:451] All tables' leader rebalancing finished this round
I20260608 12:58:25.253877 30939 auto_leader_rebalancer.cc:140] leader rebalance for table test-workload
I20260608 12:58:25.256007 30939 auto_leader_rebalancer.cc:388] table: test-workload, leader rebalance finish, leader transfer count: 0
I20260608 12:58:25.256422 30939 auto_leader_rebalancer.cc:451] All tables' leader rebalancing finished this round
I20260608 12:58:25.268956 29229 file_cache.cc:492] Constructed file cache file cache with capacity 419430
W20260608 12:58:25.277669 31219 instance_detector.cc:116] could not retrieve AWS instance metadata: Network error: curl error: HTTP response code said error: The requested URL returned error: 404
W20260608 12:58:25.278625 31220 instance_detector.cc:116] could not retrieve Azure instance metadata: Network error: curl error: HTTP response code said error: The requested URL returned error: 404
W20260608 12:58:25.281168 31222 instance_detector.cc:116] could not retrieve OpenStack instance metadata: Network error: curl error: HTTP response code said error: The requested URL returned error: 404
I20260608 12:58:25.282019 29229 server_base.cc:1061] running on GCE node
I20260608 12:58:25.283304 29229 hybrid_clock.cc:584] initializing the hybrid clock with 'system_unsync' time source
W20260608 12:58:25.283535 29229 system_unsync_time.cc:38] NTP support is disabled. Clock error bounds will not be accurate. This configuration is not suitable for distributed clusters.
I20260608 12:58:25.283778 29229 hybrid_clock.cc:648] HybridClock initialized: now 1780923505283727 us; error 0 us; skew 500 ppm
I20260608 12:58:25.284449 29229 server_base.cc:861] Flag tcmalloc_max_total_thread_cache_bytes is not working since tcmalloc is not enabled.
I20260608 12:58:25.287357 29229 webserver.cc:533] Webserver started at http://127.28.139.68:41777/ using document root <none> and password file <none>
I20260608 12:58:25.288015 29229 fs_manager.cc:362] Metadata directory not provided
I20260608 12:58:25.288245 29229 fs_manager.cc:368] Using write-ahead log directory (fs_wal_dir) as metadata directory
I20260608 12:58:25.288596 29229 server_base.cc:909] This appears to be a new deployment of Kudu; creating new FS layout
I20260608 12:58:25.290042 29229 fs_manager.cc:1068] Generated new instance metadata in path /tmp/dist-test-taskOW8mDk/test-tmp/auto_rebalancer-test.0.AutoRebalancerTest.MovesScheduledIfAddTserver.1780923471764989-29229-0/minicluster-data/ts-3-root/instance:
uuid: "74c95257aebd40f2abaa85de4207f96b"
format_stamp: "Formatted at 2026-06-08 12:58:25 on dist-test-slave-081c"
I20260608 12:58:25.295913 29229 fs_manager.cc:696] Time spent creating directory manager: real 0.005s	user 0.005s	sys 0.002s
I20260608 12:58:25.300104 31227 log_block_manager.cc:4031] Time spent loading block containers with low live blocks: real 0.000s	user 0.000s	sys 0.000s
I20260608 12:58:25.301208 29229 fs_manager.cc:730] Time spent opening block manager: real 0.003s	user 0.004s	sys 0.000s
I20260608 12:58:25.301620 29229 fs_manager.cc:647] Opened local filesystem: /tmp/dist-test-taskOW8mDk/test-tmp/auto_rebalancer-test.0.AutoRebalancerTest.MovesScheduledIfAddTserver.1780923471764989-29229-0/minicluster-data/ts-3-root
uuid: "74c95257aebd40f2abaa85de4207f96b"
format_stamp: "Formatted at 2026-06-08 12:58:25 on dist-test-slave-081c"
I20260608 12:58:25.302000 29229 fs_report.cc:389] FS layout report
--------------------
wal directory: /tmp/dist-test-taskOW8mDk/test-tmp/auto_rebalancer-test.0.AutoRebalancerTest.MovesScheduledIfAddTserver.1780923471764989-29229-0/minicluster-data/ts-3-root
metadata directory: /tmp/dist-test-taskOW8mDk/test-tmp/auto_rebalancer-test.0.AutoRebalancerTest.MovesScheduledIfAddTserver.1780923471764989-29229-0/minicluster-data/ts-3-root
1 data directories: /tmp/dist-test-taskOW8mDk/test-tmp/auto_rebalancer-test.0.AutoRebalancerTest.MovesScheduledIfAddTserver.1780923471764989-29229-0/minicluster-data/ts-3-root/data
Total live blocks: 0
Total live bytes: 0
Total live bytes (after alignment): 0
Total number of LBM containers: 0 (0 full)
Did not check for missing blocks
Did not check for orphaned blocks
Total full LBM containers with extra space: 0 (0 repaired)
Total full LBM container extra space in bytes: 0 (0 repaired)
Total incomplete LBM containers: 0 (0 repaired)
Total LBM partial records: 0 (0 repaired)
Total corrupted LBM metadata records in RocksDB: 0 (0 repaired)
I20260608 12:58:25.322711 29229 rpc_server.cc:225] running with OpenSSL 1.1.1  11 Sep 2018
I20260608 12:58:25.324348 29229 kserver.cc:163] Server-wide thread pool size limit: 3276
I20260608 12:58:25.326323 29229 txn_system_client.cc:432] TxnSystemClient initialization is disabled...
I20260608 12:58:25.329404 29229 ts_tablet_manager.cc:585] Loaded tablet metadata (0 total tablets, 0 live tablets)
I20260608 12:58:25.329753 29229 ts_tablet_manager.cc:531] Time spent load tablet metadata: real 0.000s	user 0.000s	sys 0.000s
I20260608 12:58:25.330060 29229 ts_tablet_manager.cc:616] Registered 0 tablets
I20260608 12:58:25.330293 29229 ts_tablet_manager.cc:595] Time spent register tablets: real 0.000s	user 0.000s	sys 0.000s
I20260608 12:58:25.376065 29229 rpc_server.cc:307] RPC server started. Bound to: 127.28.139.68:34729
I20260608 12:58:25.376190 31289 acceptor_pool.cc:272] collecting diagnostics on the listening RPC socket 127.28.139.68:34729 every 8 connection(s)
I20260608 12:58:25.392926 31290 heartbeater.cc:344] Connected to a master server at 127.28.139.126:46615
I20260608 12:58:25.393369 31290 heartbeater.cc:461] Registering TS with master...
I20260608 12:58:25.394186 31290 heartbeater.cc:507] Master 127.28.139.126:46615 requested a full tablet report, sending...
I20260608 12:58:25.396395 30884 ts_manager.cc:194] Registered new tserver with Master: 74c95257aebd40f2abaa85de4207f96b (127.28.139.68:34729)
I20260608 12:58:25.398025 30884 master_service.cc:502] Signed X509 certificate for tserver {username='slave'} at 127.0.0.1:43512
I20260608 12:58:26.301869 31063 consensus_queue.cc:237] T 6c724373f6234f3b86f0307cc3e104a4 P fd7baa926e2348b2a951c1010f625a36 [LEADER]: Queue going to LEADER mode. State: All replicated index: 0, Majority replicated index: 2, Committed index: 2, Last appended: 2.2, Last appended by leader: 1, Current term: 2, Majority size: 2, State: 0, Mode: LEADER, active raft config: opid_index: 3 OBSOLETE_local: false peers { permanent_uuid: "1e850cfcbba54ae58e557689763f3b0d" member_type: VOTER last_known_addr { host: "127.28.139.65" port: 41449 } attrs { replace: true } } peers { permanent_uuid: "fd7baa926e2348b2a951c1010f625a36" member_type: VOTER last_known_addr { host: "127.28.139.66" port: 39927 } } peers { permanent_uuid: "4c24ed07dda04e79a241ab31f06c1443" member_type: VOTER last_known_addr { host: "127.28.139.67" port: 44901 } } peers { permanent_uuid: "74c95257aebd40f2abaa85de4207f96b" member_type: NON_VOTER last_known_addr { host: "127.28.139.68" port: 34729 } attrs { promote: true } }
I20260608 12:58:26.310323 31136 raft_consensus.cc:1275] T 6c724373f6234f3b86f0307cc3e104a4 P 4c24ed07dda04e79a241ab31f06c1443 [term 2 FOLLOWER]: Refusing update from remote peer fd7baa926e2348b2a951c1010f625a36: Log matching property violated. Preceding OpId in replica: term: 2 index: 2. Preceding OpId from leader: term: 2 index: 3. (index mismatch)
I20260608 12:58:26.313845 31298 consensus_queue.cc:1048] T 6c724373f6234f3b86f0307cc3e104a4 P fd7baa926e2348b2a951c1010f625a36 [LEADER]: Connected to new peer: Peer: permanent_uuid: "4c24ed07dda04e79a241ab31f06c1443" member_type: VOTER last_known_addr { host: "127.28.139.67" port: 44901 }, Status: LMP_MISMATCH, Last received: 0.0, Next index: 3, Last known committed idx: 2, Time since last communication: 0.000s
I20260608 12:58:26.314059 30988 raft_consensus.cc:1275] T 6c724373f6234f3b86f0307cc3e104a4 P 1e850cfcbba54ae58e557689763f3b0d [term 2 FOLLOWER]: Refusing update from remote peer fd7baa926e2348b2a951c1010f625a36: Log matching property violated. Preceding OpId in replica: term: 2 index: 2. Preceding OpId from leader: term: 2 index: 3. (index mismatch)
I20260608 12:58:26.315877 31294 consensus_queue.cc:1048] T 6c724373f6234f3b86f0307cc3e104a4 P fd7baa926e2348b2a951c1010f625a36 [LEADER]: Connected to new peer: Peer: permanent_uuid: "1e850cfcbba54ae58e557689763f3b0d" member_type: VOTER last_known_addr { host: "127.28.139.65" port: 41449 } attrs { replace: true }, Status: LMP_MISMATCH, Last received: 0.0, Next index: 3, Last known committed idx: 2, Time since last communication: 0.000s
I20260608 12:58:26.325929 31298 raft_consensus.cc:2955] T 6c724373f6234f3b86f0307cc3e104a4 P fd7baa926e2348b2a951c1010f625a36 [term 2 LEADER]: Committing config change with OpId 2.3: config changed from index -1 to 3, NON_VOTER 74c95257aebd40f2abaa85de4207f96b (127.28.139.68) added. New config: { opid_index: 3 OBSOLETE_local: false peers { permanent_uuid: "1e850cfcbba54ae58e557689763f3b0d" member_type: VOTER last_known_addr { host: "127.28.139.65" port: 41449 } attrs { replace: true } } peers { permanent_uuid: "fd7baa926e2348b2a951c1010f625a36" member_type: VOTER last_known_addr { host: "127.28.139.66" port: 39927 } } peers { permanent_uuid: "4c24ed07dda04e79a241ab31f06c1443" member_type: VOTER last_known_addr { host: "127.28.139.67" port: 44901 } } peers { permanent_uuid: "74c95257aebd40f2abaa85de4207f96b" member_type: NON_VOTER last_known_addr { host: "127.28.139.68" port: 34729 } attrs { promote: true } } }
W20260608 12:58:26.328342 31027 consensus_peers.cc:597] T 6c724373f6234f3b86f0307cc3e104a4 P fd7baa926e2348b2a951c1010f625a36 -> Peer 74c95257aebd40f2abaa85de4207f96b (127.28.139.68:34729): Couldn't send request to peer 74c95257aebd40f2abaa85de4207f96b. Error code: TABLET_NOT_FOUND (6). Status: Not found: Tablet not found: 6c724373f6234f3b86f0307cc3e104a4. This is attempt 1: this message will repeat every 5th retry.
I20260608 12:58:26.329020 31136 raft_consensus.cc:2955] T 6c724373f6234f3b86f0307cc3e104a4 P 4c24ed07dda04e79a241ab31f06c1443 [term 2 FOLLOWER]: Committing config change with OpId 2.3: config changed from index -1 to 3, NON_VOTER 74c95257aebd40f2abaa85de4207f96b (127.28.139.68) added. New config: { opid_index: 3 OBSOLETE_local: false peers { permanent_uuid: "1e850cfcbba54ae58e557689763f3b0d" member_type: VOTER last_known_addr { host: "127.28.139.65" port: 41449 } attrs { replace: true } } peers { permanent_uuid: "fd7baa926e2348b2a951c1010f625a36" member_type: VOTER last_known_addr { host: "127.28.139.66" port: 39927 } } peers { permanent_uuid: "4c24ed07dda04e79a241ab31f06c1443" member_type: VOTER last_known_addr { host: "127.28.139.67" port: 44901 } } peers { permanent_uuid: "74c95257aebd40f2abaa85de4207f96b" member_type: NON_VOTER last_known_addr { host: "127.28.139.68" port: 34729 } attrs { promote: true } } }
I20260608 12:58:26.332499 30988 raft_consensus.cc:2955] T 6c724373f6234f3b86f0307cc3e104a4 P 1e850cfcbba54ae58e557689763f3b0d [term 2 FOLLOWER]: Committing config change with OpId 2.3: config changed from index -1 to 3, NON_VOTER 74c95257aebd40f2abaa85de4207f96b (127.28.139.68) added. New config: { opid_index: 3 OBSOLETE_local: false peers { permanent_uuid: "1e850cfcbba54ae58e557689763f3b0d" member_type: VOTER last_known_addr { host: "127.28.139.65" port: 41449 } attrs { replace: true } } peers { permanent_uuid: "fd7baa926e2348b2a951c1010f625a36" member_type: VOTER last_known_addr { host: "127.28.139.66" port: 39927 } } peers { permanent_uuid: "4c24ed07dda04e79a241ab31f06c1443" member_type: VOTER last_known_addr { host: "127.28.139.67" port: 44901 } } peers { permanent_uuid: "74c95257aebd40f2abaa85de4207f96b" member_type: NON_VOTER last_known_addr { host: "127.28.139.68" port: 34729 } attrs { promote: true } } }
I20260608 12:58:26.349337 30884 catalog_manager.cc:5696] T 6c724373f6234f3b86f0307cc3e104a4 P fd7baa926e2348b2a951c1010f625a36 reported cstate change: config changed from index -1 to 3, NON_VOTER 74c95257aebd40f2abaa85de4207f96b (127.28.139.68) added. New cstate: current_term: 2 leader_uuid: "fd7baa926e2348b2a951c1010f625a36" committed_config { opid_index: 3 OBSOLETE_local: false peers { permanent_uuid: "1e850cfcbba54ae58e557689763f3b0d" member_type: VOTER last_known_addr { host: "127.28.139.65" port: 41449 } attrs { replace: true } health_report { overall_health: HEALTHY } } peers { permanent_uuid: "fd7baa926e2348b2a951c1010f625a36" member_type: VOTER last_known_addr { host: "127.28.139.66" port: 39927 } health_report { overall_health: HEALTHY } } peers { permanent_uuid: "4c24ed07dda04e79a241ab31f06c1443" member_type: VOTER last_known_addr { host: "127.28.139.67" port: 44901 } health_report { overall_health: HEALTHY } } peers { permanent_uuid: "74c95257aebd40f2abaa85de4207f96b" member_type: NON_VOTER last_known_addr { host: "127.28.139.68" port: 34729 } attrs { promote: true } health_report { overall_health: UNKNOWN } } }
I20260608 12:58:26.400925 31290 heartbeater.cc:499] Master 127.28.139.126:46615 was elected leader, sending a full tablet report...
I20260608 12:58:26.763546 31309 ts_tablet_manager.cc:933] T 6c724373f6234f3b86f0307cc3e104a4 P 74c95257aebd40f2abaa85de4207f96b: Initiating tablet copy from peer fd7baa926e2348b2a951c1010f625a36 (127.28.139.66:39927)
I20260608 12:58:26.765671 31309 tablet_copy_client.cc:323] T 6c724373f6234f3b86f0307cc3e104a4 P 74c95257aebd40f2abaa85de4207f96b: tablet copy: Beginning tablet copy session from remote peer at address 127.28.139.66:39927
I20260608 12:58:26.778548 31073 tablet_copy_service.cc:140] P fd7baa926e2348b2a951c1010f625a36: Received BeginTabletCopySession request for tablet 6c724373f6234f3b86f0307cc3e104a4 from peer 74c95257aebd40f2abaa85de4207f96b ({username='slave'} at 127.0.0.1:33656)
I20260608 12:58:26.779124 31073 tablet_copy_service.cc:161] P fd7baa926e2348b2a951c1010f625a36: Beginning new tablet copy session on tablet 6c724373f6234f3b86f0307cc3e104a4 from peer 74c95257aebd40f2abaa85de4207f96b at {username='slave'} at 127.0.0.1:33656: session id = 74c95257aebd40f2abaa85de4207f96b-6c724373f6234f3b86f0307cc3e104a4
I20260608 12:58:26.785135 31073 tablet_copy_source_session.cc:215] T 6c724373f6234f3b86f0307cc3e104a4 P fd7baa926e2348b2a951c1010f625a36: Tablet Copy: opened 0 blocks and 1 log segments
I20260608 12:58:26.788522 31309 data_dirs.cc:400] Could only allocate 1 dirs of requested 3 for tablet 6c724373f6234f3b86f0307cc3e104a4. 1 dirs total, 0 dirs full, 0 dirs failed
I20260608 12:58:26.805310 31309 tablet_copy_client.cc:806] T 6c724373f6234f3b86f0307cc3e104a4 P 74c95257aebd40f2abaa85de4207f96b: tablet copy: Starting download of 0 data blocks...
I20260608 12:58:26.806030 31309 tablet_copy_client.cc:670] T 6c724373f6234f3b86f0307cc3e104a4 P 74c95257aebd40f2abaa85de4207f96b: tablet copy: Starting download of 1 WAL segments...
I20260608 12:58:26.810671 31309 tablet_copy_client.cc:538] T 6c724373f6234f3b86f0307cc3e104a4 P 74c95257aebd40f2abaa85de4207f96b: tablet copy: Tablet Copy complete. Replacing tablet superblock.
I20260608 12:58:26.820367 31309 tablet_bootstrap.cc:492] T 6c724373f6234f3b86f0307cc3e104a4 P 74c95257aebd40f2abaa85de4207f96b: Bootstrap starting.
I20260608 12:58:26.844885 31309 tablet_bootstrap.cc:492] T 6c724373f6234f3b86f0307cc3e104a4 P 74c95257aebd40f2abaa85de4207f96b: Bootstrap replayed 1/1 log segments. Stats: ops{read=3 overwritten=0 applied=3 ignored=0} inserts{seen=0 ignored=0} mutations{seen=0 ignored=0} orphaned_commits=0. Pending: 0 replicates
I20260608 12:58:26.845925 31309 tablet_bootstrap.cc:492] T 6c724373f6234f3b86f0307cc3e104a4 P 74c95257aebd40f2abaa85de4207f96b: Bootstrap complete.
I20260608 12:58:26.846663 31309 ts_tablet_manager.cc:1403] T 6c724373f6234f3b86f0307cc3e104a4 P 74c95257aebd40f2abaa85de4207f96b: Time spent bootstrapping tablet: real 0.027s	user 0.019s	sys 0.004s
I20260608 12:58:26.850111 31309 raft_consensus.cc:359] T 6c724373f6234f3b86f0307cc3e104a4 P 74c95257aebd40f2abaa85de4207f96b [term 2 LEARNER]: Replica starting. Triggering 0 pending ops. Active config: opid_index: 3 OBSOLETE_local: false peers { permanent_uuid: "1e850cfcbba54ae58e557689763f3b0d" member_type: VOTER last_known_addr { host: "127.28.139.65" port: 41449 } attrs { replace: true } } peers { permanent_uuid: "fd7baa926e2348b2a951c1010f625a36" member_type: VOTER last_known_addr { host: "127.28.139.66" port: 39927 } } peers { permanent_uuid: "4c24ed07dda04e79a241ab31f06c1443" member_type: VOTER last_known_addr { host: "127.28.139.67" port: 44901 } } peers { permanent_uuid: "74c95257aebd40f2abaa85de4207f96b" member_type: NON_VOTER last_known_addr { host: "127.28.139.68" port: 34729 } attrs { promote: true } }
I20260608 12:58:26.851025 31309 raft_consensus.cc:740] T 6c724373f6234f3b86f0307cc3e104a4 P 74c95257aebd40f2abaa85de4207f96b [term 2 LEARNER]: Becoming Follower/Learner. State: Replica: 74c95257aebd40f2abaa85de4207f96b, State: Initialized, Role: LEARNER
I20260608 12:58:26.851768 31309 consensus_queue.cc:260] T 6c724373f6234f3b86f0307cc3e104a4 P 74c95257aebd40f2abaa85de4207f96b [NON_LEADER]: Queue going to NON_LEADER mode. State: All replicated index: 0, Majority replicated index: 0, Committed index: 3, Last appended: 2.3, Last appended by leader: 3, Current term: 0, Majority size: -1, State: 0, Mode: NON_LEADER, active raft config: opid_index: 3 OBSOLETE_local: false peers { permanent_uuid: "1e850cfcbba54ae58e557689763f3b0d" member_type: VOTER last_known_addr { host: "127.28.139.65" port: 41449 } attrs { replace: true } } peers { permanent_uuid: "fd7baa926e2348b2a951c1010f625a36" member_type: VOTER last_known_addr { host: "127.28.139.66" port: 39927 } } peers { permanent_uuid: "4c24ed07dda04e79a241ab31f06c1443" member_type: VOTER last_known_addr { host: "127.28.139.67" port: 44901 } } peers { permanent_uuid: "74c95257aebd40f2abaa85de4207f96b" member_type: NON_VOTER last_known_addr { host: "127.28.139.68" port: 34729 } attrs { promote: true } }
I20260608 12:58:26.854647 31309 ts_tablet_manager.cc:1434] T 6c724373f6234f3b86f0307cc3e104a4 P 74c95257aebd40f2abaa85de4207f96b: Time spent starting tablet: real 0.008s	user 0.009s	sys 0.000s
I20260608 12:58:26.856642 31073 tablet_copy_service.cc:342] P fd7baa926e2348b2a951c1010f625a36: Request end of tablet copy session 74c95257aebd40f2abaa85de4207f96b-6c724373f6234f3b86f0307cc3e104a4 received from {username='slave'} at 127.0.0.1:33656
I20260608 12:58:26.857159 31073 tablet_copy_service.cc:434] P fd7baa926e2348b2a951c1010f625a36: ending tablet copy session 74c95257aebd40f2abaa85de4207f96b-6c724373f6234f3b86f0307cc3e104a4 on tablet 6c724373f6234f3b86f0307cc3e104a4 with peer 74c95257aebd40f2abaa85de4207f96b
I20260608 12:58:27.257627 30939 auto_leader_rebalancer.cc:140] leader rebalance for table test-workload
I20260608 12:58:27.260632 30939 auto_leader_rebalancer.cc:388] table: test-workload, leader rebalance finish, leader transfer count: 0
I20260608 12:58:27.261111 30939 auto_leader_rebalancer.cc:451] All tables' leader rebalancing finished this round
I20260608 12:58:27.364033 31265 raft_consensus.cc:1217] T 6c724373f6234f3b86f0307cc3e104a4 P 74c95257aebd40f2abaa85de4207f96b [term 2 LEARNER]: Deduplicated request from leader. Original: 2.2->[2.3-2.3]   Dedup: 2.3->[]
I20260608 12:58:27.769622 31298 raft_consensus.cc:1064] T 6c724373f6234f3b86f0307cc3e104a4 P fd7baa926e2348b2a951c1010f625a36: attempting to promote NON_VOTER 74c95257aebd40f2abaa85de4207f96b to VOTER
I20260608 12:58:27.772132 31298 consensus_queue.cc:237] T 6c724373f6234f3b86f0307cc3e104a4 P fd7baa926e2348b2a951c1010f625a36 [LEADER]: Queue going to LEADER mode. State: All replicated index: 0, Majority replicated index: 3, Committed index: 3, Last appended: 2.3, Last appended by leader: 1, Current term: 2, Majority size: 3, State: 0, Mode: LEADER, active raft config: opid_index: 4 OBSOLETE_local: false peers { permanent_uuid: "1e850cfcbba54ae58e557689763f3b0d" member_type: VOTER last_known_addr { host: "127.28.139.65" port: 41449 } attrs { replace: true } } peers { permanent_uuid: "fd7baa926e2348b2a951c1010f625a36" member_type: VOTER last_known_addr { host: "127.28.139.66" port: 39927 } } peers { permanent_uuid: "4c24ed07dda04e79a241ab31f06c1443" member_type: VOTER last_known_addr { host: "127.28.139.67" port: 44901 } } peers { permanent_uuid: "74c95257aebd40f2abaa85de4207f96b" member_type: VOTER last_known_addr { host: "127.28.139.68" port: 34729 } attrs { promote: false } }
I20260608 12:58:27.779477 31136 raft_consensus.cc:1275] T 6c724373f6234f3b86f0307cc3e104a4 P 4c24ed07dda04e79a241ab31f06c1443 [term 2 FOLLOWER]: Refusing update from remote peer fd7baa926e2348b2a951c1010f625a36: Log matching property violated. Preceding OpId in replica: term: 2 index: 3. Preceding OpId from leader: term: 2 index: 4. (index mismatch)
I20260608 12:58:27.780516 30988 raft_consensus.cc:1275] T 6c724373f6234f3b86f0307cc3e104a4 P 1e850cfcbba54ae58e557689763f3b0d [term 2 FOLLOWER]: Refusing update from remote peer fd7baa926e2348b2a951c1010f625a36: Log matching property violated. Preceding OpId in replica: term: 2 index: 3. Preceding OpId from leader: term: 2 index: 4. (index mismatch)
I20260608 12:58:27.781003 31265 raft_consensus.cc:1275] T 6c724373f6234f3b86f0307cc3e104a4 P 74c95257aebd40f2abaa85de4207f96b [term 2 LEARNER]: Refusing update from remote peer fd7baa926e2348b2a951c1010f625a36: Log matching property violated. Preceding OpId in replica: term: 2 index: 3. Preceding OpId from leader: term: 2 index: 4. (index mismatch)
I20260608 12:58:27.781167 31298 consensus_queue.cc:1048] T 6c724373f6234f3b86f0307cc3e104a4 P fd7baa926e2348b2a951c1010f625a36 [LEADER]: Connected to new peer: Peer: permanent_uuid: "4c24ed07dda04e79a241ab31f06c1443" member_type: VOTER last_known_addr { host: "127.28.139.67" port: 44901 }, Status: LMP_MISMATCH, Last received: 0.0, Next index: 4, Last known committed idx: 3, Time since last communication: 0.000s
I20260608 12:58:27.783517 31314 consensus_queue.cc:1048] T 6c724373f6234f3b86f0307cc3e104a4 P fd7baa926e2348b2a951c1010f625a36 [LEADER]: Connected to new peer: Peer: permanent_uuid: "1e850cfcbba54ae58e557689763f3b0d" member_type: VOTER last_known_addr { host: "127.28.139.65" port: 41449 } attrs { replace: true }, Status: LMP_MISMATCH, Last received: 0.0, Next index: 4, Last known committed idx: 3, Time since last communication: 0.000s
I20260608 12:58:27.784539 31315 consensus_queue.cc:1048] T 6c724373f6234f3b86f0307cc3e104a4 P fd7baa926e2348b2a951c1010f625a36 [LEADER]: Connected to new peer: Peer: permanent_uuid: "74c95257aebd40f2abaa85de4207f96b" member_type: VOTER last_known_addr { host: "127.28.139.68" port: 34729 } attrs { promote: false }, Status: LMP_MISMATCH, Last received: 0.0, Next index: 4, Last known committed idx: 3, Time since last communication: 0.001s
I20260608 12:58:27.797593 31298 raft_consensus.cc:2955] T 6c724373f6234f3b86f0307cc3e104a4 P fd7baa926e2348b2a951c1010f625a36 [term 2 LEADER]: Committing config change with OpId 2.4: config changed from index 3 to 4, 74c95257aebd40f2abaa85de4207f96b (127.28.139.68) changed from NON_VOTER to VOTER. New config: { opid_index: 4 OBSOLETE_local: false peers { permanent_uuid: "1e850cfcbba54ae58e557689763f3b0d" member_type: VOTER last_known_addr { host: "127.28.139.65" port: 41449 } attrs { replace: true } } peers { permanent_uuid: "fd7baa926e2348b2a951c1010f625a36" member_type: VOTER last_known_addr { host: "127.28.139.66" port: 39927 } } peers { permanent_uuid: "4c24ed07dda04e79a241ab31f06c1443" member_type: VOTER last_known_addr { host: "127.28.139.67" port: 44901 } } peers { permanent_uuid: "74c95257aebd40f2abaa85de4207f96b" member_type: VOTER last_known_addr { host: "127.28.139.68" port: 34729 } attrs { promote: false } } }
I20260608 12:58:27.799790 31136 raft_consensus.cc:2955] T 6c724373f6234f3b86f0307cc3e104a4 P 4c24ed07dda04e79a241ab31f06c1443 [term 2 FOLLOWER]: Committing config change with OpId 2.4: config changed from index 3 to 4, 74c95257aebd40f2abaa85de4207f96b (127.28.139.68) changed from NON_VOTER to VOTER. New config: { opid_index: 4 OBSOLETE_local: false peers { permanent_uuid: "1e850cfcbba54ae58e557689763f3b0d" member_type: VOTER last_known_addr { host: "127.28.139.65" port: 41449 } attrs { replace: true } } peers { permanent_uuid: "fd7baa926e2348b2a951c1010f625a36" member_type: VOTER last_known_addr { host: "127.28.139.66" port: 39927 } } peers { permanent_uuid: "4c24ed07dda04e79a241ab31f06c1443" member_type: VOTER last_known_addr { host: "127.28.139.67" port: 44901 } } peers { permanent_uuid: "74c95257aebd40f2abaa85de4207f96b" member_type: VOTER last_known_addr { host: "127.28.139.68" port: 34729 } attrs { promote: false } } }
I20260608 12:58:27.816527 31265 raft_consensus.cc:2955] T 6c724373f6234f3b86f0307cc3e104a4 P 74c95257aebd40f2abaa85de4207f96b [term 2 FOLLOWER]: Committing config change with OpId 2.4: config changed from index 3 to 4, 74c95257aebd40f2abaa85de4207f96b (127.28.139.68) changed from NON_VOTER to VOTER. New config: { opid_index: 4 OBSOLETE_local: false peers { permanent_uuid: "1e850cfcbba54ae58e557689763f3b0d" member_type: VOTER last_known_addr { host: "127.28.139.65" port: 41449 } attrs { replace: true } } peers { permanent_uuid: "fd7baa926e2348b2a951c1010f625a36" member_type: VOTER last_known_addr { host: "127.28.139.66" port: 39927 } } peers { permanent_uuid: "4c24ed07dda04e79a241ab31f06c1443" member_type: VOTER last_known_addr { host: "127.28.139.67" port: 44901 } } peers { permanent_uuid: "74c95257aebd40f2abaa85de4207f96b" member_type: VOTER last_known_addr { host: "127.28.139.68" port: 34729 } attrs { promote: false } } }
I20260608 12:58:27.821161 30988 raft_consensus.cc:2955] T 6c724373f6234f3b86f0307cc3e104a4 P 1e850cfcbba54ae58e557689763f3b0d [term 2 FOLLOWER]: Committing config change with OpId 2.4: config changed from index 3 to 4, 74c95257aebd40f2abaa85de4207f96b (127.28.139.68) changed from NON_VOTER to VOTER. New config: { opid_index: 4 OBSOLETE_local: false peers { permanent_uuid: "1e850cfcbba54ae58e557689763f3b0d" member_type: VOTER last_known_addr { host: "127.28.139.65" port: 41449 } attrs { replace: true } } peers { permanent_uuid: "fd7baa926e2348b2a951c1010f625a36" member_type: VOTER last_known_addr { host: "127.28.139.66" port: 39927 } } peers { permanent_uuid: "4c24ed07dda04e79a241ab31f06c1443" member_type: VOTER last_known_addr { host: "127.28.139.67" port: 44901 } } peers { permanent_uuid: "74c95257aebd40f2abaa85de4207f96b" member_type: VOTER last_known_addr { host: "127.28.139.68" port: 34729 } attrs { promote: false } } }
I20260608 12:58:27.826177 30886 catalog_manager.cc:5696] T 6c724373f6234f3b86f0307cc3e104a4 P fd7baa926e2348b2a951c1010f625a36 reported cstate change: config changed from index 3 to 4, 74c95257aebd40f2abaa85de4207f96b (127.28.139.68) changed from NON_VOTER to VOTER. New cstate: current_term: 2 leader_uuid: "fd7baa926e2348b2a951c1010f625a36" committed_config { opid_index: 4 OBSOLETE_local: false peers { permanent_uuid: "1e850cfcbba54ae58e557689763f3b0d" member_type: VOTER last_known_addr { host: "127.28.139.65" port: 41449 } attrs { replace: true } health_report { overall_health: HEALTHY } } peers { permanent_uuid: "fd7baa926e2348b2a951c1010f625a36" member_type: VOTER last_known_addr { host: "127.28.139.66" port: 39927 } health_report { overall_health: HEALTHY } } peers { permanent_uuid: "4c24ed07dda04e79a241ab31f06c1443" member_type: VOTER last_known_addr { host: "127.28.139.67" port: 44901 } health_report { overall_health: HEALTHY } } peers { permanent_uuid: "74c95257aebd40f2abaa85de4207f96b" member_type: VOTER last_known_addr { host: "127.28.139.68" port: 34729 } attrs { promote: false } health_report { overall_health: HEALTHY } } }
I20260608 12:58:27.853199 31063 consensus_queue.cc:237] T 6c724373f6234f3b86f0307cc3e104a4 P fd7baa926e2348b2a951c1010f625a36 [LEADER]: Queue going to LEADER mode. State: All replicated index: 0, Majority replicated index: 4, Committed index: 4, Last appended: 2.4, Last appended by leader: 1, Current term: 2, Majority size: 2, State: 0, Mode: LEADER, active raft config: opid_index: 5 OBSOLETE_local: false peers { permanent_uuid: "fd7baa926e2348b2a951c1010f625a36" member_type: VOTER last_known_addr { host: "127.28.139.66" port: 39927 } } peers { permanent_uuid: "4c24ed07dda04e79a241ab31f06c1443" member_type: VOTER last_known_addr { host: "127.28.139.67" port: 44901 } } peers { permanent_uuid: "74c95257aebd40f2abaa85de4207f96b" member_type: VOTER last_known_addr { host: "127.28.139.68" port: 34729 } attrs { promote: false } }
I20260608 12:58:27.860136 31265 raft_consensus.cc:1275] T 6c724373f6234f3b86f0307cc3e104a4 P 74c95257aebd40f2abaa85de4207f96b [term 2 FOLLOWER]: Refusing update from remote peer fd7baa926e2348b2a951c1010f625a36: Log matching property violated. Preceding OpId in replica: term: 2 index: 4. Preceding OpId from leader: term: 2 index: 5. (index mismatch)
I20260608 12:58:27.861321 31136 raft_consensus.cc:1275] T 6c724373f6234f3b86f0307cc3e104a4 P 4c24ed07dda04e79a241ab31f06c1443 [term 2 FOLLOWER]: Refusing update from remote peer fd7baa926e2348b2a951c1010f625a36: Log matching property violated. Preceding OpId in replica: term: 2 index: 4. Preceding OpId from leader: term: 2 index: 5. (index mismatch)
I20260608 12:58:27.861920 31298 consensus_queue.cc:1048] T 6c724373f6234f3b86f0307cc3e104a4 P fd7baa926e2348b2a951c1010f625a36 [LEADER]: Connected to new peer: Peer: permanent_uuid: "74c95257aebd40f2abaa85de4207f96b" member_type: VOTER last_known_addr { host: "127.28.139.68" port: 34729 } attrs { promote: false }, Status: LMP_MISMATCH, Last received: 0.0, Next index: 5, Last known committed idx: 4, Time since last communication: 0.000s
