I20260608 12:58:04.248112 29875 consensus_queue.cc:237] T 66858986088047eb91b32caefe684cba P 877afbbb75474b41ac42e6e246635663 [LEADER]: Queue going to LEADER mode. State: All replicated index: 0, Majority replicated index: 1, Committed index: 1, Last appended: 1.1, Last appended by leader: 0, Current term: 1, Majority size: 2, State: 0, Mode: LEADER, active raft config: opid_index: 2 OBSOLETE_local: false peers { permanent_uuid: "55e4c597edfa4607ac3ee1e79ef3a0ab" member_type: VOTER last_known_addr { host: "127.28.115.129" port: 37461 } } peers { permanent_uuid: "877afbbb75474b41ac42e6e246635663" member_type: VOTER last_known_addr { host: "127.28.115.130" port: 44175 } } peers { permanent_uuid: "11ff696f73304150bc759d61a400a214" member_type: VOTER last_known_addr { host: "127.28.115.131" port: 38631 } attrs { replace: true } } peers { permanent_uuid: "0b9c72bee13445d8a81a323ad0bc9a9c" member_type: NON_VOTER last_known_addr { host: "127.28.115.132" port: 42349 } attrs { promote: true } }
I20260608 12:58:04.248950 29696 catalog_manager.cc:5696] T 023a150ce3ba4dbb9780e3c26fdaa667 P 877afbbb75474b41ac42e6e246635663 reported cstate change: config changed from index -1 to 3, NON_VOTER 0b9c72bee13445d8a81a323ad0bc9a9c (127.28.115.132) added. New cstate: current_term: 3 leader_uuid: "55e4c597edfa4607ac3ee1e79ef3a0ab" committed_config { opid_index: 3 OBSOLETE_local: false peers { permanent_uuid: "55e4c597edfa4607ac3ee1e79ef3a0ab" member_type: VOTER last_known_addr { host: "127.28.115.129" port: 37461 } } peers { permanent_uuid: "11ff696f73304150bc759d61a400a214" member_type: VOTER last_known_addr { host: "127.28.115.131" port: 38631 } attrs { replace: true } } peers { permanent_uuid: "877afbbb75474b41ac42e6e246635663" member_type: VOTER last_known_addr { host: "127.28.115.130" port: 44175 } } peers { permanent_uuid: "0b9c72bee13445d8a81a323ad0bc9a9c" member_type: NON_VOTER last_known_addr { host: "127.28.115.132" port: 42349 } attrs { promote: true } } }
I20260608 12:58:04.272890 29798 raft_consensus.cc:1275] T 66858986088047eb91b32caefe684cba P 55e4c597edfa4607ac3ee1e79ef3a0ab [term 1 FOLLOWER]: Refusing update from remote peer 877afbbb75474b41ac42e6e246635663: Log matching property violated. Preceding OpId in replica: term: 1 index: 1. Preceding OpId from leader: term: 1 index: 2. (index mismatch)
I20260608 12:58:04.273528 29948 raft_consensus.cc:1275] T 66858986088047eb91b32caefe684cba P 11ff696f73304150bc759d61a400a214 [term 1 FOLLOWER]: Refusing update from remote peer 877afbbb75474b41ac42e6e246635663: Log matching property violated. Preceding OpId in replica: term: 1 index: 1. Preceding OpId from leader: term: 1 index: 2. (index mismatch)
W20260608 12:58:04.274724 29841 consensus_peers.cc:597] T 66858986088047eb91b32caefe684cba P 877afbbb75474b41ac42e6e246635663 -> Peer 0b9c72bee13445d8a81a323ad0bc9a9c (127.28.115.132:42349): Couldn't send request to peer 0b9c72bee13445d8a81a323ad0bc9a9c. Error code: TABLET_NOT_FOUND (6). Status: Not found: Tablet not found: 66858986088047eb91b32caefe684cba. This is attempt 1: this message will repeat every 5th retry.
I20260608 12:58:04.275630 30159 consensus_queue.cc:1048] T 66858986088047eb91b32caefe684cba P 877afbbb75474b41ac42e6e246635663 [LEADER]: Connected to new peer: Peer: permanent_uuid: "55e4c597edfa4607ac3ee1e79ef3a0ab" member_type: VOTER last_known_addr { host: "127.28.115.129" port: 37461 }, Status: LMP_MISMATCH, Last received: 0.0, Next index: 2, Last known committed idx: 1, Time since last communication: 0.000s
I20260608 12:58:04.276633 30179 consensus_queue.cc:1048] T 66858986088047eb91b32caefe684cba P 877afbbb75474b41ac42e6e246635663 [LEADER]: Connected to new peer: Peer: permanent_uuid: "11ff696f73304150bc759d61a400a214" member_type: VOTER last_known_addr { host: "127.28.115.131" port: 38631 } attrs { replace: true }, Status: LMP_MISMATCH, Last received: 0.0, Next index: 2, Last known committed idx: 1, Time since last communication: 0.000s
I20260608 12:58:04.284832 30159 raft_consensus.cc:2955] T 66858986088047eb91b32caefe684cba P 877afbbb75474b41ac42e6e246635663 [term 1 LEADER]: Committing config change with OpId 1.2: config changed from index -1 to 2, NON_VOTER 0b9c72bee13445d8a81a323ad0bc9a9c (127.28.115.132) added. New config: { opid_index: 2 OBSOLETE_local: false peers { permanent_uuid: "55e4c597edfa4607ac3ee1e79ef3a0ab" member_type: VOTER last_known_addr { host: "127.28.115.129" port: 37461 } } peers { permanent_uuid: "877afbbb75474b41ac42e6e246635663" member_type: VOTER last_known_addr { host: "127.28.115.130" port: 44175 } } peers { permanent_uuid: "11ff696f73304150bc759d61a400a214" member_type: VOTER last_known_addr { host: "127.28.115.131" port: 38631 } attrs { replace: true } } peers { permanent_uuid: "0b9c72bee13445d8a81a323ad0bc9a9c" member_type: NON_VOTER last_known_addr { host: "127.28.115.132" port: 42349 } attrs { promote: true } } }
I20260608 12:58:04.286753 29798 raft_consensus.cc:2955] T 66858986088047eb91b32caefe684cba P 55e4c597edfa4607ac3ee1e79ef3a0ab [term 1 FOLLOWER]: Committing config change with OpId 1.2: config changed from index -1 to 2, NON_VOTER 0b9c72bee13445d8a81a323ad0bc9a9c (127.28.115.132) added. New config: { opid_index: 2 OBSOLETE_local: false peers { permanent_uuid: "55e4c597edfa4607ac3ee1e79ef3a0ab" member_type: VOTER last_known_addr { host: "127.28.115.129" port: 37461 } } peers { permanent_uuid: "877afbbb75474b41ac42e6e246635663" member_type: VOTER last_known_addr { host: "127.28.115.130" port: 44175 } } peers { permanent_uuid: "11ff696f73304150bc759d61a400a214" member_type: VOTER last_known_addr { host: "127.28.115.131" port: 38631 } attrs { replace: true } } peers { permanent_uuid: "0b9c72bee13445d8a81a323ad0bc9a9c" member_type: NON_VOTER last_known_addr { host: "127.28.115.132" port: 42349 } attrs { promote: true } } }
I20260608 12:58:04.287374 29948 raft_consensus.cc:2955] T 66858986088047eb91b32caefe684cba P 11ff696f73304150bc759d61a400a214 [term 1 FOLLOWER]: Committing config change with OpId 1.2: config changed from index -1 to 2, NON_VOTER 0b9c72bee13445d8a81a323ad0bc9a9c (127.28.115.132) added. New config: { opid_index: 2 OBSOLETE_local: false peers { permanent_uuid: "55e4c597edfa4607ac3ee1e79ef3a0ab" member_type: VOTER last_known_addr { host: "127.28.115.129" port: 37461 } } peers { permanent_uuid: "877afbbb75474b41ac42e6e246635663" member_type: VOTER last_known_addr { host: "127.28.115.130" port: 44175 } } peers { permanent_uuid: "11ff696f73304150bc759d61a400a214" member_type: VOTER last_known_addr { host: "127.28.115.131" port: 38631 } attrs { replace: true } } peers { permanent_uuid: "0b9c72bee13445d8a81a323ad0bc9a9c" member_type: NON_VOTER last_known_addr { host: "127.28.115.132" port: 42349 } attrs { promote: true } } }
I20260608 12:58:04.297210 29693 catalog_manager.cc:5696] T 66858986088047eb91b32caefe684cba P 11ff696f73304150bc759d61a400a214 reported cstate change: config changed from index -1 to 2, NON_VOTER 0b9c72bee13445d8a81a323ad0bc9a9c (127.28.115.132) added. New cstate: current_term: 1 leader_uuid: "877afbbb75474b41ac42e6e246635663" committed_config { opid_index: 2 OBSOLETE_local: false peers { permanent_uuid: "55e4c597edfa4607ac3ee1e79ef3a0ab" member_type: VOTER last_known_addr { host: "127.28.115.129" port: 37461 } } peers { permanent_uuid: "877afbbb75474b41ac42e6e246635663" member_type: VOTER last_known_addr { host: "127.28.115.130" port: 44175 } } peers { permanent_uuid: "11ff696f73304150bc759d61a400a214" member_type: VOTER last_known_addr { host: "127.28.115.131" port: 38631 } attrs { replace: true } } peers { permanent_uuid: "0b9c72bee13445d8a81a323ad0bc9a9c" member_type: NON_VOTER last_known_addr { host: "127.28.115.132" port: 42349 } attrs { promote: true } } }
I20260608 12:58:04.413681 29134 tablet_server.cc:179] TabletServer@127.28.115.129:0 shutting down...
I20260608 12:58:04.451061 29134 ts_tablet_manager.cc:1507] Shutting down tablet manager...
I20260608 12:58:04.451965 29134 tablet_replica.cc:333] T fec027c89e564c1096afe4f6b47bf3c6 P 55e4c597edfa4607ac3ee1e79ef3a0ab: stopping tablet replica
I20260608 12:58:04.453018 29134 raft_consensus.cc:2243] T fec027c89e564c1096afe4f6b47bf3c6 P 55e4c597edfa4607ac3ee1e79ef3a0ab [term 1 LEADER]: Raft consensus shutting down.
I20260608 12:58:04.454103 29134 raft_consensus.cc:2272] T fec027c89e564c1096afe4f6b47bf3c6 P 55e4c597edfa4607ac3ee1e79ef3a0ab [term 1 FOLLOWER]: Raft consensus is shut down!
I20260608 12:58:04.456534 29134 tablet_replica.cc:333] T 5a66fa2c53a44d339cd486951deb0a8e P 55e4c597edfa4607ac3ee1e79ef3a0ab: stopping tablet replica
I20260608 12:58:04.457087 29134 raft_consensus.cc:2243] T 5a66fa2c53a44d339cd486951deb0a8e P 55e4c597edfa4607ac3ee1e79ef3a0ab [term 1 FOLLOWER]: Raft consensus shutting down.
I20260608 12:58:04.457587 29134 raft_consensus.cc:2272] T 5a66fa2c53a44d339cd486951deb0a8e P 55e4c597edfa4607ac3ee1e79ef3a0ab [term 1 FOLLOWER]: Raft consensus is shut down!
I20260608 12:58:04.460059 29134 tablet_replica.cc:333] T 023a150ce3ba4dbb9780e3c26fdaa667 P 55e4c597edfa4607ac3ee1e79ef3a0ab: stopping tablet replica
I20260608 12:58:04.460619 29134 raft_consensus.cc:2243] T 023a150ce3ba4dbb9780e3c26fdaa667 P 55e4c597edfa4607ac3ee1e79ef3a0ab [term 3 LEADER]: Raft consensus shutting down.
I20260608 12:58:04.461489 29134 raft_consensus.cc:2272] T 023a150ce3ba4dbb9780e3c26fdaa667 P 55e4c597edfa4607ac3ee1e79ef3a0ab [term 3 FOLLOWER]: Raft consensus is shut down!
I20260608 12:58:04.463898 29134 tablet_replica.cc:333] T e15af43fcd4f40589e7226e606ea9a0f P 55e4c597edfa4607ac3ee1e79ef3a0ab: stopping tablet replica
I20260608 12:58:04.464500 29134 raft_consensus.cc:2243] T e15af43fcd4f40589e7226e606ea9a0f P 55e4c597edfa4607ac3ee1e79ef3a0ab [term 1 FOLLOWER]: Raft consensus shutting down.
I20260608 12:58:04.464972 29134 raft_consensus.cc:2272] T e15af43fcd4f40589e7226e606ea9a0f P 55e4c597edfa4607ac3ee1e79ef3a0ab [term 1 FOLLOWER]: Raft consensus is shut down!
I20260608 12:58:04.467011 29134 tablet_replica.cc:333] T 8206178428d04dfeb8fe2e512189bfb7 P 55e4c597edfa4607ac3ee1e79ef3a0ab: stopping tablet replica
I20260608 12:58:04.467525 29134 raft_consensus.cc:2243] T 8206178428d04dfeb8fe2e512189bfb7 P 55e4c597edfa4607ac3ee1e79ef3a0ab [term 1 FOLLOWER]: Raft consensus shutting down.
I20260608 12:58:04.467976 29134 raft_consensus.cc:2272] T 8206178428d04dfeb8fe2e512189bfb7 P 55e4c597edfa4607ac3ee1e79ef3a0ab [term 1 FOLLOWER]: Raft consensus is shut down!
I20260608 12:58:04.470371 29134 tablet_replica.cc:333] T 66858986088047eb91b32caefe684cba P 55e4c597edfa4607ac3ee1e79ef3a0ab: stopping tablet replica
I20260608 12:58:04.470908 29134 raft_consensus.cc:2243] T 66858986088047eb91b32caefe684cba P 55e4c597edfa4607ac3ee1e79ef3a0ab [term 1 FOLLOWER]: Raft consensus shutting down.
I20260608 12:58:04.471343 29134 raft_consensus.cc:2272] T 66858986088047eb91b32caefe684cba P 55e4c597edfa4607ac3ee1e79ef3a0ab [term 1 FOLLOWER]: Raft consensus is shut down!
I20260608 12:58:04.473387 29134 tablet_replica.cc:333] T a2bc8d607ed747c8a08faa74346ba728 P 55e4c597edfa4607ac3ee1e79ef3a0ab: stopping tablet replica
I20260608 12:58:04.473966 29134 raft_consensus.cc:2243] T a2bc8d607ed747c8a08faa74346ba728 P 55e4c597edfa4607ac3ee1e79ef3a0ab [term 1 FOLLOWER]: Raft consensus shutting down.
I20260608 12:58:04.474381 29134 raft_consensus.cc:2272] T a2bc8d607ed747c8a08faa74346ba728 P 55e4c597edfa4607ac3ee1e79ef3a0ab [term 1 FOLLOWER]: Raft consensus is shut down!
I20260608 12:58:04.476219 29134 tablet_replica.cc:333] T 9fdb462a10e24fc288a554f7700ee9e8 P 55e4c597edfa4607ac3ee1e79ef3a0ab: stopping tablet replica
I20260608 12:58:04.476682 29134 raft_consensus.cc:2243] T 9fdb462a10e24fc288a554f7700ee9e8 P 55e4c597edfa4607ac3ee1e79ef3a0ab [term 1 FOLLOWER]: Raft consensus shutting down.
I20260608 12:58:04.477089 29134 raft_consensus.cc:2272] T 9fdb462a10e24fc288a554f7700ee9e8 P 55e4c597edfa4607ac3ee1e79ef3a0ab [term 1 FOLLOWER]: Raft consensus is shut down!
I20260608 12:58:04.498385 29134 tablet_server.cc:196] TabletServer@127.28.115.129:0 shutdown complete.
I20260608 12:58:04.517679 29134 tablet_server.cc:179] TabletServer@127.28.115.130:0 shutting down...
I20260608 12:58:04.556174 29134 ts_tablet_manager.cc:1507] Shutting down tablet manager...
I20260608 12:58:04.557495 29134 tablet_replica.cc:333] T fec027c89e564c1096afe4f6b47bf3c6 P 877afbbb75474b41ac42e6e246635663: stopping tablet replica
I20260608 12:58:04.558321 29134 raft_consensus.cc:2243] T fec027c89e564c1096afe4f6b47bf3c6 P 877afbbb75474b41ac42e6e246635663 [term 1 FOLLOWER]: Raft consensus shutting down.
I20260608 12:58:04.559013 29134 raft_consensus.cc:2272] T fec027c89e564c1096afe4f6b47bf3c6 P 877afbbb75474b41ac42e6e246635663 [term 1 FOLLOWER]: Raft consensus is shut down!
I20260608 12:58:04.561594 29134 tablet_replica.cc:333] T 66858986088047eb91b32caefe684cba P 877afbbb75474b41ac42e6e246635663: stopping tablet replica
I20260608 12:58:04.562192 29134 raft_consensus.cc:2243] T 66858986088047eb91b32caefe684cba P 877afbbb75474b41ac42e6e246635663 [term 1 LEADER]: Raft consensus shutting down.
I20260608 12:58:04.563138 29134 raft_consensus.cc:2272] T 66858986088047eb91b32caefe684cba P 877afbbb75474b41ac42e6e246635663 [term 1 FOLLOWER]: Raft consensus is shut down!
I20260608 12:58:04.566241 29134 tablet_replica.cc:333] T a2bc8d607ed747c8a08faa74346ba728 P 877afbbb75474b41ac42e6e246635663: stopping tablet replica
I20260608 12:58:04.566764 29134 raft_consensus.cc:2243] T a2bc8d607ed747c8a08faa74346ba728 P 877afbbb75474b41ac42e6e246635663 [term 1 FOLLOWER]: Raft consensus shutting down.
I20260608 12:58:04.567181 29134 raft_consensus.cc:2272] T a2bc8d607ed747c8a08faa74346ba728 P 877afbbb75474b41ac42e6e246635663 [term 1 FOLLOWER]: Raft consensus is shut down!
I20260608 12:58:04.568986 29134 tablet_replica.cc:333] T 5a66fa2c53a44d339cd486951deb0a8e P 877afbbb75474b41ac42e6e246635663: stopping tablet replica
I20260608 12:58:04.569532 29134 raft_consensus.cc:2243] T 5a66fa2c53a44d339cd486951deb0a8e P 877afbbb75474b41ac42e6e246635663 [term 1 LEADER]: Raft consensus shutting down.
I20260608 12:58:04.570498 29134 raft_consensus.cc:2272] T 5a66fa2c53a44d339cd486951deb0a8e P 877afbbb75474b41ac42e6e246635663 [term 1 FOLLOWER]: Raft consensus is shut down!
I20260608 12:58:04.572986 29134 tablet_replica.cc:333] T 8206178428d04dfeb8fe2e512189bfb7 P 877afbbb75474b41ac42e6e246635663: stopping tablet replica
I20260608 12:58:04.573503 29134 raft_consensus.cc:2243] T 8206178428d04dfeb8fe2e512189bfb7 P 877afbbb75474b41ac42e6e246635663 [term 1 FOLLOWER]: Raft consensus shutting down.
I20260608 12:58:04.573995 29134 raft_consensus.cc:2272] T 8206178428d04dfeb8fe2e512189bfb7 P 877afbbb75474b41ac42e6e246635663 [term 1 FOLLOWER]: Raft consensus is shut down!
I20260608 12:58:04.576102 29134 tablet_replica.cc:333] T 023a150ce3ba4dbb9780e3c26fdaa667 P 877afbbb75474b41ac42e6e246635663: stopping tablet replica
I20260608 12:58:04.576612 29134 raft_consensus.cc:2243] T 023a150ce3ba4dbb9780e3c26fdaa667 P 877afbbb75474b41ac42e6e246635663 [term 3 FOLLOWER]: Raft consensus shutting down.
I20260608 12:58:04.577047 29134 raft_consensus.cc:2272] T 023a150ce3ba4dbb9780e3c26fdaa667 P 877afbbb75474b41ac42e6e246635663 [term 3 FOLLOWER]: Raft consensus is shut down!
I20260608 12:58:04.579474 29134 tablet_replica.cc:333] T e15af43fcd4f40589e7226e606ea9a0f P 877afbbb75474b41ac42e6e246635663: stopping tablet replica
I20260608 12:58:04.579965 29134 raft_consensus.cc:2243] T e15af43fcd4f40589e7226e606ea9a0f P 877afbbb75474b41ac42e6e246635663 [term 1 FOLLOWER]: Raft consensus shutting down.
I20260608 12:58:04.580348 29134 raft_consensus.cc:2272] T e15af43fcd4f40589e7226e606ea9a0f P 877afbbb75474b41ac42e6e246635663 [term 1 FOLLOWER]: Raft consensus is shut down!
I20260608 12:58:04.582261 29134 tablet_replica.cc:333] T 9fdb462a10e24fc288a554f7700ee9e8 P 877afbbb75474b41ac42e6e246635663: stopping tablet replica
I20260608 12:58:04.582728 29134 raft_consensus.cc:2243] T 9fdb462a10e24fc288a554f7700ee9e8 P 877afbbb75474b41ac42e6e246635663 [term 1 LEADER]: Raft consensus shutting down.
I20260608 12:58:04.583478 29134 raft_consensus.cc:2272] T 9fdb462a10e24fc288a554f7700ee9e8 P 877afbbb75474b41ac42e6e246635663 [term 1 FOLLOWER]: Raft consensus is shut down!
I20260608 12:58:04.587483 30205 ts_tablet_manager.cc:933] T 8206178428d04dfeb8fe2e512189bfb7 P 0b9c72bee13445d8a81a323ad0bc9a9c: Initiating tablet copy from peer 11ff696f73304150bc759d61a400a214 (127.28.115.131:38631)
I20260608 12:58:04.590760 30205 tablet_copy_client.cc:323] T 8206178428d04dfeb8fe2e512189bfb7 P 0b9c72bee13445d8a81a323ad0bc9a9c: tablet copy: Beginning tablet copy session from remote peer at address 127.28.115.131:38631
W20260608 12:58:04.605054 29914 proxy.cc:239] Call had error, refreshing address and retrying: Network error: Client connection negotiation failed: client connection to 127.28.115.129:37461: connect: Connection refused (error 111) [suppressed 5 similar messages]
I20260608 12:58:04.605675 29959 tablet_copy_service.cc:140] P 11ff696f73304150bc759d61a400a214: Received BeginTabletCopySession request for tablet 8206178428d04dfeb8fe2e512189bfb7 from peer 0b9c72bee13445d8a81a323ad0bc9a9c ({username='slave'} at 127.0.0.1:33460)
I20260608 12:58:04.606379 29959 tablet_copy_service.cc:161] P 11ff696f73304150bc759d61a400a214: Beginning new tablet copy session on tablet 8206178428d04dfeb8fe2e512189bfb7 from peer 0b9c72bee13445d8a81a323ad0bc9a9c at {username='slave'} at 127.0.0.1:33460: session id = 0b9c72bee13445d8a81a323ad0bc9a9c-8206178428d04dfeb8fe2e512189bfb7
W20260608 12:58:04.612546 29914 consensus_peers.cc:597] T a2bc8d607ed747c8a08faa74346ba728 P 11ff696f73304150bc759d61a400a214 -> Peer 55e4c597edfa4607ac3ee1e79ef3a0ab (127.28.115.129:37461): Couldn't send request to peer 55e4c597edfa4607ac3ee1e79ef3a0ab. Status: Network error: Client connection negotiation failed: client connection to 127.28.115.129:37461: connect: Connection refused (error 111). This is attempt 1: this message will repeat every 5th retry.
I20260608 12:58:04.616037 29959 tablet_copy_source_session.cc:215] T 8206178428d04dfeb8fe2e512189bfb7 P 11ff696f73304150bc759d61a400a214: Tablet Copy: opened 0 blocks and 1 log segments
W20260608 12:58:04.617877 29914 consensus_peers.cc:597] T 8206178428d04dfeb8fe2e512189bfb7 P 11ff696f73304150bc759d61a400a214 -> Peer 55e4c597edfa4607ac3ee1e79ef3a0ab (127.28.115.129:37461): Couldn't send request to peer 55e4c597edfa4607ac3ee1e79ef3a0ab. Status: Network error: Client connection negotiation failed: client connection to 127.28.115.129:37461: connect: Connection refused (error 111). This is attempt 1: this message will repeat every 5th retry.
I20260608 12:58:04.618337 29134 tablet_server.cc:196] TabletServer@127.28.115.130:0 shutdown complete.
I20260608 12:58:04.619904 30205 data_dirs.cc:400] Could only allocate 1 dirs of requested 3 for tablet 8206178428d04dfeb8fe2e512189bfb7. 1 dirs total, 0 dirs full, 0 dirs failed
I20260608 12:58:04.637967 30205 tablet_copy_client.cc:806] T 8206178428d04dfeb8fe2e512189bfb7 P 0b9c72bee13445d8a81a323ad0bc9a9c: tablet copy: Starting download of 0 data blocks...
I20260608 12:58:04.638741 30205 tablet_copy_client.cc:670] T 8206178428d04dfeb8fe2e512189bfb7 P 0b9c72bee13445d8a81a323ad0bc9a9c: tablet copy: Starting download of 1 WAL segments...
I20260608 12:58:04.644192 30205 tablet_copy_client.cc:538] T 8206178428d04dfeb8fe2e512189bfb7 P 0b9c72bee13445d8a81a323ad0bc9a9c: tablet copy: Tablet Copy complete. Replacing tablet superblock.
I20260608 12:58:04.646199 29134 tablet_server.cc:179] TabletServer@127.28.115.131:0 shutting down...
I20260608 12:58:04.656044 30205 tablet_bootstrap.cc:492] T 8206178428d04dfeb8fe2e512189bfb7 P 0b9c72bee13445d8a81a323ad0bc9a9c: Bootstrap starting.
I20260608 12:58:04.664716 29134 tablet_copy_service.cc:362] P 11ff696f73304150bc759d61a400a214: Destroying tablet copy session 0b9c72bee13445d8a81a323ad0bc9a9c-8206178428d04dfeb8fe2e512189bfb7 due to service shutdown
I20260608 12:58:04.665227 29134 tablet_copy_service.cc:434] P 11ff696f73304150bc759d61a400a214: ending tablet copy session 0b9c72bee13445d8a81a323ad0bc9a9c-8206178428d04dfeb8fe2e512189bfb7 on tablet 8206178428d04dfeb8fe2e512189bfb7 with peer 0b9c72bee13445d8a81a323ad0bc9a9c
I20260608 12:58:04.684926 29134 ts_tablet_manager.cc:1507] Shutting down tablet manager...
I20260608 12:58:04.685941 29134 tablet_replica.cc:333] T 9fdb462a10e24fc288a554f7700ee9e8 P 11ff696f73304150bc759d61a400a214: stopping tablet replica
I20260608 12:58:04.687166 30205 tablet_bootstrap.cc:492] T 8206178428d04dfeb8fe2e512189bfb7 P 0b9c72bee13445d8a81a323ad0bc9a9c: Bootstrap replayed 1/1 log segments. Stats: ops{read=2 overwritten=0 applied=2 ignored=0} inserts{seen=0 ignored=0} mutations{seen=0 ignored=0} orphaned_commits=0. Pending: 0 replicates
I20260608 12:58:04.686903 29134 raft_consensus.cc:2243] T 9fdb462a10e24fc288a554f7700ee9e8 P 11ff696f73304150bc759d61a400a214 [term 1 FOLLOWER]: Raft consensus shutting down.
I20260608 12:58:04.688097 30205 tablet_bootstrap.cc:492] T 8206178428d04dfeb8fe2e512189bfb7 P 0b9c72bee13445d8a81a323ad0bc9a9c: Bootstrap complete.
I20260608 12:58:04.688030 29134 raft_consensus.cc:2272] T 9fdb462a10e24fc288a554f7700ee9e8 P 11ff696f73304150bc759d61a400a214 [term 1 FOLLOWER]: Raft consensus is shut down!
I20260608 12:58:04.688822 30205 ts_tablet_manager.cc:1403] T 8206178428d04dfeb8fe2e512189bfb7 P 0b9c72bee13445d8a81a323ad0bc9a9c: Time spent bootstrapping tablet: real 0.033s	user 0.018s	sys 0.007s
I20260608 12:58:04.691042 29134 tablet_replica.cc:333] T 8206178428d04dfeb8fe2e512189bfb7 P 11ff696f73304150bc759d61a400a214: stopping tablet replica
I20260608 12:58:04.691476 30205 raft_consensus.cc:359] T 8206178428d04dfeb8fe2e512189bfb7 P 0b9c72bee13445d8a81a323ad0bc9a9c [term 1 LEARNER]: Replica starting. Triggering 0 pending ops. Active config: opid_index: 2 OBSOLETE_local: false peers { permanent_uuid: "55e4c597edfa4607ac3ee1e79ef3a0ab" member_type: VOTER last_known_addr { host: "127.28.115.129" port: 37461 } } peers { permanent_uuid: "877afbbb75474b41ac42e6e246635663" member_type: VOTER last_known_addr { host: "127.28.115.130" port: 44175 } attrs { replace: true } } peers { permanent_uuid: "11ff696f73304150bc759d61a400a214" member_type: VOTER last_known_addr { host: "127.28.115.131" port: 38631 } } peers { permanent_uuid: "0b9c72bee13445d8a81a323ad0bc9a9c" member_type: NON_VOTER last_known_addr { host: "127.28.115.132" port: 42349 } attrs { promote: true } }
I20260608 12:58:04.691846 29134 raft_consensus.cc:2243] T 8206178428d04dfeb8fe2e512189bfb7 P 11ff696f73304150bc759d61a400a214 [term 1 LEADER]: Raft consensus shutting down.
I20260608 12:58:04.692158 30205 raft_consensus.cc:740] T 8206178428d04dfeb8fe2e512189bfb7 P 0b9c72bee13445d8a81a323ad0bc9a9c [term 1 LEARNER]: Becoming Follower/Learner. State: Replica: 0b9c72bee13445d8a81a323ad0bc9a9c, State: Initialized, Role: LEARNER
I20260608 12:58:04.692735 30205 consensus_queue.cc:260] T 8206178428d04dfeb8fe2e512189bfb7 P 0b9c72bee13445d8a81a323ad0bc9a9c [NON_LEADER]: Queue going to NON_LEADER mode. State: All replicated index: 0, Majority replicated index: 0, Committed index: 2, Last appended: 1.2, Last appended by leader: 2, Current term: 0, Majority size: -1, State: 0, Mode: NON_LEADER, active raft config: opid_index: 2 OBSOLETE_local: false peers { permanent_uuid: "55e4c597edfa4607ac3ee1e79ef3a0ab" member_type: VOTER last_known_addr { host: "127.28.115.129" port: 37461 } } peers { permanent_uuid: "877afbbb75474b41ac42e6e246635663" member_type: VOTER last_known_addr { host: "127.28.115.130" port: 44175 } attrs { replace: true } } peers { permanent_uuid: "11ff696f73304150bc759d61a400a214" member_type: VOTER last_known_addr { host: "127.28.115.131" port: 38631 } } peers { permanent_uuid: "0b9c72bee13445d8a81a323ad0bc9a9c" member_type: NON_VOTER last_known_addr { host: "127.28.115.132" port: 42349 } attrs { promote: true } }
I20260608 12:58:04.693116 29134 raft_consensus.cc:2272] T 8206178428d04dfeb8fe2e512189bfb7 P 11ff696f73304150bc759d61a400a214 [term 1 FOLLOWER]: Raft consensus is shut down!
I20260608 12:58:04.695928 29134 tablet_replica.cc:333] T 5a66fa2c53a44d339cd486951deb0a8e P 11ff696f73304150bc759d61a400a214: stopping tablet replica
I20260608 12:58:04.696766 29134 raft_consensus.cc:2243] T 5a66fa2c53a44d339cd486951deb0a8e P 11ff696f73304150bc759d61a400a214 [term 1 FOLLOWER]: Raft consensus shutting down.
I20260608 12:58:04.697350 29134 raft_consensus.cc:2272] T 5a66fa2c53a44d339cd486951deb0a8e P 11ff696f73304150bc759d61a400a214 [term 1 FOLLOWER]: Raft consensus is shut down!
I20260608 12:58:04.697887 30205 ts_tablet_manager.cc:1434] T 8206178428d04dfeb8fe2e512189bfb7 P 0b9c72bee13445d8a81a323ad0bc9a9c: Time spent starting tablet: real 0.009s	user 0.009s	sys 0.000s
I20260608 12:58:04.700860 29134 tablet_replica.cc:333] T 023a150ce3ba4dbb9780e3c26fdaa667 P 11ff696f73304150bc759d61a400a214: stopping tablet replica
I20260608 12:58:04.701604 29134 raft_consensus.cc:2243] T 023a150ce3ba4dbb9780e3c26fdaa667 P 11ff696f73304150bc759d61a400a214 [term 3 FOLLOWER]: Raft consensus shutting down.
I20260608 12:58:04.702200 29134 raft_consensus.cc:2272] T 023a150ce3ba4dbb9780e3c26fdaa667 P 11ff696f73304150bc759d61a400a214 [term 3 FOLLOWER]: Raft consensus is shut down!
I20260608 12:58:04.704579 29134 tablet_replica.cc:333] T e15af43fcd4f40589e7226e606ea9a0f P 11ff696f73304150bc759d61a400a214: stopping tablet replica
I20260608 12:58:04.705258 29134 raft_consensus.cc:2243] T e15af43fcd4f40589e7226e606ea9a0f P 11ff696f73304150bc759d61a400a214 [term 1 LEADER]: Raft consensus shutting down.
I20260608 12:58:04.706662 29134 raft_consensus.cc:2272] T e15af43fcd4f40589e7226e606ea9a0f P 11ff696f73304150bc759d61a400a214 [term 1 FOLLOWER]: Raft consensus is shut down!
I20260608 12:58:04.708855 29134 tablet_replica.cc:333] T a2bc8d607ed747c8a08faa74346ba728 P 11ff696f73304150bc759d61a400a214: stopping tablet replica
I20260608 12:58:04.709365 29134 raft_consensus.cc:2243] T a2bc8d607ed747c8a08faa74346ba728 P 11ff696f73304150bc759d61a400a214 [term 1 LEADER]: Raft consensus shutting down.
I20260608 12:58:04.710268 29134 raft_consensus.cc:2272] T a2bc8d607ed747c8a08faa74346ba728 P 11ff696f73304150bc759d61a400a214 [term 1 FOLLOWER]: Raft consensus is shut down!
I20260608 12:58:04.712643 29134 tablet_replica.cc:333] T 66858986088047eb91b32caefe684cba P 11ff696f73304150bc759d61a400a214: stopping tablet replica
I20260608 12:58:04.713120 29134 raft_consensus.cc:2243] T 66858986088047eb91b32caefe684cba P 11ff696f73304150bc759d61a400a214 [term 1 FOLLOWER]: Raft consensus shutting down.
I20260608 12:58:04.713541 29134 raft_consensus.cc:2272] T 66858986088047eb91b32caefe684cba P 11ff696f73304150bc759d61a400a214 [term 1 FOLLOWER]: Raft consensus is shut down!
I20260608 12:58:04.715708 29134 tablet_replica.cc:333] T fec027c89e564c1096afe4f6b47bf3c6 P 11ff696f73304150bc759d61a400a214: stopping tablet replica
I20260608 12:58:04.716176 29134 raft_consensus.cc:2243] T fec027c89e564c1096afe4f6b47bf3c6 P 11ff696f73304150bc759d61a400a214 [term 1 FOLLOWER]: Raft consensus shutting down.
I20260608 12:58:04.716548 29134 raft_consensus.cc:2272] T fec027c89e564c1096afe4f6b47bf3c6 P 11ff696f73304150bc759d61a400a214 [term 1 FOLLOWER]: Raft consensus is shut down!
I20260608 12:58:04.745415 29134 tablet_server.cc:196] TabletServer@127.28.115.131:0 shutdown complete.
W20260608 12:58:04.746791 30205 tablet_copy_client.cc:1131] T 8206178428d04dfeb8fe2e512189bfb7 P 0b9c72bee13445d8a81a323ad0bc9a9c: tablet copy: Unable to close tablet copy session: Network error: failure ending tablet copy session: Client connection negotiation failed: client connection to 127.28.115.131:38631: connect: Connection refused (error 111)
I20260608 12:58:04.773142 29134 tablet_server.cc:179] TabletServer@127.28.115.132:0 shutting down...
I20260608 12:58:04.810398 29134 ts_tablet_manager.cc:1507] Shutting down tablet manager...
I20260608 12:58:04.811528 29134 tablet_replica.cc:333] T 8206178428d04dfeb8fe2e512189bfb7 P 0b9c72bee13445d8a81a323ad0bc9a9c: stopping tablet replica
I20260608 12:58:04.812187 29134 raft_consensus.cc:2243] T 8206178428d04dfeb8fe2e512189bfb7 P 0b9c72bee13445d8a81a323ad0bc9a9c [term 1 LEARNER]: Raft consensus shutting down.
I20260608 12:58:04.812659 29134 raft_consensus.cc:2272] T 8206178428d04dfeb8fe2e512189bfb7 P 0b9c72bee13445d8a81a323ad0bc9a9c [term 1 LEARNER]: Raft consensus is shut down!
I20260608 12:58:04.832448 29134 tablet_server.cc:196] TabletServer@127.28.115.132:0 shutdown complete.
I20260608 12:58:04.842231 29134 master.cc:562] Master@127.28.115.190:45757 shutting down...
W20260608 12:58:04.873471 29746 auto_rebalancer.cc:835] Removing replace marker failed: Catalog manager is not initialized. State: Closing
W20260608 12:58:04.873769 29746 auto_rebalancer.cc:863] Could not move replica: Service unavailable: Catalog manager is not initialized. State: Closing
W20260608 12:58:04.874043 29746 auto_rebalancer.cc:301] scheduled replica move failed to complete: Service unavailable: Catalog manager is not initialized. State: Closing
I20260608 12:58:04.875155 29134 raft_consensus.cc:2243] T 00000000000000000000000000000000 P 997336aacc23406ca25ec91826ec2fbe [term 1 LEADER]: Raft consensus shutting down.
I20260608 12:58:04.875630 29134 raft_consensus.cc:2272] T 00000000000000000000000000000000 P 997336aacc23406ca25ec91826ec2fbe [term 1 FOLLOWER]: Raft consensus is shut down!
I20260608 12:58:04.875957 29134 tablet_replica.cc:333] T 00000000000000000000000000000000 P 997336aacc23406ca25ec91826ec2fbe: stopping tablet replica
I20260608 12:58:04.896366 29134 master.cc:584] Master@127.28.115.190:45757 shutdown complete.
[       OK ] AutoRebalancerTest.AutoRebalancingTurnOffAndOn (11003 ms)
[ RUN      ] AutoRebalancerTest.NextLeaderResumesAutoRebalancing
I20260608 12:58:04.935669 29134 internal_mini_cluster.cc:156] Creating distributed mini masters. Addrs: 127.28.115.190:45169,127.28.115.189:35431,127.28.115.188:45937
I20260608 12:58:04.937134 29134 file_cache.cc:492] Constructed file cache file cache with capacity 419430
W20260608 12:58:04.943315 30211 instance_detector.cc:116] could not retrieve AWS instance metadata: Network error: curl error: HTTP response code said error: The requested URL returned error: 404
W20260608 12:58:04.943318 30212 instance_detector.cc:116] could not retrieve Azure instance metadata: Network error: curl error: HTTP response code said error: The requested URL returned error: 404
W20260608 12:58:04.944284 30214 instance_detector.cc:116] could not retrieve OpenStack instance metadata: Network error: curl error: HTTP response code said error: The requested URL returned error: 404
I20260608 12:58:04.945722 29134 server_base.cc:1061] running on GCE node
I20260608 12:58:04.946501 29134 hybrid_clock.cc:584] initializing the hybrid clock with 'system_unsync' time source
W20260608 12:58:04.946703 29134 system_unsync_time.cc:38] NTP support is disabled. Clock error bounds will not be accurate. This configuration is not suitable for distributed clusters.
I20260608 12:58:04.946842 29134 hybrid_clock.cc:648] HybridClock initialized: now 1780923484946829 us; error 0 us; skew 500 ppm
I20260608 12:58:04.947436 29134 server_base.cc:861] Flag tcmalloc_max_total_thread_cache_bytes is not working since tcmalloc is not enabled.
I20260608 12:58:04.949885 29134 webserver.cc:533] Webserver started at http://127.28.115.190:36485/ using document root <none> and password file <none>
I20260608 12:58:04.950485 29134 fs_manager.cc:362] Metadata directory not provided
I20260608 12:58:04.950682 29134 fs_manager.cc:368] Using write-ahead log directory (fs_wal_dir) as metadata directory
I20260608 12:58:04.950969 29134 server_base.cc:909] This appears to be a new deployment of Kudu; creating new FS layout
I20260608 12:58:04.952051 29134 fs_manager.cc:1068] Generated new instance metadata in path /tmp/dist-test-taskShS2Cj/test-tmp/auto_rebalancer-test.0.AutoRebalancerTest.NextLeaderResumesAutoRebalancing.1780923468703150-29134-0/minicluster-data/master-0-root/instance:
uuid: "3d639acfeced4913ba6f35340d10698c"
format_stamp: "Formatted at 2026-06-08 12:58:04 on dist-test-slave-z4jm"
I20260608 12:58:04.956519 29134 fs_manager.cc:696] Time spent creating directory manager: real 0.004s	user 0.006s	sys 0.000s
I20260608 12:58:04.959928 30219 log_block_manager.cc:4031] Time spent loading block containers with low live blocks: real 0.000s	user 0.000s	sys 0.000s
I20260608 12:58:04.960821 29134 fs_manager.cc:730] Time spent opening block manager: real 0.002s	user 0.002s	sys 0.000s
I20260608 12:58:04.961076 29134 fs_manager.cc:647] Opened local filesystem: /tmp/dist-test-taskShS2Cj/test-tmp/auto_rebalancer-test.0.AutoRebalancerTest.NextLeaderResumesAutoRebalancing.1780923468703150-29134-0/minicluster-data/master-0-root
uuid: "3d639acfeced4913ba6f35340d10698c"
format_stamp: "Formatted at 2026-06-08 12:58:04 on dist-test-slave-z4jm"
I20260608 12:58:04.961328 29134 fs_report.cc:389] FS layout report
--------------------
wal directory: /tmp/dist-test-taskShS2Cj/test-tmp/auto_rebalancer-test.0.AutoRebalancerTest.NextLeaderResumesAutoRebalancing.1780923468703150-29134-0/minicluster-data/master-0-root
metadata directory: /tmp/dist-test-taskShS2Cj/test-tmp/auto_rebalancer-test.0.AutoRebalancerTest.NextLeaderResumesAutoRebalancing.1780923468703150-29134-0/minicluster-data/master-0-root
1 data directories: /tmp/dist-test-taskShS2Cj/test-tmp/auto_rebalancer-test.0.AutoRebalancerTest.NextLeaderResumesAutoRebalancing.1780923468703150-29134-0/minicluster-data/master-0-root/data
Total live blocks: 0
Total live bytes: 0
Total live bytes (after alignment): 0
Total number of LBM containers: 0 (0 full)
Did not check for missing blocks
Did not check for orphaned blocks
Total full LBM containers with extra space: 0 (0 repaired)
Total full LBM container extra space in bytes: 0 (0 repaired)
Total incomplete LBM containers: 0 (0 repaired)
Total LBM partial records: 0 (0 repaired)
Total corrupted LBM metadata records in RocksDB: 0 (0 repaired)
I20260608 12:58:04.983201 29134 rpc_server.cc:225] running with OpenSSL 1.1.1  11 Sep 2018
I20260608 12:58:04.984427 29134 kserver.cc:163] Server-wide thread pool size limit: 3276
I20260608 12:58:05.022883 29134 rpc_server.cc:307] RPC server started. Bound to: 127.28.115.190:45169
I20260608 12:58:05.023018 30270 acceptor_pool.cc:272] collecting diagnostics on the listening RPC socket 127.28.115.190:45169 every 8 connection(s)
I20260608 12:58:05.027168 30271 data_dirs.cc:400] Could only allocate 1 dirs of requested 3 for tablet 00000000000000000000000000000000. 1 dirs total, 0 dirs full, 0 dirs failed
I20260608 12:58:05.027187 29134 file_cache.cc:492] Constructed file cache file cache with capacity 419430
W20260608 12:58:05.032688 30273 instance_detector.cc:116] could not retrieve AWS instance metadata: Network error: curl error: HTTP response code said error: The requested URL returned error: 404
W20260608 12:58:05.034376 30274 instance_detector.cc:116] could not retrieve Azure instance metadata: Network error: curl error: HTTP response code said error: The requested URL returned error: 404
W20260608 12:58:05.035776 30276 instance_detector.cc:116] could not retrieve OpenStack instance metadata: Network error: curl error: HTTP response code said error: The requested URL returned error: 404
I20260608 12:58:05.036659 29134 server_base.cc:1061] running on GCE node
I20260608 12:58:05.037061 30271 sys_catalog.cc:422] member_type: VOTER last_known_addr { host: "127.28.115.190" port: 45169 } has no permanent_uuid. Determining permanent_uuid...
I20260608 12:58:05.037647 29134 hybrid_clock.cc:584] initializing the hybrid clock with 'system_unsync' time source
W20260608 12:58:05.037901 29134 system_unsync_time.cc:38] NTP support is disabled. Clock error bounds will not be accurate. This configuration is not suitable for distributed clusters.
I20260608 12:58:05.038100 29134 hybrid_clock.cc:648] HybridClock initialized: now 1780923485038080 us; error 0 us; skew 500 ppm
I20260608 12:58:05.039016 29134 server_base.cc:861] Flag tcmalloc_max_total_thread_cache_bytes is not working since tcmalloc is not enabled.
I20260608 12:58:05.042354 29134 webserver.cc:533] Webserver started at http://127.28.115.189:41947/ using document root <none> and password file <none>
I20260608 12:58:05.043108 29134 fs_manager.cc:362] Metadata directory not provided
I20260608 12:58:05.043377 29134 fs_manager.cc:368] Using write-ahead log directory (fs_wal_dir) as metadata directory
I20260608 12:58:05.043673 29134 server_base.cc:909] This appears to be a new deployment of Kudu; creating new FS layout
I20260608 12:58:05.045039 29134 fs_manager.cc:1068] Generated new instance metadata in path /tmp/dist-test-taskShS2Cj/test-tmp/auto_rebalancer-test.0.AutoRebalancerTest.NextLeaderResumesAutoRebalancing.1780923468703150-29134-0/minicluster-data/master-1-root/instance:
uuid: "84976e1866ef4b92930fa3ac076fd454"
format_stamp: "Formatted at 2026-06-08 12:58:05 on dist-test-slave-z4jm"
I20260608 12:58:05.051326 29134 fs_manager.cc:696] Time spent creating directory manager: real 0.006s	user 0.006s	sys 0.002s
I20260608 12:58:05.052297 30271 sys_catalog.cc:422] member_type: VOTER last_known_addr { host: "127.28.115.189" port: 35431 } has no permanent_uuid. Determining permanent_uuid...
I20260608 12:58:05.055724 30283 log_block_manager.cc:4031] Time spent loading block containers with low live blocks: real 0.000s	user 0.000s	sys 0.000s
I20260608 12:58:05.056890 29134 fs_manager.cc:730] Time spent opening block manager: real 0.003s	user 0.004s	sys 0.000s
I20260608 12:58:05.057240 29134 fs_manager.cc:647] Opened local filesystem: /tmp/dist-test-taskShS2Cj/test-tmp/auto_rebalancer-test.0.AutoRebalancerTest.NextLeaderResumesAutoRebalancing.1780923468703150-29134-0/minicluster-data/master-1-root
uuid: "84976e1866ef4b92930fa3ac076fd454"
format_stamp: "Formatted at 2026-06-08 12:58:05 on dist-test-slave-z4jm"
I20260608 12:58:05.057569 29134 fs_report.cc:389] FS layout report
--------------------
wal directory: /tmp/dist-test-taskShS2Cj/test-tmp/auto_rebalancer-test.0.AutoRebalancerTest.NextLeaderResumesAutoRebalancing.1780923468703150-29134-0/minicluster-data/master-1-root
metadata directory: /tmp/dist-test-taskShS2Cj/test-tmp/auto_rebalancer-test.0.AutoRebalancerTest.NextLeaderResumesAutoRebalancing.1780923468703150-29134-0/minicluster-data/master-1-root
1 data directories: /tmp/dist-test-taskShS2Cj/test-tmp/auto_rebalancer-test.0.AutoRebalancerTest.NextLeaderResumesAutoRebalancing.1780923468703150-29134-0/minicluster-data/master-1-root/data
Total live blocks: 0
Total live bytes: 0
Total live bytes (after alignment): 0
Total number of LBM containers: 0 (0 full)
Did not check for missing blocks
Did not check for orphaned blocks
Total full LBM containers with extra space: 0 (0 repaired)
Total full LBM container extra space in bytes: 0 (0 repaired)
Total incomplete LBM containers: 0 (0 repaired)
Total LBM partial records: 0 (0 repaired)
Total corrupted LBM metadata records in RocksDB: 0 (0 repaired)
W20260608 12:58:05.058791 30271 consensus_peers.cc:760] Error getting permanent uuid from config peer 127.28.115.189:35431: Network error: Client connection negotiation failed: client connection to 127.28.115.189:35431: connect: Connection refused (error 111)
I20260608 12:58:05.083782 29134 rpc_server.cc:225] running with OpenSSL 1.1.1  11 Sep 2018
I20260608 12:58:05.085120 29134 kserver.cc:163] Server-wide thread pool size limit: 3276
I20260608 12:58:05.095376 30271 consensus_peers.cc:770] Retrying to get permanent uuid for remote peer: member_type: VOTER last_known_addr { host: "127.28.115.189" port: 35431 } attempt: 1
W20260608 12:58:05.100976 30271 consensus_peers.cc:760] Error getting permanent uuid from config peer 127.28.115.189:35431: Network error: Client connection negotiation failed: client connection to 127.28.115.189:35431: connect: Connection refused (error 111)
I20260608 12:58:05.128834 29134 rpc_server.cc:307] RPC server started. Bound to: 127.28.115.189:35431
I20260608 12:58:05.128939 30335 acceptor_pool.cc:272] collecting diagnostics on the listening RPC socket 127.28.115.189:35431 every 8 connection(s)
I20260608 12:58:05.133126 29134 file_cache.cc:492] Constructed file cache file cache with capacity 419430
I20260608 12:58:05.133332 30336 data_dirs.cc:400] Could only allocate 1 dirs of requested 3 for tablet 00000000000000000000000000000000. 1 dirs total, 0 dirs full, 0 dirs failed
W20260608 12:58:05.139293 30338 instance_detector.cc:116] could not retrieve AWS instance metadata: Network error: curl error: HTTP response code said error: The requested URL returned error: 404
I20260608 12:58:05.139523 30271 consensus_peers.cc:770] Retrying to get permanent uuid for remote peer: member_type: VOTER last_known_addr { host: "127.28.115.189" port: 35431 } attempt: 2
I20260608 12:58:05.141641 30336 sys_catalog.cc:422] member_type: VOTER last_known_addr { host: "127.28.115.190" port: 45169 } has no permanent_uuid. Determining permanent_uuid...
I20260608 12:58:05.146427 29134 server_base.cc:1061] running on GCE node
W20260608 12:58:05.148366 30341 instance_detector.cc:116] could not retrieve OpenStack instance metadata: Network error: curl error: HTTP response code said error: The requested URL returned error: 404
W20260608 12:58:05.149061 30339 instance_detector.cc:116] could not retrieve Azure instance metadata: Network error: curl error: HTTP response code said error: The requested URL returned error: 404
I20260608 12:58:05.151350 29134 hybrid_clock.cc:584] initializing the hybrid clock with 'system_unsync' time source
W20260608 12:58:05.151678 29134 system_unsync_time.cc:38] NTP support is disabled. Clock error bounds will not be accurate. This configuration is not suitable for distributed clusters.
I20260608 12:58:05.151899 29134 hybrid_clock.cc:648] HybridClock initialized: now 1780923485151880 us; error 0 us; skew 500 ppm
I20260608 12:58:05.152735 29134 server_base.cc:861] Flag tcmalloc_max_total_thread_cache_bytes is not working since tcmalloc is not enabled.
I20260608 12:58:05.158303 29134 webserver.cc:533] Webserver started at http://127.28.115.188:37311/ using document root <none> and password file <none>
I20260608 12:58:05.159144 29134 fs_manager.cc:362] Metadata directory not provided
I20260608 12:58:05.159348 30336 sys_catalog.cc:422] member_type: VOTER last_known_addr { host: "127.28.115.189" port: 35431 } has no permanent_uuid. Determining permanent_uuid...
I20260608 12:58:05.159600 29134 fs_manager.cc:368] Using write-ahead log directory (fs_wal_dir) as metadata directory
I20260608 12:58:05.160157 29134 server_base.cc:909] This appears to be a new deployment of Kudu; creating new FS layout
I20260608 12:58:05.161304 30271 sys_catalog.cc:422] member_type: VOTER last_known_addr { host: "127.28.115.188" port: 45937 } has no permanent_uuid. Determining permanent_uuid...
I20260608 12:58:05.161917 29134 fs_manager.cc:1068] Generated new instance metadata in path /tmp/dist-test-taskShS2Cj/test-tmp/auto_rebalancer-test.0.AutoRebalancerTest.NextLeaderResumesAutoRebalancing.1780923468703150-29134-0/minicluster-data/master-2-root/instance:
uuid: "f063ed73602c460e9beadc28965b6c0b"
format_stamp: "Formatted at 2026-06-08 12:58:05 on dist-test-slave-z4jm"
I20260608 12:58:05.168445 29134 fs_manager.cc:696] Time spent creating directory manager: real 0.006s	user 0.006s	sys 0.000s
W20260608 12:58:05.168638 30271 consensus_peers.cc:760] Error getting permanent uuid from config peer 127.28.115.188:45937: Network error: Client connection negotiation failed: client connection to 127.28.115.188:45937: connect: Connection refused (error 111)
I20260608 12:58:05.172413 30336 sys_catalog.cc:422] member_type: VOTER last_known_addr { host: "127.28.115.188" port: 45937 } has no permanent_uuid. Determining permanent_uuid...
I20260608 12:58:05.173209 30348 log_block_manager.cc:4031] Time spent loading block containers with low live blocks: real 0.000s	user 0.000s	sys 0.000s
I20260608 12:58:05.174225 29134 fs_manager.cc:730] Time spent opening block manager: real 0.003s	user 0.001s	sys 0.002s
I20260608 12:58:05.174592 29134 fs_manager.cc:647] Opened local filesystem: /tmp/dist-test-taskShS2Cj/test-tmp/auto_rebalancer-test.0.AutoRebalancerTest.NextLeaderResumesAutoRebalancing.1780923468703150-29134-0/minicluster-data/master-2-root
uuid: "f063ed73602c460e9beadc28965b6c0b"
format_stamp: "Formatted at 2026-06-08 12:58:05 on dist-test-slave-z4jm"
I20260608 12:58:05.174921 29134 fs_report.cc:389] FS layout report
--------------------
wal directory: /tmp/dist-test-taskShS2Cj/test-tmp/auto_rebalancer-test.0.AutoRebalancerTest.NextLeaderResumesAutoRebalancing.1780923468703150-29134-0/minicluster-data/master-2-root
metadata directory: /tmp/dist-test-taskShS2Cj/test-tmp/auto_rebalancer-test.0.AutoRebalancerTest.NextLeaderResumesAutoRebalancing.1780923468703150-29134-0/minicluster-data/master-2-root
1 data directories: /tmp/dist-test-taskShS2Cj/test-tmp/auto_rebalancer-test.0.AutoRebalancerTest.NextLeaderResumesAutoRebalancing.1780923468703150-29134-0/minicluster-data/master-2-root/data
Total live blocks: 0
Total live bytes: 0
Total live bytes (after alignment): 0
Total number of LBM containers: 0 (0 full)
Did not check for missing blocks
Did not check for orphaned blocks
Total full LBM containers with extra space: 0 (0 repaired)
Total full LBM container extra space in bytes: 0 (0 repaired)
Total incomplete LBM containers: 0 (0 repaired)
Total LBM partial records: 0 (0 repaired)
Total corrupted LBM metadata records in RocksDB: 0 (0 repaired)
W20260608 12:58:05.178318 30336 consensus_peers.cc:760] Error getting permanent uuid from config peer 127.28.115.188:45937: Network error: Client connection negotiation failed: client connection to 127.28.115.188:45937: connect: Connection refused (error 111)
I20260608 12:58:05.190936 29134 rpc_server.cc:225] running with OpenSSL 1.1.1  11 Sep 2018
I20260608 12:58:05.192059 29134 kserver.cc:163] Server-wide thread pool size limit: 3276
I20260608 12:58:05.231060 29134 rpc_server.cc:307] RPC server started. Bound to: 127.28.115.188:45937
I20260608 12:58:05.231138 30400 acceptor_pool.cc:272] collecting diagnostics on the listening RPC socket 127.28.115.188:45937 every 8 connection(s)
I20260608 12:58:05.231158 30271 consensus_peers.cc:770] Retrying to get permanent uuid for remote peer: member_type: VOTER last_known_addr { host: "127.28.115.188" port: 45937 } attempt: 1
I20260608 12:58:05.235795 29134 internal_mini_cluster.cc:184] Waiting to initialize catalog manager on master 0
I20260608 12:58:05.236925 30402 data_dirs.cc:400] Could only allocate 1 dirs of requested 3 for tablet 00000000000000000000000000000000. 1 dirs total, 0 dirs full, 0 dirs failed
I20260608 12:58:05.242882 30336 consensus_peers.cc:770] Retrying to get permanent uuid for remote peer: member_type: VOTER last_known_addr { host: "127.28.115.188" port: 45937 } attempt: 1
I20260608 12:58:05.243366 30402 sys_catalog.cc:422] member_type: VOTER last_known_addr { host: "127.28.115.190" port: 45169 } has no permanent_uuid. Determining permanent_uuid...
I20260608 12:58:05.250849 30271 tablet_bootstrap.cc:492] T 00000000000000000000000000000000 P 3d639acfeced4913ba6f35340d10698c: Bootstrap starting.
I20260608 12:58:05.257716 30271 tablet_bootstrap.cc:654] T 00000000000000000000000000000000 P 3d639acfeced4913ba6f35340d10698c: Neither blocks nor log segments found. Creating new log.
I20260608 12:58:05.258134 30402 sys_catalog.cc:422] member_type: VOTER last_known_addr { host: "127.28.115.189" port: 35431 } has no permanent_uuid. Determining permanent_uuid...
I20260608 12:58:05.262903 30336 tablet_bootstrap.cc:492] T 00000000000000000000000000000000 P 84976e1866ef4b92930fa3ac076fd454: Bootstrap starting.
I20260608 12:58:05.265691 30271 tablet_bootstrap.cc:492] T 00000000000000000000000000000000 P 3d639acfeced4913ba6f35340d10698c: No bootstrap required, opened a new log
I20260608 12:58:05.268664 30271 raft_consensus.cc:359] T 00000000000000000000000000000000 P 3d639acfeced4913ba6f35340d10698c [term 0 FOLLOWER]: Replica starting. Triggering 0 pending ops. Active config: opid_index: -1 OBSOLETE_local: false peers { permanent_uuid: "3d639acfeced4913ba6f35340d10698c" member_type: VOTER last_known_addr { host: "127.28.115.190" port: 45169 } } peers { permanent_uuid: "84976e1866ef4b92930fa3ac076fd454" member_type: VOTER last_known_addr { host: "127.28.115.189" port: 35431 } } peers { permanent_uuid: "f063ed73602c460e9beadc28965b6c0b" member_type: VOTER last_known_addr { host: "127.28.115.188" port: 45937 } }
I20260608 12:58:05.269441 30271 raft_consensus.cc:385] T 00000000000000000000000000000000 P 3d639acfeced4913ba6f35340d10698c [term 0 FOLLOWER]: Consensus starting up: Expiring failure detector timer to make a prompt election more likely
I20260608 12:58:05.269791 30271 raft_consensus.cc:740] T 00000000000000000000000000000000 P 3d639acfeced4913ba6f35340d10698c [term 0 FOLLOWER]: Becoming Follower/Learner. State: Replica: 3d639acfeced4913ba6f35340d10698c, State: Initialized, Role: FOLLOWER
I20260608 12:58:05.269968 30336 tablet_bootstrap.cc:654] T 00000000000000000000000000000000 P 84976e1866ef4b92930fa3ac076fd454: Neither blocks nor log segments found. Creating new log.
I20260608 12:58:05.270550 30402 sys_catalog.cc:422] member_type: VOTER last_known_addr { host: "127.28.115.188" port: 45937 } has no permanent_uuid. Determining permanent_uuid...
