I20260608 12:58:59.657469 32583 consensus_queue.cc:260] T a2d39454bdbf49adb04a8b3c85e25f96 P 30754f58dc18415c90b10b59011e3234 [NON_LEADER]: Queue going to NON_LEADER mode. State: All replicated index: 0, Majority replicated index: 0, Committed index: 0, Last appended: 0.0, Last appended by leader: 0, Current term: 0, Majority size: -1, State: 0, Mode: NON_LEADER, active raft config: opid_index: -1 OBSOLETE_local: false peers { permanent_uuid: "30754f58dc18415c90b10b59011e3234" member_type: VOTER last_known_addr { host: "127.28.183.65" port: 42447 } } peers { permanent_uuid: "3fdbe3af76664ae4af3e27d8845a9079" member_type: VOTER last_known_addr { host: "127.28.183.66" port: 45907 } } peers { permanent_uuid: "fe8d72d2bf014a649f6498ea6d0ad6ac" member_type: VOTER last_known_addr { host: "127.28.183.67" port: 45557 } }
I20260608 12:58:59.660966 32583 ts_tablet_manager.cc:1434] T a2d39454bdbf49adb04a8b3c85e25f96 P 30754f58dc18415c90b10b59011e3234: Time spent starting tablet: real 0.009s	user 0.004s	sys 0.004s
I20260608 12:58:59.662012 32583 tablet_bootstrap.cc:492] T 9ae6971acad14ca0b16097a5ead66d5f P 30754f58dc18415c90b10b59011e3234: Bootstrap starting.
I20260608 12:58:59.662483 32590 raft_consensus.cc:515] T 4fe8366b96664d9aac042c8c4a82ab07 P fe8d72d2bf014a649f6498ea6d0ad6ac [term 1 FOLLOWER]: Starting leader election with config: opid_index: -1 OBSOLETE_local: false peers { permanent_uuid: "30754f58dc18415c90b10b59011e3234" member_type: VOTER last_known_addr { host: "127.28.183.65" port: 42447 } } peers { permanent_uuid: "3fdbe3af76664ae4af3e27d8845a9079" member_type: VOTER last_known_addr { host: "127.28.183.66" port: 45907 } } peers { permanent_uuid: "fe8d72d2bf014a649f6498ea6d0ad6ac" member_type: VOTER last_known_addr { host: "127.28.183.67" port: 45557 } }
I20260608 12:58:59.665374 32590 leader_election.cc:290] T 4fe8366b96664d9aac042c8c4a82ab07 P fe8d72d2bf014a649f6498ea6d0ad6ac [CANDIDATE]: Term 1 election: Requested vote from peers 30754f58dc18415c90b10b59011e3234 (127.28.183.65:42447), 3fdbe3af76664ae4af3e27d8845a9079 (127.28.183.66:45907)
I20260608 12:58:59.667258 32464 tablet_service.cc:1917] Received RequestConsensusVote() RPC: tablet_id: "4fe8366b96664d9aac042c8c4a82ab07" candidate_uuid: "fe8d72d2bf014a649f6498ea6d0ad6ac" candidate_term: 1 candidate_status { last_received { term: 0 index: 0 } } ignore_live_leader: false dest_uuid: "3fdbe3af76664ae4af3e27d8845a9079"
I20260608 12:58:59.667899 32464 raft_consensus.cc:3060] T 4fe8366b96664d9aac042c8c4a82ab07 P 3fdbe3af76664ae4af3e27d8845a9079 [term 0 FOLLOWER]: Advancing to term 1
I20260608 12:58:59.668176 32585 tablet_bootstrap.cc:492] T be7014d1d8e641cbbc643831e8442563 P fe8d72d2bf014a649f6498ea6d0ad6ac: No bootstrap required, opened a new log
I20260608 12:58:59.668655 32585 ts_tablet_manager.cc:1403] T be7014d1d8e641cbbc643831e8442563 P fe8d72d2bf014a649f6498ea6d0ad6ac: Time spent bootstrapping tablet: real 0.078s	user 0.007s	sys 0.017s
I20260608 12:58:59.668737 32583 tablet_bootstrap.cc:654] T 9ae6971acad14ca0b16097a5ead66d5f P 30754f58dc18415c90b10b59011e3234: Neither blocks nor log segments found. Creating new log.
I20260608 12:58:59.667281 32389 tablet_service.cc:1917] Received RequestConsensusVote() RPC: tablet_id: "4fe8366b96664d9aac042c8c4a82ab07" candidate_uuid: "fe8d72d2bf014a649f6498ea6d0ad6ac" candidate_term: 1 candidate_status { last_received { term: 0 index: 0 } } ignore_live_leader: false dest_uuid: "30754f58dc18415c90b10b59011e3234"
I20260608 12:58:59.671752 32585 raft_consensus.cc:359] T be7014d1d8e641cbbc643831e8442563 P fe8d72d2bf014a649f6498ea6d0ad6ac [term 0 FOLLOWER]: Replica starting. Triggering 0 pending ops. Active config: opid_index: -1 OBSOLETE_local: false peers { permanent_uuid: "30754f58dc18415c90b10b59011e3234" member_type: VOTER last_known_addr { host: "127.28.183.65" port: 42447 } } peers { permanent_uuid: "3fdbe3af76664ae4af3e27d8845a9079" member_type: VOTER last_known_addr { host: "127.28.183.66" port: 45907 } } peers { permanent_uuid: "fe8d72d2bf014a649f6498ea6d0ad6ac" member_type: VOTER last_known_addr { host: "127.28.183.67" port: 45557 } }
I20260608 12:58:59.672537 32389 raft_consensus.cc:3060] T 4fe8366b96664d9aac042c8c4a82ab07 P 30754f58dc18415c90b10b59011e3234 [term 0 FOLLOWER]: Advancing to term 1
I20260608 12:58:59.672762 32585 raft_consensus.cc:385] T be7014d1d8e641cbbc643831e8442563 P fe8d72d2bf014a649f6498ea6d0ad6ac [term 0 FOLLOWER]: Consensus starting up: Expiring failure detector timer to make a prompt election more likely
I20260608 12:58:59.672999 32625 raft_consensus.cc:493] T 9ae6971acad14ca0b16097a5ead66d5f P fe8d72d2bf014a649f6498ea6d0ad6ac [term 0 FOLLOWER]: Starting pre-election (no leader contacted us within the election timeout)
I20260608 12:58:59.673163 32585 raft_consensus.cc:740] T be7014d1d8e641cbbc643831e8442563 P fe8d72d2bf014a649f6498ea6d0ad6ac [term 0 FOLLOWER]: Becoming Follower/Learner. State: Replica: fe8d72d2bf014a649f6498ea6d0ad6ac, State: Initialized, Role: FOLLOWER
I20260608 12:58:59.673743 32625 raft_consensus.cc:515] T 9ae6971acad14ca0b16097a5ead66d5f P fe8d72d2bf014a649f6498ea6d0ad6ac [term 0 FOLLOWER]: Starting pre-election with config: opid_index: -1 OBSOLETE_local: false peers { permanent_uuid: "30754f58dc18415c90b10b59011e3234" member_type: VOTER last_known_addr { host: "127.28.183.65" port: 42447 } } peers { permanent_uuid: "3fdbe3af76664ae4af3e27d8845a9079" member_type: VOTER last_known_addr { host: "127.28.183.66" port: 45907 } } peers { permanent_uuid: "fe8d72d2bf014a649f6498ea6d0ad6ac" member_type: VOTER last_known_addr { host: "127.28.183.67" port: 45557 } }
I20260608 12:58:59.674976 32585 consensus_queue.cc:260] T be7014d1d8e641cbbc643831e8442563 P fe8d72d2bf014a649f6498ea6d0ad6ac [NON_LEADER]: Queue going to NON_LEADER mode. State: All replicated index: 0, Majority replicated index: 0, Committed index: 0, Last appended: 0.0, Last appended by leader: 0, Current term: 0, Majority size: -1, State: 0, Mode: NON_LEADER, active raft config: opid_index: -1 OBSOLETE_local: false peers { permanent_uuid: "30754f58dc18415c90b10b59011e3234" member_type: VOTER last_known_addr { host: "127.28.183.65" port: 42447 } } peers { permanent_uuid: "3fdbe3af76664ae4af3e27d8845a9079" member_type: VOTER last_known_addr { host: "127.28.183.66" port: 45907 } } peers { permanent_uuid: "fe8d72d2bf014a649f6498ea6d0ad6ac" member_type: VOTER last_known_addr { host: "127.28.183.67" port: 45557 } }
I20260608 12:58:59.676363 32625 leader_election.cc:290] T 9ae6971acad14ca0b16097a5ead66d5f P fe8d72d2bf014a649f6498ea6d0ad6ac [CANDIDATE]: Term 1 pre-election: Requested pre-vote from peers 30754f58dc18415c90b10b59011e3234 (127.28.183.65:42447), 3fdbe3af76664ae4af3e27d8845a9079 (127.28.183.66:45907)
I20260608 12:58:59.677691 32585 ts_tablet_manager.cc:1434] T be7014d1d8e641cbbc643831e8442563 P fe8d72d2bf014a649f6498ea6d0ad6ac: Time spent starting tablet: real 0.009s	user 0.007s	sys 0.000s
I20260608 12:58:59.678763 32585 tablet_bootstrap.cc:492] T a2d39454bdbf49adb04a8b3c85e25f96 P fe8d72d2bf014a649f6498ea6d0ad6ac: Bootstrap starting.
I20260608 12:58:59.680442 32389 raft_consensus.cc:2468] T 4fe8366b96664d9aac042c8c4a82ab07 P 30754f58dc18415c90b10b59011e3234 [term 1 FOLLOWER]: Leader election vote request: Granting yes vote for candidate fe8d72d2bf014a649f6498ea6d0ad6ac in term 1.
I20260608 12:58:59.682801 32504 leader_election.cc:304] T 4fe8366b96664d9aac042c8c4a82ab07 P fe8d72d2bf014a649f6498ea6d0ad6ac [CANDIDATE]: Term 1 election: Election decided. Result: candidate won. Election summary: received 2 responses out of 3 voters: 2 yes votes; 0 no votes. yes voters: 30754f58dc18415c90b10b59011e3234, fe8d72d2bf014a649f6498ea6d0ad6ac; no voters: 
I20260608 12:58:59.683928 32625 raft_consensus.cc:2804] T 4fe8366b96664d9aac042c8c4a82ab07 P fe8d72d2bf014a649f6498ea6d0ad6ac [term 1 FOLLOWER]: Leader election won for term 1
I20260608 12:58:59.684176 32463 tablet_service.cc:1917] Received RequestConsensusVote() RPC: tablet_id: "9ae6971acad14ca0b16097a5ead66d5f" candidate_uuid: "fe8d72d2bf014a649f6498ea6d0ad6ac" candidate_term: 1 candidate_status { last_received { term: 0 index: 0 } } ignore_live_leader: false dest_uuid: "3fdbe3af76664ae4af3e27d8845a9079" is_pre_election: true
I20260608 12:58:59.684504 32625 raft_consensus.cc:697] T 4fe8366b96664d9aac042c8c4a82ab07 P fe8d72d2bf014a649f6498ea6d0ad6ac [term 1 LEADER]: Becoming Leader. State: Replica: fe8d72d2bf014a649f6498ea6d0ad6ac, State: Running, Role: LEADER
I20260608 12:58:59.684860 32463 raft_consensus.cc:2468] T 9ae6971acad14ca0b16097a5ead66d5f P 3fdbe3af76664ae4af3e27d8845a9079 [term 0 FOLLOWER]: Leader pre-election vote request: Granting yes vote for candidate fe8d72d2bf014a649f6498ea6d0ad6ac in term 0.
I20260608 12:58:59.685398 32389 tablet_service.cc:1917] Received RequestConsensusVote() RPC: tablet_id: "9ae6971acad14ca0b16097a5ead66d5f" candidate_uuid: "fe8d72d2bf014a649f6498ea6d0ad6ac" candidate_term: 1 candidate_status { last_received { term: 0 index: 0 } } ignore_live_leader: false dest_uuid: "30754f58dc18415c90b10b59011e3234" is_pre_election: true
I20260608 12:58:59.685667 32625 consensus_queue.cc:237] T 4fe8366b96664d9aac042c8c4a82ab07 P fe8d72d2bf014a649f6498ea6d0ad6ac [LEADER]: Queue going to LEADER mode. State: All replicated index: 0, Majority replicated index: 0, Committed index: 0, Last appended: 0.0, Last appended by leader: 0, Current term: 1, Majority size: 2, State: 0, Mode: LEADER, active raft config: opid_index: -1 OBSOLETE_local: false peers { permanent_uuid: "30754f58dc18415c90b10b59011e3234" member_type: VOTER last_known_addr { host: "127.28.183.65" port: 42447 } } peers { permanent_uuid: "3fdbe3af76664ae4af3e27d8845a9079" member_type: VOTER last_known_addr { host: "127.28.183.66" port: 45907 } } peers { permanent_uuid: "fe8d72d2bf014a649f6498ea6d0ad6ac" member_type: VOTER last_known_addr { host: "127.28.183.67" port: 45557 } }
I20260608 12:58:59.686461 32504 leader_election.cc:304] T 9ae6971acad14ca0b16097a5ead66d5f P fe8d72d2bf014a649f6498ea6d0ad6ac [CANDIDATE]: Term 1 pre-election: Election decided. Result: candidate won. Election summary: received 2 responses out of 3 voters: 2 yes votes; 0 no votes. yes voters: 3fdbe3af76664ae4af3e27d8845a9079, fe8d72d2bf014a649f6498ea6d0ad6ac; no voters: 
I20260608 12:58:59.687299 32590 raft_consensus.cc:2804] T 9ae6971acad14ca0b16097a5ead66d5f P fe8d72d2bf014a649f6498ea6d0ad6ac [term 0 FOLLOWER]: Leader pre-election won for term 1
I20260608 12:58:59.687677 32590 raft_consensus.cc:493] T 9ae6971acad14ca0b16097a5ead66d5f P fe8d72d2bf014a649f6498ea6d0ad6ac [term 0 FOLLOWER]: Starting leader election (no leader contacted us within the election timeout)
I20260608 12:58:59.688048 32590 raft_consensus.cc:3060] T 9ae6971acad14ca0b16097a5ead66d5f P fe8d72d2bf014a649f6498ea6d0ad6ac [term 0 FOLLOWER]: Advancing to term 1
I20260608 12:58:59.688148 32584 tablet_bootstrap.cc:492] T be7014d1d8e641cbbc643831e8442563 P 3fdbe3af76664ae4af3e27d8845a9079: No bootstrap required, opened a new log
I20260608 12:58:59.688868 32584 ts_tablet_manager.cc:1403] T be7014d1d8e641cbbc643831e8442563 P 3fdbe3af76664ae4af3e27d8845a9079: Time spent bootstrapping tablet: real 0.051s	user 0.017s	sys 0.011s
I20260608 12:58:59.691924 32584 raft_consensus.cc:359] T be7014d1d8e641cbbc643831e8442563 P 3fdbe3af76664ae4af3e27d8845a9079 [term 0 FOLLOWER]: Replica starting. Triggering 0 pending ops. Active config: opid_index: -1 OBSOLETE_local: false peers { permanent_uuid: "30754f58dc18415c90b10b59011e3234" member_type: VOTER last_known_addr { host: "127.28.183.65" port: 42447 } } peers { permanent_uuid: "3fdbe3af76664ae4af3e27d8845a9079" member_type: VOTER last_known_addr { host: "127.28.183.66" port: 45907 } } peers { permanent_uuid: "fe8d72d2bf014a649f6498ea6d0ad6ac" member_type: VOTER last_known_addr { host: "127.28.183.67" port: 45557 } }
I20260608 12:58:59.692651 32584 raft_consensus.cc:385] T be7014d1d8e641cbbc643831e8442563 P 3fdbe3af76664ae4af3e27d8845a9079 [term 0 FOLLOWER]: Consensus starting up: Expiring failure detector timer to make a prompt election more likely
I20260608 12:58:59.692938 32584 raft_consensus.cc:740] T be7014d1d8e641cbbc643831e8442563 P 3fdbe3af76664ae4af3e27d8845a9079 [term 0 FOLLOWER]: Becoming Follower/Learner. State: Replica: 3fdbe3af76664ae4af3e27d8845a9079, State: Initialized, Role: FOLLOWER
I20260608 12:58:59.684788 32464 raft_consensus.cc:2468] T 4fe8366b96664d9aac042c8c4a82ab07 P 3fdbe3af76664ae4af3e27d8845a9079 [term 1 FOLLOWER]: Leader election vote request: Granting yes vote for candidate fe8d72d2bf014a649f6498ea6d0ad6ac in term 1.
I20260608 12:58:59.694876 32590 raft_consensus.cc:515] T 9ae6971acad14ca0b16097a5ead66d5f P fe8d72d2bf014a649f6498ea6d0ad6ac [term 1 FOLLOWER]: Starting leader election with config: opid_index: -1 OBSOLETE_local: false peers { permanent_uuid: "30754f58dc18415c90b10b59011e3234" member_type: VOTER last_known_addr { host: "127.28.183.65" port: 42447 } } peers { permanent_uuid: "3fdbe3af76664ae4af3e27d8845a9079" member_type: VOTER last_known_addr { host: "127.28.183.66" port: 45907 } } peers { permanent_uuid: "fe8d72d2bf014a649f6498ea6d0ad6ac" member_type: VOTER last_known_addr { host: "127.28.183.67" port: 45557 } }
I20260608 12:58:59.694757 32584 consensus_queue.cc:260] T be7014d1d8e641cbbc643831e8442563 P 3fdbe3af76664ae4af3e27d8845a9079 [NON_LEADER]: Queue going to NON_LEADER mode. State: All replicated index: 0, Majority replicated index: 0, Committed index: 0, Last appended: 0.0, Last appended by leader: 0, Current term: 0, Majority size: -1, State: 0, Mode: NON_LEADER, active raft config: opid_index: -1 OBSOLETE_local: false peers { permanent_uuid: "30754f58dc18415c90b10b59011e3234" member_type: VOTER last_known_addr { host: "127.28.183.65" port: 42447 } } peers { permanent_uuid: "3fdbe3af76664ae4af3e27d8845a9079" member_type: VOTER last_known_addr { host: "127.28.183.66" port: 45907 } } peers { permanent_uuid: "fe8d72d2bf014a649f6498ea6d0ad6ac" member_type: VOTER last_known_addr { host: "127.28.183.67" port: 45557 } }
W20260608 12:58:59.696338 32504 leader_election.cc:343] T 9ae6971acad14ca0b16097a5ead66d5f P fe8d72d2bf014a649f6498ea6d0ad6ac [CANDIDATE]: Term 1 pre-election: Tablet error from VoteRequest() call to peer 30754f58dc18415c90b10b59011e3234 (127.28.183.65:42447): Illegal state: must be running to vote when last-logged opid is not known
I20260608 12:58:59.699785 32389 tablet_service.cc:1917] Received RequestConsensusVote() RPC: tablet_id: "9ae6971acad14ca0b16097a5ead66d5f" candidate_uuid: "fe8d72d2bf014a649f6498ea6d0ad6ac" candidate_term: 1 candidate_status { last_received { term: 0 index: 0 } } ignore_live_leader: false dest_uuid: "30754f58dc18415c90b10b59011e3234"
W20260608 12:58:59.701102 32504 leader_election.cc:343] T 9ae6971acad14ca0b16097a5ead66d5f P fe8d72d2bf014a649f6498ea6d0ad6ac [CANDIDATE]: Term 1 election: Tablet error from VoteRequest() call to peer 30754f58dc18415c90b10b59011e3234 (127.28.183.65:42447): Illegal state: must be running to vote when last-logged opid is not known
I20260608 12:58:59.702682 32584 ts_tablet_manager.cc:1434] T be7014d1d8e641cbbc643831e8442563 P 3fdbe3af76664ae4af3e27d8845a9079: Time spent starting tablet: real 0.013s	user 0.006s	sys 0.000s
I20260608 12:58:59.703289 32464 tablet_service.cc:1917] Received RequestConsensusVote() RPC: tablet_id: "9ae6971acad14ca0b16097a5ead66d5f" candidate_uuid: "fe8d72d2bf014a649f6498ea6d0ad6ac" candidate_term: 1 candidate_status { last_received { term: 0 index: 0 } } ignore_live_leader: false dest_uuid: "3fdbe3af76664ae4af3e27d8845a9079"
I20260608 12:58:59.703919 32464 raft_consensus.cc:3060] T 9ae6971acad14ca0b16097a5ead66d5f P 3fdbe3af76664ae4af3e27d8845a9079 [term 0 FOLLOWER]: Advancing to term 1
I20260608 12:58:59.704473 32584 tablet_bootstrap.cc:492] T 25dec72dd1114445a0d8ffd60c4fa8c3 P 3fdbe3af76664ae4af3e27d8845a9079: Bootstrap starting.
I20260608 12:58:59.705009 32583 tablet_bootstrap.cc:492] T 9ae6971acad14ca0b16097a5ead66d5f P 30754f58dc18415c90b10b59011e3234: No bootstrap required, opened a new log
I20260608 12:58:59.705585 32583 ts_tablet_manager.cc:1403] T 9ae6971acad14ca0b16097a5ead66d5f P 30754f58dc18415c90b10b59011e3234: Time spent bootstrapping tablet: real 0.044s	user 0.007s	sys 0.012s
I20260608 12:58:59.705133 32286 catalog_manager.cc:5696] T 0cbb0ad0156a4d6cb5bd6ceef2fae71b P fe8d72d2bf014a649f6498ea6d0ad6ac reported cstate change: term changed from 0 to 1, leader changed from <none> to fe8d72d2bf014a649f6498ea6d0ad6ac (127.28.183.67). New cstate: current_term: 1 leader_uuid: "fe8d72d2bf014a649f6498ea6d0ad6ac" committed_config { opid_index: -1 OBSOLETE_local: false peers { permanent_uuid: "30754f58dc18415c90b10b59011e3234" member_type: VOTER last_known_addr { host: "127.28.183.65" port: 42447 } health_report { overall_health: UNKNOWN } } peers { permanent_uuid: "3fdbe3af76664ae4af3e27d8845a9079" member_type: VOTER last_known_addr { host: "127.28.183.66" port: 45907 } health_report { overall_health: UNKNOWN } } peers { permanent_uuid: "fe8d72d2bf014a649f6498ea6d0ad6ac" member_type: VOTER last_known_addr { host: "127.28.183.67" port: 45557 } health_report { overall_health: HEALTHY } } }
I20260608 12:58:59.708472 32583 raft_consensus.cc:359] T 9ae6971acad14ca0b16097a5ead66d5f P 30754f58dc18415c90b10b59011e3234 [term 0 FOLLOWER]: Replica starting. Triggering 0 pending ops. Active config: opid_index: -1 OBSOLETE_local: false peers { permanent_uuid: "30754f58dc18415c90b10b59011e3234" member_type: VOTER last_known_addr { host: "127.28.183.65" port: 42447 } } peers { permanent_uuid: "3fdbe3af76664ae4af3e27d8845a9079" member_type: VOTER last_known_addr { host: "127.28.183.66" port: 45907 } } peers { permanent_uuid: "fe8d72d2bf014a649f6498ea6d0ad6ac" member_type: VOTER last_known_addr { host: "127.28.183.67" port: 45557 } }
I20260608 12:58:59.709101 32583 raft_consensus.cc:385] T 9ae6971acad14ca0b16097a5ead66d5f P 30754f58dc18415c90b10b59011e3234 [term 0 FOLLOWER]: Consensus starting up: Expiring failure detector timer to make a prompt election more likely
I20260608 12:58:59.709364 32583 raft_consensus.cc:740] T 9ae6971acad14ca0b16097a5ead66d5f P 30754f58dc18415c90b10b59011e3234 [term 0 FOLLOWER]: Becoming Follower/Learner. State: Replica: 30754f58dc18415c90b10b59011e3234, State: Initialized, Role: FOLLOWER
I20260608 12:58:59.710013 32583 consensus_queue.cc:260] T 9ae6971acad14ca0b16097a5ead66d5f P 30754f58dc18415c90b10b59011e3234 [NON_LEADER]: Queue going to NON_LEADER mode. State: All replicated index: 0, Majority replicated index: 0, Committed index: 0, Last appended: 0.0, Last appended by leader: 0, Current term: 0, Majority size: -1, State: 0, Mode: NON_LEADER, active raft config: opid_index: -1 OBSOLETE_local: false peers { permanent_uuid: "30754f58dc18415c90b10b59011e3234" member_type: VOTER last_known_addr { host: "127.28.183.65" port: 42447 } } peers { permanent_uuid: "3fdbe3af76664ae4af3e27d8845a9079" member_type: VOTER last_known_addr { host: "127.28.183.66" port: 45907 } } peers { permanent_uuid: "fe8d72d2bf014a649f6498ea6d0ad6ac" member_type: VOTER last_known_addr { host: "127.28.183.67" port: 45557 } }
I20260608 12:58:59.710937 32590 leader_election.cc:290] T 9ae6971acad14ca0b16097a5ead66d5f P fe8d72d2bf014a649f6498ea6d0ad6ac [CANDIDATE]: Term 1 election: Requested vote from peers 30754f58dc18415c90b10b59011e3234 (127.28.183.65:42447), 3fdbe3af76664ae4af3e27d8845a9079 (127.28.183.66:45907)
I20260608 12:58:59.711390 32584 tablet_bootstrap.cc:654] T 25dec72dd1114445a0d8ffd60c4fa8c3 P 3fdbe3af76664ae4af3e27d8845a9079: Neither blocks nor log segments found. Creating new log.
I20260608 12:58:59.714864 32464 raft_consensus.cc:2468] T 9ae6971acad14ca0b16097a5ead66d5f P 3fdbe3af76664ae4af3e27d8845a9079 [term 1 FOLLOWER]: Leader election vote request: Granting yes vote for candidate fe8d72d2bf014a649f6498ea6d0ad6ac in term 1.
I20260608 12:58:59.716059 32583 ts_tablet_manager.cc:1434] T 9ae6971acad14ca0b16097a5ead66d5f P 30754f58dc18415c90b10b59011e3234: Time spent starting tablet: real 0.010s	user 0.005s	sys 0.003s
I20260608 12:58:59.716202 32585 tablet_bootstrap.cc:654] T a2d39454bdbf49adb04a8b3c85e25f96 P fe8d72d2bf014a649f6498ea6d0ad6ac: Neither blocks nor log segments found. Creating new log.
I20260608 12:58:59.719164 32590 raft_consensus.cc:493] T be7014d1d8e641cbbc643831e8442563 P fe8d72d2bf014a649f6498ea6d0ad6ac [term 0 FOLLOWER]: Starting pre-election (no leader contacted us within the election timeout)
I20260608 12:58:59.719767 32590 raft_consensus.cc:515] T be7014d1d8e641cbbc643831e8442563 P fe8d72d2bf014a649f6498ea6d0ad6ac [term 0 FOLLOWER]: Starting pre-election with config: opid_index: -1 OBSOLETE_local: false peers { permanent_uuid: "30754f58dc18415c90b10b59011e3234" member_type: VOTER last_known_addr { host: "127.28.183.65" port: 42447 } } peers { permanent_uuid: "3fdbe3af76664ae4af3e27d8845a9079" member_type: VOTER last_known_addr { host: "127.28.183.66" port: 45907 } } peers { permanent_uuid: "fe8d72d2bf014a649f6498ea6d0ad6ac" member_type: VOTER last_known_addr { host: "127.28.183.67" port: 45557 } }
I20260608 12:58:59.719720 32504 leader_election.cc:304] T 9ae6971acad14ca0b16097a5ead66d5f P fe8d72d2bf014a649f6498ea6d0ad6ac [CANDIDATE]: Term 1 election: Election decided. Result: candidate won. Election summary: received 3 responses out of 3 voters: 2 yes votes; 1 no votes. yes voters: 3fdbe3af76664ae4af3e27d8845a9079, fe8d72d2bf014a649f6498ea6d0ad6ac; no voters: 30754f58dc18415c90b10b59011e3234
I20260608 12:58:59.722409 32590 leader_election.cc:290] T be7014d1d8e641cbbc643831e8442563 P fe8d72d2bf014a649f6498ea6d0ad6ac [CANDIDATE]: Term 1 pre-election: Requested pre-vote from peers 30754f58dc18415c90b10b59011e3234 (127.28.183.65:42447), 3fdbe3af76664ae4af3e27d8845a9079 (127.28.183.66:45907)
I20260608 12:58:59.723084 32590 raft_consensus.cc:2804] T 9ae6971acad14ca0b16097a5ead66d5f P fe8d72d2bf014a649f6498ea6d0ad6ac [term 1 FOLLOWER]: Leader election won for term 1
I20260608 12:58:59.723692 32590 raft_consensus.cc:697] T 9ae6971acad14ca0b16097a5ead66d5f P fe8d72d2bf014a649f6498ea6d0ad6ac [term 1 LEADER]: Becoming Leader. State: Replica: fe8d72d2bf014a649f6498ea6d0ad6ac, State: Running, Role: LEADER
I20260608 12:58:59.724036 32389 tablet_service.cc:1917] Received RequestConsensusVote() RPC: tablet_id: "be7014d1d8e641cbbc643831e8442563" candidate_uuid: "fe8d72d2bf014a649f6498ea6d0ad6ac" candidate_term: 1 candidate_status { last_received { term: 0 index: 0 } } ignore_live_leader: false dest_uuid: "30754f58dc18415c90b10b59011e3234" is_pre_election: true
I20260608 12:58:59.724329 32464 tablet_service.cc:1917] Received RequestConsensusVote() RPC: tablet_id: "be7014d1d8e641cbbc643831e8442563" candidate_uuid: "fe8d72d2bf014a649f6498ea6d0ad6ac" candidate_term: 1 candidate_status { last_received { term: 0 index: 0 } } ignore_live_leader: false dest_uuid: "3fdbe3af76664ae4af3e27d8845a9079" is_pre_election: true
I20260608 12:58:59.724671 32389 raft_consensus.cc:2468] T be7014d1d8e641cbbc643831e8442563 P 30754f58dc18415c90b10b59011e3234 [term 0 FOLLOWER]: Leader pre-election vote request: Granting yes vote for candidate fe8d72d2bf014a649f6498ea6d0ad6ac in term 0.
I20260608 12:58:59.724514 32590 consensus_queue.cc:237] T 9ae6971acad14ca0b16097a5ead66d5f P fe8d72d2bf014a649f6498ea6d0ad6ac [LEADER]: Queue going to LEADER mode. State: All replicated index: 0, Majority replicated index: 0, Committed index: 0, Last appended: 0.0, Last appended by leader: 0, Current term: 1, Majority size: 2, State: 0, Mode: LEADER, active raft config: opid_index: -1 OBSOLETE_local: false peers { permanent_uuid: "30754f58dc18415c90b10b59011e3234" member_type: VOTER last_known_addr { host: "127.28.183.65" port: 42447 } } peers { permanent_uuid: "3fdbe3af76664ae4af3e27d8845a9079" member_type: VOTER last_known_addr { host: "127.28.183.66" port: 45907 } } peers { permanent_uuid: "fe8d72d2bf014a649f6498ea6d0ad6ac" member_type: VOTER last_known_addr { host: "127.28.183.67" port: 45557 } }
I20260608 12:58:59.724944 32464 raft_consensus.cc:2468] T be7014d1d8e641cbbc643831e8442563 P 3fdbe3af76664ae4af3e27d8845a9079 [term 0 FOLLOWER]: Leader pre-election vote request: Granting yes vote for candidate fe8d72d2bf014a649f6498ea6d0ad6ac in term 0.
I20260608 12:58:59.725836 32504 leader_election.cc:304] T be7014d1d8e641cbbc643831e8442563 P fe8d72d2bf014a649f6498ea6d0ad6ac [CANDIDATE]: Term 1 pre-election: Election decided. Result: candidate won. Election summary: received 2 responses out of 3 voters: 2 yes votes; 0 no votes. yes voters: 30754f58dc18415c90b10b59011e3234, fe8d72d2bf014a649f6498ea6d0ad6ac; no voters: 
I20260608 12:58:59.727265 32625 raft_consensus.cc:2804] T be7014d1d8e641cbbc643831e8442563 P fe8d72d2bf014a649f6498ea6d0ad6ac [term 0 FOLLOWER]: Leader pre-election won for term 1
I20260608 12:58:59.727607 32625 raft_consensus.cc:493] T be7014d1d8e641cbbc643831e8442563 P fe8d72d2bf014a649f6498ea6d0ad6ac [term 0 FOLLOWER]: Starting leader election (no leader contacted us within the election timeout)
I20260608 12:58:59.727943 32625 raft_consensus.cc:3060] T be7014d1d8e641cbbc643831e8442563 P fe8d72d2bf014a649f6498ea6d0ad6ac [term 0 FOLLOWER]: Advancing to term 1
I20260608 12:58:59.733948 32584 tablet_bootstrap.cc:492] T 25dec72dd1114445a0d8ffd60c4fa8c3 P 3fdbe3af76664ae4af3e27d8845a9079: No bootstrap required, opened a new log
I20260608 12:58:59.734453 32584 ts_tablet_manager.cc:1403] T 25dec72dd1114445a0d8ffd60c4fa8c3 P 3fdbe3af76664ae4af3e27d8845a9079: Time spent bootstrapping tablet: real 0.030s	user 0.010s	sys 0.015s
I20260608 12:58:59.736361 32625 raft_consensus.cc:515] T be7014d1d8e641cbbc643831e8442563 P fe8d72d2bf014a649f6498ea6d0ad6ac [term 1 FOLLOWER]: Starting leader election with config: opid_index: -1 OBSOLETE_local: false peers { permanent_uuid: "30754f58dc18415c90b10b59011e3234" member_type: VOTER last_known_addr { host: "127.28.183.65" port: 42447 } } peers { permanent_uuid: "3fdbe3af76664ae4af3e27d8845a9079" member_type: VOTER last_known_addr { host: "127.28.183.66" port: 45907 } } peers { permanent_uuid: "fe8d72d2bf014a649f6498ea6d0ad6ac" member_type: VOTER last_known_addr { host: "127.28.183.67" port: 45557 } }
I20260608 12:58:59.737308 32584 raft_consensus.cc:359] T 25dec72dd1114445a0d8ffd60c4fa8c3 P 3fdbe3af76664ae4af3e27d8845a9079 [term 0 FOLLOWER]: Replica starting. Triggering 0 pending ops. Active config: opid_index: -1 OBSOLETE_local: false peers { permanent_uuid: "30754f58dc18415c90b10b59011e3234" member_type: VOTER last_known_addr { host: "127.28.183.65" port: 42447 } } peers { permanent_uuid: "fe8d72d2bf014a649f6498ea6d0ad6ac" member_type: VOTER last_known_addr { host: "127.28.183.67" port: 45557 } } peers { permanent_uuid: "3fdbe3af76664ae4af3e27d8845a9079" member_type: VOTER last_known_addr { host: "127.28.183.66" port: 45907 } }
I20260608 12:58:59.737977 32584 raft_consensus.cc:385] T 25dec72dd1114445a0d8ffd60c4fa8c3 P 3fdbe3af76664ae4af3e27d8845a9079 [term 0 FOLLOWER]: Consensus starting up: Expiring failure detector timer to make a prompt election more likely
I20260608 12:58:59.738241 32584 raft_consensus.cc:740] T 25dec72dd1114445a0d8ffd60c4fa8c3 P 3fdbe3af76664ae4af3e27d8845a9079 [term 0 FOLLOWER]: Becoming Follower/Learner. State: Replica: 3fdbe3af76664ae4af3e27d8845a9079, State: Initialized, Role: FOLLOWER
I20260608 12:58:59.739063 32584 consensus_queue.cc:260] T 25dec72dd1114445a0d8ffd60c4fa8c3 P 3fdbe3af76664ae4af3e27d8845a9079 [NON_LEADER]: Queue going to NON_LEADER mode. State: All replicated index: 0, Majority replicated index: 0, Committed index: 0, Last appended: 0.0, Last appended by leader: 0, Current term: 0, Majority size: -1, State: 0, Mode: NON_LEADER, active raft config: opid_index: -1 OBSOLETE_local: false peers { permanent_uuid: "30754f58dc18415c90b10b59011e3234" member_type: VOTER last_known_addr { host: "127.28.183.65" port: 42447 } } peers { permanent_uuid: "fe8d72d2bf014a649f6498ea6d0ad6ac" member_type: VOTER last_known_addr { host: "127.28.183.67" port: 45557 } } peers { permanent_uuid: "3fdbe3af76664ae4af3e27d8845a9079" member_type: VOTER last_known_addr { host: "127.28.183.66" port: 45907 } }
I20260608 12:58:59.739387 32389 tablet_service.cc:1917] Received RequestConsensusVote() RPC: tablet_id: "be7014d1d8e641cbbc643831e8442563" candidate_uuid: "fe8d72d2bf014a649f6498ea6d0ad6ac" candidate_term: 1 candidate_status { last_received { term: 0 index: 0 } } ignore_live_leader: false dest_uuid: "30754f58dc18415c90b10b59011e3234"
I20260608 12:58:59.740059 32389 raft_consensus.cc:3060] T be7014d1d8e641cbbc643831e8442563 P 30754f58dc18415c90b10b59011e3234 [term 0 FOLLOWER]: Advancing to term 1
I20260608 12:58:59.742668 32591 raft_consensus.cc:493] T 25dec72dd1114445a0d8ffd60c4fa8c3 P 3fdbe3af76664ae4af3e27d8845a9079 [term 0 FOLLOWER]: Starting pre-election (no leader contacted us within the election timeout)
I20260608 12:58:59.743312 32591 raft_consensus.cc:515] T 25dec72dd1114445a0d8ffd60c4fa8c3 P 3fdbe3af76664ae4af3e27d8845a9079 [term 0 FOLLOWER]: Starting pre-election with config: opid_index: -1 OBSOLETE_local: false peers { permanent_uuid: "30754f58dc18415c90b10b59011e3234" member_type: VOTER last_known_addr { host: "127.28.183.65" port: 42447 } } peers { permanent_uuid: "fe8d72d2bf014a649f6498ea6d0ad6ac" member_type: VOTER last_known_addr { host: "127.28.183.67" port: 45557 } } peers { permanent_uuid: "3fdbe3af76664ae4af3e27d8845a9079" member_type: VOTER last_known_addr { host: "127.28.183.66" port: 45907 } }
I20260608 12:58:59.758373 32625 leader_election.cc:290] T be7014d1d8e641cbbc643831e8442563 P fe8d72d2bf014a649f6498ea6d0ad6ac [CANDIDATE]: Term 1 election: Requested vote from peers 30754f58dc18415c90b10b59011e3234 (127.28.183.65:42447), 3fdbe3af76664ae4af3e27d8845a9079 (127.28.183.66:45907)
I20260608 12:58:59.758738 32584 ts_tablet_manager.cc:1434] T 25dec72dd1114445a0d8ffd60c4fa8c3 P 3fdbe3af76664ae4af3e27d8845a9079: Time spent starting tablet: real 0.024s	user 0.008s	sys 0.016s
I20260608 12:58:59.760234 32388 tablet_service.cc:1917] Received RequestConsensusVote() RPC: tablet_id: "25dec72dd1114445a0d8ffd60c4fa8c3" candidate_uuid: "3fdbe3af76664ae4af3e27d8845a9079" candidate_term: 1 candidate_status { last_received { term: 0 index: 0 } } ignore_live_leader: false dest_uuid: "30754f58dc18415c90b10b59011e3234" is_pre_election: true
I20260608 12:58:59.760735 32464 tablet_service.cc:1917] Received RequestConsensusVote() RPC: tablet_id: "be7014d1d8e641cbbc643831e8442563" candidate_uuid: "fe8d72d2bf014a649f6498ea6d0ad6ac" candidate_term: 1 candidate_status { last_received { term: 0 index: 0 } } ignore_live_leader: false dest_uuid: "3fdbe3af76664ae4af3e27d8845a9079"
I20260608 12:58:59.761336 32464 raft_consensus.cc:3060] T be7014d1d8e641cbbc643831e8442563 P 3fdbe3af76664ae4af3e27d8845a9079 [term 0 FOLLOWER]: Advancing to term 1
I20260608 12:58:59.761413 32389 raft_consensus.cc:2468] T be7014d1d8e641cbbc643831e8442563 P 30754f58dc18415c90b10b59011e3234 [term 1 FOLLOWER]: Leader election vote request: Granting yes vote for candidate fe8d72d2bf014a649f6498ea6d0ad6ac in term 1.
I20260608 12:58:59.762828 32504 leader_election.cc:304] T be7014d1d8e641cbbc643831e8442563 P fe8d72d2bf014a649f6498ea6d0ad6ac [CANDIDATE]: Term 1 election: Election decided. Result: candidate won. Election summary: received 2 responses out of 3 voters: 2 yes votes; 0 no votes. yes voters: 30754f58dc18415c90b10b59011e3234, fe8d72d2bf014a649f6498ea6d0ad6ac; no voters: 
I20260608 12:58:59.763571 32625 raft_consensus.cc:2804] T be7014d1d8e641cbbc643831e8442563 P fe8d72d2bf014a649f6498ea6d0ad6ac [term 1 FOLLOWER]: Leader election won for term 1
I20260608 12:58:59.764125 32625 raft_consensus.cc:697] T be7014d1d8e641cbbc643831e8442563 P fe8d72d2bf014a649f6498ea6d0ad6ac [term 1 LEADER]: Becoming Leader. State: Replica: fe8d72d2bf014a649f6498ea6d0ad6ac, State: Running, Role: LEADER
I20260608 12:58:59.764837 32625 consensus_queue.cc:237] T be7014d1d8e641cbbc643831e8442563 P fe8d72d2bf014a649f6498ea6d0ad6ac [LEADER]: Queue going to LEADER mode. State: All replicated index: 0, Majority replicated index: 0, Committed index: 0, Last appended: 0.0, Last appended by leader: 0, Current term: 1, Majority size: 2, State: 0, Mode: LEADER, active raft config: opid_index: -1 OBSOLETE_local: false peers { permanent_uuid: "30754f58dc18415c90b10b59011e3234" member_type: VOTER last_known_addr { host: "127.28.183.65" port: 42447 } } peers { permanent_uuid: "3fdbe3af76664ae4af3e27d8845a9079" member_type: VOTER last_known_addr { host: "127.28.183.66" port: 45907 } } peers { permanent_uuid: "fe8d72d2bf014a649f6498ea6d0ad6ac" member_type: VOTER last_known_addr { host: "127.28.183.67" port: 45557 } }
I20260608 12:58:59.766175 32286 catalog_manager.cc:5696] T 4fe8366b96664d9aac042c8c4a82ab07 P fe8d72d2bf014a649f6498ea6d0ad6ac reported cstate change: term changed from 0 to 1, leader changed from <none> to fe8d72d2bf014a649f6498ea6d0ad6ac (127.28.183.67). New cstate: current_term: 1 leader_uuid: "fe8d72d2bf014a649f6498ea6d0ad6ac" committed_config { opid_index: -1 OBSOLETE_local: false peers { permanent_uuid: "30754f58dc18415c90b10b59011e3234" member_type: VOTER last_known_addr { host: "127.28.183.65" port: 42447 } health_report { overall_health: UNKNOWN } } peers { permanent_uuid: "3fdbe3af76664ae4af3e27d8845a9079" member_type: VOTER last_known_addr { host: "127.28.183.66" port: 45907 } health_report { overall_health: UNKNOWN } } peers { permanent_uuid: "fe8d72d2bf014a649f6498ea6d0ad6ac" member_type: VOTER last_known_addr { host: "127.28.183.67" port: 45557 } health_report { overall_health: HEALTHY } } }
I20260608 12:58:59.768118 32286 catalog_manager.cc:5696] T 9ae6971acad14ca0b16097a5ead66d5f P fe8d72d2bf014a649f6498ea6d0ad6ac reported cstate change: term changed from 0 to 1, leader changed from <none> to fe8d72d2bf014a649f6498ea6d0ad6ac (127.28.183.67). New cstate: current_term: 1 leader_uuid: "fe8d72d2bf014a649f6498ea6d0ad6ac" committed_config { opid_index: -1 OBSOLETE_local: false peers { permanent_uuid: "30754f58dc18415c90b10b59011e3234" member_type: VOTER last_known_addr { host: "127.28.183.65" port: 42447 } health_report { overall_health: UNKNOWN } } peers { permanent_uuid: "3fdbe3af76664ae4af3e27d8845a9079" member_type: VOTER last_known_addr { host: "127.28.183.66" port: 45907 } health_report { overall_health: UNKNOWN } } peers { permanent_uuid: "fe8d72d2bf014a649f6498ea6d0ad6ac" member_type: VOTER last_known_addr { host: "127.28.183.67" port: 45557 } health_report { overall_health: HEALTHY } } }
I20260608 12:58:59.768990 32464 raft_consensus.cc:2468] T be7014d1d8e641cbbc643831e8442563 P 3fdbe3af76664ae4af3e27d8845a9079 [term 1 FOLLOWER]: Leader election vote request: Granting yes vote for candidate fe8d72d2bf014a649f6498ea6d0ad6ac in term 1.
I20260608 12:58:59.772650 32538 tablet_service.cc:1917] Received RequestConsensusVote() RPC: tablet_id: "25dec72dd1114445a0d8ffd60c4fa8c3" candidate_uuid: "3fdbe3af76664ae4af3e27d8845a9079" candidate_term: 1 candidate_status { last_received { term: 0 index: 0 } } ignore_live_leader: false dest_uuid: "fe8d72d2bf014a649f6498ea6d0ad6ac" is_pre_election: true
I20260608 12:58:59.773347 32538 raft_consensus.cc:2393] T 25dec72dd1114445a0d8ffd60c4fa8c3 P fe8d72d2bf014a649f6498ea6d0ad6ac [term 1 FOLLOWER]: Leader pre-election vote request: Denying vote to candidate 3fdbe3af76664ae4af3e27d8845a9079 in current term 1: Already voted for candidate 30754f58dc18415c90b10b59011e3234 in this term.
I20260608 12:58:59.773370 32585 tablet_bootstrap.cc:492] T a2d39454bdbf49adb04a8b3c85e25f96 P fe8d72d2bf014a649f6498ea6d0ad6ac: No bootstrap required, opened a new log
I20260608 12:58:59.774026 32585 ts_tablet_manager.cc:1403] T a2d39454bdbf49adb04a8b3c85e25f96 P fe8d72d2bf014a649f6498ea6d0ad6ac: Time spent bootstrapping tablet: real 0.095s	user 0.010s	sys 0.005s
I20260608 12:58:59.771643 32591 leader_election.cc:290] T 25dec72dd1114445a0d8ffd60c4fa8c3 P 3fdbe3af76664ae4af3e27d8845a9079 [CANDIDATE]: Term 1 pre-election: Requested pre-vote from peers 30754f58dc18415c90b10b59011e3234 (127.28.183.65:42447), fe8d72d2bf014a649f6498ea6d0ad6ac (127.28.183.67:45557)
I20260608 12:58:59.774451 32430 leader_election.cc:304] T 25dec72dd1114445a0d8ffd60c4fa8c3 P 3fdbe3af76664ae4af3e27d8845a9079 [CANDIDATE]: Term 1 pre-election: Election decided. Result: candidate lost. Election summary: received 3 responses out of 3 voters: 1 yes votes; 2 no votes. yes voters: 3fdbe3af76664ae4af3e27d8845a9079; no voters: 30754f58dc18415c90b10b59011e3234, fe8d72d2bf014a649f6498ea6d0ad6ac
I20260608 12:58:59.775918 32591 raft_consensus.cc:3060] T 25dec72dd1114445a0d8ffd60c4fa8c3 P 3fdbe3af76664ae4af3e27d8845a9079 [term 0 FOLLOWER]: Advancing to term 1
I20260608 12:58:59.776713 32585 raft_consensus.cc:359] T a2d39454bdbf49adb04a8b3c85e25f96 P fe8d72d2bf014a649f6498ea6d0ad6ac [term 0 FOLLOWER]: Replica starting. Triggering 0 pending ops. Active config: opid_index: -1 OBSOLETE_local: false peers { permanent_uuid: "30754f58dc18415c90b10b59011e3234" member_type: VOTER last_known_addr { host: "127.28.183.65" port: 42447 } } peers { permanent_uuid: "3fdbe3af76664ae4af3e27d8845a9079" member_type: VOTER last_known_addr { host: "127.28.183.66" port: 45907 } } peers { permanent_uuid: "fe8d72d2bf014a649f6498ea6d0ad6ac" member_type: VOTER last_known_addr { host: "127.28.183.67" port: 45557 } }
I20260608 12:58:59.777211 32585 raft_consensus.cc:385] T a2d39454bdbf49adb04a8b3c85e25f96 P fe8d72d2bf014a649f6498ea6d0ad6ac [term 0 FOLLOWER]: Consensus starting up: Expiring failure detector timer to make a prompt election more likely
I20260608 12:58:59.777443 32585 raft_consensus.cc:740] T a2d39454bdbf49adb04a8b3c85e25f96 P fe8d72d2bf014a649f6498ea6d0ad6ac [term 0 FOLLOWER]: Becoming Follower/Learner. State: Replica: fe8d72d2bf014a649f6498ea6d0ad6ac, State: Initialized, Role: FOLLOWER
I20260608 12:58:59.778131 32585 consensus_queue.cc:260] T a2d39454bdbf49adb04a8b3c85e25f96 P fe8d72d2bf014a649f6498ea6d0ad6ac [NON_LEADER]: Queue going to NON_LEADER mode. State: All replicated index: 0, Majority replicated index: 0, Committed index: 0, Last appended: 0.0, Last appended by leader: 0, Current term: 0, Majority size: -1, State: 0, Mode: NON_LEADER, active raft config: opid_index: -1 OBSOLETE_local: false peers { permanent_uuid: "30754f58dc18415c90b10b59011e3234" member_type: VOTER last_known_addr { host: "127.28.183.65" port: 42447 } } peers { permanent_uuid: "3fdbe3af76664ae4af3e27d8845a9079" member_type: VOTER last_known_addr { host: "127.28.183.66" port: 45907 } } peers { permanent_uuid: "fe8d72d2bf014a649f6498ea6d0ad6ac" member_type: VOTER last_known_addr { host: "127.28.183.67" port: 45557 } }
I20260608 12:58:59.780158 32585 ts_tablet_manager.cc:1434] T a2d39454bdbf49adb04a8b3c85e25f96 P fe8d72d2bf014a649f6498ea6d0ad6ac: Time spent starting tablet: real 0.006s	user 0.006s	sys 0.000s
I20260608 12:58:59.782186 32591 raft_consensus.cc:2749] T 25dec72dd1114445a0d8ffd60c4fa8c3 P 3fdbe3af76664ae4af3e27d8845a9079 [term 1 FOLLOWER]: Leader pre-election lost for term 1. Reason: could not achieve majority
I20260608 12:58:59.788094 32286 catalog_manager.cc:5696] T be7014d1d8e641cbbc643831e8442563 P fe8d72d2bf014a649f6498ea6d0ad6ac reported cstate change: term changed from 0 to 1, leader changed from <none> to fe8d72d2bf014a649f6498ea6d0ad6ac (127.28.183.67). New cstate: current_term: 1 leader_uuid: "fe8d72d2bf014a649f6498ea6d0ad6ac" committed_config { opid_index: -1 OBSOLETE_local: false peers { permanent_uuid: "30754f58dc18415c90b10b59011e3234" member_type: VOTER last_known_addr { host: "127.28.183.65" port: 42447 } health_report { overall_health: UNKNOWN } } peers { permanent_uuid: "3fdbe3af76664ae4af3e27d8845a9079" member_type: VOTER last_known_addr { host: "127.28.183.66" port: 45907 } health_report { overall_health: UNKNOWN } } peers { permanent_uuid: "fe8d72d2bf014a649f6498ea6d0ad6ac" member_type: VOTER last_known_addr { host: "127.28.183.67" port: 45557 } health_report { overall_health: HEALTHY } } }
I20260608 12:58:59.898991 32591 raft_consensus.cc:493] T a2d39454bdbf49adb04a8b3c85e25f96 P 3fdbe3af76664ae4af3e27d8845a9079 [term 0 FOLLOWER]: Starting pre-election (no leader contacted us within the election timeout)
I20260608 12:58:59.899569 32591 raft_consensus.cc:515] T a2d39454bdbf49adb04a8b3c85e25f96 P 3fdbe3af76664ae4af3e27d8845a9079 [term 0 FOLLOWER]: Starting pre-election with config: opid_index: -1 OBSOLETE_local: false peers { permanent_uuid: "30754f58dc18415c90b10b59011e3234" member_type: VOTER last_known_addr { host: "127.28.183.65" port: 42447 } } peers { permanent_uuid: "3fdbe3af76664ae4af3e27d8845a9079" member_type: VOTER last_known_addr { host: "127.28.183.66" port: 45907 } } peers { permanent_uuid: "fe8d72d2bf014a649f6498ea6d0ad6ac" member_type: VOTER last_known_addr { host: "127.28.183.67" port: 45557 } }
I20260608 12:58:59.900239 32607 consensus_queue.cc:1048] T c2285da59aa0484d85ed7570114faab6 P 30754f58dc18415c90b10b59011e3234 [LEADER]: Connected to new peer: Peer: permanent_uuid: "fe8d72d2bf014a649f6498ea6d0ad6ac" member_type: VOTER last_known_addr { host: "127.28.183.67" port: 45557 }, Status: LMP_MISMATCH, Last received: 0.0, Next index: 1, Last known committed idx: 0, Time since last communication: 0.000s
I20260608 12:58:59.901750 32591 leader_election.cc:290] T a2d39454bdbf49adb04a8b3c85e25f96 P 3fdbe3af76664ae4af3e27d8845a9079 [CANDIDATE]: Term 1 pre-election: Requested pre-vote from peers 30754f58dc18415c90b10b59011e3234 (127.28.183.65:42447), fe8d72d2bf014a649f6498ea6d0ad6ac (127.28.183.67:45557)
I20260608 12:58:59.902798 32389 tablet_service.cc:1917] Received RequestConsensusVote() RPC: tablet_id: "a2d39454bdbf49adb04a8b3c85e25f96" candidate_uuid: "3fdbe3af76664ae4af3e27d8845a9079" candidate_term: 1 candidate_status { last_received { term: 0 index: 0 } } ignore_live_leader: false dest_uuid: "30754f58dc18415c90b10b59011e3234" is_pre_election: true
I20260608 12:58:59.903441 32538 tablet_service.cc:1917] Received RequestConsensusVote() RPC: tablet_id: "a2d39454bdbf49adb04a8b3c85e25f96" candidate_uuid: "3fdbe3af76664ae4af3e27d8845a9079" candidate_term: 1 candidate_status { last_received { term: 0 index: 0 } } ignore_live_leader: false dest_uuid: "fe8d72d2bf014a649f6498ea6d0ad6ac" is_pre_election: true
I20260608 12:58:59.903512 32389 raft_consensus.cc:2468] T a2d39454bdbf49adb04a8b3c85e25f96 P 30754f58dc18415c90b10b59011e3234 [term 0 FOLLOWER]: Leader pre-election vote request: Granting yes vote for candidate 3fdbe3af76664ae4af3e27d8845a9079 in term 0.
I20260608 12:58:59.904245 32538 raft_consensus.cc:2468] T a2d39454bdbf49adb04a8b3c85e25f96 P fe8d72d2bf014a649f6498ea6d0ad6ac [term 0 FOLLOWER]: Leader pre-election vote request: Granting yes vote for candidate 3fdbe3af76664ae4af3e27d8845a9079 in term 0.
I20260608 12:58:59.905045 32430 leader_election.cc:304] T a2d39454bdbf49adb04a8b3c85e25f96 P 3fdbe3af76664ae4af3e27d8845a9079 [CANDIDATE]: Term 1 pre-election: Election decided. Result: candidate won. Election summary: received 2 responses out of 3 voters: 2 yes votes; 0 no votes. yes voters: 30754f58dc18415c90b10b59011e3234, 3fdbe3af76664ae4af3e27d8845a9079; no voters: 
I20260608 12:58:59.905848 32591 raft_consensus.cc:2804] T a2d39454bdbf49adb04a8b3c85e25f96 P 3fdbe3af76664ae4af3e27d8845a9079 [term 0 FOLLOWER]: Leader pre-election won for term 1
I20260608 12:58:59.906291 32591 raft_consensus.cc:493] T a2d39454bdbf49adb04a8b3c85e25f96 P 3fdbe3af76664ae4af3e27d8845a9079 [term 0 FOLLOWER]: Starting leader election (no leader contacted us within the election timeout)
I20260608 12:58:59.906669 32591 raft_consensus.cc:3060] T a2d39454bdbf49adb04a8b3c85e25f96 P 3fdbe3af76664ae4af3e27d8845a9079 [term 0 FOLLOWER]: Advancing to term 1
I20260608 12:58:59.913271 32591 raft_consensus.cc:515] T a2d39454bdbf49adb04a8b3c85e25f96 P 3fdbe3af76664ae4af3e27d8845a9079 [term 1 FOLLOWER]: Starting leader election with config: opid_index: -1 OBSOLETE_local: false peers { permanent_uuid: "30754f58dc18415c90b10b59011e3234" member_type: VOTER last_known_addr { host: "127.28.183.65" port: 42447 } } peers { permanent_uuid: "3fdbe3af76664ae4af3e27d8845a9079" member_type: VOTER last_known_addr { host: "127.28.183.66" port: 45907 } } peers { permanent_uuid: "fe8d72d2bf014a649f6498ea6d0ad6ac" member_type: VOTER last_known_addr { host: "127.28.183.67" port: 45557 } }
I20260608 12:58:59.916029 32389 tablet_service.cc:1917] Received RequestConsensusVote() RPC: tablet_id: "a2d39454bdbf49adb04a8b3c85e25f96" candidate_uuid: "3fdbe3af76664ae4af3e27d8845a9079" candidate_term: 1 candidate_status { last_received { term: 0 index: 0 } } ignore_live_leader: false dest_uuid: "30754f58dc18415c90b10b59011e3234"
I20260608 12:58:59.916508 32389 raft_consensus.cc:3060] T a2d39454bdbf49adb04a8b3c85e25f96 P 30754f58dc18415c90b10b59011e3234 [term 0 FOLLOWER]: Advancing to term 1
I20260608 12:58:59.920871 32607 consensus_queue.cc:1048] T c2285da59aa0484d85ed7570114faab6 P 30754f58dc18415c90b10b59011e3234 [LEADER]: Connected to new peer: Peer: permanent_uuid: "3fdbe3af76664ae4af3e27d8845a9079" member_type: VOTER last_known_addr { host: "127.28.183.66" port: 45907 }, Status: LMP_MISMATCH, Last received: 0.0, Next index: 1, Last known committed idx: 0, Time since last communication: 0.001s
I20260608 12:58:59.922886 32389 raft_consensus.cc:2468] T a2d39454bdbf49adb04a8b3c85e25f96 P 30754f58dc18415c90b10b59011e3234 [term 1 FOLLOWER]: Leader election vote request: Granting yes vote for candidate 3fdbe3af76664ae4af3e27d8845a9079 in term 1.
I20260608 12:58:59.924180 32591 leader_election.cc:290] T a2d39454bdbf49adb04a8b3c85e25f96 P 3fdbe3af76664ae4af3e27d8845a9079 [CANDIDATE]: Term 1 election: Requested vote from peers 30754f58dc18415c90b10b59011e3234 (127.28.183.65:42447), fe8d72d2bf014a649f6498ea6d0ad6ac (127.28.183.67:45557)
I20260608 12:58:59.924176 32430 leader_election.cc:304] T a2d39454bdbf49adb04a8b3c85e25f96 P 3fdbe3af76664ae4af3e27d8845a9079 [CANDIDATE]: Term 1 election: Election decided. Result: candidate won. Election summary: received 2 responses out of 3 voters: 2 yes votes; 0 no votes. yes voters: 30754f58dc18415c90b10b59011e3234, 3fdbe3af76664ae4af3e27d8845a9079; no voters: 
I20260608 12:58:59.925765 32591 raft_consensus.cc:2804] T a2d39454bdbf49adb04a8b3c85e25f96 P 3fdbe3af76664ae4af3e27d8845a9079 [term 1 FOLLOWER]: Leader election won for term 1
I20260608 12:58:59.926254 32538 tablet_service.cc:1917] Received RequestConsensusVote() RPC: tablet_id: "a2d39454bdbf49adb04a8b3c85e25f96" candidate_uuid: "3fdbe3af76664ae4af3e27d8845a9079" candidate_term: 1 candidate_status { last_received { term: 0 index: 0 } } ignore_live_leader: false dest_uuid: "fe8d72d2bf014a649f6498ea6d0ad6ac"
I20260608 12:58:59.926817 32538 raft_consensus.cc:3060] T a2d39454bdbf49adb04a8b3c85e25f96 P fe8d72d2bf014a649f6498ea6d0ad6ac [term 0 FOLLOWER]: Advancing to term 1
I20260608 12:58:59.926506 32591 raft_consensus.cc:697] T a2d39454bdbf49adb04a8b3c85e25f96 P 3fdbe3af76664ae4af3e27d8845a9079 [term 1 LEADER]: Becoming Leader. State: Replica: 3fdbe3af76664ae4af3e27d8845a9079, State: Running, Role: LEADER
I20260608 12:58:59.928205 32591 consensus_queue.cc:237] T a2d39454bdbf49adb04a8b3c85e25f96 P 3fdbe3af76664ae4af3e27d8845a9079 [LEADER]: Queue going to LEADER mode. State: All replicated index: 0, Majority replicated index: 0, Committed index: 0, Last appended: 0.0, Last appended by leader: 0, Current term: 1, Majority size: 2, State: 0, Mode: LEADER, active raft config: opid_index: -1 OBSOLETE_local: false peers { permanent_uuid: "30754f58dc18415c90b10b59011e3234" member_type: VOTER last_known_addr { host: "127.28.183.65" port: 42447 } } peers { permanent_uuid: "3fdbe3af76664ae4af3e27d8845a9079" member_type: VOTER last_known_addr { host: "127.28.183.66" port: 45907 } } peers { permanent_uuid: "fe8d72d2bf014a649f6498ea6d0ad6ac" member_type: VOTER last_known_addr { host: "127.28.183.67" port: 45557 } }
I20260608 12:58:59.939337 32538 raft_consensus.cc:2468] T a2d39454bdbf49adb04a8b3c85e25f96 P fe8d72d2bf014a649f6498ea6d0ad6ac [term 1 FOLLOWER]: Leader election vote request: Granting yes vote for candidate 3fdbe3af76664ae4af3e27d8845a9079 in term 1.
I20260608 12:58:59.944264 32604 consensus_queue.cc:1048] T 25dec72dd1114445a0d8ffd60c4fa8c3 P 30754f58dc18415c90b10b59011e3234 [LEADER]: Connected to new peer: Peer: permanent_uuid: "3fdbe3af76664ae4af3e27d8845a9079" member_type: VOTER last_known_addr { host: "127.28.183.66" port: 45907 }, Status: LMP_MISMATCH, Last received: 0.0, Next index: 1, Last known committed idx: 0, Time since last communication: 0.000s
I20260608 12:58:59.947322 32284 catalog_manager.cc:5696] T a2d39454bdbf49adb04a8b3c85e25f96 P 3fdbe3af76664ae4af3e27d8845a9079 reported cstate change: term changed from 0 to 1, leader changed from <none> to 3fdbe3af76664ae4af3e27d8845a9079 (127.28.183.66). New cstate: current_term: 1 leader_uuid: "3fdbe3af76664ae4af3e27d8845a9079" committed_config { opid_index: -1 OBSOLETE_local: false peers { permanent_uuid: "30754f58dc18415c90b10b59011e3234" member_type: VOTER last_known_addr { host: "127.28.183.65" port: 42447 } health_report { overall_health: UNKNOWN } } peers { permanent_uuid: "3fdbe3af76664ae4af3e27d8845a9079" member_type: VOTER last_known_addr { host: "127.28.183.66" port: 45907 } health_report { overall_health: HEALTHY } } peers { permanent_uuid: "fe8d72d2bf014a649f6498ea6d0ad6ac" member_type: VOTER last_known_addr { host: "127.28.183.67" port: 45557 } health_report { overall_health: UNKNOWN } } }
I20260608 12:58:59.955734 32589 consensus_queue.cc:1048] T 25dec72dd1114445a0d8ffd60c4fa8c3 P 30754f58dc18415c90b10b59011e3234 [LEADER]: Connected to new peer: Peer: permanent_uuid: "fe8d72d2bf014a649f6498ea6d0ad6ac" member_type: VOTER last_known_addr { host: "127.28.183.67" port: 45557 }, Status: LMP_MISMATCH, Last received: 0.0, Next index: 1, Last known committed idx: 0, Time since last communication: 0.000s
