I20260608 12:57:54.984311 30585 catalog_manager.cc:5696] T adcb4cc470264a09b01f2bff5807f888 P ce6fdb0a92904cefa3c0022457f658c4 reported cstate change: term changed from 0 to 1, leader changed from <none> to ce6fdb0a92904cefa3c0022457f658c4 (127.28.183.65). New cstate: current_term: 1 leader_uuid: "ce6fdb0a92904cefa3c0022457f658c4" committed_config { opid_index: -1 OBSOLETE_local: true peers { permanent_uuid: "ce6fdb0a92904cefa3c0022457f658c4" member_type: VOTER last_known_addr { host: "127.28.183.65" port: 44855 } health_report { overall_health: HEALTHY } } }
I20260608 12:57:54.984683 30586 catalog_manager.cc:5696] T 35d34cb6d8f9490282e4c0023c8f5963 P 0d8641005f784c308fd1c10eab20cc65 reported cstate change: term changed from 0 to 1, leader changed from <none> to 0d8641005f784c308fd1c10eab20cc65 (127.28.183.66). New cstate: current_term: 1 leader_uuid: "0d8641005f784c308fd1c10eab20cc65" committed_config { opid_index: -1 OBSOLETE_local: true peers { permanent_uuid: "0d8641005f784c308fd1c10eab20cc65" member_type: VOTER last_known_addr { host: "127.28.183.66" port: 39231 } health_report { overall_health: HEALTHY } } }
I20260608 12:57:54.983124 31015 consensus_queue.cc:237] T 933b97886b4c4237ae996803061e2f61 P 6e71549eefbf44488b3f29ed594c5ce6 [LEADER]: Queue going to LEADER mode. State: All replicated index: 0, Majority replicated index: 0, Committed index: 0, Last appended: 0.0, Last appended by leader: 0, Current term: 1, Majority size: 1, State: 0, Mode: LEADER, active raft config: opid_index: -1 OBSOLETE_local: true peers { permanent_uuid: "6e71549eefbf44488b3f29ed594c5ce6" member_type: VOTER last_known_addr { host: "127.28.183.67" port: 38201 } }
I20260608 12:57:55.002102 30583 catalog_manager.cc:5696] T 933b97886b4c4237ae996803061e2f61 P 6e71549eefbf44488b3f29ed594c5ce6 reported cstate change: term changed from 0 to 1, leader changed from <none> to 6e71549eefbf44488b3f29ed594c5ce6 (127.28.183.67). New cstate: current_term: 1 leader_uuid: "6e71549eefbf44488b3f29ed594c5ce6" committed_config { opid_index: -1 OBSOLETE_local: true peers { permanent_uuid: "6e71549eefbf44488b3f29ed594c5ce6" member_type: VOTER last_known_addr { host: "127.28.183.67" port: 38201 } health_report { overall_health: HEALTHY } } }
I20260608 12:57:55.060292 29405 master.cc:562] Master@127.28.183.125:45787 shutting down...
I20260608 12:57:55.077302 29405 raft_consensus.cc:2243] T 00000000000000000000000000000000 P 3202eecb3ac2495688b9d6e63f767f39 [term 1 LEADER]: Raft consensus shutting down.
I20260608 12:57:55.078115 29405 raft_consensus.cc:2272] T 00000000000000000000000000000000 P 3202eecb3ac2495688b9d6e63f767f39 [term 1 FOLLOWER]: Raft consensus is shut down!
I20260608 12:57:55.078475 29405 tablet_replica.cc:333] T 00000000000000000000000000000000 P 3202eecb3ac2495688b9d6e63f767f39: stopping tablet replica
I20260608 12:57:55.099977 29405 master.cc:584] Master@127.28.183.125:45787 shutdown complete.
W20260608 12:57:56.024088 30891 heartbeater.cc:646] Failed to heartbeat to 127.28.183.125:45787 (0 consecutive failures): Network error: Failed to send heartbeat to master: Client connection negotiation failed: client connection to 127.28.183.125:45787: connect: Connection refused (error 111)
I20260608 12:57:56.553937 31027 raft_consensus.cc:493] T 00000000000000000000000000000000 P de402ba0c0334fa6a9bfc0d1e652b47d [term 1 FOLLOWER]: Starting pre-election (detected failure of leader 3202eecb3ac2495688b9d6e63f767f39)
I20260608 12:57:56.554399 31027 raft_consensus.cc:515] T 00000000000000000000000000000000 P de402ba0c0334fa6a9bfc0d1e652b47d [term 1 FOLLOWER]: Starting pre-election with config: opid_index: -1 OBSOLETE_local: false peers { permanent_uuid: "d79043f7813b44b4bee139779ac1f228" member_type: VOTER last_known_addr { host: "127.28.183.126" port: 38189 } } peers { permanent_uuid: "3202eecb3ac2495688b9d6e63f767f39" member_type: VOTER last_known_addr { host: "127.28.183.125" port: 45787 } } peers { permanent_uuid: "de402ba0c0334fa6a9bfc0d1e652b47d" member_type: VOTER last_known_addr { host: "127.28.183.124" port: 46343 } }
I20260608 12:57:56.555955 31028 raft_consensus.cc:493] T 00000000000000000000000000000000 P d79043f7813b44b4bee139779ac1f228 [term 1 FOLLOWER]: Starting pre-election (detected failure of leader 3202eecb3ac2495688b9d6e63f767f39)
I20260608 12:57:56.556355 31027 leader_election.cc:290] T 00000000000000000000000000000000 P de402ba0c0334fa6a9bfc0d1e652b47d [CANDIDATE]: Term 2 pre-election: Requested pre-vote from peers d79043f7813b44b4bee139779ac1f228 (127.28.183.126:38189), 3202eecb3ac2495688b9d6e63f767f39 (127.28.183.125:45787)
I20260608 12:57:56.556560 31028 raft_consensus.cc:515] T 00000000000000000000000000000000 P d79043f7813b44b4bee139779ac1f228 [term 1 FOLLOWER]: Starting pre-election with config: opid_index: -1 OBSOLETE_local: false peers { permanent_uuid: "d79043f7813b44b4bee139779ac1f228" member_type: VOTER last_known_addr { host: "127.28.183.126" port: 38189 } } peers { permanent_uuid: "3202eecb3ac2495688b9d6e63f767f39" member_type: VOTER last_known_addr { host: "127.28.183.125" port: 45787 } } peers { permanent_uuid: "de402ba0c0334fa6a9bfc0d1e652b47d" member_type: VOTER last_known_addr { host: "127.28.183.124" port: 46343 } }
I20260608 12:57:56.557257 30531 tablet_service.cc:1917] Received RequestConsensusVote() RPC: tablet_id: "00000000000000000000000000000000" candidate_uuid: "de402ba0c0334fa6a9bfc0d1e652b47d" candidate_term: 2 candidate_status { last_received { term: 1 index: 10 } } ignore_live_leader: false dest_uuid: "d79043f7813b44b4bee139779ac1f228" is_pre_election: true
I20260608 12:57:56.557962 30531 raft_consensus.cc:2468] T 00000000000000000000000000000000 P d79043f7813b44b4bee139779ac1f228 [term 1 FOLLOWER]: Leader pre-election vote request: Granting yes vote for candidate de402ba0c0334fa6a9bfc0d1e652b47d in term 1.
I20260608 12:57:56.559391 30637 leader_election.cc:304] T 00000000000000000000000000000000 P de402ba0c0334fa6a9bfc0d1e652b47d [CANDIDATE]: Term 2 pre-election: Election decided. Result: candidate won. Election summary: received 2 responses out of 3 voters: 2 yes votes; 0 no votes. yes voters: d79043f7813b44b4bee139779ac1f228, de402ba0c0334fa6a9bfc0d1e652b47d; no voters: 
I20260608 12:57:56.559830 31028 leader_election.cc:290] T 00000000000000000000000000000000 P d79043f7813b44b4bee139779ac1f228 [CANDIDATE]: Term 2 pre-election: Requested pre-vote from peers 3202eecb3ac2495688b9d6e63f767f39 (127.28.183.125:45787), de402ba0c0334fa6a9bfc0d1e652b47d (127.28.183.124:46343)
I20260608 12:57:56.560400 31027 raft_consensus.cc:2804] T 00000000000000000000000000000000 P de402ba0c0334fa6a9bfc0d1e652b47d [term 1 FOLLOWER]: Leader pre-election won for term 2
I20260608 12:57:56.561038 31027 raft_consensus.cc:493] T 00000000000000000000000000000000 P de402ba0c0334fa6a9bfc0d1e652b47d [term 1 FOLLOWER]: Starting leader election (detected failure of leader 3202eecb3ac2495688b9d6e63f767f39)
I20260608 12:57:56.561615 31027 raft_consensus.cc:3060] T 00000000000000000000000000000000 P de402ba0c0334fa6a9bfc0d1e652b47d [term 1 FOLLOWER]: Advancing to term 2
I20260608 12:57:56.563032 30660 tablet_service.cc:1917] Received RequestConsensusVote() RPC: tablet_id: "00000000000000000000000000000000" candidate_uuid: "d79043f7813b44b4bee139779ac1f228" candidate_term: 2 candidate_status { last_received { term: 1 index: 10 } } ignore_live_leader: false dest_uuid: "de402ba0c0334fa6a9bfc0d1e652b47d" is_pre_election: true
W20260608 12:57:56.568082 30507 leader_election.cc:336] T 00000000000000000000000000000000 P d79043f7813b44b4bee139779ac1f228 [CANDIDATE]: Term 2 pre-election: RPC error from VoteRequest() call to peer 3202eecb3ac2495688b9d6e63f767f39 (127.28.183.125:45787): Network error: Client connection negotiation failed: client connection to 127.28.183.125:45787: connect: Connection refused (error 111)
W20260608 12:57:56.569214 30636 leader_election.cc:336] T 00000000000000000000000000000000 P de402ba0c0334fa6a9bfc0d1e652b47d [CANDIDATE]: Term 2 pre-election: RPC error from VoteRequest() call to peer 3202eecb3ac2495688b9d6e63f767f39 (127.28.183.125:45787): Network error: Client connection negotiation failed: client connection to 127.28.183.125:45787: connect: Connection refused (error 111)
I20260608 12:57:56.569780 31027 raft_consensus.cc:515] T 00000000000000000000000000000000 P de402ba0c0334fa6a9bfc0d1e652b47d [term 2 FOLLOWER]: Starting leader election with config: opid_index: -1 OBSOLETE_local: false peers { permanent_uuid: "d79043f7813b44b4bee139779ac1f228" member_type: VOTER last_known_addr { host: "127.28.183.126" port: 38189 } } peers { permanent_uuid: "3202eecb3ac2495688b9d6e63f767f39" member_type: VOTER last_known_addr { host: "127.28.183.125" port: 45787 } } peers { permanent_uuid: "de402ba0c0334fa6a9bfc0d1e652b47d" member_type: VOTER last_known_addr { host: "127.28.183.124" port: 46343 } }
I20260608 12:57:56.570714 30660 raft_consensus.cc:2393] T 00000000000000000000000000000000 P de402ba0c0334fa6a9bfc0d1e652b47d [term 2 FOLLOWER]: Leader pre-election vote request: Denying vote to candidate d79043f7813b44b4bee139779ac1f228 in current term 2: Already voted for candidate de402ba0c0334fa6a9bfc0d1e652b47d in this term.
I20260608 12:57:56.571491 31027 leader_election.cc:290] T 00000000000000000000000000000000 P de402ba0c0334fa6a9bfc0d1e652b47d [CANDIDATE]: Term 2 election: Requested vote from peers d79043f7813b44b4bee139779ac1f228 (127.28.183.126:38189), 3202eecb3ac2495688b9d6e63f767f39 (127.28.183.125:45787)
I20260608 12:57:56.572337 30531 tablet_service.cc:1917] Received RequestConsensusVote() RPC: tablet_id: "00000000000000000000000000000000" candidate_uuid: "de402ba0c0334fa6a9bfc0d1e652b47d" candidate_term: 2 candidate_status { last_received { term: 1 index: 10 } } ignore_live_leader: false dest_uuid: "d79043f7813b44b4bee139779ac1f228"
I20260608 12:57:56.572935 30531 raft_consensus.cc:3060] T 00000000000000000000000000000000 P d79043f7813b44b4bee139779ac1f228 [term 1 FOLLOWER]: Advancing to term 2
I20260608 12:57:56.573557 30507 leader_election.cc:304] T 00000000000000000000000000000000 P d79043f7813b44b4bee139779ac1f228 [CANDIDATE]: Term 2 pre-election: Election decided. Result: candidate lost. Election summary: received 3 responses out of 3 voters: 1 yes votes; 2 no votes. yes voters: d79043f7813b44b4bee139779ac1f228; no voters: 3202eecb3ac2495688b9d6e63f767f39, de402ba0c0334fa6a9bfc0d1e652b47d
W20260608 12:57:56.575541 30636 leader_election.cc:336] T 00000000000000000000000000000000 P de402ba0c0334fa6a9bfc0d1e652b47d [CANDIDATE]: Term 2 election: RPC error from VoteRequest() call to peer 3202eecb3ac2495688b9d6e63f767f39 (127.28.183.125:45787): Network error: Client connection negotiation failed: client connection to 127.28.183.125:45787: connect: Connection refused (error 111)
I20260608 12:57:56.577731 30531 raft_consensus.cc:2468] T 00000000000000000000000000000000 P d79043f7813b44b4bee139779ac1f228 [term 2 FOLLOWER]: Leader election vote request: Granting yes vote for candidate de402ba0c0334fa6a9bfc0d1e652b47d in term 2.
I20260608 12:57:56.578152 31028 raft_consensus.cc:2749] T 00000000000000000000000000000000 P d79043f7813b44b4bee139779ac1f228 [term 2 FOLLOWER]: Leader pre-election lost for term 2. Reason: could not achieve majority
I20260608 12:57:56.578715 30637 leader_election.cc:304] T 00000000000000000000000000000000 P de402ba0c0334fa6a9bfc0d1e652b47d [CANDIDATE]: Term 2 election: Election decided. Result: candidate won. Election summary: received 3 responses out of 3 voters: 2 yes votes; 1 no votes. yes voters: d79043f7813b44b4bee139779ac1f228, de402ba0c0334fa6a9bfc0d1e652b47d; no voters: 3202eecb3ac2495688b9d6e63f767f39
I20260608 12:57:56.579401 31027 raft_consensus.cc:2804] T 00000000000000000000000000000000 P de402ba0c0334fa6a9bfc0d1e652b47d [term 2 FOLLOWER]: Leader election won for term 2
I20260608 12:57:56.580726 31027 raft_consensus.cc:697] T 00000000000000000000000000000000 P de402ba0c0334fa6a9bfc0d1e652b47d [term 2 LEADER]: Becoming Leader. State: Replica: de402ba0c0334fa6a9bfc0d1e652b47d, State: Running, Role: LEADER
I20260608 12:57:56.581422 31027 consensus_queue.cc:237] T 00000000000000000000000000000000 P de402ba0c0334fa6a9bfc0d1e652b47d [LEADER]: Queue going to LEADER mode. State: All replicated index: 0, Majority replicated index: 10, Committed index: 10, Last appended: 1.10, Last appended by leader: 10, Current term: 2, Majority size: 2, State: 0, Mode: LEADER, active raft config: opid_index: -1 OBSOLETE_local: false peers { permanent_uuid: "d79043f7813b44b4bee139779ac1f228" member_type: VOTER last_known_addr { host: "127.28.183.126" port: 38189 } } peers { permanent_uuid: "3202eecb3ac2495688b9d6e63f767f39" member_type: VOTER last_known_addr { host: "127.28.183.125" port: 45787 } } peers { permanent_uuid: "de402ba0c0334fa6a9bfc0d1e652b47d" member_type: VOTER last_known_addr { host: "127.28.183.124" port: 46343 } }
I20260608 12:57:56.584830 31033 sys_catalog.cc:455] T 00000000000000000000000000000000 P de402ba0c0334fa6a9bfc0d1e652b47d [sys.catalog]: SysCatalogTable state changed. Reason: New leader de402ba0c0334fa6a9bfc0d1e652b47d. Latest consensus state: current_term: 2 leader_uuid: "de402ba0c0334fa6a9bfc0d1e652b47d" committed_config { opid_index: -1 OBSOLETE_local: false peers { permanent_uuid: "d79043f7813b44b4bee139779ac1f228" member_type: VOTER last_known_addr { host: "127.28.183.126" port: 38189 } } peers { permanent_uuid: "3202eecb3ac2495688b9d6e63f767f39" member_type: VOTER last_known_addr { host: "127.28.183.125" port: 45787 } } peers { permanent_uuid: "de402ba0c0334fa6a9bfc0d1e652b47d" member_type: VOTER last_known_addr { host: "127.28.183.124" port: 46343 } } }
I20260608 12:57:56.585515 31033 sys_catalog.cc:458] T 00000000000000000000000000000000 P de402ba0c0334fa6a9bfc0d1e652b47d [sys.catalog]: This master's current role is: LEADER
I20260608 12:57:56.586915 31035 catalog_manager.cc:1510] Loading table and tablet metadata into memory...
I20260608 12:57:56.592216 31035 catalog_manager.cc:679] Loaded metadata for table test-workload [id=cba0ad416f414cdcad2a386c0dfe21be]
I20260608 12:57:56.596663 31035 tablet_loader.cc:96] loaded metadata for tablet 35d34cb6d8f9490282e4c0023c8f5963 (table test-workload [id=cba0ad416f414cdcad2a386c0dfe21be])
I20260608 12:57:56.597878 31035 tablet_loader.cc:96] loaded metadata for tablet 933b97886b4c4237ae996803061e2f61 (table test-workload [id=cba0ad416f414cdcad2a386c0dfe21be])
I20260608 12:57:56.598817 31035 tablet_loader.cc:96] loaded metadata for tablet adcb4cc470264a09b01f2bff5807f888 (table test-workload [id=cba0ad416f414cdcad2a386c0dfe21be])
I20260608 12:57:56.599711 31035 catalog_manager.cc:1519] Initializing Kudu cluster ID...
I20260608 12:57:56.602625 31035 catalog_manager.cc:1294] Loaded cluster ID: bd28b2d657d64975bafc07377c04b826
I20260608 12:57:56.602872 31035 catalog_manager.cc:1530] Initializing Kudu internal certificate authority...
I20260608 12:57:56.606226 31035 catalog_manager.cc:1539] Loading token signing keys...
I20260608 12:57:56.609172 31035 catalog_manager.cc:6080] T 00000000000000000000000000000000 P de402ba0c0334fa6a9bfc0d1e652b47d: Loaded TSK: 0
I20260608 12:57:56.609998 31035 catalog_manager.cc:1549] Initializing in-progress tserver states...
I20260608 12:57:56.700944 30709 auto_leader_rebalancer.cc:140] leader rebalance for table test-workload
I20260608 12:57:56.701335 30709 auto_leader_rebalancer.cc:451] All tables' leader rebalancing finished this round
I20260608 12:57:56.762461 29405 tablet_server.cc:179] TabletServer@127.28.183.65:0 shutting down...
I20260608 12:57:56.780787 29405 ts_tablet_manager.cc:1507] Shutting down tablet manager...
I20260608 12:57:56.781459 29405 tablet_replica.cc:333] T adcb4cc470264a09b01f2bff5807f888 P ce6fdb0a92904cefa3c0022457f658c4: stopping tablet replica
I20260608 12:57:56.782024 29405 raft_consensus.cc:2243] T adcb4cc470264a09b01f2bff5807f888 P ce6fdb0a92904cefa3c0022457f658c4 [term 1 LEADER]: Raft consensus shutting down.
I20260608 12:57:56.782483 29405 raft_consensus.cc:2272] T adcb4cc470264a09b01f2bff5807f888 P ce6fdb0a92904cefa3c0022457f658c4 [term 1 FOLLOWER]: Raft consensus is shut down!
I20260608 12:57:56.799721 29405 tablet_server.cc:196] TabletServer@127.28.183.65:0 shutdown complete.
I20260608 12:57:56.807592 29405 tablet_server.cc:179] TabletServer@127.28.183.66:0 shutting down...
I20260608 12:57:56.824976 29405 ts_tablet_manager.cc:1507] Shutting down tablet manager...
I20260608 12:57:56.825555 29405 tablet_replica.cc:333] T 35d34cb6d8f9490282e4c0023c8f5963 P 0d8641005f784c308fd1c10eab20cc65: stopping tablet replica
I20260608 12:57:56.826061 29405 raft_consensus.cc:2243] T 35d34cb6d8f9490282e4c0023c8f5963 P 0d8641005f784c308fd1c10eab20cc65 [term 1 LEADER]: Raft consensus shutting down.
I20260608 12:57:56.826500 29405 raft_consensus.cc:2272] T 35d34cb6d8f9490282e4c0023c8f5963 P 0d8641005f784c308fd1c10eab20cc65 [term 1 FOLLOWER]: Raft consensus is shut down!
I20260608 12:57:56.843639 29405 tablet_server.cc:196] TabletServer@127.28.183.66:0 shutdown complete.
I20260608 12:57:56.851888 29405 tablet_server.cc:179] TabletServer@127.28.183.67:0 shutting down...
I20260608 12:57:56.868207 29405 ts_tablet_manager.cc:1507] Shutting down tablet manager...
I20260608 12:57:56.868794 29405 tablet_replica.cc:333] T 933b97886b4c4237ae996803061e2f61 P 6e71549eefbf44488b3f29ed594c5ce6: stopping tablet replica
I20260608 12:57:56.869302 29405 raft_consensus.cc:2243] T 933b97886b4c4237ae996803061e2f61 P 6e71549eefbf44488b3f29ed594c5ce6 [term 1 LEADER]: Raft consensus shutting down.
I20260608 12:57:56.869727 29405 raft_consensus.cc:2272] T 933b97886b4c4237ae996803061e2f61 P 6e71549eefbf44488b3f29ed594c5ce6 [term 1 FOLLOWER]: Raft consensus is shut down!
I20260608 12:57:56.886927 29405 tablet_server.cc:196] TabletServer@127.28.183.67:0 shutdown complete.
I20260608 12:57:56.895330 29405 master.cc:562] Master@127.28.183.126:38189 shutting down...
I20260608 12:57:56.908269 29405 raft_consensus.cc:2243] T 00000000000000000000000000000000 P d79043f7813b44b4bee139779ac1f228 [term 2 FOLLOWER]: Raft consensus shutting down.
I20260608 12:57:56.908736 29405 raft_consensus.cc:2272] T 00000000000000000000000000000000 P d79043f7813b44b4bee139779ac1f228 [term 2 FOLLOWER]: Raft consensus is shut down!
I20260608 12:57:56.909009 29405 tablet_replica.cc:333] T 00000000000000000000000000000000 P d79043f7813b44b4bee139779ac1f228: stopping tablet replica
I20260608 12:57:56.927477 29405 master.cc:584] Master@127.28.183.126:38189 shutdown complete.
I20260608 12:57:56.938431 29405 master.cc:562] Master@127.28.183.124:46343 shutting down...
I20260608 12:57:56.951654 29405 raft_consensus.cc:2243] T 00000000000000000000000000000000 P de402ba0c0334fa6a9bfc0d1e652b47d [term 2 LEADER]: Raft consensus shutting down.
I20260608 12:57:56.952493 29405 pending_rounds.cc:70] T 00000000000000000000000000000000 P de402ba0c0334fa6a9bfc0d1e652b47d: Trying to abort 1 pending ops.
I20260608 12:57:56.952710 29405 pending_rounds.cc:77] T 00000000000000000000000000000000 P de402ba0c0334fa6a9bfc0d1e652b47d: Aborting op as it isn't in flight: id { term: 2 index: 11 } timestamp: 7294662560083853312 op_type: NO_OP noop_request { }
I20260608 12:57:56.953047 29405 raft_consensus.cc:2889] T 00000000000000000000000000000000 P de402ba0c0334fa6a9bfc0d1e652b47d [term 2 LEADER]: NO_OP replication failed: Aborted: Op aborted
I20260608 12:57:56.953346 29405 raft_consensus.cc:2272] T 00000000000000000000000000000000 P de402ba0c0334fa6a9bfc0d1e652b47d [term 2 FOLLOWER]: Raft consensus is shut down!
I20260608 12:57:56.953734 29405 tablet_replica.cc:333] T 00000000000000000000000000000000 P de402ba0c0334fa6a9bfc0d1e652b47d: stopping tablet replica
I20260608 12:57:56.972303 29405 master.cc:584] Master@127.28.183.124:46343 shutdown complete.
[       OK ] AutoRebalancerTest.NextLeaderResumesAutoRebalancing (4690 ms)
[ RUN      ] AutoRebalancerTest.MovesScheduledIfAddTserver
I20260608 12:57:56.996532 29405 internal_mini_cluster.cc:156] Creating distributed mini masters. Addrs: 127.28.183.126:33813
I20260608 12:57:56.997607 29405 file_cache.cc:492] Constructed file cache file cache with capacity 419430
W20260608 12:57:57.002365 31036 instance_detector.cc:116] could not retrieve AWS instance metadata: Network error: curl error: HTTP response code said error: The requested URL returned error: 404
W20260608 12:57:57.002625 31037 instance_detector.cc:116] could not retrieve Azure instance metadata: Network error: curl error: HTTP response code said error: The requested URL returned error: 404
W20260608 12:57:57.004015 31039 instance_detector.cc:116] could not retrieve OpenStack instance metadata: Network error: curl error: HTTP response code said error: The requested URL returned error: 404
I20260608 12:57:57.004842 29405 server_base.cc:1061] running on GCE node
I20260608 12:57:57.005571 29405 hybrid_clock.cc:584] initializing the hybrid clock with 'system_unsync' time source
W20260608 12:57:57.005757 29405 system_unsync_time.cc:38] NTP support is disabled. Clock error bounds will not be accurate. This configuration is not suitable for distributed clusters.
I20260608 12:57:57.005923 29405 hybrid_clock.cc:648] HybridClock initialized: now 1780923477005894 us; error 0 us; skew 500 ppm
I20260608 12:57:57.006498 29405 server_base.cc:861] Flag tcmalloc_max_total_thread_cache_bytes is not working since tcmalloc is not enabled.
I20260608 12:57:57.008719 29405 webserver.cc:533] Webserver started at http://127.28.183.126:33641/ using document root <none> and password file <none>
I20260608 12:57:57.009217 29405 fs_manager.cc:362] Metadata directory not provided
I20260608 12:57:57.009408 29405 fs_manager.cc:368] Using write-ahead log directory (fs_wal_dir) as metadata directory
I20260608 12:57:57.009654 29405 server_base.cc:909] This appears to be a new deployment of Kudu; creating new FS layout
I20260608 12:57:57.010661 29405 fs_manager.cc:1068] Generated new instance metadata in path /tmp/dist-test-task3dmmH4/test-tmp/auto_rebalancer-test.0.AutoRebalancerTest.MovesScheduledIfAddTserver.1780923457863410-29405-0/minicluster-data/master-0-root/instance:
uuid: "1821b72599b2473f8c41a376f331e9c6"
format_stamp: "Formatted at 2026-06-08 12:57:57 on dist-test-slave-j9fj"
I20260608 12:57:57.015092 29405 fs_manager.cc:696] Time spent creating directory manager: real 0.004s	user 0.006s	sys 0.000s
I20260608 12:57:57.018380 31044 log_block_manager.cc:4031] Time spent loading block containers with low live blocks: real 0.000s	user 0.000s	sys 0.000s
I20260608 12:57:57.019049 29405 fs_manager.cc:730] Time spent opening block manager: real 0.002s	user 0.002s	sys 0.000s
I20260608 12:57:57.019330 29405 fs_manager.cc:647] Opened local filesystem: /tmp/dist-test-task3dmmH4/test-tmp/auto_rebalancer-test.0.AutoRebalancerTest.MovesScheduledIfAddTserver.1780923457863410-29405-0/minicluster-data/master-0-root
uuid: "1821b72599b2473f8c41a376f331e9c6"
format_stamp: "Formatted at 2026-06-08 12:57:57 on dist-test-slave-j9fj"
I20260608 12:57:57.019588 29405 fs_report.cc:389] FS layout report
--------------------
wal directory: /tmp/dist-test-task3dmmH4/test-tmp/auto_rebalancer-test.0.AutoRebalancerTest.MovesScheduledIfAddTserver.1780923457863410-29405-0/minicluster-data/master-0-root
metadata directory: /tmp/dist-test-task3dmmH4/test-tmp/auto_rebalancer-test.0.AutoRebalancerTest.MovesScheduledIfAddTserver.1780923457863410-29405-0/minicluster-data/master-0-root
1 data directories: /tmp/dist-test-task3dmmH4/test-tmp/auto_rebalancer-test.0.AutoRebalancerTest.MovesScheduledIfAddTserver.1780923457863410-29405-0/minicluster-data/master-0-root/data
Total live blocks: 0
Total live bytes: 0
Total live bytes (after alignment): 0
Total number of LBM containers: 0 (0 full)
Did not check for missing blocks
Did not check for orphaned blocks
Total full LBM containers with extra space: 0 (0 repaired)
Total full LBM container extra space in bytes: 0 (0 repaired)
Total incomplete LBM containers: 0 (0 repaired)
Total LBM partial records: 0 (0 repaired)
Total corrupted LBM metadata records in RocksDB: 0 (0 repaired)
I20260608 12:57:57.033774 29405 rpc_server.cc:225] running with OpenSSL 1.1.1  11 Sep 2018
I20260608 12:57:57.034821 29405 kserver.cc:163] Server-wide thread pool size limit: 3276
I20260608 12:57:57.069245 29405 rpc_server.cc:307] RPC server started. Bound to: 127.28.183.126:33813
I20260608 12:57:57.069355 31095 acceptor_pool.cc:272] collecting diagnostics on the listening RPC socket 127.28.183.126:33813 every 8 connection(s)
I20260608 12:57:57.073135 31096 data_dirs.cc:400] Could only allocate 1 dirs of requested 3 for tablet 00000000000000000000000000000000. 1 dirs total, 0 dirs full, 0 dirs failed
I20260608 12:57:57.082346 31096 tablet_bootstrap.cc:492] T 00000000000000000000000000000000 P 1821b72599b2473f8c41a376f331e9c6: Bootstrap starting.
I20260608 12:57:57.086642 31096 tablet_bootstrap.cc:654] T 00000000000000000000000000000000 P 1821b72599b2473f8c41a376f331e9c6: Neither blocks nor log segments found. Creating new log.
I20260608 12:57:57.090746 31096 tablet_bootstrap.cc:492] T 00000000000000000000000000000000 P 1821b72599b2473f8c41a376f331e9c6: No bootstrap required, opened a new log
I20260608 12:57:57.092744 31096 raft_consensus.cc:359] T 00000000000000000000000000000000 P 1821b72599b2473f8c41a376f331e9c6 [term 0 FOLLOWER]: Replica starting. Triggering 0 pending ops. Active config: opid_index: -1 OBSOLETE_local: true peers { permanent_uuid: "1821b72599b2473f8c41a376f331e9c6" member_type: VOTER }
I20260608 12:57:57.093102 31096 raft_consensus.cc:385] T 00000000000000000000000000000000 P 1821b72599b2473f8c41a376f331e9c6 [term 0 FOLLOWER]: Consensus starting up: Expiring failure detector timer to make a prompt election more likely
I20260608 12:57:57.093287 31096 raft_consensus.cc:740] T 00000000000000000000000000000000 P 1821b72599b2473f8c41a376f331e9c6 [term 0 FOLLOWER]: Becoming Follower/Learner. State: Replica: 1821b72599b2473f8c41a376f331e9c6, State: Initialized, Role: FOLLOWER
I20260608 12:57:57.093792 31096 consensus_queue.cc:260] T 00000000000000000000000000000000 P 1821b72599b2473f8c41a376f331e9c6 [NON_LEADER]: Queue going to NON_LEADER mode. State: All replicated index: 0, Majority replicated index: 0, Committed index: 0, Last appended: 0.0, Last appended by leader: 0, Current term: 0, Majority size: -1, State: 0, Mode: NON_LEADER, active raft config: opid_index: -1 OBSOLETE_local: true peers { permanent_uuid: "1821b72599b2473f8c41a376f331e9c6" member_type: VOTER }
I20260608 12:57:57.094190 31096 raft_consensus.cc:399] T 00000000000000000000000000000000 P 1821b72599b2473f8c41a376f331e9c6 [term 0 FOLLOWER]: Only one voter in the Raft config. Triggering election immediately
I20260608 12:57:57.094388 31096 raft_consensus.cc:493] T 00000000000000000000000000000000 P 1821b72599b2473f8c41a376f331e9c6 [term 0 FOLLOWER]: Starting leader election (initial election of a single-replica configuration)
I20260608 12:57:57.094597 31096 raft_consensus.cc:3060] T 00000000000000000000000000000000 P 1821b72599b2473f8c41a376f331e9c6 [term 0 FOLLOWER]: Advancing to term 1
I20260608 12:57:57.098641 31096 raft_consensus.cc:515] T 00000000000000000000000000000000 P 1821b72599b2473f8c41a376f331e9c6 [term 1 FOLLOWER]: Starting leader election with config: opid_index: -1 OBSOLETE_local: true peers { permanent_uuid: "1821b72599b2473f8c41a376f331e9c6" member_type: VOTER }
I20260608 12:57:57.099097 31096 leader_election.cc:304] T 00000000000000000000000000000000 P 1821b72599b2473f8c41a376f331e9c6 [CANDIDATE]: Term 1 election: Election decided. Result: candidate won. Election summary: received 1 responses out of 1 voters: 1 yes votes; 0 no votes. yes voters: 1821b72599b2473f8c41a376f331e9c6; no voters: 
I20260608 12:57:57.100163 31096 leader_election.cc:290] T 00000000000000000000000000000000 P 1821b72599b2473f8c41a376f331e9c6 [CANDIDATE]: Term 1 election: Requested vote from peers 
I20260608 12:57:57.100513 31099 raft_consensus.cc:2804] T 00000000000000000000000000000000 P 1821b72599b2473f8c41a376f331e9c6 [term 1 FOLLOWER]: Leader election won for term 1
I20260608 12:57:57.101830 31099 raft_consensus.cc:697] T 00000000000000000000000000000000 P 1821b72599b2473f8c41a376f331e9c6 [term 1 LEADER]: Becoming Leader. State: Replica: 1821b72599b2473f8c41a376f331e9c6, State: Running, Role: LEADER
I20260608 12:57:57.102486 31099 consensus_queue.cc:237] T 00000000000000000000000000000000 P 1821b72599b2473f8c41a376f331e9c6 [LEADER]: Queue going to LEADER mode. State: All replicated index: 0, Majority replicated index: 0, Committed index: 0, Last appended: 0.0, Last appended by leader: 0, Current term: 1, Majority size: 1, State: 0, Mode: LEADER, active raft config: opid_index: -1 OBSOLETE_local: true peers { permanent_uuid: "1821b72599b2473f8c41a376f331e9c6" member_type: VOTER }
I20260608 12:57:57.103089 31096 sys_catalog.cc:565] T 00000000000000000000000000000000 P 1821b72599b2473f8c41a376f331e9c6 [sys.catalog]: configured and running, proceeding with master startup.
I20260608 12:57:57.106673 31101 sys_catalog.cc:455] T 00000000000000000000000000000000 P 1821b72599b2473f8c41a376f331e9c6 [sys.catalog]: SysCatalogTable state changed. Reason: New leader 1821b72599b2473f8c41a376f331e9c6. Latest consensus state: current_term: 1 leader_uuid: "1821b72599b2473f8c41a376f331e9c6" committed_config { opid_index: -1 OBSOLETE_local: true peers { permanent_uuid: "1821b72599b2473f8c41a376f331e9c6" member_type: VOTER } }
I20260608 12:57:57.107321 31101 sys_catalog.cc:458] T 00000000000000000000000000000000 P 1821b72599b2473f8c41a376f331e9c6 [sys.catalog]: This master's current role is: LEADER
I20260608 12:57:57.108284 31100 sys_catalog.cc:455] T 00000000000000000000000000000000 P 1821b72599b2473f8c41a376f331e9c6 [sys.catalog]: SysCatalogTable state changed. Reason: RaftConsensus started. Latest consensus state: current_term: 1 leader_uuid: "1821b72599b2473f8c41a376f331e9c6" committed_config { opid_index: -1 OBSOLETE_local: true peers { permanent_uuid: "1821b72599b2473f8c41a376f331e9c6" member_type: VOTER } }
I20260608 12:57:57.108834 31100 sys_catalog.cc:458] T 00000000000000000000000000000000 P 1821b72599b2473f8c41a376f331e9c6 [sys.catalog]: This master's current role is: LEADER
I20260608 12:57:57.110071 31107 catalog_manager.cc:1510] Loading table and tablet metadata into memory...
I20260608 12:57:57.114831 31107 catalog_manager.cc:1519] Initializing Kudu cluster ID...
I20260608 12:57:57.117367 29405 internal_mini_cluster.cc:184] Waiting to initialize catalog manager on master 0
I20260608 12:57:57.123809 31107 catalog_manager.cc:1382] Generated new cluster ID: df655aaf636e4a7ab0992b1bf9f38ca3
I20260608 12:57:57.124097 31107 catalog_manager.cc:1530] Initializing Kudu internal certificate authority...
I20260608 12:57:57.142915 31107 catalog_manager.cc:1405] Generated new certificate authority record
I20260608 12:57:57.144099 31107 catalog_manager.cc:1539] Loading token signing keys...
I20260608 12:57:57.157742 31107 catalog_manager.cc:6069] T 00000000000000000000000000000000 P 1821b72599b2473f8c41a376f331e9c6: Generated new TSK 0
I20260608 12:57:57.158309 31107 catalog_manager.cc:1549] Initializing in-progress tserver states...
I20260608 12:57:57.183616 29405 file_cache.cc:492] Constructed file cache file cache with capacity 419430
W20260608 12:57:57.189272 31117 instance_detector.cc:116] could not retrieve AWS instance metadata: Network error: curl error: HTTP response code said error: The requested URL returned error: 404
W20260608 12:57:57.190385 31118 instance_detector.cc:116] could not retrieve Azure instance metadata: Network error: curl error: HTTP response code said error: The requested URL returned error: 404
I20260608 12:57:57.192775 29405 server_base.cc:1061] running on GCE node
W20260608 12:57:57.192867 31120 instance_detector.cc:116] could not retrieve OpenStack instance metadata: Network error: curl error: HTTP response code said error: The requested URL returned error: 404
I20260608 12:57:57.193871 29405 hybrid_clock.cc:584] initializing the hybrid clock with 'system_unsync' time source
W20260608 12:57:57.194051 29405 system_unsync_time.cc:38] NTP support is disabled. Clock error bounds will not be accurate. This configuration is not suitable for distributed clusters.
I20260608 12:57:57.194171 29405 hybrid_clock.cc:648] HybridClock initialized: now 1780923477194160 us; error 0 us; skew 500 ppm
I20260608 12:57:57.194691 29405 server_base.cc:861] Flag tcmalloc_max_total_thread_cache_bytes is not working since tcmalloc is not enabled.
I20260608 12:57:57.196983 29405 webserver.cc:533] Webserver started at http://127.28.183.65:35929/ using document root <none> and password file <none>
I20260608 12:57:57.197448 29405 fs_manager.cc:362] Metadata directory not provided
I20260608 12:57:57.197602 29405 fs_manager.cc:368] Using write-ahead log directory (fs_wal_dir) as metadata directory
I20260608 12:57:57.197819 29405 server_base.cc:909] This appears to be a new deployment of Kudu; creating new FS layout
I20260608 12:57:57.198822 29405 fs_manager.cc:1068] Generated new instance metadata in path /tmp/dist-test-task3dmmH4/test-tmp/auto_rebalancer-test.0.AutoRebalancerTest.MovesScheduledIfAddTserver.1780923457863410-29405-0/minicluster-data/ts-0-root/instance:
uuid: "b5835ef03027489a9d7370497bf53b2e"
format_stamp: "Formatted at 2026-06-08 12:57:57 on dist-test-slave-j9fj"
I20260608 12:57:57.203215 29405 fs_manager.cc:696] Time spent creating directory manager: real 0.004s	user 0.002s	sys 0.004s
I20260608 12:57:57.206506 31125 log_block_manager.cc:4031] Time spent loading block containers with low live blocks: real 0.000s	user 0.000s	sys 0.000s
I20260608 12:57:57.207238 29405 fs_manager.cc:730] Time spent opening block manager: real 0.002s	user 0.002s	sys 0.000s
I20260608 12:57:57.207471 29405 fs_manager.cc:647] Opened local filesystem: /tmp/dist-test-task3dmmH4/test-tmp/auto_rebalancer-test.0.AutoRebalancerTest.MovesScheduledIfAddTserver.1780923457863410-29405-0/minicluster-data/ts-0-root
uuid: "b5835ef03027489a9d7370497bf53b2e"
format_stamp: "Formatted at 2026-06-08 12:57:57 on dist-test-slave-j9fj"
I20260608 12:57:57.207701 29405 fs_report.cc:389] FS layout report
--------------------
wal directory: /tmp/dist-test-task3dmmH4/test-tmp/auto_rebalancer-test.0.AutoRebalancerTest.MovesScheduledIfAddTserver.1780923457863410-29405-0/minicluster-data/ts-0-root
metadata directory: /tmp/dist-test-task3dmmH4/test-tmp/auto_rebalancer-test.0.AutoRebalancerTest.MovesScheduledIfAddTserver.1780923457863410-29405-0/minicluster-data/ts-0-root
1 data directories: /tmp/dist-test-task3dmmH4/test-tmp/auto_rebalancer-test.0.AutoRebalancerTest.MovesScheduledIfAddTserver.1780923457863410-29405-0/minicluster-data/ts-0-root/data
Total live blocks: 0
Total live bytes: 0
Total live bytes (after alignment): 0
Total number of LBM containers: 0 (0 full)
Did not check for missing blocks
Did not check for orphaned blocks
Total full LBM containers with extra space: 0 (0 repaired)
Total full LBM container extra space in bytes: 0 (0 repaired)
Total incomplete LBM containers: 0 (0 repaired)
Total LBM partial records: 0 (0 repaired)
Total corrupted LBM metadata records in RocksDB: 0 (0 repaired)
I20260608 12:57:57.220112 29405 rpc_server.cc:225] running with OpenSSL 1.1.1  11 Sep 2018
I20260608 12:57:57.221163 29405 kserver.cc:163] Server-wide thread pool size limit: 3276
I20260608 12:57:57.222627 29405 txn_system_client.cc:432] TxnSystemClient initialization is disabled...
I20260608 12:57:57.224928 29405 ts_tablet_manager.cc:585] Loaded tablet metadata (0 total tablets, 0 live tablets)
I20260608 12:57:57.225122 29405 ts_tablet_manager.cc:531] Time spent load tablet metadata: real 0.000s	user 0.000s	sys 0.000s
I20260608 12:57:57.225379 29405 ts_tablet_manager.cc:616] Registered 0 tablets
I20260608 12:57:57.225535 29405 ts_tablet_manager.cc:595] Time spent register tablets: real 0.000s	user 0.000s	sys 0.000s
I20260608 12:57:57.262540 29405 rpc_server.cc:307] RPC server started. Bound to: 127.28.183.65:35989
I20260608 12:57:57.262648 31187 acceptor_pool.cc:272] collecting diagnostics on the listening RPC socket 127.28.183.65:35989 every 8 connection(s)
I20260608 12:57:57.267796 29405 file_cache.cc:492] Constructed file cache file cache with capacity 419430
W20260608 12:57:57.274889 31192 instance_detector.cc:116] could not retrieve AWS instance metadata: Network error: curl error: HTTP response code said error: The requested URL returned error: 404
W20260608 12:57:57.276748 31193 instance_detector.cc:116] could not retrieve Azure instance metadata: Network error: curl error: HTTP response code said error: The requested URL returned error: 404
W20260608 12:57:57.277534 31195 instance_detector.cc:116] could not retrieve OpenStack instance metadata: Network error: curl error: HTTP response code said error: The requested URL returned error: 404
I20260608 12:57:57.278900 29405 server_base.cc:1061] running on GCE node
I20260608 12:57:57.280071 29405 hybrid_clock.cc:584] initializing the hybrid clock with 'system_unsync' time source
W20260608 12:57:57.280282 29405 system_unsync_time.cc:38] NTP support is disabled. Clock error bounds will not be accurate. This configuration is not suitable for distributed clusters.
I20260608 12:57:57.280483 29405 hybrid_clock.cc:648] HybridClock initialized: now 1780923477280464 us; error 0 us; skew 500 ppm
I20260608 12:57:57.281059 29405 server_base.cc:861] Flag tcmalloc_max_total_thread_cache_bytes is not working since tcmalloc is not enabled.
I20260608 12:57:57.281188 31188 heartbeater.cc:344] Connected to a master server at 127.28.183.126:33813
I20260608 12:57:57.281610 31188 heartbeater.cc:461] Registering TS with master...
I20260608 12:57:57.282404 31188 heartbeater.cc:507] Master 127.28.183.126:33813 requested a full tablet report, sending...
I20260608 12:57:57.283795 29405 webserver.cc:533] Webserver started at http://127.28.183.66:33745/ using document root <none> and password file <none>
I20260608 12:57:57.284427 29405 fs_manager.cc:362] Metadata directory not provided
I20260608 12:57:57.284638 29405 fs_manager.cc:368] Using write-ahead log directory (fs_wal_dir) as metadata directory
I20260608 12:57:57.284655 31061 ts_manager.cc:194] Registered new tserver with Master: b5835ef03027489a9d7370497bf53b2e (127.28.183.65:35989)
I20260608 12:57:57.284940 29405 server_base.cc:909] This appears to be a new deployment of Kudu; creating new FS layout
I20260608 12:57:57.286095 29405 fs_manager.cc:1068] Generated new instance metadata in path /tmp/dist-test-task3dmmH4/test-tmp/auto_rebalancer-test.0.AutoRebalancerTest.MovesScheduledIfAddTserver.1780923457863410-29405-0/minicluster-data/ts-1-root/instance:
uuid: "8de169153b3b4075ba9cf35b3c2cd939"
format_stamp: "Formatted at 2026-06-08 12:57:57 on dist-test-slave-j9fj"
I20260608 12:57:57.286609 31061 master_service.cc:502] Signed X509 certificate for tserver {username='slave'} at 127.0.0.1:54722
I20260608 12:57:57.290989 29405 fs_manager.cc:696] Time spent creating directory manager: real 0.004s	user 0.005s	sys 0.000s
I20260608 12:57:57.294286 31200 log_block_manager.cc:4031] Time spent loading block containers with low live blocks: real 0.000s	user 0.000s	sys 0.000s
I20260608 12:57:57.294997 29405 fs_manager.cc:730] Time spent opening block manager: real 0.002s	user 0.002s	sys 0.000s
I20260608 12:57:57.295277 29405 fs_manager.cc:647] Opened local filesystem: /tmp/dist-test-task3dmmH4/test-tmp/auto_rebalancer-test.0.AutoRebalancerTest.MovesScheduledIfAddTserver.1780923457863410-29405-0/minicluster-data/ts-1-root
uuid: "8de169153b3b4075ba9cf35b3c2cd939"
format_stamp: "Formatted at 2026-06-08 12:57:57 on dist-test-slave-j9fj"
I20260608 12:57:57.295542 29405 fs_report.cc:389] FS layout report
--------------------
wal directory: /tmp/dist-test-task3dmmH4/test-tmp/auto_rebalancer-test.0.AutoRebalancerTest.MovesScheduledIfAddTserver.1780923457863410-29405-0/minicluster-data/ts-1-root
metadata directory: /tmp/dist-test-task3dmmH4/test-tmp/auto_rebalancer-test.0.AutoRebalancerTest.MovesScheduledIfAddTserver.1780923457863410-29405-0/minicluster-data/ts-1-root
1 data directories: /tmp/dist-test-task3dmmH4/test-tmp/auto_rebalancer-test.0.AutoRebalancerTest.MovesScheduledIfAddTserver.1780923457863410-29405-0/minicluster-data/ts-1-root/data
Total live blocks: 0
Total live bytes: 0
Total live bytes (after alignment): 0
Total number of LBM containers: 0 (0 full)
Did not check for missing blocks
Did not check for orphaned blocks
Total full LBM containers with extra space: 0 (0 repaired)
Total full LBM container extra space in bytes: 0 (0 repaired)
Total incomplete LBM containers: 0 (0 repaired)
Total LBM partial records: 0 (0 repaired)
Total corrupted LBM metadata records in RocksDB: 0 (0 repaired)
I20260608 12:57:57.305181 29405 rpc_server.cc:225] running with OpenSSL 1.1.1  11 Sep 2018
I20260608 12:57:57.306130 29405 kserver.cc:163] Server-wide thread pool size limit: 3276
I20260608 12:57:57.307426 29405 txn_system_client.cc:432] TxnSystemClient initialization is disabled...
I20260608 12:57:57.309775 29405 ts_tablet_manager.cc:585] Loaded tablet metadata (0 total tablets, 0 live tablets)
I20260608 12:57:57.310087 29405 ts_tablet_manager.cc:531] Time spent load tablet metadata: real 0.000s	user 0.000s	sys 0.000s
I20260608 12:57:57.310421 29405 ts_tablet_manager.cc:616] Registered 0 tablets
I20260608 12:57:57.310602 29405 ts_tablet_manager.cc:595] Time spent register tablets: real 0.000s	user 0.000s	sys 0.000s
I20260608 12:57:57.347570 29405 rpc_server.cc:307] RPC server started. Bound to: 127.28.183.66:43151
I20260608 12:57:57.347678 31262 acceptor_pool.cc:272] collecting diagnostics on the listening RPC socket 127.28.183.66:43151 every 8 connection(s)
I20260608 12:57:57.352392 29405 file_cache.cc:492] Constructed file cache file cache with capacity 419430
W20260608 12:57:57.359064 31266 instance_detector.cc:116] could not retrieve AWS instance metadata: Network error: curl error: HTTP response code said error: The requested URL returned error: 404
W20260608 12:57:57.360513 31267 instance_detector.cc:116] could not retrieve Azure instance metadata: Network error: curl error: HTTP response code said error: The requested URL returned error: 404
I20260608 12:57:57.364616 31263 heartbeater.cc:344] Connected to a master server at 127.28.183.126:33813
I20260608 12:57:57.365150 31263 heartbeater.cc:461] Registering TS with master...
W20260608 12:57:57.365374 31269 instance_detector.cc:116] could not retrieve OpenStack instance metadata: Network error: curl error: HTTP response code said error: The requested URL returned error: 404
I20260608 12:57:57.366176 31263 heartbeater.cc:507] Master 127.28.183.126:33813 requested a full tablet report, sending...
I20260608 12:57:57.366526 29405 server_base.cc:1061] running on GCE node
I20260608 12:57:57.367444 29405 hybrid_clock.cc:584] initializing the hybrid clock with 'system_unsync' time source
W20260608 12:57:57.367741 29405 system_unsync_time.cc:38] NTP support is disabled. Clock error bounds will not be accurate. This configuration is not suitable for distributed clusters.
I20260608 12:57:57.367951 29405 hybrid_clock.cc:648] HybridClock initialized: now 1780923477367915 us; error 0 us; skew 500 ppm
I20260608 12:57:57.368687 29405 server_base.cc:861] Flag tcmalloc_max_total_thread_cache_bytes is not working since tcmalloc is not enabled.
I20260608 12:57:57.368628 31061 ts_manager.cc:194] Registered new tserver with Master: 8de169153b3b4075ba9cf35b3c2cd939 (127.28.183.66:43151)
I20260608 12:57:57.370561 31061 master_service.cc:502] Signed X509 certificate for tserver {username='slave'} at 127.0.0.1:54736
I20260608 12:57:57.371450 29405 webserver.cc:533] Webserver started at http://127.28.183.67:45771/ using document root <none> and password file <none>
I20260608 12:57:57.372105 29405 fs_manager.cc:362] Metadata directory not provided
I20260608 12:57:57.372293 29405 fs_manager.cc:368] Using write-ahead log directory (fs_wal_dir) as metadata directory
I20260608 12:57:57.372565 29405 server_base.cc:909] This appears to be a new deployment of Kudu; creating new FS layout
I20260608 12:57:57.373605 29405 fs_manager.cc:1068] Generated new instance metadata in path /tmp/dist-test-task3dmmH4/test-tmp/auto_rebalancer-test.0.AutoRebalancerTest.MovesScheduledIfAddTserver.1780923457863410-29405-0/minicluster-data/ts-2-root/instance:
uuid: "ae8fb6c36a8b4b59a39245f507bffcc6"
format_stamp: "Formatted at 2026-06-08 12:57:57 on dist-test-slave-j9fj"
I20260608 12:57:57.377835 29405 fs_manager.cc:696] Time spent creating directory manager: real 0.004s	user 0.005s	sys 0.000s
I20260608 12:57:57.380949 31274 log_block_manager.cc:4031] Time spent loading block containers with low live blocks: real 0.000s	user 0.000s	sys 0.000s
I20260608 12:57:57.381636 29405 fs_manager.cc:730] Time spent opening block manager: real 0.002s	user 0.002s	sys 0.000s
I20260608 12:57:57.381917 29405 fs_manager.cc:647] Opened local filesystem: /tmp/dist-test-task3dmmH4/test-tmp/auto_rebalancer-test.0.AutoRebalancerTest.MovesScheduledIfAddTserver.1780923457863410-29405-0/minicluster-data/ts-2-root
uuid: "ae8fb6c36a8b4b59a39245f507bffcc6"
format_stamp: "Formatted at 2026-06-08 12:57:57 on dist-test-slave-j9fj"
I20260608 12:57:57.382169 29405 fs_report.cc:389] FS layout report
--------------------
wal directory: /tmp/dist-test-task3dmmH4/test-tmp/auto_rebalancer-test.0.AutoRebalancerTest.MovesScheduledIfAddTserver.1780923457863410-29405-0/minicluster-data/ts-2-root
metadata directory: /tmp/dist-test-task3dmmH4/test-tmp/auto_rebalancer-test.0.AutoRebalancerTest.MovesScheduledIfAddTserver.1780923457863410-29405-0/minicluster-data/ts-2-root
1 data directories: /tmp/dist-test-task3dmmH4/test-tmp/auto_rebalancer-test.0.AutoRebalancerTest.MovesScheduledIfAddTserver.1780923457863410-29405-0/minicluster-data/ts-2-root/data
Total live blocks: 0
Total live bytes: 0
Total live bytes (after alignment): 0
Total number of LBM containers: 0 (0 full)
Did not check for missing blocks
Did not check for orphaned blocks
Total full LBM containers with extra space: 0 (0 repaired)
Total full LBM container extra space in bytes: 0 (0 repaired)
Total incomplete LBM containers: 0 (0 repaired)
Total LBM partial records: 0 (0 repaired)
Total corrupted LBM metadata records in RocksDB: 0 (0 repaired)
I20260608 12:57:57.397655 29405 rpc_server.cc:225] running with OpenSSL 1.1.1  11 Sep 2018
I20260608 12:57:57.398680 29405 kserver.cc:163] Server-wide thread pool size limit: 3276
I20260608 12:57:57.400063 29405 txn_system_client.cc:432] TxnSystemClient initialization is disabled...
I20260608 12:57:57.402163 29405 ts_tablet_manager.cc:585] Loaded tablet metadata (0 total tablets, 0 live tablets)
I20260608 12:57:57.402377 29405 ts_tablet_manager.cc:531] Time spent load tablet metadata: real 0.000s	user 0.000s	sys 0.000s
I20260608 12:57:57.402593 29405 ts_tablet_manager.cc:616] Registered 0 tablets
I20260608 12:57:57.402766 29405 ts_tablet_manager.cc:595] Time spent register tablets: real 0.000s	user 0.000s	sys 0.000s
I20260608 12:57:57.442330 29405 rpc_server.cc:307] RPC server started. Bound to: 127.28.183.67:42733
I20260608 12:57:57.442437 31336 acceptor_pool.cc:272] collecting diagnostics on the listening RPC socket 127.28.183.67:42733 every 8 connection(s)
I20260608 12:57:57.455932 31337 heartbeater.cc:344] Connected to a master server at 127.28.183.126:33813
I20260608 12:57:57.456297 31337 heartbeater.cc:461] Registering TS with master...
I20260608 12:57:57.457017 31337 heartbeater.cc:507] Master 127.28.183.126:33813 requested a full tablet report, sending...
I20260608 12:57:57.458864 31061 ts_manager.cc:194] Registered new tserver with Master: ae8fb6c36a8b4b59a39245f507bffcc6 (127.28.183.67:42733)
I20260608 12:57:57.459192 29405 internal_mini_cluster.cc:371] 3 TS(s) registered with all masters after 0.013391604s
I20260608 12:57:57.460646 31061 master_service.cc:502] Signed X509 certificate for tserver {username='slave'} at 127.0.0.1:54750
I20260608 12:57:58.289038 31188 heartbeater.cc:499] Master 127.28.183.126:33813 was elected leader, sending a full tablet report...
I20260608 12:57:58.373220 31263 heartbeater.cc:499] Master 127.28.183.126:33813 was elected leader, sending a full tablet report...
I20260608 12:57:58.463326 31337 heartbeater.cc:499] Master 127.28.183.126:33813 was elected leader, sending a full tablet report...
I20260608 12:57:58.514241 31061 catalog_manager.cc:2282] Servicing CreateTable request from {username='slave'} at 127.0.0.1:54766:
name: "test-workload"
schema {
  columns {
    name: "key"
    type: INT32
    is_key: true
    is_nullable: false
    encoding: AUTO_ENCODING
    compression: DEFAULT_COMPRESSION
    cfile_block_size: 0
    immutable: false
  }
  columns {
    name: "int_val"
    type: INT32
    is_key: false
    is_nullable: false
    encoding: AUTO_ENCODING
    compression: DEFAULT_COMPRESSION
    cfile_block_size: 0
    immutable: false
  }
  columns {
    name: "string_val"
    type: STRING
    is_key: false
    is_nullable: true
    encoding: AUTO_ENCODING
    compression: DEFAULT_COMPRESSION
    cfile_block_size: 0
    immutable: false
  }
}
num_replicas: 3
split_rows_range_bounds {
  rows: "\004\001\000\377\377\377?""\004\001\000\377\377\377?"
  indirect_data: """"
}
partition_schema {
  range_schema {
    columns {
      name: "key"
    }
  }
}
W20260608 12:57:58.516263 31061 catalog_manager.cc:7076] The number of live tablet servers is not enough to re-replicate a tablet replica of the newly created table test-workload in case of a server failure: 4 tablet servers would be needed, 3 are available. Consider bringing up more tablet servers.
I20260608 12:57:58.569746 31302 tablet_service.cc:1511] Processing CreateTablet for tablet ec0da4a7f92f4d548223b1ae8bf8e105 (DEFAULT_TABLE table=test-workload [id=cb232a980f1e4ac49cc7efe7a256fc62]), partition=RANGE (key) PARTITION VALUES < 1073741823
