I20260608 12:58:52.871680 32401 consensus_queue.cc:260] T 8af741d9b3f7401f9a1df4b36e10a818 P d6bdeb49450d4a63b421ac1489238faf [NON_LEADER]: Queue going to NON_LEADER mode. State: All replicated index: 0, Majority replicated index: 0, Committed index: 0, Last appended: 0.0, Last appended by leader: 0, Current term: 0, Majority size: -1, State: 0, Mode: NON_LEADER, active raft config: opid_index: -1 OBSOLETE_local: false peers { permanent_uuid: "e05d3ae7d1044c1db08b1fdd1e844551" member_type: VOTER last_known_addr { host: "127.28.107.68" port: 45301 } } peers { permanent_uuid: "d6bdeb49450d4a63b421ac1489238faf" member_type: VOTER last_known_addr { host: "127.28.107.67" port: 38599 } } peers { permanent_uuid: "407df108dae34379a199575cfc3edaa6" member_type: VOTER last_known_addr { host: "127.28.107.66" port: 44739 } }
I20260608 12:58:52.868135 32398 raft_consensus.cc:359] T 6e015065e6a64cbeac3ff0c96fb4163a P 4749878f0db14d1aa323b3c1d9e88b0a [term 0 FOLLOWER]: Replica starting. Triggering 0 pending ops. Active config: opid_index: -1 OBSOLETE_local: false peers { permanent_uuid: "e05d3ae7d1044c1db08b1fdd1e844551" member_type: VOTER last_known_addr { host: "127.28.107.68" port: 45301 } } peers { permanent_uuid: "4749878f0db14d1aa323b3c1d9e88b0a" member_type: VOTER last_known_addr { host: "127.28.107.65" port: 35279 } } peers { permanent_uuid: "407df108dae34379a199575cfc3edaa6" member_type: VOTER last_known_addr { host: "127.28.107.66" port: 44739 } }
I20260608 12:58:52.873819 32398 raft_consensus.cc:385] T 6e015065e6a64cbeac3ff0c96fb4163a P 4749878f0db14d1aa323b3c1d9e88b0a [term 0 FOLLOWER]: Consensus starting up: Expiring failure detector timer to make a prompt election more likely
I20260608 12:58:52.874199 32398 raft_consensus.cc:740] T 6e015065e6a64cbeac3ff0c96fb4163a P 4749878f0db14d1aa323b3c1d9e88b0a [term 0 FOLLOWER]: Becoming Follower/Learner. State: Replica: 4749878f0db14d1aa323b3c1d9e88b0a, State: Initialized, Role: FOLLOWER
I20260608 12:58:52.874562 32401 ts_tablet_manager.cc:1434] T 8af741d9b3f7401f9a1df4b36e10a818 P d6bdeb49450d4a63b421ac1489238faf: Time spent starting tablet: real 0.032s	user 0.009s	sys 0.000s
I20260608 12:58:52.876147 32401 tablet_bootstrap.cc:492] T 67e276d0a1a1442681b9453c66465518 P d6bdeb49450d4a63b421ac1489238faf: Bootstrap starting.
I20260608 12:58:52.875674 32398 consensus_queue.cc:260] T 6e015065e6a64cbeac3ff0c96fb4163a P 4749878f0db14d1aa323b3c1d9e88b0a [NON_LEADER]: Queue going to NON_LEADER mode. State: All replicated index: 0, Majority replicated index: 0, Committed index: 0, Last appended: 0.0, Last appended by leader: 0, Current term: 0, Majority size: -1, State: 0, Mode: NON_LEADER, active raft config: opid_index: -1 OBSOLETE_local: false peers { permanent_uuid: "e05d3ae7d1044c1db08b1fdd1e844551" member_type: VOTER last_known_addr { host: "127.28.107.68" port: 45301 } } peers { permanent_uuid: "4749878f0db14d1aa323b3c1d9e88b0a" member_type: VOTER last_known_addr { host: "127.28.107.65" port: 35279 } } peers { permanent_uuid: "407df108dae34379a199575cfc3edaa6" member_type: VOTER last_known_addr { host: "127.28.107.66" port: 44739 } }
I20260608 12:58:52.876888 32400 raft_consensus.cc:359] T 6004507e55784dcfb7d9a380eae9951b P e05d3ae7d1044c1db08b1fdd1e844551 [term 0 FOLLOWER]: Replica starting. Triggering 0 pending ops. Active config: opid_index: -1 OBSOLETE_local: false peers { permanent_uuid: "407df108dae34379a199575cfc3edaa6" member_type: VOTER last_known_addr { host: "127.28.107.66" port: 44739 } } peers { permanent_uuid: "d6bdeb49450d4a63b421ac1489238faf" member_type: VOTER last_known_addr { host: "127.28.107.67" port: 38599 } } peers { permanent_uuid: "e05d3ae7d1044c1db08b1fdd1e844551" member_type: VOTER last_known_addr { host: "127.28.107.68" port: 45301 } }
I20260608 12:58:52.877712 32400 raft_consensus.cc:385] T 6004507e55784dcfb7d9a380eae9951b P e05d3ae7d1044c1db08b1fdd1e844551 [term 0 FOLLOWER]: Consensus starting up: Expiring failure detector timer to make a prompt election more likely
I20260608 12:58:52.878042 32400 raft_consensus.cc:740] T 6004507e55784dcfb7d9a380eae9951b P e05d3ae7d1044c1db08b1fdd1e844551 [term 0 FOLLOWER]: Becoming Follower/Learner. State: Replica: e05d3ae7d1044c1db08b1fdd1e844551, State: Initialized, Role: FOLLOWER
I20260608 12:58:52.876605 32052 raft_consensus.cc:2468] T ec56763eadbe43529908821c49599fde P 4749878f0db14d1aa323b3c1d9e88b0a [term 1 FOLLOWER]: Leader election vote request: Granting yes vote for candidate d6bdeb49450d4a63b421ac1489238faf in term 1.
I20260608 12:58:52.879088 32398 ts_tablet_manager.cc:1434] T 6e015065e6a64cbeac3ff0c96fb4163a P 4749878f0db14d1aa323b3c1d9e88b0a: Time spent starting tablet: real 0.037s	user 0.010s	sys 0.000s
I20260608 12:58:52.880303 32398 tablet_bootstrap.cc:492] T 67e276d0a1a1442681b9453c66465518 P 4749878f0db14d1aa323b3c1d9e88b0a: Bootstrap starting.
I20260608 12:58:52.880111 32400 consensus_queue.cc:260] T 6004507e55784dcfb7d9a380eae9951b P e05d3ae7d1044c1db08b1fdd1e844551 [NON_LEADER]: Queue going to NON_LEADER mode. State: All replicated index: 0, Majority replicated index: 0, Committed index: 0, Last appended: 0.0, Last appended by leader: 0, Current term: 0, Majority size: -1, State: 0, Mode: NON_LEADER, active raft config: opid_index: -1 OBSOLETE_local: false peers { permanent_uuid: "407df108dae34379a199575cfc3edaa6" member_type: VOTER last_known_addr { host: "127.28.107.66" port: 44739 } } peers { permanent_uuid: "d6bdeb49450d4a63b421ac1489238faf" member_type: VOTER last_known_addr { host: "127.28.107.67" port: 38599 } } peers { permanent_uuid: "e05d3ae7d1044c1db08b1fdd1e844551" member_type: VOTER last_known_addr { host: "127.28.107.68" port: 45301 } }
I20260608 12:58:52.885272 32400 ts_tablet_manager.cc:1434] T 6004507e55784dcfb7d9a380eae9951b P e05d3ae7d1044c1db08b1fdd1e844551: Time spent starting tablet: real 0.078s	user 0.008s	sys 0.000s
I20260608 12:58:52.886437 32400 tablet_bootstrap.cc:492] T 6c6a25eb75ff4fb5b1dbc8076b7b1e58 P e05d3ae7d1044c1db08b1fdd1e844551: Bootstrap starting.
I20260608 12:58:52.889189 32398 tablet_bootstrap.cc:654] T 67e276d0a1a1442681b9453c66465518 P 4749878f0db14d1aa323b3c1d9e88b0a: Neither blocks nor log segments found. Creating new log.
I20260608 12:58:52.890583 32390 raft_consensus.cc:493] T ec1b289875b94071aad1d67b1661692e P 407df108dae34379a199575cfc3edaa6 [term 0 FOLLOWER]: Starting pre-election (no leader contacted us within the election timeout)
I20260608 12:58:52.891201 32390 raft_consensus.cc:515] T ec1b289875b94071aad1d67b1661692e P 407df108dae34379a199575cfc3edaa6 [term 0 FOLLOWER]: Starting pre-election with config: opid_index: -1 OBSOLETE_local: false peers { permanent_uuid: "4749878f0db14d1aa323b3c1d9e88b0a" member_type: VOTER last_known_addr { host: "127.28.107.65" port: 35279 } } peers { permanent_uuid: "e05d3ae7d1044c1db08b1fdd1e844551" member_type: VOTER last_known_addr { host: "127.28.107.68" port: 45301 } } peers { permanent_uuid: "407df108dae34379a199575cfc3edaa6" member_type: VOTER last_known_addr { host: "127.28.107.66" port: 44739 } }
I20260608 12:58:52.894032 32400 tablet_bootstrap.cc:654] T 6c6a25eb75ff4fb5b1dbc8076b7b1e58 P e05d3ae7d1044c1db08b1fdd1e844551: Neither blocks nor log segments found. Creating new log.
I20260608 12:58:52.895074 32165 leader_election.cc:304] T ec56763eadbe43529908821c49599fde P d6bdeb49450d4a63b421ac1489238faf [CANDIDATE]: Term 1 election: Election decided. Result: candidate won. Election summary: received 2 responses out of 3 voters: 2 yes votes; 0 no votes. yes voters: 4749878f0db14d1aa323b3c1d9e88b0a, d6bdeb49450d4a63b421ac1489238faf; no voters: 
I20260608 12:58:52.896029 32294 raft_consensus.cc:2804] T ec56763eadbe43529908821c49599fde P d6bdeb49450d4a63b421ac1489238faf [term 1 FOLLOWER]: Leader election won for term 1
I20260608 12:58:52.896692 32052 tablet_service.cc:1917] Received RequestConsensusVote() RPC: tablet_id: "ec1b289875b94071aad1d67b1661692e" candidate_uuid: "407df108dae34379a199575cfc3edaa6" candidate_term: 1 candidate_status { last_received { term: 0 index: 0 } } ignore_live_leader: false dest_uuid: "4749878f0db14d1aa323b3c1d9e88b0a" is_pre_election: true
I20260608 12:58:52.897004 32294 raft_consensus.cc:697] T ec56763eadbe43529908821c49599fde P d6bdeb49450d4a63b421ac1489238faf [term 1 LEADER]: Becoming Leader. State: Replica: d6bdeb49450d4a63b421ac1489238faf, State: Running, Role: LEADER
I20260608 12:58:52.897537 32052 raft_consensus.cc:2468] T ec1b289875b94071aad1d67b1661692e P 4749878f0db14d1aa323b3c1d9e88b0a [term 0 FOLLOWER]: Leader pre-election vote request: Granting yes vote for candidate 407df108dae34379a199575cfc3edaa6 in term 0.
I20260608 12:58:52.898322 32294 consensus_queue.cc:237] T ec56763eadbe43529908821c49599fde P d6bdeb49450d4a63b421ac1489238faf [LEADER]: Queue going to LEADER mode. State: All replicated index: 0, Majority replicated index: 0, Committed index: 0, Last appended: 0.0, Last appended by leader: 0, Current term: 1, Majority size: 2, State: 0, Mode: LEADER, active raft config: opid_index: -1 OBSOLETE_local: false peers { permanent_uuid: "d6bdeb49450d4a63b421ac1489238faf" member_type: VOTER last_known_addr { host: "127.28.107.67" port: 38599 } } peers { permanent_uuid: "e05d3ae7d1044c1db08b1fdd1e844551" member_type: VOTER last_known_addr { host: "127.28.107.68" port: 45301 } } peers { permanent_uuid: "4749878f0db14d1aa323b3c1d9e88b0a" member_type: VOTER last_known_addr { host: "127.28.107.65" port: 35279 } }
W20260608 12:58:52.901468 32165 leader_election.cc:343] T ec56763eadbe43529908821c49599fde P d6bdeb49450d4a63b421ac1489238faf [CANDIDATE]: Term 1 election: Tablet error from VoteRequest() call to peer e05d3ae7d1044c1db08b1fdd1e844551 (127.28.107.68:45301): Illegal state: must be running to vote when last-logged opid is not known
W20260608 12:58:52.902992 32165 leader_election.cc:343] T ec56763eadbe43529908821c49599fde P d6bdeb49450d4a63b421ac1489238faf [CANDIDATE]: Term 1 pre-election: Tablet error from VoteRequest() call to peer e05d3ae7d1044c1db08b1fdd1e844551 (127.28.107.68:45301): Illegal state: must be running to vote when last-logged opid is not known
I20260608 12:58:52.894048 32390 leader_election.cc:290] T ec1b289875b94071aad1d67b1661692e P 407df108dae34379a199575cfc3edaa6 [CANDIDATE]: Term 1 pre-election: Requested pre-vote from peers 4749878f0db14d1aa323b3c1d9e88b0a (127.28.107.65:35279), e05d3ae7d1044c1db08b1fdd1e844551 (127.28.107.68:45301)
I20260608 12:58:52.911968 32401 tablet_bootstrap.cc:654] T 67e276d0a1a1442681b9453c66465518 P d6bdeb49450d4a63b421ac1489238faf: Neither blocks nor log segments found. Creating new log.
I20260608 12:58:52.912770 32399 ts_tablet_manager.cc:1434] T 6004507e55784dcfb7d9a380eae9951b P 407df108dae34379a199575cfc3edaa6: Time spent starting tablet: real 0.095s	user 0.002s	sys 0.009s
I20260608 12:58:52.925915 32399 tablet_bootstrap.cc:492] T 8af741d9b3f7401f9a1df4b36e10a818 P 407df108dae34379a199575cfc3edaa6: Bootstrap starting.
I20260608 12:58:52.930361 32398 tablet_bootstrap.cc:492] T 67e276d0a1a1442681b9453c66465518 P 4749878f0db14d1aa323b3c1d9e88b0a: No bootstrap required, opened a new log
I20260608 12:58:52.931367 32398 ts_tablet_manager.cc:1403] T 67e276d0a1a1442681b9453c66465518 P 4749878f0db14d1aa323b3c1d9e88b0a: Time spent bootstrapping tablet: real 0.051s	user 0.030s	sys 0.012s
I20260608 12:58:52.932760 32091 leader_election.cc:304] T ec1b289875b94071aad1d67b1661692e P 407df108dae34379a199575cfc3edaa6 [CANDIDATE]: Term 1 pre-election: Election decided. Result: candidate won. Election summary: received 2 responses out of 3 voters: 2 yes votes; 0 no votes. yes voters: 407df108dae34379a199575cfc3edaa6, 4749878f0db14d1aa323b3c1d9e88b0a; no voters: 
I20260608 12:58:52.936731 32398 raft_consensus.cc:359] T 67e276d0a1a1442681b9453c66465518 P 4749878f0db14d1aa323b3c1d9e88b0a [term 0 FOLLOWER]: Replica starting. Triggering 0 pending ops. Active config: opid_index: -1 OBSOLETE_local: false peers { permanent_uuid: "d6bdeb49450d4a63b421ac1489238faf" member_type: VOTER last_known_addr { host: "127.28.107.67" port: 38599 } } peers { permanent_uuid: "e05d3ae7d1044c1db08b1fdd1e844551" member_type: VOTER last_known_addr { host: "127.28.107.68" port: 45301 } } peers { permanent_uuid: "4749878f0db14d1aa323b3c1d9e88b0a" member_type: VOTER last_known_addr { host: "127.28.107.65" port: 35279 } }
I20260608 12:58:52.938479 32398 raft_consensus.cc:385] T 67e276d0a1a1442681b9453c66465518 P 4749878f0db14d1aa323b3c1d9e88b0a [term 0 FOLLOWER]: Consensus starting up: Expiring failure detector timer to make a prompt election more likely
I20260608 12:58:52.939024 32398 raft_consensus.cc:740] T 67e276d0a1a1442681b9453c66465518 P 4749878f0db14d1aa323b3c1d9e88b0a [term 0 FOLLOWER]: Becoming Follower/Learner. State: Replica: 4749878f0db14d1aa323b3c1d9e88b0a, State: Initialized, Role: FOLLOWER
I20260608 12:58:52.939967 32401 tablet_bootstrap.cc:492] T 67e276d0a1a1442681b9453c66465518 P d6bdeb49450d4a63b421ac1489238faf: No bootstrap required, opened a new log
I20260608 12:58:52.940593 32401 ts_tablet_manager.cc:1403] T 67e276d0a1a1442681b9453c66465518 P d6bdeb49450d4a63b421ac1489238faf: Time spent bootstrapping tablet: real 0.065s	user 0.012s	sys 0.003s
I20260608 12:58:52.939937 32398 consensus_queue.cc:260] T 67e276d0a1a1442681b9453c66465518 P 4749878f0db14d1aa323b3c1d9e88b0a [NON_LEADER]: Queue going to NON_LEADER mode. State: All replicated index: 0, Majority replicated index: 0, Committed index: 0, Last appended: 0.0, Last appended by leader: 0, Current term: 0, Majority size: -1, State: 0, Mode: NON_LEADER, active raft config: opid_index: -1 OBSOLETE_local: false peers { permanent_uuid: "d6bdeb49450d4a63b421ac1489238faf" member_type: VOTER last_known_addr { host: "127.28.107.67" port: 38599 } } peers { permanent_uuid: "e05d3ae7d1044c1db08b1fdd1e844551" member_type: VOTER last_known_addr { host: "127.28.107.68" port: 45301 } } peers { permanent_uuid: "4749878f0db14d1aa323b3c1d9e88b0a" member_type: VOTER last_known_addr { host: "127.28.107.65" port: 35279 } }
I20260608 12:58:52.937541 32390 raft_consensus.cc:2804] T ec1b289875b94071aad1d67b1661692e P 407df108dae34379a199575cfc3edaa6 [term 0 FOLLOWER]: Leader pre-election won for term 1
I20260608 12:58:52.941689 32390 raft_consensus.cc:493] T ec1b289875b94071aad1d67b1661692e P 407df108dae34379a199575cfc3edaa6 [term 0 FOLLOWER]: Starting leader election (no leader contacted us within the election timeout)
I20260608 12:58:52.942271 32390 raft_consensus.cc:3060] T ec1b289875b94071aad1d67b1661692e P 407df108dae34379a199575cfc3edaa6 [term 0 FOLLOWER]: Advancing to term 1
I20260608 12:58:52.942723 31949 catalog_manager.cc:5696] T ec56763eadbe43529908821c49599fde P d6bdeb49450d4a63b421ac1489238faf reported cstate change: term changed from 0 to 1, leader changed from <none> to d6bdeb49450d4a63b421ac1489238faf (127.28.107.67). New cstate: current_term: 1 leader_uuid: "d6bdeb49450d4a63b421ac1489238faf" committed_config { opid_index: -1 OBSOLETE_local: false peers { permanent_uuid: "d6bdeb49450d4a63b421ac1489238faf" member_type: VOTER last_known_addr { host: "127.28.107.67" port: 38599 } health_report { overall_health: HEALTHY } } peers { permanent_uuid: "e05d3ae7d1044c1db08b1fdd1e844551" member_type: VOTER last_known_addr { host: "127.28.107.68" port: 45301 } health_report { overall_health: UNKNOWN } } peers { permanent_uuid: "4749878f0db14d1aa323b3c1d9e88b0a" member_type: VOTER last_known_addr { host: "127.28.107.65" port: 35279 } health_report { overall_health: UNKNOWN } } }
I20260608 12:58:52.945348 32398 ts_tablet_manager.cc:1434] T 67e276d0a1a1442681b9453c66465518 P 4749878f0db14d1aa323b3c1d9e88b0a: Time spent starting tablet: real 0.014s	user 0.009s	sys 0.000s
I20260608 12:58:52.961485 32406 raft_consensus.cc:493] T 67e276d0a1a1442681b9453c66465518 P e05d3ae7d1044c1db08b1fdd1e844551 [term 0 FOLLOWER]: Starting pre-election (no leader contacted us within the election timeout)
I20260608 12:58:52.962297 32406 raft_consensus.cc:515] T 67e276d0a1a1442681b9453c66465518 P e05d3ae7d1044c1db08b1fdd1e844551 [term 0 FOLLOWER]: Starting pre-election with config: opid_index: -1 OBSOLETE_local: false peers { permanent_uuid: "d6bdeb49450d4a63b421ac1489238faf" member_type: VOTER last_known_addr { host: "127.28.107.67" port: 38599 } } peers { permanent_uuid: "e05d3ae7d1044c1db08b1fdd1e844551" member_type: VOTER last_known_addr { host: "127.28.107.68" port: 45301 } } peers { permanent_uuid: "4749878f0db14d1aa323b3c1d9e88b0a" member_type: VOTER last_known_addr { host: "127.28.107.65" port: 35279 } }
I20260608 12:58:52.967146 32253 raft_consensus.cc:493] T 6004507e55784dcfb7d9a380eae9951b P 407df108dae34379a199575cfc3edaa6 [term 0 FOLLOWER]: Starting pre-election (no leader contacted us within the election timeout)
I20260608 12:58:52.967954 32253 raft_consensus.cc:515] T 6004507e55784dcfb7d9a380eae9951b P 407df108dae34379a199575cfc3edaa6 [term 0 FOLLOWER]: Starting pre-election with config: opid_index: -1 OBSOLETE_local: false peers { permanent_uuid: "407df108dae34379a199575cfc3edaa6" member_type: VOTER last_known_addr { host: "127.28.107.66" port: 44739 } } peers { permanent_uuid: "d6bdeb49450d4a63b421ac1489238faf" member_type: VOTER last_known_addr { host: "127.28.107.67" port: 38599 } } peers { permanent_uuid: "e05d3ae7d1044c1db08b1fdd1e844551" member_type: VOTER last_known_addr { host: "127.28.107.68" port: 45301 } }
I20260608 12:58:52.975319 32294 raft_consensus.cc:493] T 6004507e55784dcfb7d9a380eae9951b P d6bdeb49450d4a63b421ac1489238faf [term 0 FOLLOWER]: Starting pre-election (no leader contacted us within the election timeout)
I20260608 12:58:52.976087 32294 raft_consensus.cc:515] T 6004507e55784dcfb7d9a380eae9951b P d6bdeb49450d4a63b421ac1489238faf [term 0 FOLLOWER]: Starting pre-election with config: opid_index: -1 OBSOLETE_local: false peers { permanent_uuid: "407df108dae34379a199575cfc3edaa6" member_type: VOTER last_known_addr { host: "127.28.107.66" port: 44739 } } peers { permanent_uuid: "d6bdeb49450d4a63b421ac1489238faf" member_type: VOTER last_known_addr { host: "127.28.107.67" port: 38599 } } peers { permanent_uuid: "e05d3ae7d1044c1db08b1fdd1e844551" member_type: VOTER last_known_addr { host: "127.28.107.68" port: 45301 } }
I20260608 12:58:52.979876 32128 tablet_service.cc:1917] Received RequestConsensusVote() RPC: tablet_id: "6004507e55784dcfb7d9a380eae9951b" candidate_uuid: "d6bdeb49450d4a63b421ac1489238faf" candidate_term: 1 candidate_status { last_received { term: 0 index: 0 } } ignore_live_leader: false dest_uuid: "407df108dae34379a199575cfc3edaa6" is_pre_election: true
I20260608 12:58:52.980852 32128 raft_consensus.cc:2468] T 6004507e55784dcfb7d9a380eae9951b P 407df108dae34379a199575cfc3edaa6 [term 0 FOLLOWER]: Leader pre-election vote request: Granting yes vote for candidate d6bdeb49450d4a63b421ac1489238faf in term 0.
I20260608 12:58:52.982739 32166 leader_election.cc:304] T 6004507e55784dcfb7d9a380eae9951b P d6bdeb49450d4a63b421ac1489238faf [CANDIDATE]: Term 1 pre-election: Election decided. Result: candidate won. Election summary: received 2 responses out of 3 voters: 2 yes votes; 0 no votes. yes voters: 407df108dae34379a199575cfc3edaa6, d6bdeb49450d4a63b421ac1489238faf; no voters: 
I20260608 12:58:52.984051 32260 raft_consensus.cc:2804] T 6004507e55784dcfb7d9a380eae9951b P d6bdeb49450d4a63b421ac1489238faf [term 0 FOLLOWER]: Leader pre-election won for term 1
I20260608 12:58:52.984555 32260 raft_consensus.cc:493] T 6004507e55784dcfb7d9a380eae9951b P d6bdeb49450d4a63b421ac1489238faf [term 0 FOLLOWER]: Starting leader election (no leader contacted us within the election timeout)
I20260608 12:58:52.985002 32260 raft_consensus.cc:3060] T 6004507e55784dcfb7d9a380eae9951b P d6bdeb49450d4a63b421ac1489238faf [term 0 FOLLOWER]: Advancing to term 1
I20260608 12:58:52.994825 32260 raft_consensus.cc:515] T 6004507e55784dcfb7d9a380eae9951b P d6bdeb49450d4a63b421ac1489238faf [term 1 FOLLOWER]: Starting leader election with config: opid_index: -1 OBSOLETE_local: false peers { permanent_uuid: "407df108dae34379a199575cfc3edaa6" member_type: VOTER last_known_addr { host: "127.28.107.66" port: 44739 } } peers { permanent_uuid: "d6bdeb49450d4a63b421ac1489238faf" member_type: VOTER last_known_addr { host: "127.28.107.67" port: 38599 } } peers { permanent_uuid: "e05d3ae7d1044c1db08b1fdd1e844551" member_type: VOTER last_known_addr { host: "127.28.107.68" port: 45301 } }
I20260608 12:58:52.998281 32398 tablet_bootstrap.cc:492] T 6c6a25eb75ff4fb5b1dbc8076b7b1e58 P 4749878f0db14d1aa323b3c1d9e88b0a: Bootstrap starting.
I20260608 12:58:52.999377 32253 leader_election.cc:290] T 6004507e55784dcfb7d9a380eae9951b P 407df108dae34379a199575cfc3edaa6 [CANDIDATE]: Term 1 pre-election: Requested pre-vote from peers d6bdeb49450d4a63b421ac1489238faf (127.28.107.67:38599), e05d3ae7d1044c1db08b1fdd1e844551 (127.28.107.68:45301)
I20260608 12:58:53.001096 32406 leader_election.cc:290] T 67e276d0a1a1442681b9453c66465518 P e05d3ae7d1044c1db08b1fdd1e844551 [CANDIDATE]: Term 1 pre-election: Requested pre-vote from peers d6bdeb49450d4a63b421ac1489238faf (127.28.107.67:38599), 4749878f0db14d1aa323b3c1d9e88b0a (127.28.107.65:35279)
I20260608 12:58:53.002697 32355 tablet_service.cc:1917] Received RequestConsensusVote() RPC: tablet_id: "6004507e55784dcfb7d9a380eae9951b" candidate_uuid: "d6bdeb49450d4a63b421ac1489238faf" candidate_term: 1 candidate_status { last_received { term: 0 index: 0 } } ignore_live_leader: false dest_uuid: "e05d3ae7d1044c1db08b1fdd1e844551"
I20260608 12:58:53.003376 32355 raft_consensus.cc:3060] T 6004507e55784dcfb7d9a380eae9951b P e05d3ae7d1044c1db08b1fdd1e844551 [term 0 FOLLOWER]: Advancing to term 1
I20260608 12:58:52.999290 32201 tablet_service.cc:1917] Received RequestConsensusVote() RPC: tablet_id: "6004507e55784dcfb7d9a380eae9951b" candidate_uuid: "407df108dae34379a199575cfc3edaa6" candidate_term: 1 candidate_status { last_received { term: 0 index: 0 } } ignore_live_leader: false dest_uuid: "d6bdeb49450d4a63b421ac1489238faf" is_pre_election: true
I20260608 12:58:53.004668 32399 tablet_bootstrap.cc:654] T 8af741d9b3f7401f9a1df4b36e10a818 P 407df108dae34379a199575cfc3edaa6: Neither blocks nor log segments found. Creating new log.
I20260608 12:58:53.003798 32401 raft_consensus.cc:359] T 67e276d0a1a1442681b9453c66465518 P d6bdeb49450d4a63b421ac1489238faf [term 0 FOLLOWER]: Replica starting. Triggering 0 pending ops. Active config: opid_index: -1 OBSOLETE_local: false peers { permanent_uuid: "d6bdeb49450d4a63b421ac1489238faf" member_type: VOTER last_known_addr { host: "127.28.107.67" port: 38599 } } peers { permanent_uuid: "e05d3ae7d1044c1db08b1fdd1e844551" member_type: VOTER last_known_addr { host: "127.28.107.68" port: 45301 } } peers { permanent_uuid: "4749878f0db14d1aa323b3c1d9e88b0a" member_type: VOTER last_known_addr { host: "127.28.107.65" port: 35279 } }
I20260608 12:58:53.005286 32260 leader_election.cc:290] T 6004507e55784dcfb7d9a380eae9951b P d6bdeb49450d4a63b421ac1489238faf [CANDIDATE]: Term 1 election: Requested vote from peers 407df108dae34379a199575cfc3edaa6 (127.28.107.66:44739), e05d3ae7d1044c1db08b1fdd1e844551 (127.28.107.68:45301)
I20260608 12:58:53.012104 32202 tablet_service.cc:1917] Received RequestConsensusVote() RPC: tablet_id: "67e276d0a1a1442681b9453c66465518" candidate_uuid: "e05d3ae7d1044c1db08b1fdd1e844551" candidate_term: 1 candidate_status { last_received { term: 0 index: 0 } } ignore_live_leader: false dest_uuid: "d6bdeb49450d4a63b421ac1489238faf" is_pre_election: true
I20260608 12:58:53.013197 32201 raft_consensus.cc:2393] T 6004507e55784dcfb7d9a380eae9951b P d6bdeb49450d4a63b421ac1489238faf [term 1 FOLLOWER]: Leader pre-election vote request: Denying vote to candidate 407df108dae34379a199575cfc3edaa6 in current term 1: Already voted for candidate d6bdeb49450d4a63b421ac1489238faf in this term.
I20260608 12:58:53.015600 32127 tablet_service.cc:1917] Received RequestConsensusVote() RPC: tablet_id: "6004507e55784dcfb7d9a380eae9951b" candidate_uuid: "d6bdeb49450d4a63b421ac1489238faf" candidate_term: 1 candidate_status { last_received { term: 0 index: 0 } } ignore_live_leader: false dest_uuid: "407df108dae34379a199575cfc3edaa6"
I20260608 12:58:53.018357 32127 raft_consensus.cc:3060] T 6004507e55784dcfb7d9a380eae9951b P 407df108dae34379a199575cfc3edaa6 [term 0 FOLLOWER]: Advancing to term 1
I20260608 12:58:53.006800 32401 raft_consensus.cc:385] T 67e276d0a1a1442681b9453c66465518 P d6bdeb49450d4a63b421ac1489238faf [term 0 FOLLOWER]: Consensus starting up: Expiring failure detector timer to make a prompt election more likely
I20260608 12:58:53.024832 32254 raft_consensus.cc:493] T c2d38969c3704678a5158b8c10eba3f3 P 4749878f0db14d1aa323b3c1d9e88b0a [term 0 FOLLOWER]: Starting pre-election (no leader contacted us within the election timeout)
I20260608 12:58:53.025143 32354 tablet_service.cc:1917] Received RequestConsensusVote() RPC: tablet_id: "6004507e55784dcfb7d9a380eae9951b" candidate_uuid: "d6bdeb49450d4a63b421ac1489238faf" candidate_term: 1 candidate_status { last_received { term: 0 index: 0 } } ignore_live_leader: false dest_uuid: "e05d3ae7d1044c1db08b1fdd1e844551" is_pre_election: true
I20260608 12:58:53.025336 32254 raft_consensus.cc:515] T c2d38969c3704678a5158b8c10eba3f3 P 4749878f0db14d1aa323b3c1d9e88b0a [term 0 FOLLOWER]: Starting pre-election with config: opid_index: -1 OBSOLETE_local: false peers { permanent_uuid: "4749878f0db14d1aa323b3c1d9e88b0a" member_type: VOTER last_known_addr { host: "127.28.107.65" port: 35279 } } peers { permanent_uuid: "e05d3ae7d1044c1db08b1fdd1e844551" member_type: VOTER last_known_addr { host: "127.28.107.68" port: 45301 } } peers { permanent_uuid: "407df108dae34379a199575cfc3edaa6" member_type: VOTER last_known_addr { host: "127.28.107.66" port: 44739 } }
I20260608 12:58:53.022778 32294 leader_election.cc:290] T 6004507e55784dcfb7d9a380eae9951b P d6bdeb49450d4a63b421ac1489238faf [CANDIDATE]: Term 1 pre-election: Requested pre-vote from peers 407df108dae34379a199575cfc3edaa6 (127.28.107.66:44739), e05d3ae7d1044c1db08b1fdd1e844551 (127.28.107.68:45301)
I20260608 12:58:53.023599 32401 raft_consensus.cc:740] T 67e276d0a1a1442681b9453c66465518 P d6bdeb49450d4a63b421ac1489238faf [term 0 FOLLOWER]: Becoming Follower/Learner. State: Replica: d6bdeb49450d4a63b421ac1489238faf, State: Initialized, Role: FOLLOWER
I20260608 12:58:53.028407 32254 leader_election.cc:290] T c2d38969c3704678a5158b8c10eba3f3 P 4749878f0db14d1aa323b3c1d9e88b0a [CANDIDATE]: Term 1 pre-election: Requested pre-vote from peers e05d3ae7d1044c1db08b1fdd1e844551 (127.28.107.68:45301), 407df108dae34379a199575cfc3edaa6 (127.28.107.66:44739)
I20260608 12:58:53.030519 32355 raft_consensus.cc:2468] T 6004507e55784dcfb7d9a380eae9951b P e05d3ae7d1044c1db08b1fdd1e844551 [term 1 FOLLOWER]: Leader election vote request: Granting yes vote for candidate d6bdeb49450d4a63b421ac1489238faf in term 1.
I20260608 12:58:53.037009 32128 tablet_service.cc:1917] Received RequestConsensusVote() RPC: tablet_id: "c2d38969c3704678a5158b8c10eba3f3" candidate_uuid: "4749878f0db14d1aa323b3c1d9e88b0a" candidate_term: 1 candidate_status { last_received { term: 0 index: 0 } } ignore_live_leader: false dest_uuid: "407df108dae34379a199575cfc3edaa6" is_pre_election: true
W20260608 12:58:53.039115 32017 leader_election.cc:343] T c2d38969c3704678a5158b8c10eba3f3 P 4749878f0db14d1aa323b3c1d9e88b0a [CANDIDATE]: Term 1 pre-election: Tablet error from VoteRequest() call to peer 407df108dae34379a199575cfc3edaa6 (127.28.107.66:44739): Illegal state: must be running to vote when last-logged opid is not known
I20260608 12:58:53.040397 32398 tablet_bootstrap.cc:654] T 6c6a25eb75ff4fb5b1dbc8076b7b1e58 P 4749878f0db14d1aa323b3c1d9e88b0a: Neither blocks nor log segments found. Creating new log.
I20260608 12:58:53.043109 32165 leader_election.cc:304] T 6004507e55784dcfb7d9a380eae9951b P d6bdeb49450d4a63b421ac1489238faf [CANDIDATE]: Term 1 election: Election decided. Result: candidate won. Election summary: received 2 responses out of 3 voters: 2 yes votes; 0 no votes. yes voters: d6bdeb49450d4a63b421ac1489238faf, e05d3ae7d1044c1db08b1fdd1e844551; no voters: 
I20260608 12:58:53.049021 32400 tablet_bootstrap.cc:492] T 6c6a25eb75ff4fb5b1dbc8076b7b1e58 P e05d3ae7d1044c1db08b1fdd1e844551: No bootstrap required, opened a new log
I20260608 12:58:53.049286 32399 tablet_bootstrap.cc:492] T 8af741d9b3f7401f9a1df4b36e10a818 P 407df108dae34379a199575cfc3edaa6: No bootstrap required, opened a new log
I20260608 12:58:53.049773 32400 ts_tablet_manager.cc:1403] T 6c6a25eb75ff4fb5b1dbc8076b7b1e58 P e05d3ae7d1044c1db08b1fdd1e844551: Time spent bootstrapping tablet: real 0.164s	user 0.022s	sys 0.023s
I20260608 12:58:53.048306 32127 raft_consensus.cc:2468] T 6004507e55784dcfb7d9a380eae9951b P 407df108dae34379a199575cfc3edaa6 [term 1 FOLLOWER]: Leader election vote request: Granting yes vote for candidate d6bdeb49450d4a63b421ac1489238faf in term 1.
I20260608 12:58:53.050627 32294 raft_consensus.cc:2804] T 6004507e55784dcfb7d9a380eae9951b P d6bdeb49450d4a63b421ac1489238faf [term 1 FOLLOWER]: Leader election won for term 1
I20260608 12:58:53.052066 32294 raft_consensus.cc:697] T 6004507e55784dcfb7d9a380eae9951b P d6bdeb49450d4a63b421ac1489238faf [term 1 LEADER]: Becoming Leader. State: Replica: d6bdeb49450d4a63b421ac1489238faf, State: Running, Role: LEADER
I20260608 12:58:53.052981 32294 consensus_queue.cc:237] T 6004507e55784dcfb7d9a380eae9951b P d6bdeb49450d4a63b421ac1489238faf [LEADER]: Queue going to LEADER mode. State: All replicated index: 0, Majority replicated index: 0, Committed index: 0, Last appended: 0.0, Last appended by leader: 0, Current term: 1, Majority size: 2, State: 0, Mode: LEADER, active raft config: opid_index: -1 OBSOLETE_local: false peers { permanent_uuid: "407df108dae34379a199575cfc3edaa6" member_type: VOTER last_known_addr { host: "127.28.107.66" port: 44739 } } peers { permanent_uuid: "d6bdeb49450d4a63b421ac1489238faf" member_type: VOTER last_known_addr { host: "127.28.107.67" port: 38599 } } peers { permanent_uuid: "e05d3ae7d1044c1db08b1fdd1e844551" member_type: VOTER last_known_addr { host: "127.28.107.68" port: 45301 } }
I20260608 12:58:53.053094 32390 raft_consensus.cc:515] T ec1b289875b94071aad1d67b1661692e P 407df108dae34379a199575cfc3edaa6 [term 1 FOLLOWER]: Starting leader election with config: opid_index: -1 OBSOLETE_local: false peers { permanent_uuid: "4749878f0db14d1aa323b3c1d9e88b0a" member_type: VOTER last_known_addr { host: "127.28.107.65" port: 35279 } } peers { permanent_uuid: "e05d3ae7d1044c1db08b1fdd1e844551" member_type: VOTER last_known_addr { host: "127.28.107.68" port: 45301 } } peers { permanent_uuid: "407df108dae34379a199575cfc3edaa6" member_type: VOTER last_known_addr { host: "127.28.107.66" port: 44739 } }
I20260608 12:58:53.050137 32399 ts_tablet_manager.cc:1403] T 8af741d9b3f7401f9a1df4b36e10a818 P 407df108dae34379a199575cfc3edaa6: Time spent bootstrapping tablet: real 0.124s	user 0.013s	sys 0.009s
I20260608 12:58:53.044941 32401 consensus_queue.cc:260] T 67e276d0a1a1442681b9453c66465518 P d6bdeb49450d4a63b421ac1489238faf [NON_LEADER]: Queue going to NON_LEADER mode. State: All replicated index: 0, Majority replicated index: 0, Committed index: 0, Last appended: 0.0, Last appended by leader: 0, Current term: 0, Majority size: -1, State: 0, Mode: NON_LEADER, active raft config: opid_index: -1 OBSOLETE_local: false peers { permanent_uuid: "d6bdeb49450d4a63b421ac1489238faf" member_type: VOTER last_known_addr { host: "127.28.107.67" port: 38599 } } peers { permanent_uuid: "e05d3ae7d1044c1db08b1fdd1e844551" member_type: VOTER last_known_addr { host: "127.28.107.68" port: 45301 } } peers { permanent_uuid: "4749878f0db14d1aa323b3c1d9e88b0a" member_type: VOTER last_known_addr { host: "127.28.107.65" port: 35279 } }
I20260608 12:58:53.057559 32202 raft_consensus.cc:2468] T 67e276d0a1a1442681b9453c66465518 P d6bdeb49450d4a63b421ac1489238faf [term 0 FOLLOWER]: Leader pre-election vote request: Granting yes vote for candidate e05d3ae7d1044c1db08b1fdd1e844551 in term 0.
I20260608 12:58:53.056073 32400 raft_consensus.cc:359] T 6c6a25eb75ff4fb5b1dbc8076b7b1e58 P e05d3ae7d1044c1db08b1fdd1e844551 [term 0 FOLLOWER]: Replica starting. Triggering 0 pending ops. Active config: opid_index: -1 OBSOLETE_local: false peers { permanent_uuid: "e05d3ae7d1044c1db08b1fdd1e844551" member_type: VOTER last_known_addr { host: "127.28.107.68" port: 45301 } } peers { permanent_uuid: "d6bdeb49450d4a63b421ac1489238faf" member_type: VOTER last_known_addr { host: "127.28.107.67" port: 38599 } } peers { permanent_uuid: "4749878f0db14d1aa323b3c1d9e88b0a" member_type: VOTER last_known_addr { host: "127.28.107.65" port: 35279 } }
I20260608 12:58:53.061504 32401 ts_tablet_manager.cc:1434] T 67e276d0a1a1442681b9453c66465518 P d6bdeb49450d4a63b421ac1489238faf: Time spent starting tablet: real 0.121s	user 0.020s	sys 0.014s
I20260608 12:58:53.061774 32400 raft_consensus.cc:385] T 6c6a25eb75ff4fb5b1dbc8076b7b1e58 P e05d3ae7d1044c1db08b1fdd1e844551 [term 0 FOLLOWER]: Consensus starting up: Expiring failure detector timer to make a prompt election more likely
I20260608 12:58:53.062536 32052 tablet_service.cc:1917] Received RequestConsensusVote() RPC: tablet_id: "ec1b289875b94071aad1d67b1661692e" candidate_uuid: "407df108dae34379a199575cfc3edaa6" candidate_term: 1 candidate_status { last_received { term: 0 index: 0 } } ignore_live_leader: false dest_uuid: "4749878f0db14d1aa323b3c1d9e88b0a"
I20260608 12:58:53.062731 32390 leader_election.cc:290] T ec1b289875b94071aad1d67b1661692e P 407df108dae34379a199575cfc3edaa6 [CANDIDATE]: Term 1 election: Requested vote from peers 4749878f0db14d1aa323b3c1d9e88b0a (127.28.107.65:35279), e05d3ae7d1044c1db08b1fdd1e844551 (127.28.107.68:45301)
I20260608 12:58:53.066605 32052 raft_consensus.cc:3060] T ec1b289875b94071aad1d67b1661692e P 4749878f0db14d1aa323b3c1d9e88b0a [term 0 FOLLOWER]: Advancing to term 1
I20260608 12:58:53.070122 32317 leader_election.cc:304] T 67e276d0a1a1442681b9453c66465518 P e05d3ae7d1044c1db08b1fdd1e844551 [CANDIDATE]: Term 1 pre-election: Election decided. Result: candidate won. Election summary: received 2 responses out of 3 voters: 2 yes votes; 0 no votes. yes voters: d6bdeb49450d4a63b421ac1489238faf, e05d3ae7d1044c1db08b1fdd1e844551; no voters: 
I20260608 12:58:53.071110 32406 raft_consensus.cc:2804] T 67e276d0a1a1442681b9453c66465518 P e05d3ae7d1044c1db08b1fdd1e844551 [term 0 FOLLOWER]: Leader pre-election won for term 1
I20260608 12:58:53.071493 32406 raft_consensus.cc:493] T 67e276d0a1a1442681b9453c66465518 P e05d3ae7d1044c1db08b1fdd1e844551 [term 0 FOLLOWER]: Starting leader election (no leader contacted us within the election timeout)
I20260608 12:58:53.064781 32400 raft_consensus.cc:740] T 6c6a25eb75ff4fb5b1dbc8076b7b1e58 P e05d3ae7d1044c1db08b1fdd1e844551 [term 0 FOLLOWER]: Becoming Follower/Learner. State: Replica: e05d3ae7d1044c1db08b1fdd1e844551, State: Initialized, Role: FOLLOWER
I20260608 12:58:53.073891 32406 raft_consensus.cc:3060] T 67e276d0a1a1442681b9453c66465518 P e05d3ae7d1044c1db08b1fdd1e844551 [term 0 FOLLOWER]: Advancing to term 1
I20260608 12:58:53.080953 32401 tablet_bootstrap.cc:492] T 6c6a25eb75ff4fb5b1dbc8076b7b1e58 P d6bdeb49450d4a63b421ac1489238faf: Bootstrap starting.
I20260608 12:58:53.090030 32399 raft_consensus.cc:359] T 8af741d9b3f7401f9a1df4b36e10a818 P 407df108dae34379a199575cfc3edaa6 [term 0 FOLLOWER]: Replica starting. Triggering 0 pending ops. Active config: opid_index: -1 OBSOLETE_local: false peers { permanent_uuid: "e05d3ae7d1044c1db08b1fdd1e844551" member_type: VOTER last_known_addr { host: "127.28.107.68" port: 45301 } } peers { permanent_uuid: "d6bdeb49450d4a63b421ac1489238faf" member_type: VOTER last_known_addr { host: "127.28.107.67" port: 38599 } } peers { permanent_uuid: "407df108dae34379a199575cfc3edaa6" member_type: VOTER last_known_addr { host: "127.28.107.66" port: 44739 } }
I20260608 12:58:53.091388 32399 raft_consensus.cc:385] T 8af741d9b3f7401f9a1df4b36e10a818 P 407df108dae34379a199575cfc3edaa6 [term 0 FOLLOWER]: Consensus starting up: Expiring failure detector timer to make a prompt election more likely
I20260608 12:58:53.091725 32399 raft_consensus.cc:740] T 8af741d9b3f7401f9a1df4b36e10a818 P 407df108dae34379a199575cfc3edaa6 [term 0 FOLLOWER]: Becoming Follower/Learner. State: Replica: 407df108dae34379a199575cfc3edaa6, State: Initialized, Role: FOLLOWER
I20260608 12:58:53.094434 32355 tablet_service.cc:1917] Received RequestConsensusVote() RPC: tablet_id: "ec1b289875b94071aad1d67b1661692e" candidate_uuid: "407df108dae34379a199575cfc3edaa6" candidate_term: 1 candidate_status { last_received { term: 0 index: 0 } } ignore_live_leader: false dest_uuid: "e05d3ae7d1044c1db08b1fdd1e844551" is_pre_election: true
I20260608 12:58:53.094735 32354 tablet_service.cc:1917] Received RequestConsensusVote() RPC: tablet_id: "6004507e55784dcfb7d9a380eae9951b" candidate_uuid: "407df108dae34379a199575cfc3edaa6" candidate_term: 1 candidate_status { last_received { term: 0 index: 0 } } ignore_live_leader: false dest_uuid: "e05d3ae7d1044c1db08b1fdd1e844551" is_pre_election: true
W20260608 12:58:53.097522 32091 leader_election.cc:343] T ec1b289875b94071aad1d67b1661692e P 407df108dae34379a199575cfc3edaa6 [CANDIDATE]: Term 1 pre-election: Tablet error from VoteRequest() call to peer e05d3ae7d1044c1db08b1fdd1e844551 (127.28.107.68:45301): Illegal state: must be running to vote when last-logged opid is not known
I20260608 12:58:53.099584 32354 raft_consensus.cc:2393] T 6004507e55784dcfb7d9a380eae9951b P e05d3ae7d1044c1db08b1fdd1e844551 [term 1 FOLLOWER]: Leader pre-election vote request: Denying vote to candidate 407df108dae34379a199575cfc3edaa6 in current term 1: Already voted for candidate d6bdeb49450d4a63b421ac1489238faf in this term.
I20260608 12:58:53.096060 32400 consensus_queue.cc:260] T 6c6a25eb75ff4fb5b1dbc8076b7b1e58 P e05d3ae7d1044c1db08b1fdd1e844551 [NON_LEADER]: Queue going to NON_LEADER mode. State: All replicated index: 0, Majority replicated index: 0, Committed index: 0, Last appended: 0.0, Last appended by leader: 0, Current term: 0, Majority size: -1, State: 0, Mode: NON_LEADER, active raft config: opid_index: -1 OBSOLETE_local: false peers { permanent_uuid: "e05d3ae7d1044c1db08b1fdd1e844551" member_type: VOTER last_known_addr { host: "127.28.107.68" port: 45301 } } peers { permanent_uuid: "d6bdeb49450d4a63b421ac1489238faf" member_type: VOTER last_known_addr { host: "127.28.107.67" port: 38599 } } peers { permanent_uuid: "4749878f0db14d1aa323b3c1d9e88b0a" member_type: VOTER last_known_addr { host: "127.28.107.65" port: 35279 } }
I20260608 12:58:53.098502 32353 tablet_service.cc:1917] Received RequestConsensusVote() RPC: tablet_id: "ec1b289875b94071aad1d67b1661692e" candidate_uuid: "407df108dae34379a199575cfc3edaa6" candidate_term: 1 candidate_status { last_received { term: 0 index: 0 } } ignore_live_leader: false dest_uuid: "e05d3ae7d1044c1db08b1fdd1e844551"
I20260608 12:58:53.099656 32398 tablet_bootstrap.cc:492] T 6c6a25eb75ff4fb5b1dbc8076b7b1e58 P 4749878f0db14d1aa323b3c1d9e88b0a: No bootstrap required, opened a new log
I20260608 12:58:53.101801 32398 ts_tablet_manager.cc:1403] T 6c6a25eb75ff4fb5b1dbc8076b7b1e58 P 4749878f0db14d1aa323b3c1d9e88b0a: Time spent bootstrapping tablet: real 0.104s	user 0.014s	sys 0.025s
W20260608 12:58:53.102718 32091 leader_election.cc:343] T ec1b289875b94071aad1d67b1661692e P 407df108dae34379a199575cfc3edaa6 [CANDIDATE]: Term 1 election: Tablet error from VoteRequest() call to peer e05d3ae7d1044c1db08b1fdd1e844551 (127.28.107.68:45301): Illegal state: must be running to vote when last-logged opid is not known
I20260608 12:58:53.103883 32091 leader_election.cc:304] T 6004507e55784dcfb7d9a380eae9951b P 407df108dae34379a199575cfc3edaa6 [CANDIDATE]: Term 1 pre-election: Election decided. Result: candidate lost. Election summary: received 3 responses out of 3 voters: 1 yes votes; 2 no votes. yes voters: 407df108dae34379a199575cfc3edaa6; no voters: d6bdeb49450d4a63b421ac1489238faf, e05d3ae7d1044c1db08b1fdd1e844551
I20260608 12:58:53.115732 32390 raft_consensus.cc:2749] T 6004507e55784dcfb7d9a380eae9951b P 407df108dae34379a199575cfc3edaa6 [term 1 FOLLOWER]: Leader pre-election lost for term 1. Reason: could not achieve majority
I20260608 12:58:53.097970 32399 consensus_queue.cc:260] T 8af741d9b3f7401f9a1df4b36e10a818 P 407df108dae34379a199575cfc3edaa6 [NON_LEADER]: Queue going to NON_LEADER mode. State: All replicated index: 0, Majority replicated index: 0, Committed index: 0, Last appended: 0.0, Last appended by leader: 0, Current term: 0, Majority size: -1, State: 0, Mode: NON_LEADER, active raft config: opid_index: -1 OBSOLETE_local: false peers { permanent_uuid: "e05d3ae7d1044c1db08b1fdd1e844551" member_type: VOTER last_known_addr { host: "127.28.107.68" port: 45301 } } peers { permanent_uuid: "d6bdeb49450d4a63b421ac1489238faf" member_type: VOTER last_known_addr { host: "127.28.107.67" port: 38599 } } peers { permanent_uuid: "407df108dae34379a199575cfc3edaa6" member_type: VOTER last_known_addr { host: "127.28.107.66" port: 44739 } }
I20260608 12:58:53.156657 32051 tablet_service.cc:1917] Received RequestConsensusVote() RPC: tablet_id: "67e276d0a1a1442681b9453c66465518" candidate_uuid: "e05d3ae7d1044c1db08b1fdd1e844551" candidate_term: 1 candidate_status { last_received { term: 0 index: 0 } } ignore_live_leader: false dest_uuid: "4749878f0db14d1aa323b3c1d9e88b0a" is_pre_election: true
I20260608 12:58:53.160718 32051 raft_consensus.cc:2468] T 67e276d0a1a1442681b9453c66465518 P 4749878f0db14d1aa323b3c1d9e88b0a [term 0 FOLLOWER]: Leader pre-election vote request: Granting yes vote for candidate e05d3ae7d1044c1db08b1fdd1e844551 in term 0.
I20260608 12:58:53.158174 31950 catalog_manager.cc:5696] T 6004507e55784dcfb7d9a380eae9951b P d6bdeb49450d4a63b421ac1489238faf reported cstate change: term changed from 0 to 1, leader changed from <none> to d6bdeb49450d4a63b421ac1489238faf (127.28.107.67). New cstate: current_term: 1 leader_uuid: "d6bdeb49450d4a63b421ac1489238faf" committed_config { opid_index: -1 OBSOLETE_local: false peers { permanent_uuid: "407df108dae34379a199575cfc3edaa6" member_type: VOTER last_known_addr { host: "127.28.107.66" port: 44739 } health_report { overall_health: UNKNOWN } } peers { permanent_uuid: "d6bdeb49450d4a63b421ac1489238faf" member_type: VOTER last_known_addr { host: "127.28.107.67" port: 38599 } health_report { overall_health: HEALTHY } } peers { permanent_uuid: "e05d3ae7d1044c1db08b1fdd1e844551" member_type: VOTER last_known_addr { host: "127.28.107.68" port: 45301 } health_report { overall_health: UNKNOWN } } }
W20260608 12:58:53.155844 32091 outbound_call.cc:321] RPC callback for RPC call kudu.consensus.ConsensusService.RequestConsensusVote -> {remote=127.28.107.68:45301, user_credentials={real_user=slave}} blocked reactor thread for 52058.8us
I20260608 12:58:53.172596 32399 ts_tablet_manager.cc:1434] T 8af741d9b3f7401f9a1df4b36e10a818 P 407df108dae34379a199575cfc3edaa6: Time spent starting tablet: real 0.117s	user 0.012s	sys 0.004s
I20260608 12:58:53.172593 32354 tablet_service.cc:1917] Received RequestConsensusVote() RPC: tablet_id: "c2d38969c3704678a5158b8c10eba3f3" candidate_uuid: "4749878f0db14d1aa323b3c1d9e88b0a" candidate_term: 1 candidate_status { last_received { term: 0 index: 0 } } ignore_live_leader: false dest_uuid: "e05d3ae7d1044c1db08b1fdd1e844551" is_pre_election: true
I20260608 12:58:53.174086 32399 tablet_bootstrap.cc:492] T c2d38969c3704678a5158b8c10eba3f3 P 407df108dae34379a199575cfc3edaa6: Bootstrap starting.
I20260608 12:58:53.174351 32398 raft_consensus.cc:359] T 6c6a25eb75ff4fb5b1dbc8076b7b1e58 P 4749878f0db14d1aa323b3c1d9e88b0a [term 0 FOLLOWER]: Replica starting. Triggering 0 pending ops. Active config: opid_index: -1 OBSOLETE_local: false peers { permanent_uuid: "e05d3ae7d1044c1db08b1fdd1e844551" member_type: VOTER last_known_addr { host: "127.28.107.68" port: 45301 } } peers { permanent_uuid: "d6bdeb49450d4a63b421ac1489238faf" member_type: VOTER last_known_addr { host: "127.28.107.67" port: 38599 } } peers { permanent_uuid: "4749878f0db14d1aa323b3c1d9e88b0a" member_type: VOTER last_known_addr { host: "127.28.107.65" port: 35279 } }
I20260608 12:58:53.175189 32398 raft_consensus.cc:385] T 6c6a25eb75ff4fb5b1dbc8076b7b1e58 P 4749878f0db14d1aa323b3c1d9e88b0a [term 0 FOLLOWER]: Consensus starting up: Expiring failure detector timer to make a prompt election more likely
I20260608 12:58:53.183688 32254 raft_consensus.cc:493] T 6e015065e6a64cbeac3ff0c96fb4163a P 4749878f0db14d1aa323b3c1d9e88b0a [term 0 FOLLOWER]: Starting pre-election (no leader contacted us within the election timeout)
I20260608 12:58:53.188657 32254 raft_consensus.cc:515] T 6e015065e6a64cbeac3ff0c96fb4163a P 4749878f0db14d1aa323b3c1d9e88b0a [term 0 FOLLOWER]: Starting pre-election with config: opid_index: -1 OBSOLETE_local: false peers { permanent_uuid: "e05d3ae7d1044c1db08b1fdd1e844551" member_type: VOTER last_known_addr { host: "127.28.107.68" port: 45301 } } peers { permanent_uuid: "4749878f0db14d1aa323b3c1d9e88b0a" member_type: VOTER last_known_addr { host: "127.28.107.65" port: 35279 } } peers { permanent_uuid: "407df108dae34379a199575cfc3edaa6" member_type: VOTER last_known_addr { host: "127.28.107.66" port: 44739 } }
I20260608 12:58:53.183478 32398 raft_consensus.cc:740] T 6c6a25eb75ff4fb5b1dbc8076b7b1e58 P 4749878f0db14d1aa323b3c1d9e88b0a [term 0 FOLLOWER]: Becoming Follower/Learner. State: Replica: 4749878f0db14d1aa323b3c1d9e88b0a, State: Initialized, Role: FOLLOWER
W20260608 12:58:53.184213 32016 leader_election.cc:343] T c2d38969c3704678a5158b8c10eba3f3 P 4749878f0db14d1aa323b3c1d9e88b0a [CANDIDATE]: Term 1 pre-election: Tablet error from VoteRequest() call to peer e05d3ae7d1044c1db08b1fdd1e844551 (127.28.107.68:45301): Illegal state: must be running to vote when last-logged opid is not known
I20260608 12:58:53.195243 32398 consensus_queue.cc:260] T 6c6a25eb75ff4fb5b1dbc8076b7b1e58 P 4749878f0db14d1aa323b3c1d9e88b0a [NON_LEADER]: Queue going to NON_LEADER mode. State: All replicated index: 0, Majority replicated index: 0, Committed index: 0, Last appended: 0.0, Last appended by leader: 0, Current term: 0, Majority size: -1, State: 0, Mode: NON_LEADER, active raft config: opid_index: -1 OBSOLETE_local: false peers { permanent_uuid: "e05d3ae7d1044c1db08b1fdd1e844551" member_type: VOTER last_known_addr { host: "127.28.107.68" port: 45301 } } peers { permanent_uuid: "d6bdeb49450d4a63b421ac1489238faf" member_type: VOTER last_known_addr { host: "127.28.107.67" port: 38599 } } peers { permanent_uuid: "4749878f0db14d1aa323b3c1d9e88b0a" member_type: VOTER last_known_addr { host: "127.28.107.65" port: 35279 } }
I20260608 12:58:53.191886 32390 raft_consensus.cc:493] T 6e015065e6a64cbeac3ff0c96fb4163a P 407df108dae34379a199575cfc3edaa6 [term 0 FOLLOWER]: Starting pre-election (no leader contacted us within the election timeout)
I20260608 12:58:53.194334 32254 leader_election.cc:290] T 6e015065e6a64cbeac3ff0c96fb4163a P 4749878f0db14d1aa323b3c1d9e88b0a [CANDIDATE]: Term 1 pre-election: Requested pre-vote from peers e05d3ae7d1044c1db08b1fdd1e844551 (127.28.107.68:45301), 407df108dae34379a199575cfc3edaa6 (127.28.107.66:44739)
I20260608 12:58:53.194186 32127 tablet_service.cc:1917] Received RequestConsensusVote() RPC: tablet_id: "6e015065e6a64cbeac3ff0c96fb4163a" candidate_uuid: "4749878f0db14d1aa323b3c1d9e88b0a" candidate_term: 1 candidate_status { last_received { term: 0 index: 0 } } ignore_live_leader: false dest_uuid: "407df108dae34379a199575cfc3edaa6" is_pre_election: true
I20260608 12:58:53.195910 32016 leader_election.cc:304] T c2d38969c3704678a5158b8c10eba3f3 P 4749878f0db14d1aa323b3c1d9e88b0a [CANDIDATE]: Term 1 pre-election: Election decided. Result: candidate lost. Election summary: received 3 responses out of 3 voters: 1 yes votes; 2 no votes. yes voters: 4749878f0db14d1aa323b3c1d9e88b0a; no voters: 407df108dae34379a199575cfc3edaa6, e05d3ae7d1044c1db08b1fdd1e844551
I20260608 12:58:53.199455 32400 ts_tablet_manager.cc:1434] T 6c6a25eb75ff4fb5b1dbc8076b7b1e58 P e05d3ae7d1044c1db08b1fdd1e844551: Time spent starting tablet: real 0.149s	user 0.017s	sys 0.018s
I20260608 12:58:53.198468 32052 raft_consensus.cc:2468] T ec1b289875b94071aad1d67b1661692e P 4749878f0db14d1aa323b3c1d9e88b0a [term 1 FOLLOWER]: Leader election vote request: Granting yes vote for candidate 407df108dae34379a199575cfc3edaa6 in term 1.
I20260608 12:58:53.195922 32406 raft_consensus.cc:515] T 67e276d0a1a1442681b9453c66465518 P e05d3ae7d1044c1db08b1fdd1e844551 [term 1 FOLLOWER]: Starting leader election with config: opid_index: -1 OBSOLETE_local: false peers { permanent_uuid: "d6bdeb49450d4a63b421ac1489238faf" member_type: VOTER last_known_addr { host: "127.28.107.67" port: 38599 } } peers { permanent_uuid: "e05d3ae7d1044c1db08b1fdd1e844551" member_type: VOTER last_known_addr { host: "127.28.107.68" port: 45301 } } peers { permanent_uuid: "4749878f0db14d1aa323b3c1d9e88b0a" member_type: VOTER last_known_addr { host: "127.28.107.65" port: 35279 } }
I20260608 12:58:53.203339 32398 ts_tablet_manager.cc:1434] T 6c6a25eb75ff4fb5b1dbc8076b7b1e58 P 4749878f0db14d1aa323b3c1d9e88b0a: Time spent starting tablet: real 0.101s	user 0.013s	sys 0.043s
I20260608 12:58:53.203451 32390 raft_consensus.cc:515] T 6e015065e6a64cbeac3ff0c96fb4163a P 407df108dae34379a199575cfc3edaa6 [term 0 FOLLOWER]: Starting pre-election with config: opid_index: -1 OBSOLETE_local: false peers { permanent_uuid: "e05d3ae7d1044c1db08b1fdd1e844551" member_type: VOTER last_known_addr { host: "127.28.107.68" port: 45301 } } peers { permanent_uuid: "4749878f0db14d1aa323b3c1d9e88b0a" member_type: VOTER last_known_addr { host: "127.28.107.65" port: 35279 } } peers { permanent_uuid: "407df108dae34379a199575cfc3edaa6" member_type: VOTER last_known_addr { host: "127.28.107.66" port: 44739 } }
