I20260608 12:59:18.039981   953 raft_consensus.cc:385] T ddb0525b4b694682bf5e5f22189e3749 P 30acb272c6074a6cb28d580aa10aad54 [term 0 FOLLOWER]: Consensus starting up: Expiring failure detector timer to make a prompt election more likely
I20260608 12:59:18.040411   953 raft_consensus.cc:740] T ddb0525b4b694682bf5e5f22189e3749 P 30acb272c6074a6cb28d580aa10aad54 [term 0 FOLLOWER]: Becoming Follower/Learner. State: Replica: 30acb272c6074a6cb28d580aa10aad54, State: Initialized, Role: FOLLOWER
I20260608 12:59:18.041505   953 consensus_queue.cc:260] T ddb0525b4b694682bf5e5f22189e3749 P 30acb272c6074a6cb28d580aa10aad54 [NON_LEADER]: Queue going to NON_LEADER mode. State: All replicated index: 0, Majority replicated index: 0, Committed index: 0, Last appended: 0.0, Last appended by leader: 0, Current term: 0, Majority size: -1, State: 0, Mode: NON_LEADER, active raft config: opid_index: -1 OBSOLETE_local: false peers { permanent_uuid: "28cedaf3d7704aa7ab99eb27e6891ef4" member_type: VOTER last_known_addr { host: "127.28.100.1" port: 39699 } } peers { permanent_uuid: "30acb272c6074a6cb28d580aa10aad54" member_type: VOTER last_known_addr { host: "127.28.100.2" port: 39021 } } peers { permanent_uuid: "0d4ec226c4e64658817c39fc03e3674a" member_type: VOTER last_known_addr { host: "127.28.100.3" port: 45129 } }
I20260608 12:59:18.042624   954 ts_tablet_manager.cc:1434] T ddb0525b4b694682bf5e5f22189e3749 P 0d4ec226c4e64658817c39fc03e3674a: Time spent starting tablet: real 0.008s	user 0.006s	sys 0.001s
I20260608 12:59:18.044936   953 ts_tablet_manager.cc:1434] T ddb0525b4b694682bf5e5f22189e3749 P 30acb272c6074a6cb28d580aa10aad54: Time spent starting tablet: real 0.009s	user 0.006s	sys 0.001s
I20260608 12:59:18.046727   952 ts_tablet_manager.cc:1434] T ddb0525b4b694682bf5e5f22189e3749 P 28cedaf3d7704aa7ab99eb27e6891ef4: Time spent starting tablet: real 0.013s	user 0.005s	sys 0.003s
I20260608 12:59:18.123008   958 raft_consensus.cc:493] T ddb0525b4b694682bf5e5f22189e3749 P 28cedaf3d7704aa7ab99eb27e6891ef4 [term 0 FOLLOWER]: Starting pre-election (no leader contacted us within the election timeout)
I20260608 12:59:18.123509   958 raft_consensus.cc:515] T ddb0525b4b694682bf5e5f22189e3749 P 28cedaf3d7704aa7ab99eb27e6891ef4 [term 0 FOLLOWER]: Starting pre-election with config: opid_index: -1 OBSOLETE_local: false peers { permanent_uuid: "28cedaf3d7704aa7ab99eb27e6891ef4" member_type: VOTER last_known_addr { host: "127.28.100.1" port: 39699 } } peers { permanent_uuid: "30acb272c6074a6cb28d580aa10aad54" member_type: VOTER last_known_addr { host: "127.28.100.2" port: 39021 } } peers { permanent_uuid: "0d4ec226c4e64658817c39fc03e3674a" member_type: VOTER last_known_addr { host: "127.28.100.3" port: 45129 } }
I20260608 12:59:18.127170   958 leader_election.cc:290] T ddb0525b4b694682bf5e5f22189e3749 P 28cedaf3d7704aa7ab99eb27e6891ef4 [CANDIDATE]: Term 1 pre-election: Requested pre-vote from peers 30acb272c6074a6cb28d580aa10aad54 (127.28.100.2:39021), 0d4ec226c4e64658817c39fc03e3674a (127.28.100.3:45129)
I20260608 12:59:18.137482   832 tablet_service.cc:1917] Received RequestConsensusVote() RPC: tablet_id: "ddb0525b4b694682bf5e5f22189e3749" candidate_uuid: "28cedaf3d7704aa7ab99eb27e6891ef4" candidate_term: 1 candidate_status { last_received { term: 0 index: 0 } } ignore_live_leader: false dest_uuid: "30acb272c6074a6cb28d580aa10aad54" is_pre_election: true
I20260608 12:59:18.137857   906 tablet_service.cc:1917] Received RequestConsensusVote() RPC: tablet_id: "ddb0525b4b694682bf5e5f22189e3749" candidate_uuid: "28cedaf3d7704aa7ab99eb27e6891ef4" candidate_term: 1 candidate_status { last_received { term: 0 index: 0 } } ignore_live_leader: false dest_uuid: "0d4ec226c4e64658817c39fc03e3674a" is_pre_election: true
I20260608 12:59:18.138208   832 raft_consensus.cc:2468] T ddb0525b4b694682bf5e5f22189e3749 P 30acb272c6074a6cb28d580aa10aad54 [term 0 FOLLOWER]: Leader pre-election vote request: Granting yes vote for candidate 28cedaf3d7704aa7ab99eb27e6891ef4 in term 0.
I20260608 12:59:18.138522   906 raft_consensus.cc:2468] T ddb0525b4b694682bf5e5f22189e3749 P 0d4ec226c4e64658817c39fc03e3674a [term 0 FOLLOWER]: Leader pre-election vote request: Granting yes vote for candidate 28cedaf3d7704aa7ab99eb27e6891ef4 in term 0.
I20260608 12:59:18.139472   723 leader_election.cc:304] T ddb0525b4b694682bf5e5f22189e3749 P 28cedaf3d7704aa7ab99eb27e6891ef4 [CANDIDATE]: Term 1 pre-election: Election decided. Result: candidate won. Election summary: received 2 responses out of 3 voters: 2 yes votes; 0 no votes. yes voters: 28cedaf3d7704aa7ab99eb27e6891ef4, 30acb272c6074a6cb28d580aa10aad54; no voters: 
I20260608 12:59:18.140182   958 raft_consensus.cc:2804] T ddb0525b4b694682bf5e5f22189e3749 P 28cedaf3d7704aa7ab99eb27e6891ef4 [term 0 FOLLOWER]: Leader pre-election won for term 1
I20260608 12:59:18.140452   958 raft_consensus.cc:493] T ddb0525b4b694682bf5e5f22189e3749 P 28cedaf3d7704aa7ab99eb27e6891ef4 [term 0 FOLLOWER]: Starting leader election (no leader contacted us within the election timeout)
I20260608 12:59:18.140704   958 raft_consensus.cc:3060] T ddb0525b4b694682bf5e5f22189e3749 P 28cedaf3d7704aa7ab99eb27e6891ef4 [term 0 FOLLOWER]: Advancing to term 1
I20260608 12:59:18.145581   958 raft_consensus.cc:515] T ddb0525b4b694682bf5e5f22189e3749 P 28cedaf3d7704aa7ab99eb27e6891ef4 [term 1 FOLLOWER]: Starting leader election with config: opid_index: -1 OBSOLETE_local: false peers { permanent_uuid: "28cedaf3d7704aa7ab99eb27e6891ef4" member_type: VOTER last_known_addr { host: "127.28.100.1" port: 39699 } } peers { permanent_uuid: "30acb272c6074a6cb28d580aa10aad54" member_type: VOTER last_known_addr { host: "127.28.100.2" port: 39021 } } peers { permanent_uuid: "0d4ec226c4e64658817c39fc03e3674a" member_type: VOTER last_known_addr { host: "127.28.100.3" port: 45129 } }
I20260608 12:59:18.147096   958 leader_election.cc:290] T ddb0525b4b694682bf5e5f22189e3749 P 28cedaf3d7704aa7ab99eb27e6891ef4 [CANDIDATE]: Term 1 election: Requested vote from peers 30acb272c6074a6cb28d580aa10aad54 (127.28.100.2:39021), 0d4ec226c4e64658817c39fc03e3674a (127.28.100.3:45129)
I20260608 12:59:18.147765   832 tablet_service.cc:1917] Received RequestConsensusVote() RPC: tablet_id: "ddb0525b4b694682bf5e5f22189e3749" candidate_uuid: "28cedaf3d7704aa7ab99eb27e6891ef4" candidate_term: 1 candidate_status { last_received { term: 0 index: 0 } } ignore_live_leader: false dest_uuid: "30acb272c6074a6cb28d580aa10aad54"
I20260608 12:59:18.148102   906 tablet_service.cc:1917] Received RequestConsensusVote() RPC: tablet_id: "ddb0525b4b694682bf5e5f22189e3749" candidate_uuid: "28cedaf3d7704aa7ab99eb27e6891ef4" candidate_term: 1 candidate_status { last_received { term: 0 index: 0 } } ignore_live_leader: false dest_uuid: "0d4ec226c4e64658817c39fc03e3674a"
I20260608 12:59:18.148331   832 raft_consensus.cc:3060] T ddb0525b4b694682bf5e5f22189e3749 P 30acb272c6074a6cb28d580aa10aad54 [term 0 FOLLOWER]: Advancing to term 1
I20260608 12:59:18.148684   906 raft_consensus.cc:3060] T ddb0525b4b694682bf5e5f22189e3749 P 0d4ec226c4e64658817c39fc03e3674a [term 0 FOLLOWER]: Advancing to term 1
I20260608 12:59:18.155587   832 raft_consensus.cc:2468] T ddb0525b4b694682bf5e5f22189e3749 P 30acb272c6074a6cb28d580aa10aad54 [term 1 FOLLOWER]: Leader election vote request: Granting yes vote for candidate 28cedaf3d7704aa7ab99eb27e6891ef4 in term 1.
I20260608 12:59:18.155717   906 raft_consensus.cc:2468] T ddb0525b4b694682bf5e5f22189e3749 P 0d4ec226c4e64658817c39fc03e3674a [term 1 FOLLOWER]: Leader election vote request: Granting yes vote for candidate 28cedaf3d7704aa7ab99eb27e6891ef4 in term 1.
I20260608 12:59:18.156796   723 leader_election.cc:304] T ddb0525b4b694682bf5e5f22189e3749 P 28cedaf3d7704aa7ab99eb27e6891ef4 [CANDIDATE]: Term 1 election: Election decided. Result: candidate won. Election summary: received 2 responses out of 3 voters: 2 yes votes; 0 no votes. yes voters: 28cedaf3d7704aa7ab99eb27e6891ef4, 30acb272c6074a6cb28d580aa10aad54; no voters: 
I20260608 12:59:18.157546   958 raft_consensus.cc:2804] T ddb0525b4b694682bf5e5f22189e3749 P 28cedaf3d7704aa7ab99eb27e6891ef4 [term 1 FOLLOWER]: Leader election won for term 1
I20260608 12:59:18.158828   958 raft_consensus.cc:697] T ddb0525b4b694682bf5e5f22189e3749 P 28cedaf3d7704aa7ab99eb27e6891ef4 [term 1 LEADER]: Becoming Leader. State: Replica: 28cedaf3d7704aa7ab99eb27e6891ef4, State: Running, Role: LEADER
I20260608 12:59:18.159477   958 consensus_queue.cc:237] T ddb0525b4b694682bf5e5f22189e3749 P 28cedaf3d7704aa7ab99eb27e6891ef4 [LEADER]: Queue going to LEADER mode. State: All replicated index: 0, Majority replicated index: 0, Committed index: 0, Last appended: 0.0, Last appended by leader: 0, Current term: 1, Majority size: 2, State: 0, Mode: LEADER, active raft config: opid_index: -1 OBSOLETE_local: false peers { permanent_uuid: "28cedaf3d7704aa7ab99eb27e6891ef4" member_type: VOTER last_known_addr { host: "127.28.100.1" port: 39699 } } peers { permanent_uuid: "30acb272c6074a6cb28d580aa10aad54" member_type: VOTER last_known_addr { host: "127.28.100.2" port: 39021 } } peers { permanent_uuid: "0d4ec226c4e64658817c39fc03e3674a" member_type: VOTER last_known_addr { host: "127.28.100.3" port: 45129 } }
I20260608 12:59:18.166885   652 catalog_manager.cc:5696] T ddb0525b4b694682bf5e5f22189e3749 P 28cedaf3d7704aa7ab99eb27e6891ef4 reported cstate change: term changed from 0 to 1, leader changed from <none> to 28cedaf3d7704aa7ab99eb27e6891ef4 (127.28.100.1). New cstate: current_term: 1 leader_uuid: "28cedaf3d7704aa7ab99eb27e6891ef4" committed_config { opid_index: -1 OBSOLETE_local: false peers { permanent_uuid: "28cedaf3d7704aa7ab99eb27e6891ef4" member_type: VOTER last_known_addr { host: "127.28.100.1" port: 39699 } health_report { overall_health: HEALTHY } } peers { permanent_uuid: "30acb272c6074a6cb28d580aa10aad54" member_type: VOTER last_known_addr { host: "127.28.100.2" port: 39021 } health_report { overall_health: UNKNOWN } } peers { permanent_uuid: "0d4ec226c4e64658817c39fc03e3674a" member_type: VOTER last_known_addr { host: "127.28.100.3" port: 45129 } health_report { overall_health: UNKNOWN } } }
W20260608 12:59:18.287204   858 tablet.cc:2404] T ddb0525b4b694682bf5e5f22189e3749 P 30acb272c6074a6cb28d580aa10aad54: Can't schedule compaction. Clean time has not been advanced past its initial value.
I20260608 12:59:18.543766   703 placement_policy_util.cc:407] tablet ddb0525b4b694682bf5e5f22189e3749: detected majority of replicas (2 of 3) at location L0
I20260608 12:59:18.545025   708 auto_leader_rebalancer.cc:140] leader rebalance for table test-workload
I20260608 12:59:18.546903   708 auto_leader_rebalancer.cc:388] table: test-workload, leader rebalance finish, leader transfer count: 0
I20260608 12:59:18.547201   708 auto_leader_rebalancer.cc:451] All tables' leader rebalancing finished this round
I20260608 12:59:18.586666   958 consensus_queue.cc:1048] T ddb0525b4b694682bf5e5f22189e3749 P 28cedaf3d7704aa7ab99eb27e6891ef4 [LEADER]: Connected to new peer: Peer: permanent_uuid: "0d4ec226c4e64658817c39fc03e3674a" member_type: VOTER last_known_addr { host: "127.28.100.3" port: 45129 }, Status: LMP_MISMATCH, Last received: 0.0, Next index: 1, Last known committed idx: 0, Time since last communication: 0.000s
I20260608 12:59:18.601856   963 consensus_queue.cc:1048] T ddb0525b4b694682bf5e5f22189e3749 P 28cedaf3d7704aa7ab99eb27e6891ef4 [LEADER]: Connected to new peer: Peer: permanent_uuid: "30acb272c6074a6cb28d580aa10aad54" member_type: VOTER last_known_addr { host: "127.28.100.2" port: 39021 }, Status: LMP_MISMATCH, Last received: 0.0, Next index: 1, Last known committed idx: 0, Time since last communication: 0.000s
I20260608 12:59:19.553107   703 placement_policy_util.cc:407] tablet ddb0525b4b694682bf5e5f22189e3749: detected majority of replicas (2 of 3) at location L0
I20260608 12:59:20.548043   708 auto_leader_rebalancer.cc:140] leader rebalance for table test-workload
I20260608 12:59:20.549335   708 auto_leader_rebalancer.cc:388] table: test-workload, leader rebalance finish, leader transfer count: 0
I20260608 12:59:20.549625   708 auto_leader_rebalancer.cc:451] All tables' leader rebalancing finished this round
I20260608 12:59:20.561657   703 placement_policy_util.cc:407] tablet ddb0525b4b694682bf5e5f22189e3749: detected majority of replicas (2 of 3) at location L0
I20260608 12:59:21.570122   703 placement_policy_util.cc:407] tablet ddb0525b4b694682bf5e5f22189e3749: detected majority of replicas (2 of 3) at location L0
I20260608 12:59:22.550491   708 auto_leader_rebalancer.cc:140] leader rebalance for table test-workload
I20260608 12:59:22.551797   708 auto_leader_rebalancer.cc:388] table: test-workload, leader rebalance finish, leader transfer count: 0
I20260608 12:59:22.552099   708 auto_leader_rebalancer.cc:451] All tables' leader rebalancing finished this round
I20260608 12:59:22.578748   703 placement_policy_util.cc:407] tablet ddb0525b4b694682bf5e5f22189e3749: detected majority of replicas (2 of 3) at location L0
I20260608 12:59:23.587013   703 placement_policy_util.cc:407] tablet ddb0525b4b694682bf5e5f22189e3749: detected majority of replicas (2 of 3) at location L0
I20260608 12:59:24.553357   708 auto_leader_rebalancer.cc:140] leader rebalance for table test-workload
I20260608 12:59:24.555612   708 auto_leader_rebalancer.cc:388] table: test-workload, leader rebalance finish, leader transfer count: 0
I20260608 12:59:24.555943   708 auto_leader_rebalancer.cc:451] All tables' leader rebalancing finished this round
I20260608 12:59:24.596588   703 placement_policy_util.cc:407] tablet ddb0525b4b694682bf5e5f22189e3749: detected majority of replicas (2 of 3) at location L0
I20260608 12:59:25.605279   703 placement_policy_util.cc:407] tablet ddb0525b4b694682bf5e5f22189e3749: detected majority of replicas (2 of 3) at location L0
I20260608 12:59:26.556834   708 auto_leader_rebalancer.cc:140] leader rebalance for table test-workload
I20260608 12:59:26.558437   708 auto_leader_rebalancer.cc:388] table: test-workload, leader rebalance finish, leader transfer count: 0
I20260608 12:59:26.558745   708 auto_leader_rebalancer.cc:451] All tables' leader rebalancing finished this round
I20260608 12:59:26.613051   703 placement_policy_util.cc:407] tablet ddb0525b4b694682bf5e5f22189e3749: detected majority of replicas (2 of 3) at location L0
I20260608 12:59:27.619978   703 placement_policy_util.cc:407] tablet ddb0525b4b694682bf5e5f22189e3749: detected majority of replicas (2 of 3) at location L0
I20260608 12:59:28.559614   708 auto_leader_rebalancer.cc:140] leader rebalance for table test-workload
I20260608 12:59:28.560954   708 auto_leader_rebalancer.cc:388] table: test-workload, leader rebalance finish, leader transfer count: 0
I20260608 12:59:28.561254   708 auto_leader_rebalancer.cc:451] All tables' leader rebalancing finished this round
I20260608 12:59:28.628000   703 placement_policy_util.cc:407] tablet ddb0525b4b694682bf5e5f22189e3749: detected majority of replicas (2 of 3) at location L0
I20260608 12:59:29.258077 29072 tablet_server.cc:179] TabletServer@127.28.100.1:0 shutting down...
I20260608 12:59:29.280449 29072 ts_tablet_manager.cc:1507] Shutting down tablet manager...
I20260608 12:59:29.281183 29072 tablet_replica.cc:333] T ddb0525b4b694682bf5e5f22189e3749 P 28cedaf3d7704aa7ab99eb27e6891ef4: stopping tablet replica
I20260608 12:59:29.281814 29072 raft_consensus.cc:2243] T ddb0525b4b694682bf5e5f22189e3749 P 28cedaf3d7704aa7ab99eb27e6891ef4 [term 1 LEADER]: Raft consensus shutting down.
I20260608 12:59:29.282954 29072 raft_consensus.cc:2272] T ddb0525b4b694682bf5e5f22189e3749 P 28cedaf3d7704aa7ab99eb27e6891ef4 [term 1 FOLLOWER]: Raft consensus is shut down!
I20260608 12:59:29.303516 29072 tablet_server.cc:196] TabletServer@127.28.100.1:0 shutdown complete.
I20260608 12:59:29.315207 29072 tablet_server.cc:179] TabletServer@127.28.100.2:0 shutting down...
I20260608 12:59:29.335393 29072 ts_tablet_manager.cc:1507] Shutting down tablet manager...
I20260608 12:59:29.336122 29072 tablet_replica.cc:333] T ddb0525b4b694682bf5e5f22189e3749 P 30acb272c6074a6cb28d580aa10aad54: stopping tablet replica
I20260608 12:59:29.336658 29072 raft_consensus.cc:2243] T ddb0525b4b694682bf5e5f22189e3749 P 30acb272c6074a6cb28d580aa10aad54 [term 1 FOLLOWER]: Raft consensus shutting down.
I20260608 12:59:29.337163 29072 raft_consensus.cc:2272] T ddb0525b4b694682bf5e5f22189e3749 P 30acb272c6074a6cb28d580aa10aad54 [term 1 FOLLOWER]: Raft consensus is shut down!
I20260608 12:59:29.356285 29072 tablet_server.cc:196] TabletServer@127.28.100.2:0 shutdown complete.
I20260608 12:59:29.367630 29072 tablet_server.cc:179] TabletServer@127.28.100.3:0 shutting down...
I20260608 12:59:29.385279 29072 ts_tablet_manager.cc:1507] Shutting down tablet manager...
I20260608 12:59:29.386006 29072 tablet_replica.cc:333] T ddb0525b4b694682bf5e5f22189e3749 P 0d4ec226c4e64658817c39fc03e3674a: stopping tablet replica
I20260608 12:59:29.386571 29072 raft_consensus.cc:2243] T ddb0525b4b694682bf5e5f22189e3749 P 0d4ec226c4e64658817c39fc03e3674a [term 1 FOLLOWER]: Raft consensus shutting down.
I20260608 12:59:29.387092 29072 raft_consensus.cc:2272] T ddb0525b4b694682bf5e5f22189e3749 P 0d4ec226c4e64658817c39fc03e3674a [term 1 FOLLOWER]: Raft consensus is shut down!
I20260608 12:59:29.405650 29072 tablet_server.cc:196] TabletServer@127.28.100.3:0 shutdown complete.
I20260608 12:59:29.416008 29072 master.cc:562] Master@127.28.100.62:36889 shutting down...
I20260608 12:59:29.431296 29072 raft_consensus.cc:2243] T 00000000000000000000000000000000 P 0905b8187d2e4f83b14bc7ae61e7ab02 [term 1 LEADER]: Raft consensus shutting down.
I20260608 12:59:29.431921 29072 raft_consensus.cc:2272] T 00000000000000000000000000000000 P 0905b8187d2e4f83b14bc7ae61e7ab02 [term 1 FOLLOWER]: Raft consensus is shut down!
I20260608 12:59:29.432253 29072 tablet_replica.cc:333] T 00000000000000000000000000000000 P 0905b8187d2e4f83b14bc7ae61e7ab02: stopping tablet replica
I20260608 12:59:29.450510 29072 master.cc:584] Master@127.28.100.62:36889 shutdown complete.
[       OK ] AutoRebalancerTest.NoReplicaMovesIfCannotFixPlacementPolicy (13070 ms)
[ RUN      ] AutoRebalancerTest.TestMaxMovesPerServer
I20260608 12:59:29.482823 29072 internal_mini_cluster.cc:156] Creating distributed mini masters. Addrs: 127.28.100.62:42863
I20260608 12:59:29.483994 29072 file_cache.cc:492] Constructed file cache file cache with capacity 419430
W20260608 12:59:29.489497   977 instance_detector.cc:116] could not retrieve AWS instance metadata: Network error: curl error: HTTP response code said error: The requested URL returned error: 404
W20260608 12:59:29.489545   978 instance_detector.cc:116] could not retrieve Azure instance metadata: Network error: curl error: HTTP response code said error: The requested URL returned error: 404
W20260608 12:59:29.490402   980 instance_detector.cc:116] could not retrieve OpenStack instance metadata: Network error: curl error: HTTP response code said error: The requested URL returned error: 404
I20260608 12:59:29.491391 29072 server_base.cc:1061] running on GCE node
I20260608 12:59:29.492115 29072 hybrid_clock.cc:584] initializing the hybrid clock with 'system_unsync' time source
W20260608 12:59:29.492281 29072 system_unsync_time.cc:38] NTP support is disabled. Clock error bounds will not be accurate. This configuration is not suitable for distributed clusters.
I20260608 12:59:29.492393 29072 hybrid_clock.cc:648] HybridClock initialized: now 1780923569492382 us; error 0 us; skew 500 ppm
I20260608 12:59:29.492901 29072 server_base.cc:861] Flag tcmalloc_max_total_thread_cache_bytes is not working since tcmalloc is not enabled.
I20260608 12:59:29.495200 29072 webserver.cc:533] Webserver started at http://127.28.100.62:39345/ using document root <none> and password file <none>
I20260608 12:59:29.495653 29072 fs_manager.cc:362] Metadata directory not provided
I20260608 12:59:29.495808 29072 fs_manager.cc:368] Using write-ahead log directory (fs_wal_dir) as metadata directory
I20260608 12:59:29.496022 29072 server_base.cc:909] This appears to be a new deployment of Kudu; creating new FS layout
I20260608 12:59:29.497098 29072 fs_manager.cc:1068] Generated new instance metadata in path /tmp/dist-test-taskUuNOnV/test-tmp/auto_rebalancer-test.0.AutoRebalancerTest.TestMaxMovesPerServer.1780923453004244-29072-0/minicluster-data/master-0-root/instance:
uuid: "b764341b7e124f8ab130e4890671892d"
format_stamp: "Formatted at 2026-06-08 12:59:29 on dist-test-slave-mbbg"
I20260608 12:59:29.501384 29072 fs_manager.cc:696] Time spent creating directory manager: real 0.004s	user 0.006s	sys 0.000s
I20260608 12:59:29.504792   985 log_block_manager.cc:4031] Time spent loading block containers with low live blocks: real 0.000s	user 0.000s	sys 0.000s
I20260608 12:59:29.505455 29072 fs_manager.cc:730] Time spent opening block manager: real 0.002s	user 0.000s	sys 0.002s
I20260608 12:59:29.505724 29072 fs_manager.cc:647] Opened local filesystem: /tmp/dist-test-taskUuNOnV/test-tmp/auto_rebalancer-test.0.AutoRebalancerTest.TestMaxMovesPerServer.1780923453004244-29072-0/minicluster-data/master-0-root
uuid: "b764341b7e124f8ab130e4890671892d"
format_stamp: "Formatted at 2026-06-08 12:59:29 on dist-test-slave-mbbg"
I20260608 12:59:29.505973 29072 fs_report.cc:389] FS layout report
--------------------
wal directory: /tmp/dist-test-taskUuNOnV/test-tmp/auto_rebalancer-test.0.AutoRebalancerTest.TestMaxMovesPerServer.1780923453004244-29072-0/minicluster-data/master-0-root
metadata directory: /tmp/dist-test-taskUuNOnV/test-tmp/auto_rebalancer-test.0.AutoRebalancerTest.TestMaxMovesPerServer.1780923453004244-29072-0/minicluster-data/master-0-root
1 data directories: /tmp/dist-test-taskUuNOnV/test-tmp/auto_rebalancer-test.0.AutoRebalancerTest.TestMaxMovesPerServer.1780923453004244-29072-0/minicluster-data/master-0-root/data
Total live blocks: 0
Total live bytes: 0
Total live bytes (after alignment): 0
Total number of LBM containers: 0 (0 full)
Did not check for missing blocks
Did not check for orphaned blocks
Total full LBM containers with extra space: 0 (0 repaired)
Total full LBM container extra space in bytes: 0 (0 repaired)
Total incomplete LBM containers: 0 (0 repaired)
Total LBM partial records: 0 (0 repaired)
Total corrupted LBM metadata records in RocksDB: 0 (0 repaired)
I20260608 12:59:29.523849 29072 rpc_server.cc:225] running with OpenSSL 1.1.1  11 Sep 2018
I20260608 12:59:29.525058 29072 kserver.cc:163] Server-wide thread pool size limit: 3276
I20260608 12:59:29.562058 29072 rpc_server.cc:307] RPC server started. Bound to: 127.28.100.62:42863
I20260608 12:59:29.562182  1036 acceptor_pool.cc:272] collecting diagnostics on the listening RPC socket 127.28.100.62:42863 every 8 connection(s)
I20260608 12:59:29.566109  1037 data_dirs.cc:400] Could only allocate 1 dirs of requested 3 for tablet 00000000000000000000000000000000. 1 dirs total, 0 dirs full, 0 dirs failed
I20260608 12:59:29.576956  1037 tablet_bootstrap.cc:492] T 00000000000000000000000000000000 P b764341b7e124f8ab130e4890671892d: Bootstrap starting.
I20260608 12:59:29.581643  1037 tablet_bootstrap.cc:654] T 00000000000000000000000000000000 P b764341b7e124f8ab130e4890671892d: Neither blocks nor log segments found. Creating new log.
I20260608 12:59:29.585870  1037 tablet_bootstrap.cc:492] T 00000000000000000000000000000000 P b764341b7e124f8ab130e4890671892d: No bootstrap required, opened a new log
I20260608 12:59:29.588097  1037 raft_consensus.cc:359] T 00000000000000000000000000000000 P b764341b7e124f8ab130e4890671892d [term 0 FOLLOWER]: Replica starting. Triggering 0 pending ops. Active config: opid_index: -1 OBSOLETE_local: true peers { permanent_uuid: "b764341b7e124f8ab130e4890671892d" member_type: VOTER }
I20260608 12:59:29.588488  1037 raft_consensus.cc:385] T 00000000000000000000000000000000 P b764341b7e124f8ab130e4890671892d [term 0 FOLLOWER]: Consensus starting up: Expiring failure detector timer to make a prompt election more likely
I20260608 12:59:29.588665  1037 raft_consensus.cc:740] T 00000000000000000000000000000000 P b764341b7e124f8ab130e4890671892d [term 0 FOLLOWER]: Becoming Follower/Learner. State: Replica: b764341b7e124f8ab130e4890671892d, State: Initialized, Role: FOLLOWER
I20260608 12:59:29.589226  1037 consensus_queue.cc:260] T 00000000000000000000000000000000 P b764341b7e124f8ab130e4890671892d [NON_LEADER]: Queue going to NON_LEADER mode. State: All replicated index: 0, Majority replicated index: 0, Committed index: 0, Last appended: 0.0, Last appended by leader: 0, Current term: 0, Majority size: -1, State: 0, Mode: NON_LEADER, active raft config: opid_index: -1 OBSOLETE_local: true peers { permanent_uuid: "b764341b7e124f8ab130e4890671892d" member_type: VOTER }
I20260608 12:59:29.589671  1037 raft_consensus.cc:399] T 00000000000000000000000000000000 P b764341b7e124f8ab130e4890671892d [term 0 FOLLOWER]: Only one voter in the Raft config. Triggering election immediately
I20260608 12:59:29.589864  1037 raft_consensus.cc:493] T 00000000000000000000000000000000 P b764341b7e124f8ab130e4890671892d [term 0 FOLLOWER]: Starting leader election (initial election of a single-replica configuration)
I20260608 12:59:29.590090  1037 raft_consensus.cc:3060] T 00000000000000000000000000000000 P b764341b7e124f8ab130e4890671892d [term 0 FOLLOWER]: Advancing to term 1
I20260608 12:59:29.594327  1037 raft_consensus.cc:515] T 00000000000000000000000000000000 P b764341b7e124f8ab130e4890671892d [term 1 FOLLOWER]: Starting leader election with config: opid_index: -1 OBSOLETE_local: true peers { permanent_uuid: "b764341b7e124f8ab130e4890671892d" member_type: VOTER }
I20260608 12:59:29.594785  1037 leader_election.cc:304] T 00000000000000000000000000000000 P b764341b7e124f8ab130e4890671892d [CANDIDATE]: Term 1 election: Election decided. Result: candidate won. Election summary: received 1 responses out of 1 voters: 1 yes votes; 0 no votes. yes voters: b764341b7e124f8ab130e4890671892d; no voters: 
I20260608 12:59:29.595839  1037 leader_election.cc:290] T 00000000000000000000000000000000 P b764341b7e124f8ab130e4890671892d [CANDIDATE]: Term 1 election: Requested vote from peers 
I20260608 12:59:29.596185  1040 raft_consensus.cc:2804] T 00000000000000000000000000000000 P b764341b7e124f8ab130e4890671892d [term 1 FOLLOWER]: Leader election won for term 1
I20260608 12:59:29.597393  1040 raft_consensus.cc:697] T 00000000000000000000000000000000 P b764341b7e124f8ab130e4890671892d [term 1 LEADER]: Becoming Leader. State: Replica: b764341b7e124f8ab130e4890671892d, State: Running, Role: LEADER
I20260608 12:59:29.598086  1040 consensus_queue.cc:237] T 00000000000000000000000000000000 P b764341b7e124f8ab130e4890671892d [LEADER]: Queue going to LEADER mode. State: All replicated index: 0, Majority replicated index: 0, Committed index: 0, Last appended: 0.0, Last appended by leader: 0, Current term: 1, Majority size: 1, State: 0, Mode: LEADER, active raft config: opid_index: -1 OBSOLETE_local: true peers { permanent_uuid: "b764341b7e124f8ab130e4890671892d" member_type: VOTER }
I20260608 12:59:29.598639  1037 sys_catalog.cc:565] T 00000000000000000000000000000000 P b764341b7e124f8ab130e4890671892d [sys.catalog]: configured and running, proceeding with master startup.
I20260608 12:59:29.601012  1042 sys_catalog.cc:455] T 00000000000000000000000000000000 P b764341b7e124f8ab130e4890671892d [sys.catalog]: SysCatalogTable state changed. Reason: New leader b764341b7e124f8ab130e4890671892d. Latest consensus state: current_term: 1 leader_uuid: "b764341b7e124f8ab130e4890671892d" committed_config { opid_index: -1 OBSOLETE_local: true peers { permanent_uuid: "b764341b7e124f8ab130e4890671892d" member_type: VOTER } }
I20260608 12:59:29.600982  1041 sys_catalog.cc:455] T 00000000000000000000000000000000 P b764341b7e124f8ab130e4890671892d [sys.catalog]: SysCatalogTable state changed. Reason: RaftConsensus started. Latest consensus state: current_term: 1 leader_uuid: "b764341b7e124f8ab130e4890671892d" committed_config { opid_index: -1 OBSOLETE_local: true peers { permanent_uuid: "b764341b7e124f8ab130e4890671892d" member_type: VOTER } }
I20260608 12:59:29.601673  1042 sys_catalog.cc:458] T 00000000000000000000000000000000 P b764341b7e124f8ab130e4890671892d [sys.catalog]: This master's current role is: LEADER
I20260608 12:59:29.601759  1041 sys_catalog.cc:458] T 00000000000000000000000000000000 P b764341b7e124f8ab130e4890671892d [sys.catalog]: This master's current role is: LEADER
I20260608 12:59:29.605306  1045 catalog_manager.cc:1510] Loading table and tablet metadata into memory...
I20260608 12:59:29.610370  1045 catalog_manager.cc:1519] Initializing Kudu cluster ID...
I20260608 12:59:29.612746 29072 internal_mini_cluster.cc:184] Waiting to initialize catalog manager on master 0
I20260608 12:59:29.619405  1045 catalog_manager.cc:1382] Generated new cluster ID: adb1f11d7c9649e3aac6fd162a69cfa7
I20260608 12:59:29.619678  1045 catalog_manager.cc:1530] Initializing Kudu internal certificate authority...
I20260608 12:59:29.635839  1045 catalog_manager.cc:1405] Generated new certificate authority record
I20260608 12:59:29.637084  1045 catalog_manager.cc:1539] Loading token signing keys...
I20260608 12:59:29.649312  1045 catalog_manager.cc:6069] T 00000000000000000000000000000000 P b764341b7e124f8ab130e4890671892d: Generated new TSK 0
I20260608 12:59:29.649864  1045 catalog_manager.cc:1549] Initializing in-progress tserver states...
I20260608 12:59:29.678864 29072 file_cache.cc:492] Constructed file cache file cache with capacity 419430
W20260608 12:59:29.684834  1058 instance_detector.cc:116] could not retrieve AWS instance metadata: Network error: curl error: HTTP response code said error: The requested URL returned error: 404
W20260608 12:59:29.686175  1059 instance_detector.cc:116] could not retrieve Azure instance metadata: Network error: curl error: HTTP response code said error: The requested URL returned error: 404
W20260608 12:59:29.687501  1061 instance_detector.cc:116] could not retrieve OpenStack instance metadata: Network error: curl error: HTTP response code said error: The requested URL returned error: 404
I20260608 12:59:29.688648 29072 server_base.cc:1061] running on GCE node
I20260608 12:59:29.689399 29072 hybrid_clock.cc:584] initializing the hybrid clock with 'system_unsync' time source
W20260608 12:59:29.689572 29072 system_unsync_time.cc:38] NTP support is disabled. Clock error bounds will not be accurate. This configuration is not suitable for distributed clusters.
I20260608 12:59:29.689695 29072 hybrid_clock.cc:648] HybridClock initialized: now 1780923569689684 us; error 0 us; skew 500 ppm
I20260608 12:59:29.690284 29072 server_base.cc:861] Flag tcmalloc_max_total_thread_cache_bytes is not working since tcmalloc is not enabled.
I20260608 12:59:29.692374 29072 webserver.cc:533] Webserver started at http://127.28.100.1:45161/ using document root <none> and password file <none>
I20260608 12:59:29.692830 29072 fs_manager.cc:362] Metadata directory not provided
I20260608 12:59:29.692979 29072 fs_manager.cc:368] Using write-ahead log directory (fs_wal_dir) as metadata directory
I20260608 12:59:29.693202 29072 server_base.cc:909] This appears to be a new deployment of Kudu; creating new FS layout
I20260608 12:59:29.694212 29072 fs_manager.cc:1068] Generated new instance metadata in path /tmp/dist-test-taskUuNOnV/test-tmp/auto_rebalancer-test.0.AutoRebalancerTest.TestMaxMovesPerServer.1780923453004244-29072-0/minicluster-data/ts-0-root/instance:
uuid: "1db31fccce2b42b3b8d92d7f9a3808b2"
format_stamp: "Formatted at 2026-06-08 12:59:29 on dist-test-slave-mbbg"
I20260608 12:59:29.698590 29072 fs_manager.cc:696] Time spent creating directory manager: real 0.004s	user 0.002s	sys 0.001s
I20260608 12:59:29.701833  1066 log_block_manager.cc:4031] Time spent loading block containers with low live blocks: real 0.000s	user 0.000s	sys 0.000s
I20260608 12:59:29.702610 29072 fs_manager.cc:730] Time spent opening block manager: real 0.002s	user 0.002s	sys 0.001s
I20260608 12:59:29.702886 29072 fs_manager.cc:647] Opened local filesystem: /tmp/dist-test-taskUuNOnV/test-tmp/auto_rebalancer-test.0.AutoRebalancerTest.TestMaxMovesPerServer.1780923453004244-29072-0/minicluster-data/ts-0-root
uuid: "1db31fccce2b42b3b8d92d7f9a3808b2"
format_stamp: "Formatted at 2026-06-08 12:59:29 on dist-test-slave-mbbg"
I20260608 12:59:29.703153 29072 fs_report.cc:389] FS layout report
--------------------
wal directory: /tmp/dist-test-taskUuNOnV/test-tmp/auto_rebalancer-test.0.AutoRebalancerTest.TestMaxMovesPerServer.1780923453004244-29072-0/minicluster-data/ts-0-root
metadata directory: /tmp/dist-test-taskUuNOnV/test-tmp/auto_rebalancer-test.0.AutoRebalancerTest.TestMaxMovesPerServer.1780923453004244-29072-0/minicluster-data/ts-0-root
1 data directories: /tmp/dist-test-taskUuNOnV/test-tmp/auto_rebalancer-test.0.AutoRebalancerTest.TestMaxMovesPerServer.1780923453004244-29072-0/minicluster-data/ts-0-root/data
Total live blocks: 0
Total live bytes: 0
Total live bytes (after alignment): 0
Total number of LBM containers: 0 (0 full)
Did not check for missing blocks
Did not check for orphaned blocks
Total full LBM containers with extra space: 0 (0 repaired)
Total full LBM container extra space in bytes: 0 (0 repaired)
Total incomplete LBM containers: 0 (0 repaired)
Total LBM partial records: 0 (0 repaired)
Total corrupted LBM metadata records in RocksDB: 0 (0 repaired)
I20260608 12:59:29.729537 29072 rpc_server.cc:225] running with OpenSSL 1.1.1  11 Sep 2018
I20260608 12:59:29.730763 29072 kserver.cc:163] Server-wide thread pool size limit: 3276
I20260608 12:59:29.732203 29072 txn_system_client.cc:432] TxnSystemClient initialization is disabled...
I20260608 12:59:29.734530 29072 ts_tablet_manager.cc:585] Loaded tablet metadata (0 total tablets, 0 live tablets)
I20260608 12:59:29.734707 29072 ts_tablet_manager.cc:531] Time spent load tablet metadata: real 0.000s	user 0.000s	sys 0.000s
I20260608 12:59:29.734958 29072 ts_tablet_manager.cc:616] Registered 0 tablets
I20260608 12:59:29.735102 29072 ts_tablet_manager.cc:595] Time spent register tablets: real 0.000s	user 0.000s	sys 0.000s
I20260608 12:59:29.773272 29072 rpc_server.cc:307] RPC server started. Bound to: 127.28.100.1:44199
I20260608 12:59:29.773424  1128 acceptor_pool.cc:272] collecting diagnostics on the listening RPC socket 127.28.100.1:44199 every 8 connection(s)
I20260608 12:59:29.778322 29072 file_cache.cc:492] Constructed file cache file cache with capacity 419430
W20260608 12:59:29.786141  1133 instance_detector.cc:116] could not retrieve AWS instance metadata: Network error: curl error: HTTP response code said error: The requested URL returned error: 404
W20260608 12:59:29.786958  1134 instance_detector.cc:116] could not retrieve Azure instance metadata: Network error: curl error: HTTP response code said error: The requested URL returned error: 404
W20260608 12:59:29.788913  1136 instance_detector.cc:116] could not retrieve OpenStack instance metadata: Network error: curl error: HTTP response code said error: The requested URL returned error: 404
I20260608 12:59:29.789839 29072 server_base.cc:1061] running on GCE node
I20260608 12:59:29.790755 29072 hybrid_clock.cc:584] initializing the hybrid clock with 'system_unsync' time source
W20260608 12:59:29.791011 29072 system_unsync_time.cc:38] NTP support is disabled. Clock error bounds will not be accurate. This configuration is not suitable for distributed clusters.
I20260608 12:59:29.791214 29072 hybrid_clock.cc:648] HybridClock initialized: now 1780923569791196 us; error 0 us; skew 500 ppm
I20260608 12:59:29.791909 29072 server_base.cc:861] Flag tcmalloc_max_total_thread_cache_bytes is not working since tcmalloc is not enabled.
I20260608 12:59:29.792372  1129 heartbeater.cc:344] Connected to a master server at 127.28.100.62:42863
I20260608 12:59:29.792788  1129 heartbeater.cc:461] Registering TS with master...
I20260608 12:59:29.793740  1129 heartbeater.cc:507] Master 127.28.100.62:42863 requested a full tablet report, sending...
I20260608 12:59:29.794541 29072 webserver.cc:533] Webserver started at http://127.28.100.2:44519/ using document root <none> and password file <none>
I20260608 12:59:29.795198 29072 fs_manager.cc:362] Metadata directory not provided
I20260608 12:59:29.795430 29072 fs_manager.cc:368] Using write-ahead log directory (fs_wal_dir) as metadata directory
I20260608 12:59:29.795735 29072 server_base.cc:909] This appears to be a new deployment of Kudu; creating new FS layout
I20260608 12:59:29.796139  1002 ts_manager.cc:194] Registered new tserver with Master: 1db31fccce2b42b3b8d92d7f9a3808b2 (127.28.100.1:44199)
I20260608 12:59:29.796940 29072 fs_manager.cc:1068] Generated new instance metadata in path /tmp/dist-test-taskUuNOnV/test-tmp/auto_rebalancer-test.0.AutoRebalancerTest.TestMaxMovesPerServer.1780923453004244-29072-0/minicluster-data/ts-1-root/instance:
uuid: "9f0c85be12f741d095cf1a0bf8748b79"
format_stamp: "Formatted at 2026-06-08 12:59:29 on dist-test-slave-mbbg"
I20260608 12:59:29.797996  1002 master_service.cc:502] Signed X509 certificate for tserver {username='slave'} at 127.0.0.1:56228
I20260608 12:59:29.801944 29072 fs_manager.cc:696] Time spent creating directory manager: real 0.005s	user 0.004s	sys 0.003s
I20260608 12:59:29.805467  1141 log_block_manager.cc:4031] Time spent loading block containers with low live blocks: real 0.000s	user 0.000s	sys 0.000s
I20260608 12:59:29.806152 29072 fs_manager.cc:730] Time spent opening block manager: real 0.002s	user 0.003s	sys 0.000s
I20260608 12:59:29.806473 29072 fs_manager.cc:647] Opened local filesystem: /tmp/dist-test-taskUuNOnV/test-tmp/auto_rebalancer-test.0.AutoRebalancerTest.TestMaxMovesPerServer.1780923453004244-29072-0/minicluster-data/ts-1-root
uuid: "9f0c85be12f741d095cf1a0bf8748b79"
format_stamp: "Formatted at 2026-06-08 12:59:29 on dist-test-slave-mbbg"
I20260608 12:59:29.806730 29072 fs_report.cc:389] FS layout report
--------------------
wal directory: /tmp/dist-test-taskUuNOnV/test-tmp/auto_rebalancer-test.0.AutoRebalancerTest.TestMaxMovesPerServer.1780923453004244-29072-0/minicluster-data/ts-1-root
metadata directory: /tmp/dist-test-taskUuNOnV/test-tmp/auto_rebalancer-test.0.AutoRebalancerTest.TestMaxMovesPerServer.1780923453004244-29072-0/minicluster-data/ts-1-root
1 data directories: /tmp/dist-test-taskUuNOnV/test-tmp/auto_rebalancer-test.0.AutoRebalancerTest.TestMaxMovesPerServer.1780923453004244-29072-0/minicluster-data/ts-1-root/data
Total live blocks: 0
Total live bytes: 0
Total live bytes (after alignment): 0
Total number of LBM containers: 0 (0 full)
Did not check for missing blocks
Did not check for orphaned blocks
Total full LBM containers with extra space: 0 (0 repaired)
Total full LBM container extra space in bytes: 0 (0 repaired)
Total incomplete LBM containers: 0 (0 repaired)
Total LBM partial records: 0 (0 repaired)
Total corrupted LBM metadata records in RocksDB: 0 (0 repaired)
I20260608 12:59:29.823572 29072 rpc_server.cc:225] running with OpenSSL 1.1.1  11 Sep 2018
I20260608 12:59:29.824808 29072 kserver.cc:163] Server-wide thread pool size limit: 3276
I20260608 12:59:29.826191 29072 txn_system_client.cc:432] TxnSystemClient initialization is disabled...
I20260608 12:59:29.828399 29072 ts_tablet_manager.cc:585] Loaded tablet metadata (0 total tablets, 0 live tablets)
I20260608 12:59:29.828596 29072 ts_tablet_manager.cc:531] Time spent load tablet metadata: real 0.000s	user 0.000s	sys 0.000s
I20260608 12:59:29.828812 29072 ts_tablet_manager.cc:616] Registered 0 tablets
I20260608 12:59:29.828963 29072 ts_tablet_manager.cc:595] Time spent register tablets: real 0.000s	user 0.000s	sys 0.000s
I20260608 12:59:29.867205 29072 rpc_server.cc:307] RPC server started. Bound to: 127.28.100.2:35615
I20260608 12:59:29.867321  1203 acceptor_pool.cc:272] collecting diagnostics on the listening RPC socket 127.28.100.2:35615 every 8 connection(s)
I20260608 12:59:29.872040 29072 file_cache.cc:492] Constructed file cache file cache with capacity 419430
W20260608 12:59:29.879057  1207 instance_detector.cc:116] could not retrieve AWS instance metadata: Network error: curl error: HTTP response code said error: The requested URL returned error: 404
W20260608 12:59:29.880221  1208 instance_detector.cc:116] could not retrieve Azure instance metadata: Network error: curl error: HTTP response code said error: The requested URL returned error: 404
I20260608 12:59:29.882917 29072 server_base.cc:1061] running on GCE node
W20260608 12:59:29.884135  1210 instance_detector.cc:116] could not retrieve OpenStack instance metadata: Network error: curl error: HTTP response code said error: The requested URL returned error: 404
I20260608 12:59:29.884268  1204 heartbeater.cc:344] Connected to a master server at 127.28.100.62:42863
I20260608 12:59:29.884721  1204 heartbeater.cc:461] Registering TS with master...
I20260608 12:59:29.885097 29072 hybrid_clock.cc:584] initializing the hybrid clock with 'system_unsync' time source
W20260608 12:59:29.885320 29072 system_unsync_time.cc:38] NTP support is disabled. Clock error bounds will not be accurate. This configuration is not suitable for distributed clusters.
I20260608 12:59:29.885452  1204 heartbeater.cc:507] Master 127.28.100.62:42863 requested a full tablet report, sending...
I20260608 12:59:29.885478 29072 hybrid_clock.cc:648] HybridClock initialized: now 1780923569885464 us; error 0 us; skew 500 ppm
I20260608 12:59:29.886469 29072 server_base.cc:861] Flag tcmalloc_max_total_thread_cache_bytes is not working since tcmalloc is not enabled.
I20260608 12:59:29.887599  1002 ts_manager.cc:194] Registered new tserver with Master: 9f0c85be12f741d095cf1a0bf8748b79 (127.28.100.2:35615)
I20260608 12:59:29.889076  1002 master_service.cc:502] Signed X509 certificate for tserver {username='slave'} at 127.0.0.1:56242
I20260608 12:59:29.889103 29072 webserver.cc:533] Webserver started at http://127.28.100.3:34179/ using document root <none> and password file <none>
I20260608 12:59:29.889773 29072 fs_manager.cc:362] Metadata directory not provided
I20260608 12:59:29.889976 29072 fs_manager.cc:368] Using write-ahead log directory (fs_wal_dir) as metadata directory
I20260608 12:59:29.890280 29072 server_base.cc:909] This appears to be a new deployment of Kudu; creating new FS layout
I20260608 12:59:29.891739 29072 fs_manager.cc:1068] Generated new instance metadata in path /tmp/dist-test-taskUuNOnV/test-tmp/auto_rebalancer-test.0.AutoRebalancerTest.TestMaxMovesPerServer.1780923453004244-29072-0/minicluster-data/ts-2-root/instance:
uuid: "b7d2b5db1bbc41e58c2f5a5ea88302c9"
format_stamp: "Formatted at 2026-06-08 12:59:29 on dist-test-slave-mbbg"
I20260608 12:59:29.896000 29072 fs_manager.cc:696] Time spent creating directory manager: real 0.004s	user 0.005s	sys 0.000s
I20260608 12:59:29.899220  1215 log_block_manager.cc:4031] Time spent loading block containers with low live blocks: real 0.000s	user 0.000s	sys 0.000s
I20260608 12:59:29.899937 29072 fs_manager.cc:730] Time spent opening block manager: real 0.002s	user 0.003s	sys 0.000s
I20260608 12:59:29.900203 29072 fs_manager.cc:647] Opened local filesystem: /tmp/dist-test-taskUuNOnV/test-tmp/auto_rebalancer-test.0.AutoRebalancerTest.TestMaxMovesPerServer.1780923453004244-29072-0/minicluster-data/ts-2-root
uuid: "b7d2b5db1bbc41e58c2f5a5ea88302c9"
format_stamp: "Formatted at 2026-06-08 12:59:29 on dist-test-slave-mbbg"
I20260608 12:59:29.900493 29072 fs_report.cc:389] FS layout report
--------------------
wal directory: /tmp/dist-test-taskUuNOnV/test-tmp/auto_rebalancer-test.0.AutoRebalancerTest.TestMaxMovesPerServer.1780923453004244-29072-0/minicluster-data/ts-2-root
metadata directory: /tmp/dist-test-taskUuNOnV/test-tmp/auto_rebalancer-test.0.AutoRebalancerTest.TestMaxMovesPerServer.1780923453004244-29072-0/minicluster-data/ts-2-root
1 data directories: /tmp/dist-test-taskUuNOnV/test-tmp/auto_rebalancer-test.0.AutoRebalancerTest.TestMaxMovesPerServer.1780923453004244-29072-0/minicluster-data/ts-2-root/data
Total live blocks: 0
Total live bytes: 0
Total live bytes (after alignment): 0
Total number of LBM containers: 0 (0 full)
Did not check for missing blocks
Did not check for orphaned blocks
Total full LBM containers with extra space: 0 (0 repaired)
Total full LBM container extra space in bytes: 0 (0 repaired)
Total incomplete LBM containers: 0 (0 repaired)
Total LBM partial records: 0 (0 repaired)
Total corrupted LBM metadata records in RocksDB: 0 (0 repaired)
I20260608 12:59:29.910926 29072 rpc_server.cc:225] running with OpenSSL 1.1.1  11 Sep 2018
I20260608 12:59:29.912086 29072 kserver.cc:163] Server-wide thread pool size limit: 3276
I20260608 12:59:29.913412 29072 txn_system_client.cc:432] TxnSystemClient initialization is disabled...
I20260608 12:59:29.915580 29072 ts_tablet_manager.cc:585] Loaded tablet metadata (0 total tablets, 0 live tablets)
I20260608 12:59:29.915755 29072 ts_tablet_manager.cc:531] Time spent load tablet metadata: real 0.000s	user 0.000s	sys 0.000s
I20260608 12:59:29.915985 29072 ts_tablet_manager.cc:616] Registered 0 tablets
I20260608 12:59:29.916136 29072 ts_tablet_manager.cc:595] Time spent register tablets: real 0.000s	user 0.000s	sys 0.000s
I20260608 12:59:29.953742 29072 rpc_server.cc:307] RPC server started. Bound to: 127.28.100.3:37371
I20260608 12:59:29.953851  1277 acceptor_pool.cc:272] collecting diagnostics on the listening RPC socket 127.28.100.3:37371 every 8 connection(s)
I20260608 12:59:29.968436  1278 heartbeater.cc:344] Connected to a master server at 127.28.100.62:42863
I20260608 12:59:29.968814  1278 heartbeater.cc:461] Registering TS with master...
I20260608 12:59:29.969558  1278 heartbeater.cc:507] Master 127.28.100.62:42863 requested a full tablet report, sending...
I20260608 12:59:29.971423  1002 ts_manager.cc:194] Registered new tserver with Master: b7d2b5db1bbc41e58c2f5a5ea88302c9 (127.28.100.3:37371)
I20260608 12:59:29.971568 29072 internal_mini_cluster.cc:371] 3 TS(s) registered with all masters after 0.014624874s
I20260608 12:59:29.972787  1002 master_service.cc:502] Signed X509 certificate for tserver {username='slave'} at 127.0.0.1:56256
I20260608 12:59:30.800824  1129 heartbeater.cc:499] Master 127.28.100.62:42863 was elected leader, sending a full tablet report...
I20260608 12:59:30.891748  1204 heartbeater.cc:499] Master 127.28.100.62:42863 was elected leader, sending a full tablet report...
I20260608 12:59:30.975198  1278 heartbeater.cc:499] Master 127.28.100.62:42863 was elected leader, sending a full tablet report...
I20260608 12:59:31.025671  1002 catalog_manager.cc:2282] Servicing CreateTable request from {username='slave'} at 127.0.0.1:56266:
name: "test-workload"
schema {
  columns {
    name: "key"
    type: INT32
    is_key: true
    is_nullable: false
    encoding: AUTO_ENCODING
    compression: DEFAULT_COMPRESSION
    cfile_block_size: 0
    immutable: false
  }
  columns {
    name: "int_val"
    type: INT32
    is_key: false
    is_nullable: false
    encoding: AUTO_ENCODING
    compression: DEFAULT_COMPRESSION
    cfile_block_size: 0
    immutable: false
  }
  columns {
    name: "string_val"
    type: STRING
    is_key: false
    is_nullable: true
    encoding: AUTO_ENCODING
    compression: DEFAULT_COMPRESSION
    cfile_block_size: 0
    immutable: false
  }
}
num_replicas: 3
split_rows_range_bounds {
  rows: "\004\001\000\252\252\252\n\004\001\000TUU\025\004\001\000\376\377\377\037\004\001\000\250\252\252*\004\001\000RUU5\004\001\000\374\377\377?\004\001\000\246\252\252J\004\001\000PUUU\004\001\000\372\377\377_\004\001\000\244\252\252j\004\001\000NUUu""\004\001\000\252\252\252\n\004\001\000TUU\025\004\001\000\376\377\377\037\004\001\000\250\252\252*\004\001\000RUU5\004\001\000\374\377\377?\004\001\000\246\252\252J\004\001\000PUUU\004\001\000\372\377\377_\004\001\000\244\252\252j\004\001\000NUUu"
  indirect_data: """"
}
partition_schema {
  range_schema {
    columns {
      name: "key"
    }
  }
}
W20260608 12:59:31.028672  1002 catalog_manager.cc:7076] The number of live tablet servers is not enough to re-replicate a tablet replica of the newly created table test-workload in case of a server failure: 4 tablet servers would be needed, 3 are available. Consider bringing up more tablet servers.
I20260608 12:59:31.104508  1169 tablet_service.cc:1511] Processing CreateTablet for tablet ca2341878a3f410ca78c822adffd1ed5 (DEFAULT_TABLE table=test-workload [id=4df609d8db4149a3adf62cb96c0bc04d]), partition=RANGE (key) PARTITION VALUES < 178956970
I20260608 12:59:31.110862  1168 tablet_service.cc:1511] Processing CreateTablet for tablet 75376115d74a4404ba19321622e4a474 (DEFAULT_TABLE table=test-workload [id=4df609d8db4149a3adf62cb96c0bc04d]), partition=RANGE (key) PARTITION 178956970 <= VALUES < 357913940
I20260608 12:59:31.106118  1169 data_dirs.cc:400] Could only allocate 1 dirs of requested 3 for tablet ca2341878a3f410ca78c822adffd1ed5. 1 dirs total, 0 dirs full, 0 dirs failed
I20260608 12:59:31.116447  1167 tablet_service.cc:1511] Processing CreateTablet for tablet 94d92f86af274b19918c48fb0fa96a40 (DEFAULT_TABLE table=test-workload [id=4df609d8db4149a3adf62cb96c0bc04d]), partition=RANGE (key) PARTITION 357913940 <= VALUES < 536870910
I20260608 12:59:31.117826  1167 data_dirs.cc:400] Could only allocate 1 dirs of requested 3 for tablet 94d92f86af274b19918c48fb0fa96a40. 1 dirs total, 0 dirs full, 0 dirs failed
I20260608 12:59:31.118615  1168 data_dirs.cc:400] Could only allocate 1 dirs of requested 3 for tablet 75376115d74a4404ba19321622e4a474. 1 dirs total, 0 dirs full, 0 dirs failed
I20260608 12:59:31.122136  1243 tablet_service.cc:1511] Processing CreateTablet for tablet ca2341878a3f410ca78c822adffd1ed5 (DEFAULT_TABLE table=test-workload [id=4df609d8db4149a3adf62cb96c0bc04d]), partition=RANGE (key) PARTITION VALUES < 178956970
