I20260608 12:59:29.644549 21892 raft_consensus.cc:515] T 87a331ae064c42efba9b6b564ceabdec P 74ee54dc9b45447ea0ab64da6aa19e78 [term 0 FOLLOWER]: Starting pre-election with config: opid_index: -1 OBSOLETE_local: false peers { permanent_uuid: "74ee54dc9b45447ea0ab64da6aa19e78" member_type: VOTER last_known_addr { host: "127.16.203.1" port: 42767 } } peers { permanent_uuid: "5909ef9402e44ed294f636fac1b78873" member_type: VOTER last_known_addr { host: "127.16.203.2" port: 42003 } } peers { permanent_uuid: "dde290a11302481e979111f04200d2a3" member_type: VOTER last_known_addr { host: "127.16.203.3" port: 39757 } }
I20260608 12:59:29.645339 21866 raft_consensus.cc:740] T 1474c8bab850426a9270e2b4978118ba P 5909ef9402e44ed294f636fac1b78873 [term 0 FOLLOWER]: Becoming Follower/Learner. State: Replica: 5909ef9402e44ed294f636fac1b78873, State: Initialized, Role: FOLLOWER
I20260608 12:59:29.649466 21871 raft_consensus.cc:493] T 87a331ae064c42efba9b6b564ceabdec P 5909ef9402e44ed294f636fac1b78873 [term 0 FOLLOWER]: Starting pre-election (no leader contacted us within the election timeout)
I20260608 12:59:29.650262 21871 raft_consensus.cc:515] T 87a331ae064c42efba9b6b564ceabdec P 5909ef9402e44ed294f636fac1b78873 [term 0 FOLLOWER]: Starting pre-election with config: opid_index: -1 OBSOLETE_local: false peers { permanent_uuid: "74ee54dc9b45447ea0ab64da6aa19e78" member_type: VOTER last_known_addr { host: "127.16.203.1" port: 42767 } } peers { permanent_uuid: "5909ef9402e44ed294f636fac1b78873" member_type: VOTER last_known_addr { host: "127.16.203.2" port: 42003 } } peers { permanent_uuid: "dde290a11302481e979111f04200d2a3" member_type: VOTER last_known_addr { host: "127.16.203.3" port: 39757 } }
I20260608 12:59:29.651367 21819 tablet_service.cc:1917] Received RequestConsensusVote() RPC: tablet_id: "87a331ae064c42efba9b6b564ceabdec" candidate_uuid: "74ee54dc9b45447ea0ab64da6aa19e78" candidate_term: 1 candidate_status { last_received { term: 0 index: 0 } } ignore_live_leader: false dest_uuid: "dde290a11302481e979111f04200d2a3" is_pre_election: true
I20260608 12:59:29.652143 21819 raft_consensus.cc:2468] T 87a331ae064c42efba9b6b564ceabdec P dde290a11302481e979111f04200d2a3 [term 0 FOLLOWER]: Leader pre-election vote request: Granting yes vote for candidate 74ee54dc9b45447ea0ab64da6aa19e78 in term 0.
I20260608 12:59:29.653916 21871 leader_election.cc:290] T 87a331ae064c42efba9b6b564ceabdec P 5909ef9402e44ed294f636fac1b78873 [CANDIDATE]: Term 1 pre-election: Requested pre-vote from peers 74ee54dc9b45447ea0ab64da6aa19e78 (127.16.203.1:42767), dde290a11302481e979111f04200d2a3 (127.16.203.3:39757)
I20260608 12:59:29.656250 21819 tablet_service.cc:1917] Received RequestConsensusVote() RPC: tablet_id: "87a331ae064c42efba9b6b564ceabdec" candidate_uuid: "5909ef9402e44ed294f636fac1b78873" candidate_term: 1 candidate_status { last_received { term: 0 index: 0 } } ignore_live_leader: false dest_uuid: "dde290a11302481e979111f04200d2a3" is_pre_election: true
I20260608 12:59:29.657078 21819 raft_consensus.cc:2468] T 87a331ae064c42efba9b6b564ceabdec P dde290a11302481e979111f04200d2a3 [term 0 FOLLOWER]: Leader pre-election vote request: Granting yes vote for candidate 5909ef9402e44ed294f636fac1b78873 in term 0.
I20260608 12:59:29.657521 21634 leader_election.cc:304] T 87a331ae064c42efba9b6b564ceabdec P 74ee54dc9b45447ea0ab64da6aa19e78 [CANDIDATE]: Term 1 pre-election: Election decided. Result: candidate won. Election summary: received 2 responses out of 3 voters: 2 yes votes; 0 no votes. yes voters: 74ee54dc9b45447ea0ab64da6aa19e78, dde290a11302481e979111f04200d2a3; no voters: 
I20260608 12:59:29.646768 21866 consensus_queue.cc:260] T 1474c8bab850426a9270e2b4978118ba P 5909ef9402e44ed294f636fac1b78873 [NON_LEADER]: Queue going to NON_LEADER mode. State: All replicated index: 0, Majority replicated index: 0, Committed index: 0, Last appended: 0.0, Last appended by leader: 0, Current term: 0, Majority size: -1, State: 0, Mode: NON_LEADER, active raft config: opid_index: -1 OBSOLETE_local: false peers { permanent_uuid: "74ee54dc9b45447ea0ab64da6aa19e78" member_type: VOTER last_known_addr { host: "127.16.203.1" port: 42767 } } peers { permanent_uuid: "5909ef9402e44ed294f636fac1b78873" member_type: VOTER last_known_addr { host: "127.16.203.2" port: 42003 } } peers { permanent_uuid: "dde290a11302481e979111f04200d2a3" member_type: VOTER last_known_addr { host: "127.16.203.3" port: 39757 } }
I20260608 12:59:29.658509 21709 leader_election.cc:304] T 87a331ae064c42efba9b6b564ceabdec P 5909ef9402e44ed294f636fac1b78873 [CANDIDATE]: Term 1 pre-election: Election decided. Result: candidate won. Election summary: received 2 responses out of 3 voters: 2 yes votes; 0 no votes. yes voters: 5909ef9402e44ed294f636fac1b78873, dde290a11302481e979111f04200d2a3; no voters: 
I20260608 12:59:29.657136 21669 tablet_service.cc:1917] Received RequestConsensusVote() RPC: tablet_id: "87a331ae064c42efba9b6b564ceabdec" candidate_uuid: "5909ef9402e44ed294f636fac1b78873" candidate_term: 1 candidate_status { last_received { term: 0 index: 0 } } ignore_live_leader: false dest_uuid: "74ee54dc9b45447ea0ab64da6aa19e78" is_pre_election: true
I20260608 12:59:29.659407 21669 raft_consensus.cc:2468] T 87a331ae064c42efba9b6b564ceabdec P 74ee54dc9b45447ea0ab64da6aa19e78 [term 0 FOLLOWER]: Leader pre-election vote request: Granting yes vote for candidate 5909ef9402e44ed294f636fac1b78873 in term 0.
I20260608 12:59:29.659518 21871 raft_consensus.cc:2804] T 87a331ae064c42efba9b6b564ceabdec P 5909ef9402e44ed294f636fac1b78873 [term 0 FOLLOWER]: Leader pre-election won for term 1
I20260608 12:59:29.660148 21871 raft_consensus.cc:493] T 87a331ae064c42efba9b6b564ceabdec P 5909ef9402e44ed294f636fac1b78873 [term 0 FOLLOWER]: Starting leader election (no leader contacted us within the election timeout)
I20260608 12:59:29.660686 21871 raft_consensus.cc:3060] T 87a331ae064c42efba9b6b564ceabdec P 5909ef9402e44ed294f636fac1b78873 [term 0 FOLLOWER]: Advancing to term 1
I20260608 12:59:29.662113 21892 leader_election.cc:290] T 87a331ae064c42efba9b6b564ceabdec P 74ee54dc9b45447ea0ab64da6aa19e78 [CANDIDATE]: Term 1 pre-election: Requested pre-vote from peers 5909ef9402e44ed294f636fac1b78873 (127.16.203.2:42003), dde290a11302481e979111f04200d2a3 (127.16.203.3:39757)
I20260608 12:59:29.663064 21892 raft_consensus.cc:2804] T 87a331ae064c42efba9b6b564ceabdec P 74ee54dc9b45447ea0ab64da6aa19e78 [term 0 FOLLOWER]: Leader pre-election won for term 1
I20260608 12:59:29.664417 21892 raft_consensus.cc:493] T 87a331ae064c42efba9b6b564ceabdec P 74ee54dc9b45447ea0ab64da6aa19e78 [term 0 FOLLOWER]: Starting leader election (no leader contacted us within the election timeout)
I20260608 12:59:29.665593 21892 raft_consensus.cc:3060] T 87a331ae064c42efba9b6b564ceabdec P 74ee54dc9b45447ea0ab64da6aa19e78 [term 0 FOLLOWER]: Advancing to term 1
I20260608 12:59:29.667553 21866 ts_tablet_manager.cc:1434] T 1474c8bab850426a9270e2b4978118ba P 5909ef9402e44ed294f636fac1b78873: Time spent starting tablet: real 0.033s	user 0.011s	sys 0.000s
I20260608 12:59:29.669760 21745 tablet_service.cc:1917] Received RequestConsensusVote() RPC: tablet_id: "87a331ae064c42efba9b6b564ceabdec" candidate_uuid: "74ee54dc9b45447ea0ab64da6aa19e78" candidate_term: 1 candidate_status { last_received { term: 0 index: 0 } } ignore_live_leader: false dest_uuid: "5909ef9402e44ed294f636fac1b78873" is_pre_election: true
I20260608 12:59:29.672521 21866 tablet_bootstrap.cc:492] T e040804e21a840aaa6675fe3c28161b1 P 5909ef9402e44ed294f636fac1b78873: Bootstrap starting.
W20260608 12:59:29.699151 21634 outbound_call.cc:321] RPC callback for RPC call kudu.consensus.ConsensusService.RequestConsensusVote -> {remote=127.16.203.3:39757, user_credentials={real_user=slave}} blocked reactor thread for 44966.3us
I20260608 12:59:29.700341 21567 catalog_manager.cc:5696] T f67a256bc5ea41cfaea9043ef58a36c6 P 74ee54dc9b45447ea0ab64da6aa19e78 reported cstate change: term changed from 0 to 1, leader changed from <none> to 74ee54dc9b45447ea0ab64da6aa19e78 (127.16.203.1). New cstate: current_term: 1 leader_uuid: "74ee54dc9b45447ea0ab64da6aa19e78" committed_config { opid_index: -1 OBSOLETE_local: false peers { permanent_uuid: "74ee54dc9b45447ea0ab64da6aa19e78" member_type: VOTER last_known_addr { host: "127.16.203.1" port: 42767 } health_report { overall_health: HEALTHY } } peers { permanent_uuid: "5909ef9402e44ed294f636fac1b78873" member_type: VOTER last_known_addr { host: "127.16.203.2" port: 42003 } health_report { overall_health: UNKNOWN } } peers { permanent_uuid: "dde290a11302481e979111f04200d2a3" member_type: VOTER last_known_addr { host: "127.16.203.3" port: 39757 } health_report { overall_health: UNKNOWN } } }
I20260608 12:59:29.704566 21566 catalog_manager.cc:5696] T 5abdc5966c9e468abaaa6b2f92424844 P 5909ef9402e44ed294f636fac1b78873 reported cstate change: term changed from 0 to 1, leader changed from <none> to 5909ef9402e44ed294f636fac1b78873 (127.16.203.2). New cstate: current_term: 1 leader_uuid: "5909ef9402e44ed294f636fac1b78873" committed_config { opid_index: -1 OBSOLETE_local: false peers { permanent_uuid: "dde290a11302481e979111f04200d2a3" member_type: VOTER last_known_addr { host: "127.16.203.3" port: 39757 } health_report { overall_health: UNKNOWN } } peers { permanent_uuid: "74ee54dc9b45447ea0ab64da6aa19e78" member_type: VOTER last_known_addr { host: "127.16.203.1" port: 42767 } health_report { overall_health: UNKNOWN } } peers { permanent_uuid: "5909ef9402e44ed294f636fac1b78873" member_type: VOTER last_known_addr { host: "127.16.203.2" port: 42003 } health_report { overall_health: HEALTHY } } }
I20260608 12:59:29.705732 21865 tablet_bootstrap.cc:492] T 29b24a91eafe4c09a1cd00d9418d299a P 74ee54dc9b45447ea0ab64da6aa19e78: No bootstrap required, opened a new log
I20260608 12:59:29.706379 21865 ts_tablet_manager.cc:1403] T 29b24a91eafe4c09a1cd00d9418d299a P 74ee54dc9b45447ea0ab64da6aa19e78: Time spent bootstrapping tablet: real 0.120s	user 0.052s	sys 0.053s
I20260608 12:59:29.710062 21865 raft_consensus.cc:359] T 29b24a91eafe4c09a1cd00d9418d299a P 74ee54dc9b45447ea0ab64da6aa19e78 [term 0 FOLLOWER]: Replica starting. Triggering 0 pending ops. Active config: opid_index: -1 OBSOLETE_local: false peers { permanent_uuid: "74ee54dc9b45447ea0ab64da6aa19e78" member_type: VOTER last_known_addr { host: "127.16.203.1" port: 42767 } } peers { permanent_uuid: "5909ef9402e44ed294f636fac1b78873" member_type: VOTER last_known_addr { host: "127.16.203.2" port: 42003 } } peers { permanent_uuid: "dde290a11302481e979111f04200d2a3" member_type: VOTER last_known_addr { host: "127.16.203.3" port: 39757 } }
I20260608 12:59:29.710988 21865 raft_consensus.cc:385] T 29b24a91eafe4c09a1cd00d9418d299a P 74ee54dc9b45447ea0ab64da6aa19e78 [term 0 FOLLOWER]: Consensus starting up: Expiring failure detector timer to make a prompt election more likely
I20260608 12:59:29.711375 21865 raft_consensus.cc:740] T 29b24a91eafe4c09a1cd00d9418d299a P 74ee54dc9b45447ea0ab64da6aa19e78 [term 0 FOLLOWER]: Becoming Follower/Learner. State: Replica: 74ee54dc9b45447ea0ab64da6aa19e78, State: Initialized, Role: FOLLOWER
I20260608 12:59:29.712507 21865 consensus_queue.cc:260] T 29b24a91eafe4c09a1cd00d9418d299a P 74ee54dc9b45447ea0ab64da6aa19e78 [NON_LEADER]: Queue going to NON_LEADER mode. State: All replicated index: 0, Majority replicated index: 0, Committed index: 0, Last appended: 0.0, Last appended by leader: 0, Current term: 0, Majority size: -1, State: 0, Mode: NON_LEADER, active raft config: opid_index: -1 OBSOLETE_local: false peers { permanent_uuid: "74ee54dc9b45447ea0ab64da6aa19e78" member_type: VOTER last_known_addr { host: "127.16.203.1" port: 42767 } } peers { permanent_uuid: "5909ef9402e44ed294f636fac1b78873" member_type: VOTER last_known_addr { host: "127.16.203.2" port: 42003 } } peers { permanent_uuid: "dde290a11302481e979111f04200d2a3" member_type: VOTER last_known_addr { host: "127.16.203.3" port: 39757 } }
I20260608 12:59:29.713521 21864 tablet_bootstrap.cc:492] T f67a256bc5ea41cfaea9043ef58a36c6 P dde290a11302481e979111f04200d2a3: No bootstrap required, opened a new log
I20260608 12:59:29.714136 21864 ts_tablet_manager.cc:1403] T f67a256bc5ea41cfaea9043ef58a36c6 P dde290a11302481e979111f04200d2a3: Time spent bootstrapping tablet: real 0.096s	user 0.040s	sys 0.038s
I20260608 12:59:29.715562 21865 ts_tablet_manager.cc:1434] T 29b24a91eafe4c09a1cd00d9418d299a P 74ee54dc9b45447ea0ab64da6aa19e78: Time spent starting tablet: real 0.009s	user 0.007s	sys 0.001s
I20260608 12:59:29.716730 21865 tablet_bootstrap.cc:492] T 47dd004e099c4a2f8af2cb9d59fb002a P 74ee54dc9b45447ea0ab64da6aa19e78: Bootstrap starting.
I20260608 12:59:29.716634 21892 raft_consensus.cc:515] T 87a331ae064c42efba9b6b564ceabdec P 74ee54dc9b45447ea0ab64da6aa19e78 [term 1 FOLLOWER]: Starting leader election with config: opid_index: -1 OBSOLETE_local: false peers { permanent_uuid: "74ee54dc9b45447ea0ab64da6aa19e78" member_type: VOTER last_known_addr { host: "127.16.203.1" port: 42767 } } peers { permanent_uuid: "5909ef9402e44ed294f636fac1b78873" member_type: VOTER last_known_addr { host: "127.16.203.2" port: 42003 } } peers { permanent_uuid: "dde290a11302481e979111f04200d2a3" member_type: VOTER last_known_addr { host: "127.16.203.3" port: 39757 } }
I20260608 12:59:29.717531 21864 raft_consensus.cc:359] T f67a256bc5ea41cfaea9043ef58a36c6 P dde290a11302481e979111f04200d2a3 [term 0 FOLLOWER]: Replica starting. Triggering 0 pending ops. Active config: opid_index: -1 OBSOLETE_local: false peers { permanent_uuid: "74ee54dc9b45447ea0ab64da6aa19e78" member_type: VOTER last_known_addr { host: "127.16.203.1" port: 42767 } } peers { permanent_uuid: "5909ef9402e44ed294f636fac1b78873" member_type: VOTER last_known_addr { host: "127.16.203.2" port: 42003 } } peers { permanent_uuid: "dde290a11302481e979111f04200d2a3" member_type: VOTER last_known_addr { host: "127.16.203.3" port: 39757 } }
I20260608 12:59:29.718461 21864 raft_consensus.cc:385] T f67a256bc5ea41cfaea9043ef58a36c6 P dde290a11302481e979111f04200d2a3 [term 0 FOLLOWER]: Consensus starting up: Expiring failure detector timer to make a prompt election more likely
I20260608 12:59:29.718844 21864 raft_consensus.cc:740] T f67a256bc5ea41cfaea9043ef58a36c6 P dde290a11302481e979111f04200d2a3 [term 0 FOLLOWER]: Becoming Follower/Learner. State: Replica: dde290a11302481e979111f04200d2a3, State: Initialized, Role: FOLLOWER
I20260608 12:59:29.720218 21744 tablet_service.cc:1917] Received RequestConsensusVote() RPC: tablet_id: "87a331ae064c42efba9b6b564ceabdec" candidate_uuid: "74ee54dc9b45447ea0ab64da6aa19e78" candidate_term: 1 candidate_status { last_received { term: 0 index: 0 } } ignore_live_leader: false dest_uuid: "5909ef9402e44ed294f636fac1b78873"
I20260608 12:59:29.720139 21864 consensus_queue.cc:260] T f67a256bc5ea41cfaea9043ef58a36c6 P dde290a11302481e979111f04200d2a3 [NON_LEADER]: Queue going to NON_LEADER mode. State: All replicated index: 0, Majority replicated index: 0, Committed index: 0, Last appended: 0.0, Last appended by leader: 0, Current term: 0, Majority size: -1, State: 0, Mode: NON_LEADER, active raft config: opid_index: -1 OBSOLETE_local: false peers { permanent_uuid: "74ee54dc9b45447ea0ab64da6aa19e78" member_type: VOTER last_known_addr { host: "127.16.203.1" port: 42767 } } peers { permanent_uuid: "5909ef9402e44ed294f636fac1b78873" member_type: VOTER last_known_addr { host: "127.16.203.2" port: 42003 } } peers { permanent_uuid: "dde290a11302481e979111f04200d2a3" member_type: VOTER last_known_addr { host: "127.16.203.3" port: 39757 } }
I20260608 12:59:29.720975 21866 tablet_bootstrap.cc:654] T e040804e21a840aaa6675fe3c28161b1 P 5909ef9402e44ed294f636fac1b78873: Neither blocks nor log segments found. Creating new log.
I20260608 12:59:29.722882 21864 ts_tablet_manager.cc:1434] T f67a256bc5ea41cfaea9043ef58a36c6 P dde290a11302481e979111f04200d2a3: Time spent starting tablet: real 0.008s	user 0.004s	sys 0.003s
I20260608 12:59:29.724023 21864 tablet_bootstrap.cc:492] T 1474c8bab850426a9270e2b4978118ba P dde290a11302481e979111f04200d2a3: Bootstrap starting.
I20260608 12:59:29.724385 21819 tablet_service.cc:1917] Received RequestConsensusVote() RPC: tablet_id: "87a331ae064c42efba9b6b564ceabdec" candidate_uuid: "74ee54dc9b45447ea0ab64da6aa19e78" candidate_term: 1 candidate_status { last_received { term: 0 index: 0 } } ignore_live_leader: false dest_uuid: "dde290a11302481e979111f04200d2a3"
I20260608 12:59:29.725019 21819 raft_consensus.cc:3060] T 87a331ae064c42efba9b6b564ceabdec P dde290a11302481e979111f04200d2a3 [term 0 FOLLOWER]: Advancing to term 1
I20260608 12:59:29.725414 21894 raft_consensus.cc:493] T 1474c8bab850426a9270e2b4978118ba P 5909ef9402e44ed294f636fac1b78873 [term 0 FOLLOWER]: Starting pre-election (no leader contacted us within the election timeout)
I20260608 12:59:29.725651 21865 tablet_bootstrap.cc:654] T 47dd004e099c4a2f8af2cb9d59fb002a P 74ee54dc9b45447ea0ab64da6aa19e78: Neither blocks nor log segments found. Creating new log.
I20260608 12:59:29.726011 21894 raft_consensus.cc:515] T 1474c8bab850426a9270e2b4978118ba P 5909ef9402e44ed294f636fac1b78873 [term 0 FOLLOWER]: Starting pre-election with config: opid_index: -1 OBSOLETE_local: false peers { permanent_uuid: "74ee54dc9b45447ea0ab64da6aa19e78" member_type: VOTER last_known_addr { host: "127.16.203.1" port: 42767 } } peers { permanent_uuid: "5909ef9402e44ed294f636fac1b78873" member_type: VOTER last_known_addr { host: "127.16.203.2" port: 42003 } } peers { permanent_uuid: "dde290a11302481e979111f04200d2a3" member_type: VOTER last_known_addr { host: "127.16.203.3" port: 39757 } }
I20260608 12:59:29.729919 21669 tablet_service.cc:1917] Received RequestConsensusVote() RPC: tablet_id: "1474c8bab850426a9270e2b4978118ba" candidate_uuid: "5909ef9402e44ed294f636fac1b78873" candidate_term: 1 candidate_status { last_received { term: 0 index: 0 } } ignore_live_leader: false dest_uuid: "74ee54dc9b45447ea0ab64da6aa19e78" is_pre_election: true
I20260608 12:59:29.731027 21669 raft_consensus.cc:2468] T 1474c8bab850426a9270e2b4978118ba P 74ee54dc9b45447ea0ab64da6aa19e78 [term 0 FOLLOWER]: Leader pre-election vote request: Granting yes vote for candidate 5909ef9402e44ed294f636fac1b78873 in term 0.
I20260608 12:59:29.732275 21864 tablet_bootstrap.cc:654] T 1474c8bab850426a9270e2b4978118ba P dde290a11302481e979111f04200d2a3: Neither blocks nor log segments found. Creating new log.
I20260608 12:59:29.733038 21819 raft_consensus.cc:2468] T 87a331ae064c42efba9b6b564ceabdec P dde290a11302481e979111f04200d2a3 [term 1 FOLLOWER]: Leader election vote request: Granting yes vote for candidate 74ee54dc9b45447ea0ab64da6aa19e78 in term 1.
I20260608 12:59:29.733088 21709 leader_election.cc:304] T 1474c8bab850426a9270e2b4978118ba P 5909ef9402e44ed294f636fac1b78873 [CANDIDATE]: Term 1 pre-election: Election decided. Result: candidate won. Election summary: received 2 responses out of 3 voters: 2 yes votes; 0 no votes. yes voters: 5909ef9402e44ed294f636fac1b78873, 74ee54dc9b45447ea0ab64da6aa19e78; no voters: 
I20260608 12:59:29.734580 21634 leader_election.cc:304] T 87a331ae064c42efba9b6b564ceabdec P 74ee54dc9b45447ea0ab64da6aa19e78 [CANDIDATE]: Term 1 election: Election decided. Result: candidate won. Election summary: received 3 responses out of 3 voters: 2 yes votes; 1 no votes. yes voters: 74ee54dc9b45447ea0ab64da6aa19e78, dde290a11302481e979111f04200d2a3; no voters: 5909ef9402e44ed294f636fac1b78873
I20260608 12:59:29.735613 21892 leader_election.cc:290] T 87a331ae064c42efba9b6b564ceabdec P 74ee54dc9b45447ea0ab64da6aa19e78 [CANDIDATE]: Term 1 election: Requested vote from peers 5909ef9402e44ed294f636fac1b78873 (127.16.203.2:42003), dde290a11302481e979111f04200d2a3 (127.16.203.3:39757)
I20260608 12:59:29.736960 21900 raft_consensus.cc:2804] T 87a331ae064c42efba9b6b564ceabdec P 74ee54dc9b45447ea0ab64da6aa19e78 [term 1 FOLLOWER]: Leader election won for term 1
I20260608 12:59:29.736405 21905 raft_consensus.cc:2804] T 1474c8bab850426a9270e2b4978118ba P 5909ef9402e44ed294f636fac1b78873 [term 0 FOLLOWER]: Leader pre-election won for term 1
I20260608 12:59:29.738101 21900 raft_consensus.cc:697] T 87a331ae064c42efba9b6b564ceabdec P 74ee54dc9b45447ea0ab64da6aa19e78 [term 1 LEADER]: Becoming Leader. State: Replica: 74ee54dc9b45447ea0ab64da6aa19e78, State: Running, Role: LEADER
I20260608 12:59:29.738214 21905 raft_consensus.cc:493] T 1474c8bab850426a9270e2b4978118ba P 5909ef9402e44ed294f636fac1b78873 [term 0 FOLLOWER]: Starting leader election (no leader contacted us within the election timeout)
I20260608 12:59:29.739657 21905 raft_consensus.cc:3060] T 1474c8bab850426a9270e2b4978118ba P 5909ef9402e44ed294f636fac1b78873 [term 0 FOLLOWER]: Advancing to term 1
I20260608 12:59:29.739511 21900 consensus_queue.cc:237] T 87a331ae064c42efba9b6b564ceabdec P 74ee54dc9b45447ea0ab64da6aa19e78 [LEADER]: Queue going to LEADER mode. State: All replicated index: 0, Majority replicated index: 0, Committed index: 0, Last appended: 0.0, Last appended by leader: 0, Current term: 1, Majority size: 2, State: 0, Mode: LEADER, active raft config: opid_index: -1 OBSOLETE_local: false peers { permanent_uuid: "74ee54dc9b45447ea0ab64da6aa19e78" member_type: VOTER last_known_addr { host: "127.16.203.1" port: 42767 } } peers { permanent_uuid: "5909ef9402e44ed294f636fac1b78873" member_type: VOTER last_known_addr { host: "127.16.203.2" port: 42003 } } peers { permanent_uuid: "dde290a11302481e979111f04200d2a3" member_type: VOTER last_known_addr { host: "127.16.203.3" port: 39757 } }
I20260608 12:59:29.741242 21819 tablet_service.cc:1917] Received RequestConsensusVote() RPC: tablet_id: "1474c8bab850426a9270e2b4978118ba" candidate_uuid: "5909ef9402e44ed294f636fac1b78873" candidate_term: 1 candidate_status { last_received { term: 0 index: 0 } } ignore_live_leader: false dest_uuid: "dde290a11302481e979111f04200d2a3" is_pre_election: true
W20260608 12:59:29.742952 21709 leader_election.cc:343] T 1474c8bab850426a9270e2b4978118ba P 5909ef9402e44ed294f636fac1b78873 [CANDIDATE]: Term 1 pre-election: Tablet error from VoteRequest() call to peer dde290a11302481e979111f04200d2a3 (127.16.203.3:39757): Illegal state: must be running to vote when last-logged opid is not known
I20260608 12:59:29.743075 21568 catalog_manager.cc:5696] T 47dd004e099c4a2f8af2cb9d59fb002a P dde290a11302481e979111f04200d2a3 reported cstate change: term changed from 0 to 1, leader changed from <none> to dde290a11302481e979111f04200d2a3 (127.16.203.3). New cstate: current_term: 1 leader_uuid: "dde290a11302481e979111f04200d2a3" committed_config { opid_index: -1 OBSOLETE_local: false peers { permanent_uuid: "74ee54dc9b45447ea0ab64da6aa19e78" member_type: VOTER last_known_addr { host: "127.16.203.1" port: 42767 } health_report { overall_health: UNKNOWN } } peers { permanent_uuid: "5909ef9402e44ed294f636fac1b78873" member_type: VOTER last_known_addr { host: "127.16.203.2" port: 42003 } health_report { overall_health: UNKNOWN } } peers { permanent_uuid: "dde290a11302481e979111f04200d2a3" member_type: VOTER last_known_addr { host: "127.16.203.3" port: 39757 } health_report { overall_health: HEALTHY } } }
I20260608 12:59:29.744956 21871 raft_consensus.cc:515] T 87a331ae064c42efba9b6b564ceabdec P 5909ef9402e44ed294f636fac1b78873 [term 1 FOLLOWER]: Starting leader election with config: opid_index: -1 OBSOLETE_local: false peers { permanent_uuid: "74ee54dc9b45447ea0ab64da6aa19e78" member_type: VOTER last_known_addr { host: "127.16.203.1" port: 42767 } } peers { permanent_uuid: "5909ef9402e44ed294f636fac1b78873" member_type: VOTER last_known_addr { host: "127.16.203.2" port: 42003 } } peers { permanent_uuid: "dde290a11302481e979111f04200d2a3" member_type: VOTER last_known_addr { host: "127.16.203.3" port: 39757 } }
I20260608 12:59:29.746362 21745 raft_consensus.cc:2393] T 87a331ae064c42efba9b6b564ceabdec P 5909ef9402e44ed294f636fac1b78873 [term 1 FOLLOWER]: Leader pre-election vote request: Denying vote to candidate 74ee54dc9b45447ea0ab64da6aa19e78 in current term 1: Already voted for candidate 5909ef9402e44ed294f636fac1b78873 in this term.
I20260608 12:59:29.739666 21894 leader_election.cc:290] T 1474c8bab850426a9270e2b4978118ba P 5909ef9402e44ed294f636fac1b78873 [CANDIDATE]: Term 1 pre-election: Requested pre-vote from peers 74ee54dc9b45447ea0ab64da6aa19e78 (127.16.203.1:42767), dde290a11302481e979111f04200d2a3 (127.16.203.3:39757)
I20260608 12:59:29.753676 21865 tablet_bootstrap.cc:492] T 47dd004e099c4a2f8af2cb9d59fb002a P 74ee54dc9b45447ea0ab64da6aa19e78: No bootstrap required, opened a new log
I20260608 12:59:29.753772 21669 tablet_service.cc:1917] Received RequestConsensusVote() RPC: tablet_id: "87a331ae064c42efba9b6b564ceabdec" candidate_uuid: "5909ef9402e44ed294f636fac1b78873" candidate_term: 1 candidate_status { last_received { term: 0 index: 0 } } ignore_live_leader: false dest_uuid: "74ee54dc9b45447ea0ab64da6aa19e78"
I20260608 12:59:29.754514 21865 ts_tablet_manager.cc:1403] T 47dd004e099c4a2f8af2cb9d59fb002a P 74ee54dc9b45447ea0ab64da6aa19e78: Time spent bootstrapping tablet: real 0.038s	user 0.011s	sys 0.010s
I20260608 12:59:29.762290 21819 tablet_service.cc:1917] Received RequestConsensusVote() RPC: tablet_id: "87a331ae064c42efba9b6b564ceabdec" candidate_uuid: "5909ef9402e44ed294f636fac1b78873" candidate_term: 1 candidate_status { last_received { term: 0 index: 0 } } ignore_live_leader: false dest_uuid: "dde290a11302481e979111f04200d2a3"
I20260608 12:59:29.763105 21871 leader_election.cc:290] T 87a331ae064c42efba9b6b564ceabdec P 5909ef9402e44ed294f636fac1b78873 [CANDIDATE]: Term 1 election: Requested vote from peers 74ee54dc9b45447ea0ab64da6aa19e78 (127.16.203.1:42767), dde290a11302481e979111f04200d2a3 (127.16.203.3:39757)
I20260608 12:59:29.763649 21819 raft_consensus.cc:2393] T 87a331ae064c42efba9b6b564ceabdec P dde290a11302481e979111f04200d2a3 [term 1 FOLLOWER]: Leader election vote request: Denying vote to candidate 5909ef9402e44ed294f636fac1b78873 in current term 1: Already voted for candidate 74ee54dc9b45447ea0ab64da6aa19e78 in this term.
I20260608 12:59:29.766718 21709 leader_election.cc:304] T 87a331ae064c42efba9b6b564ceabdec P 5909ef9402e44ed294f636fac1b78873 [CANDIDATE]: Term 1 election: Election decided. Result: candidate lost. Election summary: received 3 responses out of 3 voters: 1 yes votes; 2 no votes. yes voters: 5909ef9402e44ed294f636fac1b78873; no voters: 74ee54dc9b45447ea0ab64da6aa19e78, dde290a11302481e979111f04200d2a3
I20260608 12:59:29.767208 21864 tablet_bootstrap.cc:492] T 1474c8bab850426a9270e2b4978118ba P dde290a11302481e979111f04200d2a3: No bootstrap required, opened a new log
I20260608 12:59:29.767771 21864 ts_tablet_manager.cc:1403] T 1474c8bab850426a9270e2b4978118ba P dde290a11302481e979111f04200d2a3: Time spent bootstrapping tablet: real 0.044s	user 0.009s	sys 0.009s
I20260608 12:59:29.768159 21871 raft_consensus.cc:2749] T 87a331ae064c42efba9b6b564ceabdec P 5909ef9402e44ed294f636fac1b78873 [term 1 FOLLOWER]: Leader election lost for term 1. Reason: could not achieve majority
I20260608 12:59:29.769763 21905 raft_consensus.cc:515] T 1474c8bab850426a9270e2b4978118ba P 5909ef9402e44ed294f636fac1b78873 [term 1 FOLLOWER]: Starting leader election with config: opid_index: -1 OBSOLETE_local: false peers { permanent_uuid: "74ee54dc9b45447ea0ab64da6aa19e78" member_type: VOTER last_known_addr { host: "127.16.203.1" port: 42767 } } peers { permanent_uuid: "5909ef9402e44ed294f636fac1b78873" member_type: VOTER last_known_addr { host: "127.16.203.2" port: 42003 } } peers { permanent_uuid: "dde290a11302481e979111f04200d2a3" member_type: VOTER last_known_addr { host: "127.16.203.3" port: 39757 } }
I20260608 12:59:29.771482 21864 raft_consensus.cc:359] T 1474c8bab850426a9270e2b4978118ba P dde290a11302481e979111f04200d2a3 [term 0 FOLLOWER]: Replica starting. Triggering 0 pending ops. Active config: opid_index: -1 OBSOLETE_local: false peers { permanent_uuid: "74ee54dc9b45447ea0ab64da6aa19e78" member_type: VOTER last_known_addr { host: "127.16.203.1" port: 42767 } } peers { permanent_uuid: "5909ef9402e44ed294f636fac1b78873" member_type: VOTER last_known_addr { host: "127.16.203.2" port: 42003 } } peers { permanent_uuid: "dde290a11302481e979111f04200d2a3" member_type: VOTER last_known_addr { host: "127.16.203.3" port: 39757 } }
I20260608 12:59:29.772861 21864 raft_consensus.cc:385] T 1474c8bab850426a9270e2b4978118ba P dde290a11302481e979111f04200d2a3 [term 0 FOLLOWER]: Consensus starting up: Expiring failure detector timer to make a prompt election more likely
I20260608 12:59:29.773201 21864 raft_consensus.cc:740] T 1474c8bab850426a9270e2b4978118ba P dde290a11302481e979111f04200d2a3 [term 0 FOLLOWER]: Becoming Follower/Learner. State: Replica: dde290a11302481e979111f04200d2a3, State: Initialized, Role: FOLLOWER
I20260608 12:59:29.774075 21864 consensus_queue.cc:260] T 1474c8bab850426a9270e2b4978118ba P dde290a11302481e979111f04200d2a3 [NON_LEADER]: Queue going to NON_LEADER mode. State: All replicated index: 0, Majority replicated index: 0, Committed index: 0, Last appended: 0.0, Last appended by leader: 0, Current term: 0, Majority size: -1, State: 0, Mode: NON_LEADER, active raft config: opid_index: -1 OBSOLETE_local: false peers { permanent_uuid: "74ee54dc9b45447ea0ab64da6aa19e78" member_type: VOTER last_known_addr { host: "127.16.203.1" port: 42767 } } peers { permanent_uuid: "5909ef9402e44ed294f636fac1b78873" member_type: VOTER last_known_addr { host: "127.16.203.2" port: 42003 } } peers { permanent_uuid: "dde290a11302481e979111f04200d2a3" member_type: VOTER last_known_addr { host: "127.16.203.3" port: 39757 } }
I20260608 12:59:29.775208 21865 raft_consensus.cc:359] T 47dd004e099c4a2f8af2cb9d59fb002a P 74ee54dc9b45447ea0ab64da6aa19e78 [term 0 FOLLOWER]: Replica starting. Triggering 0 pending ops. Active config: opid_index: -1 OBSOLETE_local: false peers { permanent_uuid: "74ee54dc9b45447ea0ab64da6aa19e78" member_type: VOTER last_known_addr { host: "127.16.203.1" port: 42767 } } peers { permanent_uuid: "5909ef9402e44ed294f636fac1b78873" member_type: VOTER last_known_addr { host: "127.16.203.2" port: 42003 } } peers { permanent_uuid: "dde290a11302481e979111f04200d2a3" member_type: VOTER last_known_addr { host: "127.16.203.3" port: 39757 } }
I20260608 12:59:29.776014 21865 raft_consensus.cc:385] T 47dd004e099c4a2f8af2cb9d59fb002a P 74ee54dc9b45447ea0ab64da6aa19e78 [term 0 FOLLOWER]: Consensus starting up: Expiring failure detector timer to make a prompt election more likely
I20260608 12:59:29.776024 21669 tablet_service.cc:1917] Received RequestConsensusVote() RPC: tablet_id: "1474c8bab850426a9270e2b4978118ba" candidate_uuid: "5909ef9402e44ed294f636fac1b78873" candidate_term: 1 candidate_status { last_received { term: 0 index: 0 } } ignore_live_leader: false dest_uuid: "74ee54dc9b45447ea0ab64da6aa19e78"
I20260608 12:59:29.776454 21864 ts_tablet_manager.cc:1434] T 1474c8bab850426a9270e2b4978118ba P dde290a11302481e979111f04200d2a3: Time spent starting tablet: real 0.008s	user 0.007s	sys 0.000s
I20260608 12:59:29.776646 21865 raft_consensus.cc:740] T 47dd004e099c4a2f8af2cb9d59fb002a P 74ee54dc9b45447ea0ab64da6aa19e78 [term 0 FOLLOWER]: Becoming Follower/Learner. State: Replica: 74ee54dc9b45447ea0ab64da6aa19e78, State: Initialized, Role: FOLLOWER
I20260608 12:59:29.776867 21669 raft_consensus.cc:3060] T 1474c8bab850426a9270e2b4978118ba P 74ee54dc9b45447ea0ab64da6aa19e78 [term 0 FOLLOWER]: Advancing to term 1
I20260608 12:59:29.777648 21864 tablet_bootstrap.cc:492] T e040804e21a840aaa6675fe3c28161b1 P dde290a11302481e979111f04200d2a3: Bootstrap starting.
I20260608 12:59:29.780494 21819 tablet_service.cc:1917] Received RequestConsensusVote() RPC: tablet_id: "1474c8bab850426a9270e2b4978118ba" candidate_uuid: "5909ef9402e44ed294f636fac1b78873" candidate_term: 1 candidate_status { last_received { term: 0 index: 0 } } ignore_live_leader: false dest_uuid: "dde290a11302481e979111f04200d2a3"
I20260608 12:59:29.781409 21819 raft_consensus.cc:3060] T 1474c8bab850426a9270e2b4978118ba P dde290a11302481e979111f04200d2a3 [term 0 FOLLOWER]: Advancing to term 1
I20260608 12:59:29.777892 21865 consensus_queue.cc:260] T 47dd004e099c4a2f8af2cb9d59fb002a P 74ee54dc9b45447ea0ab64da6aa19e78 [NON_LEADER]: Queue going to NON_LEADER mode. State: All replicated index: 0, Majority replicated index: 0, Committed index: 0, Last appended: 0.0, Last appended by leader: 0, Current term: 0, Majority size: -1, State: 0, Mode: NON_LEADER, active raft config: opid_index: -1 OBSOLETE_local: false peers { permanent_uuid: "74ee54dc9b45447ea0ab64da6aa19e78" member_type: VOTER last_known_addr { host: "127.16.203.1" port: 42767 } } peers { permanent_uuid: "5909ef9402e44ed294f636fac1b78873" member_type: VOTER last_known_addr { host: "127.16.203.2" port: 42003 } } peers { permanent_uuid: "dde290a11302481e979111f04200d2a3" member_type: VOTER last_known_addr { host: "127.16.203.3" port: 39757 } }
I20260608 12:59:29.783947 21865 ts_tablet_manager.cc:1434] T 47dd004e099c4a2f8af2cb9d59fb002a P 74ee54dc9b45447ea0ab64da6aa19e78: Time spent starting tablet: real 0.024s	user 0.005s	sys 0.003s
I20260608 12:59:29.785178 21865 tablet_bootstrap.cc:492] T 5abdc5966c9e468abaaa6b2f92424844 P 74ee54dc9b45447ea0ab64da6aa19e78: Bootstrap starting.
I20260608 12:59:29.785539 21864 tablet_bootstrap.cc:654] T e040804e21a840aaa6675fe3c28161b1 P dde290a11302481e979111f04200d2a3: Neither blocks nor log segments found. Creating new log.
I20260608 12:59:29.787071 21669 raft_consensus.cc:2468] T 1474c8bab850426a9270e2b4978118ba P 74ee54dc9b45447ea0ab64da6aa19e78 [term 1 FOLLOWER]: Leader election vote request: Granting yes vote for candidate 5909ef9402e44ed294f636fac1b78873 in term 1.
I20260608 12:59:29.788722 21709 leader_election.cc:304] T 1474c8bab850426a9270e2b4978118ba P 5909ef9402e44ed294f636fac1b78873 [CANDIDATE]: Term 1 election: Election decided. Result: candidate won. Election summary: received 2 responses out of 3 voters: 2 yes votes; 0 no votes. yes voters: 5909ef9402e44ed294f636fac1b78873, 74ee54dc9b45447ea0ab64da6aa19e78; no voters: 
I20260608 12:59:29.789494 21819 raft_consensus.cc:2468] T 1474c8bab850426a9270e2b4978118ba P dde290a11302481e979111f04200d2a3 [term 1 FOLLOWER]: Leader election vote request: Granting yes vote for candidate 5909ef9402e44ed294f636fac1b78873 in term 1.
I20260608 12:59:29.790061 21871 raft_consensus.cc:2804] T 1474c8bab850426a9270e2b4978118ba P 5909ef9402e44ed294f636fac1b78873 [term 1 FOLLOWER]: Leader election won for term 1
I20260608 12:59:29.790827 21871 raft_consensus.cc:697] T 1474c8bab850426a9270e2b4978118ba P 5909ef9402e44ed294f636fac1b78873 [term 1 LEADER]: Becoming Leader. State: Replica: 5909ef9402e44ed294f636fac1b78873, State: Running, Role: LEADER
I20260608 12:59:29.791531 21905 leader_election.cc:290] T 1474c8bab850426a9270e2b4978118ba P 5909ef9402e44ed294f636fac1b78873 [CANDIDATE]: Term 1 election: Requested vote from peers 74ee54dc9b45447ea0ab64da6aa19e78 (127.16.203.1:42767), dde290a11302481e979111f04200d2a3 (127.16.203.3:39757)
I20260608 12:59:29.792021 21871 consensus_queue.cc:237] T 1474c8bab850426a9270e2b4978118ba P 5909ef9402e44ed294f636fac1b78873 [LEADER]: Queue going to LEADER mode. State: All replicated index: 0, Majority replicated index: 0, Committed index: 0, Last appended: 0.0, Last appended by leader: 0, Current term: 1, Majority size: 2, State: 0, Mode: LEADER, active raft config: opid_index: -1 OBSOLETE_local: false peers { permanent_uuid: "74ee54dc9b45447ea0ab64da6aa19e78" member_type: VOTER last_known_addr { host: "127.16.203.1" port: 42767 } } peers { permanent_uuid: "5909ef9402e44ed294f636fac1b78873" member_type: VOTER last_known_addr { host: "127.16.203.2" port: 42003 } } peers { permanent_uuid: "dde290a11302481e979111f04200d2a3" member_type: VOTER last_known_addr { host: "127.16.203.3" port: 39757 } }
I20260608 12:59:29.804804 21866 tablet_bootstrap.cc:492] T e040804e21a840aaa6675fe3c28161b1 P 5909ef9402e44ed294f636fac1b78873: No bootstrap required, opened a new log
I20260608 12:59:29.805552 21866 ts_tablet_manager.cc:1403] T e040804e21a840aaa6675fe3c28161b1 P 5909ef9402e44ed294f636fac1b78873: Time spent bootstrapping tablet: real 0.134s	user 0.023s	sys 0.001s
I20260608 12:59:29.808486 21864 tablet_bootstrap.cc:492] T e040804e21a840aaa6675fe3c28161b1 P dde290a11302481e979111f04200d2a3: No bootstrap required, opened a new log
I20260608 12:59:29.809214 21864 ts_tablet_manager.cc:1403] T e040804e21a840aaa6675fe3c28161b1 P dde290a11302481e979111f04200d2a3: Time spent bootstrapping tablet: real 0.032s	user 0.018s	sys 0.004s
I20260608 12:59:29.813052 21864 raft_consensus.cc:359] T e040804e21a840aaa6675fe3c28161b1 P dde290a11302481e979111f04200d2a3 [term 0 FOLLOWER]: Replica starting. Triggering 0 pending ops. Active config: opid_index: -1 OBSOLETE_local: false peers { permanent_uuid: "74ee54dc9b45447ea0ab64da6aa19e78" member_type: VOTER last_known_addr { host: "127.16.203.1" port: 42767 } } peers { permanent_uuid: "5909ef9402e44ed294f636fac1b78873" member_type: VOTER last_known_addr { host: "127.16.203.2" port: 42003 } } peers { permanent_uuid: "dde290a11302481e979111f04200d2a3" member_type: VOTER last_known_addr { host: "127.16.203.3" port: 39757 } }
I20260608 12:59:29.813918 21864 raft_consensus.cc:385] T e040804e21a840aaa6675fe3c28161b1 P dde290a11302481e979111f04200d2a3 [term 0 FOLLOWER]: Consensus starting up: Expiring failure detector timer to make a prompt election more likely
I20260608 12:59:29.814287 21864 raft_consensus.cc:740] T e040804e21a840aaa6675fe3c28161b1 P dde290a11302481e979111f04200d2a3 [term 0 FOLLOWER]: Becoming Follower/Learner. State: Replica: dde290a11302481e979111f04200d2a3, State: Initialized, Role: FOLLOWER
I20260608 12:59:29.809207 21866 raft_consensus.cc:359] T e040804e21a840aaa6675fe3c28161b1 P 5909ef9402e44ed294f636fac1b78873 [term 0 FOLLOWER]: Replica starting. Triggering 0 pending ops. Active config: opid_index: -1 OBSOLETE_local: false peers { permanent_uuid: "74ee54dc9b45447ea0ab64da6aa19e78" member_type: VOTER last_known_addr { host: "127.16.203.1" port: 42767 } } peers { permanent_uuid: "5909ef9402e44ed294f636fac1b78873" member_type: VOTER last_known_addr { host: "127.16.203.2" port: 42003 } } peers { permanent_uuid: "dde290a11302481e979111f04200d2a3" member_type: VOTER last_known_addr { host: "127.16.203.3" port: 39757 } }
I20260608 12:59:29.815140 21865 tablet_bootstrap.cc:654] T 5abdc5966c9e468abaaa6b2f92424844 P 74ee54dc9b45447ea0ab64da6aa19e78: Neither blocks nor log segments found. Creating new log.
I20260608 12:59:29.815229 21866 raft_consensus.cc:385] T e040804e21a840aaa6675fe3c28161b1 P 5909ef9402e44ed294f636fac1b78873 [term 0 FOLLOWER]: Consensus starting up: Expiring failure detector timer to make a prompt election more likely
I20260608 12:59:29.815560 21864 consensus_queue.cc:260] T e040804e21a840aaa6675fe3c28161b1 P dde290a11302481e979111f04200d2a3 [NON_LEADER]: Queue going to NON_LEADER mode. State: All replicated index: 0, Majority replicated index: 0, Committed index: 0, Last appended: 0.0, Last appended by leader: 0, Current term: 0, Majority size: -1, State: 0, Mode: NON_LEADER, active raft config: opid_index: -1 OBSOLETE_local: false peers { permanent_uuid: "74ee54dc9b45447ea0ab64da6aa19e78" member_type: VOTER last_known_addr { host: "127.16.203.1" port: 42767 } } peers { permanent_uuid: "5909ef9402e44ed294f636fac1b78873" member_type: VOTER last_known_addr { host: "127.16.203.2" port: 42003 } } peers { permanent_uuid: "dde290a11302481e979111f04200d2a3" member_type: VOTER last_known_addr { host: "127.16.203.3" port: 39757 } }
I20260608 12:59:29.817925 21866 raft_consensus.cc:740] T e040804e21a840aaa6675fe3c28161b1 P 5909ef9402e44ed294f636fac1b78873 [term 0 FOLLOWER]: Becoming Follower/Learner. State: Replica: 5909ef9402e44ed294f636fac1b78873, State: Initialized, Role: FOLLOWER
I20260608 12:59:29.819131 21866 consensus_queue.cc:260] T e040804e21a840aaa6675fe3c28161b1 P 5909ef9402e44ed294f636fac1b78873 [NON_LEADER]: Queue going to NON_LEADER mode. State: All replicated index: 0, Majority replicated index: 0, Committed index: 0, Last appended: 0.0, Last appended by leader: 0, Current term: 0, Majority size: -1, State: 0, Mode: NON_LEADER, active raft config: opid_index: -1 OBSOLETE_local: false peers { permanent_uuid: "74ee54dc9b45447ea0ab64da6aa19e78" member_type: VOTER last_known_addr { host: "127.16.203.1" port: 42767 } } peers { permanent_uuid: "5909ef9402e44ed294f636fac1b78873" member_type: VOTER last_known_addr { host: "127.16.203.2" port: 42003 } } peers { permanent_uuid: "dde290a11302481e979111f04200d2a3" member_type: VOTER last_known_addr { host: "127.16.203.3" port: 39757 } }
I20260608 12:59:29.820382 21864 ts_tablet_manager.cc:1434] T e040804e21a840aaa6675fe3c28161b1 P dde290a11302481e979111f04200d2a3: Time spent starting tablet: real 0.011s	user 0.009s	sys 0.000s
I20260608 12:59:29.821897 21866 ts_tablet_manager.cc:1434] T e040804e21a840aaa6675fe3c28161b1 P 5909ef9402e44ed294f636fac1b78873: Time spent starting tablet: real 0.016s	user 0.006s	sys 0.004s
I20260608 12:59:29.823128 21864 tablet_bootstrap.cc:492] T 1cacc5a66a2e46a4900e5eda327c7e07 P dde290a11302481e979111f04200d2a3: Bootstrap starting.
I20260608 12:59:29.828194 21866 tablet_bootstrap.cc:492] T 1cacc5a66a2e46a4900e5eda327c7e07 P 5909ef9402e44ed294f636fac1b78873: Bootstrap starting.
I20260608 12:59:29.830516 21864 tablet_bootstrap.cc:654] T 1cacc5a66a2e46a4900e5eda327c7e07 P dde290a11302481e979111f04200d2a3: Neither blocks nor log segments found. Creating new log.
I20260608 12:59:29.831691 21566 catalog_manager.cc:5696] T 87a331ae064c42efba9b6b564ceabdec P 74ee54dc9b45447ea0ab64da6aa19e78 reported cstate change: term changed from 0 to 1, leader changed from <none> to 74ee54dc9b45447ea0ab64da6aa19e78 (127.16.203.1). New cstate: current_term: 1 leader_uuid: "74ee54dc9b45447ea0ab64da6aa19e78" committed_config { opid_index: -1 OBSOLETE_local: false peers { permanent_uuid: "74ee54dc9b45447ea0ab64da6aa19e78" member_type: VOTER last_known_addr { host: "127.16.203.1" port: 42767 } health_report { overall_health: HEALTHY } } peers { permanent_uuid: "5909ef9402e44ed294f636fac1b78873" member_type: VOTER last_known_addr { host: "127.16.203.2" port: 42003 } health_report { overall_health: UNKNOWN } } peers { permanent_uuid: "dde290a11302481e979111f04200d2a3" member_type: VOTER last_known_addr { host: "127.16.203.3" port: 39757 } health_report { overall_health: UNKNOWN } } }
I20260608 12:59:29.839061 21865 tablet_bootstrap.cc:492] T 5abdc5966c9e468abaaa6b2f92424844 P 74ee54dc9b45447ea0ab64da6aa19e78: No bootstrap required, opened a new log
I20260608 12:59:29.839967 21865 ts_tablet_manager.cc:1403] T 5abdc5966c9e468abaaa6b2f92424844 P 74ee54dc9b45447ea0ab64da6aa19e78: Time spent bootstrapping tablet: real 0.055s	user 0.016s	sys 0.010s
I20260608 12:59:29.840384 21568 catalog_manager.cc:5696] T 1474c8bab850426a9270e2b4978118ba P 5909ef9402e44ed294f636fac1b78873 reported cstate change: term changed from 0 to 1, leader changed from <none> to 5909ef9402e44ed294f636fac1b78873 (127.16.203.2). New cstate: current_term: 1 leader_uuid: "5909ef9402e44ed294f636fac1b78873" committed_config { opid_index: -1 OBSOLETE_local: false peers { permanent_uuid: "74ee54dc9b45447ea0ab64da6aa19e78" member_type: VOTER last_known_addr { host: "127.16.203.1" port: 42767 } health_report { overall_health: UNKNOWN } } peers { permanent_uuid: "5909ef9402e44ed294f636fac1b78873" member_type: VOTER last_known_addr { host: "127.16.203.2" port: 42003 } health_report { overall_health: HEALTHY } } peers { permanent_uuid: "dde290a11302481e979111f04200d2a3" member_type: VOTER last_known_addr { host: "127.16.203.3" port: 39757 } health_report { overall_health: UNKNOWN } } }
I20260608 12:59:29.844439 21866 tablet_bootstrap.cc:654] T 1cacc5a66a2e46a4900e5eda327c7e07 P 5909ef9402e44ed294f636fac1b78873: Neither blocks nor log segments found. Creating new log.
I20260608 12:59:29.853335 21865 raft_consensus.cc:359] T 5abdc5966c9e468abaaa6b2f92424844 P 74ee54dc9b45447ea0ab64da6aa19e78 [term 0 FOLLOWER]: Replica starting. Triggering 0 pending ops. Active config: opid_index: -1 OBSOLETE_local: false peers { permanent_uuid: "dde290a11302481e979111f04200d2a3" member_type: VOTER last_known_addr { host: "127.16.203.3" port: 39757 } } peers { permanent_uuid: "74ee54dc9b45447ea0ab64da6aa19e78" member_type: VOTER last_known_addr { host: "127.16.203.1" port: 42767 } } peers { permanent_uuid: "5909ef9402e44ed294f636fac1b78873" member_type: VOTER last_known_addr { host: "127.16.203.2" port: 42003 } }
I20260608 12:59:29.854211 21865 raft_consensus.cc:385] T 5abdc5966c9e468abaaa6b2f92424844 P 74ee54dc9b45447ea0ab64da6aa19e78 [term 0 FOLLOWER]: Consensus starting up: Expiring failure detector timer to make a prompt election more likely
I20260608 12:59:29.854723 21865 raft_consensus.cc:740] T 5abdc5966c9e468abaaa6b2f92424844 P 74ee54dc9b45447ea0ab64da6aa19e78 [term 0 FOLLOWER]: Becoming Follower/Learner. State: Replica: 74ee54dc9b45447ea0ab64da6aa19e78, State: Initialized, Role: FOLLOWER
I20260608 12:59:29.856323 21864 tablet_bootstrap.cc:492] T 1cacc5a66a2e46a4900e5eda327c7e07 P dde290a11302481e979111f04200d2a3: No bootstrap required, opened a new log
I20260608 12:59:29.855772 21865 consensus_queue.cc:260] T 5abdc5966c9e468abaaa6b2f92424844 P 74ee54dc9b45447ea0ab64da6aa19e78 [NON_LEADER]: Queue going to NON_LEADER mode. State: All replicated index: 0, Majority replicated index: 0, Committed index: 0, Last appended: 0.0, Last appended by leader: 0, Current term: 0, Majority size: -1, State: 0, Mode: NON_LEADER, active raft config: opid_index: -1 OBSOLETE_local: false peers { permanent_uuid: "dde290a11302481e979111f04200d2a3" member_type: VOTER last_known_addr { host: "127.16.203.3" port: 39757 } } peers { permanent_uuid: "74ee54dc9b45447ea0ab64da6aa19e78" member_type: VOTER last_known_addr { host: "127.16.203.1" port: 42767 } } peers { permanent_uuid: "5909ef9402e44ed294f636fac1b78873" member_type: VOTER last_known_addr { host: "127.16.203.2" port: 42003 } }
I20260608 12:59:29.857024 21864 ts_tablet_manager.cc:1403] T 1cacc5a66a2e46a4900e5eda327c7e07 P dde290a11302481e979111f04200d2a3: Time spent bootstrapping tablet: real 0.034s	user 0.018s	sys 0.015s
I20260608 12:59:29.859488 21866 tablet_bootstrap.cc:492] T 1cacc5a66a2e46a4900e5eda327c7e07 P 5909ef9402e44ed294f636fac1b78873: No bootstrap required, opened a new log
I20260608 12:59:29.860054 21866 ts_tablet_manager.cc:1403] T 1cacc5a66a2e46a4900e5eda327c7e07 P 5909ef9402e44ed294f636fac1b78873: Time spent bootstrapping tablet: real 0.032s	user 0.010s	sys 0.004s
I20260608 12:59:29.860682 21864 raft_consensus.cc:359] T 1cacc5a66a2e46a4900e5eda327c7e07 P dde290a11302481e979111f04200d2a3 [term 0 FOLLOWER]: Replica starting. Triggering 0 pending ops. Active config: opid_index: -1 OBSOLETE_local: false peers { permanent_uuid: "74ee54dc9b45447ea0ab64da6aa19e78" member_type: VOTER last_known_addr { host: "127.16.203.1" port: 42767 } } peers { permanent_uuid: "5909ef9402e44ed294f636fac1b78873" member_type: VOTER last_known_addr { host: "127.16.203.2" port: 42003 } } peers { permanent_uuid: "dde290a11302481e979111f04200d2a3" member_type: VOTER last_known_addr { host: "127.16.203.3" port: 39757 } }
I20260608 12:59:29.861536 21864 raft_consensus.cc:385] T 1cacc5a66a2e46a4900e5eda327c7e07 P dde290a11302481e979111f04200d2a3 [term 0 FOLLOWER]: Consensus starting up: Expiring failure detector timer to make a prompt election more likely
I20260608 12:59:29.861788 21865 ts_tablet_manager.cc:1434] T 5abdc5966c9e468abaaa6b2f92424844 P 74ee54dc9b45447ea0ab64da6aa19e78: Time spent starting tablet: real 0.021s	user 0.010s	sys 0.000s
I20260608 12:59:29.861929 21864 raft_consensus.cc:740] T 1cacc5a66a2e46a4900e5eda327c7e07 P dde290a11302481e979111f04200d2a3 [term 0 FOLLOWER]: Becoming Follower/Learner. State: Replica: dde290a11302481e979111f04200d2a3, State: Initialized, Role: FOLLOWER
I20260608 12:59:29.863366 21865 tablet_bootstrap.cc:492] T e040804e21a840aaa6675fe3c28161b1 P 74ee54dc9b45447ea0ab64da6aa19e78: Bootstrap starting.
I20260608 12:59:29.863443 21866 raft_consensus.cc:359] T 1cacc5a66a2e46a4900e5eda327c7e07 P 5909ef9402e44ed294f636fac1b78873 [term 0 FOLLOWER]: Replica starting. Triggering 0 pending ops. Active config: opid_index: -1 OBSOLETE_local: false peers { permanent_uuid: "74ee54dc9b45447ea0ab64da6aa19e78" member_type: VOTER last_known_addr { host: "127.16.203.1" port: 42767 } } peers { permanent_uuid: "5909ef9402e44ed294f636fac1b78873" member_type: VOTER last_known_addr { host: "127.16.203.2" port: 42003 } } peers { permanent_uuid: "dde290a11302481e979111f04200d2a3" member_type: VOTER last_known_addr { host: "127.16.203.3" port: 39757 } }
I20260608 12:59:29.863449 21864 consensus_queue.cc:260] T 1cacc5a66a2e46a4900e5eda327c7e07 P dde290a11302481e979111f04200d2a3 [NON_LEADER]: Queue going to NON_LEADER mode. State: All replicated index: 0, Majority replicated index: 0, Committed index: 0, Last appended: 0.0, Last appended by leader: 0, Current term: 0, Majority size: -1, State: 0, Mode: NON_LEADER, active raft config: opid_index: -1 OBSOLETE_local: false peers { permanent_uuid: "74ee54dc9b45447ea0ab64da6aa19e78" member_type: VOTER last_known_addr { host: "127.16.203.1" port: 42767 } } peers { permanent_uuid: "5909ef9402e44ed294f636fac1b78873" member_type: VOTER last_known_addr { host: "127.16.203.2" port: 42003 } } peers { permanent_uuid: "dde290a11302481e979111f04200d2a3" member_type: VOTER last_known_addr { host: "127.16.203.3" port: 39757 } }
I20260608 12:59:29.864454 21866 raft_consensus.cc:385] T 1cacc5a66a2e46a4900e5eda327c7e07 P 5909ef9402e44ed294f636fac1b78873 [term 0 FOLLOWER]: Consensus starting up: Expiring failure detector timer to make a prompt election more likely
I20260608 12:59:29.864817 21866 raft_consensus.cc:740] T 1cacc5a66a2e46a4900e5eda327c7e07 P 5909ef9402e44ed294f636fac1b78873 [term 0 FOLLOWER]: Becoming Follower/Learner. State: Replica: 5909ef9402e44ed294f636fac1b78873, State: Initialized, Role: FOLLOWER
