I20260608 12:59:05.554338 20795 tablet_service.cc:1917] Received RequestConsensusVote() RPC: tablet_id: "8b79b490dd31495f96684e0fe1acffe1" candidate_uuid: "bb4fbe61e9b4456ba1ac5b040fe1bc66" candidate_term: 2 candidate_status { last_received { term: 1 index: 1 } } ignore_live_leader: true dest_uuid: "39e521ad48434d60b0b183536a449bd0"
I20260608 12:59:05.554857 20870 raft_consensus.cc:3060] T 8b79b490dd31495f96684e0fe1acffe1 P fb9eee5129884c3bb79e97cc9c699d16 [term 1 FOLLOWER]: Advancing to term 2
I20260608 12:59:05.559376 20995 raft_consensus.cc:993] T e7d4845321d8460e816ab00d9f7e36e9 P 39e521ad48434d60b0b183536a449bd0: : Instructing follower bb4fbe61e9b4456ba1ac5b040fe1bc66 to start an election
I20260608 12:59:05.559890 21222 raft_consensus.cc:1081] T e7d4845321d8460e816ab00d9f7e36e9 P 39e521ad48434d60b0b183536a449bd0 [term 1 LEADER]: Signalling peer bb4fbe61e9b4456ba1ac5b040fe1bc66 to start an election
I20260608 12:59:05.562075 20943 tablet_service.cc:2044] Received Run Leader Election RPC: tablet_id: "e7d4845321d8460e816ab00d9f7e36e9"
dest_uuid: "bb4fbe61e9b4456ba1ac5b040fe1bc66"
 from {username='slave'} at 127.0.0.1:58948
I20260608 12:59:05.562856 20943 raft_consensus.cc:493] T e7d4845321d8460e816ab00d9f7e36e9 P bb4fbe61e9b4456ba1ac5b040fe1bc66 [term 1 FOLLOWER]: Starting forced leader election (received explicit request)
I20260608 12:59:05.563716 20943 raft_consensus.cc:3060] T e7d4845321d8460e816ab00d9f7e36e9 P bb4fbe61e9b4456ba1ac5b040fe1bc66 [term 1 FOLLOWER]: Advancing to term 2
I20260608 12:59:05.565133 20693 catalog_manager.cc:5696] T e7d4845321d8460e816ab00d9f7e36e9 P fb9eee5129884c3bb79e97cc9c699d16 reported cstate change: config changed from index -1 to 2, NON_VOTER 8fac26cd03b644b5a941251c208ca852 (127.17.92.196) added. New cstate: current_term: 1 leader_uuid: "39e521ad48434d60b0b183536a449bd0" committed_config { opid_index: 2 OBSOLETE_local: false peers { permanent_uuid: "39e521ad48434d60b0b183536a449bd0" member_type: VOTER last_known_addr { host: "127.17.92.193" port: 36587 } } peers { permanent_uuid: "fb9eee5129884c3bb79e97cc9c699d16" member_type: VOTER last_known_addr { host: "127.17.92.194" port: 39375 } } peers { permanent_uuid: "bb4fbe61e9b4456ba1ac5b040fe1bc66" member_type: VOTER last_known_addr { host: "127.17.92.195" port: 34681 } attrs { replace: true } } peers { permanent_uuid: "8fac26cd03b644b5a941251c208ca852" member_type: NON_VOTER last_known_addr { host: "127.17.92.196" port: 44355 } attrs { promote: true } } }
I20260608 12:59:05.565477 20797 consensus_queue.cc:237] T f2539626a62740019a681a28a3383472 P 39e521ad48434d60b0b183536a449bd0 [LEADER]: Queue going to LEADER mode. State: All replicated index: 0, Majority replicated index: 1, Committed index: 1, Last appended: 1.1, Last appended by leader: 0, Current term: 1, Majority size: 2, State: 0, Mode: LEADER, active raft config: opid_index: 2 OBSOLETE_local: false peers { permanent_uuid: "fb9eee5129884c3bb79e97cc9c699d16" member_type: VOTER last_known_addr { host: "127.17.92.194" port: 39375 } attrs { replace: true } } peers { permanent_uuid: "39e521ad48434d60b0b183536a449bd0" member_type: VOTER last_known_addr { host: "127.17.92.193" port: 36587 } } peers { permanent_uuid: "bb4fbe61e9b4456ba1ac5b040fe1bc66" member_type: VOTER last_known_addr { host: "127.17.92.195" port: 34681 } } peers { permanent_uuid: "8fac26cd03b644b5a941251c208ca852" member_type: NON_VOTER last_known_addr { host: "127.17.92.196" port: 44355 } attrs { promote: true } }
I20260608 12:59:05.571720 20870 raft_consensus.cc:2468] T 8b79b490dd31495f96684e0fe1acffe1 P fb9eee5129884c3bb79e97cc9c699d16 [term 2 FOLLOWER]: Leader election vote request: Granting yes vote for candidate bb4fbe61e9b4456ba1ac5b040fe1bc66 in term 2.
I20260608 12:59:05.574038 20795 raft_consensus.cc:3055] T 8b79b490dd31495f96684e0fe1acffe1 P 39e521ad48434d60b0b183536a449bd0 [term 1 LEADER]: Stepping down as leader of term 1
I20260608 12:59:05.574465 20795 raft_consensus.cc:740] T 8b79b490dd31495f96684e0fe1acffe1 P 39e521ad48434d60b0b183536a449bd0 [term 1 LEADER]: Becoming Follower/Learner. State: Replica: 39e521ad48434d60b0b183536a449bd0, State: Running, Role: LEADER
I20260608 12:59:05.575193 20911 leader_election.cc:304] T 8b79b490dd31495f96684e0fe1acffe1 P bb4fbe61e9b4456ba1ac5b040fe1bc66 [CANDIDATE]: Term 2 election: Election decided. Result: candidate won. Election summary: received 2 responses out of 3 voters: 2 yes votes; 0 no votes. yes voters: bb4fbe61e9b4456ba1ac5b040fe1bc66, fb9eee5129884c3bb79e97cc9c699d16; no voters: 
I20260608 12:59:05.575541 20795 consensus_queue.cc:260] T 8b79b490dd31495f96684e0fe1acffe1 P 39e521ad48434d60b0b183536a449bd0 [NON_LEADER]: Queue going to NON_LEADER mode. State: All replicated index: 0, Majority replicated index: 1, Committed index: 1, Last appended: 1.1, Last appended by leader: 1, Current term: 1, Majority size: -1, State: 0, Mode: NON_LEADER, active raft config: opid_index: -1 OBSOLETE_local: false peers { permanent_uuid: "39e521ad48434d60b0b183536a449bd0" member_type: VOTER last_known_addr { host: "127.17.92.193" port: 36587 } } peers { permanent_uuid: "fb9eee5129884c3bb79e97cc9c699d16" member_type: VOTER last_known_addr { host: "127.17.92.194" port: 39375 } } peers { permanent_uuid: "bb4fbe61e9b4456ba1ac5b040fe1bc66" member_type: VOTER last_known_addr { host: "127.17.92.195" port: 34681 } }
I20260608 12:59:05.576218 21234 raft_consensus.cc:2804] T 8b79b490dd31495f96684e0fe1acffe1 P bb4fbe61e9b4456ba1ac5b040fe1bc66 [term 2 FOLLOWER]: Leader election won for term 2
I20260608 12:59:05.576732 21234 raft_consensus.cc:697] T 8b79b490dd31495f96684e0fe1acffe1 P bb4fbe61e9b4456ba1ac5b040fe1bc66 [term 2 LEADER]: Becoming Leader. State: Replica: bb4fbe61e9b4456ba1ac5b040fe1bc66, State: Running, Role: LEADER
I20260608 12:59:05.577160 20795 raft_consensus.cc:3060] T 8b79b490dd31495f96684e0fe1acffe1 P 39e521ad48434d60b0b183536a449bd0 [term 1 FOLLOWER]: Advancing to term 2
I20260608 12:59:05.577833 21234 consensus_queue.cc:237] T 8b79b490dd31495f96684e0fe1acffe1 P bb4fbe61e9b4456ba1ac5b040fe1bc66 [LEADER]: Queue going to LEADER mode. State: All replicated index: 0, Majority replicated index: 1, Committed index: 1, Last appended: 1.1, Last appended by leader: 1, Current term: 2, Majority size: 2, State: 0, Mode: LEADER, active raft config: opid_index: -1 OBSOLETE_local: false peers { permanent_uuid: "39e521ad48434d60b0b183536a449bd0" member_type: VOTER last_known_addr { host: "127.17.92.193" port: 36587 } } peers { permanent_uuid: "fb9eee5129884c3bb79e97cc9c699d16" member_type: VOTER last_known_addr { host: "127.17.92.194" port: 39375 } } peers { permanent_uuid: "bb4fbe61e9b4456ba1ac5b040fe1bc66" member_type: VOTER last_known_addr { host: "127.17.92.195" port: 34681 } }
I20260608 12:59:05.586504 20795 raft_consensus.cc:2468] T 8b79b490dd31495f96684e0fe1acffe1 P 39e521ad48434d60b0b183536a449bd0 [term 2 FOLLOWER]: Leader election vote request: Granting yes vote for candidate bb4fbe61e9b4456ba1ac5b040fe1bc66 in term 2.
I20260608 12:59:05.590353 20943 raft_consensus.cc:515] T e7d4845321d8460e816ab00d9f7e36e9 P bb4fbe61e9b4456ba1ac5b040fe1bc66 [term 2 FOLLOWER]: Starting forced leader election with config: opid_index: 2 OBSOLETE_local: false peers { permanent_uuid: "39e521ad48434d60b0b183536a449bd0" member_type: VOTER last_known_addr { host: "127.17.92.193" port: 36587 } } peers { permanent_uuid: "fb9eee5129884c3bb79e97cc9c699d16" member_type: VOTER last_known_addr { host: "127.17.92.194" port: 39375 } } peers { permanent_uuid: "bb4fbe61e9b4456ba1ac5b040fe1bc66" member_type: VOTER last_known_addr { host: "127.17.92.195" port: 34681 } attrs { replace: true } } peers { permanent_uuid: "8fac26cd03b644b5a941251c208ca852" member_type: NON_VOTER last_known_addr { host: "127.17.92.196" port: 44355 } attrs { promote: true } }
I20260608 12:59:05.597540 20943 leader_election.cc:290] T e7d4845321d8460e816ab00d9f7e36e9 P bb4fbe61e9b4456ba1ac5b040fe1bc66 [CANDIDATE]: Term 2 election: Requested vote from peers 39e521ad48434d60b0b183536a449bd0 (127.17.92.193:36587), fb9eee5129884c3bb79e97cc9c699d16 (127.17.92.194:39375)
I20260608 12:59:05.598410 20795 tablet_service.cc:1917] Received RequestConsensusVote() RPC: tablet_id: "e7d4845321d8460e816ab00d9f7e36e9" candidate_uuid: "bb4fbe61e9b4456ba1ac5b040fe1bc66" candidate_term: 2 candidate_status { last_received { term: 1 index: 2 } } ignore_live_leader: true dest_uuid: "39e521ad48434d60b0b183536a449bd0"
I20260608 12:59:05.598646 20870 tablet_service.cc:1917] Received RequestConsensusVote() RPC: tablet_id: "e7d4845321d8460e816ab00d9f7e36e9" candidate_uuid: "bb4fbe61e9b4456ba1ac5b040fe1bc66" candidate_term: 2 candidate_status { last_received { term: 1 index: 2 } } ignore_live_leader: true dest_uuid: "fb9eee5129884c3bb79e97cc9c699d16"
I20260608 12:59:05.599344 20870 raft_consensus.cc:3060] T e7d4845321d8460e816ab00d9f7e36e9 P fb9eee5129884c3bb79e97cc9c699d16 [term 1 FOLLOWER]: Advancing to term 2
I20260608 12:59:05.599335 20795 raft_consensus.cc:3055] T e7d4845321d8460e816ab00d9f7e36e9 P 39e521ad48434d60b0b183536a449bd0 [term 1 LEADER]: Stepping down as leader of term 1
I20260608 12:59:05.600131 20795 raft_consensus.cc:740] T e7d4845321d8460e816ab00d9f7e36e9 P 39e521ad48434d60b0b183536a449bd0 [term 1 LEADER]: Becoming Follower/Learner. State: Replica: 39e521ad48434d60b0b183536a449bd0, State: Running, Role: LEADER
I20260608 12:59:05.601400 20795 consensus_queue.cc:260] T e7d4845321d8460e816ab00d9f7e36e9 P 39e521ad48434d60b0b183536a449bd0 [NON_LEADER]: Queue going to NON_LEADER mode. State: All replicated index: 0, Majority replicated index: 2, Committed index: 2, Last appended: 1.2, Last appended by leader: 2, Current term: 1, Majority size: -1, State: 0, Mode: NON_LEADER, active raft config: opid_index: 2 OBSOLETE_local: false peers { permanent_uuid: "39e521ad48434d60b0b183536a449bd0" member_type: VOTER last_known_addr { host: "127.17.92.193" port: 36587 } } peers { permanent_uuid: "fb9eee5129884c3bb79e97cc9c699d16" member_type: VOTER last_known_addr { host: "127.17.92.194" port: 39375 } } peers { permanent_uuid: "bb4fbe61e9b4456ba1ac5b040fe1bc66" member_type: VOTER last_known_addr { host: "127.17.92.195" port: 34681 } attrs { replace: true } } peers { permanent_uuid: "8fac26cd03b644b5a941251c208ca852" member_type: NON_VOTER last_known_addr { host: "127.17.92.196" port: 44355 } attrs { promote: true } }
I20260608 12:59:05.603293 20795 raft_consensus.cc:3060] T e7d4845321d8460e816ab00d9f7e36e9 P 39e521ad48434d60b0b183536a449bd0 [term 1 FOLLOWER]: Advancing to term 2
I20260608 12:59:05.611207 20795 raft_consensus.cc:2468] T e7d4845321d8460e816ab00d9f7e36e9 P 39e521ad48434d60b0b183536a449bd0 [term 2 FOLLOWER]: Leader election vote request: Granting yes vote for candidate bb4fbe61e9b4456ba1ac5b040fe1bc66 in term 2.
I20260608 12:59:05.612340 20943 raft_consensus.cc:1275] T f2539626a62740019a681a28a3383472 P bb4fbe61e9b4456ba1ac5b040fe1bc66 [term 1 FOLLOWER]: Refusing update from remote peer 39e521ad48434d60b0b183536a449bd0: Log matching property violated. Preceding OpId in replica: term: 1 index: 1. Preceding OpId from leader: term: 1 index: 2. (index mismatch)
I20260608 12:59:05.612839 20910 leader_election.cc:304] T e7d4845321d8460e816ab00d9f7e36e9 P bb4fbe61e9b4456ba1ac5b040fe1bc66 [CANDIDATE]: Term 2 election: Election decided. Result: candidate won. Election summary: received 2 responses out of 3 voters: 2 yes votes; 0 no votes. yes voters: 39e521ad48434d60b0b183536a449bd0, bb4fbe61e9b4456ba1ac5b040fe1bc66; no voters: 
I20260608 12:59:05.613952 21221 raft_consensus.cc:2804] T e7d4845321d8460e816ab00d9f7e36e9 P bb4fbe61e9b4456ba1ac5b040fe1bc66 [term 2 FOLLOWER]: Leader election won for term 2
I20260608 12:59:05.614096 21222 consensus_queue.cc:1048] T f2539626a62740019a681a28a3383472 P 39e521ad48434d60b0b183536a449bd0 [LEADER]: Connected to new peer: Peer: permanent_uuid: "bb4fbe61e9b4456ba1ac5b040fe1bc66" member_type: VOTER last_known_addr { host: "127.17.92.195" port: 34681 }, Status: LMP_MISMATCH, Last received: 0.0, Next index: 2, Last known committed idx: 1, Time since last communication: 0.000s
I20260608 12:59:05.614533 21221 raft_consensus.cc:697] T e7d4845321d8460e816ab00d9f7e36e9 P bb4fbe61e9b4456ba1ac5b040fe1bc66 [term 2 LEADER]: Becoming Leader. State: Replica: bb4fbe61e9b4456ba1ac5b040fe1bc66, State: Running, Role: LEADER
W20260608 12:59:05.615324 20760 consensus_peers.cc:597] T f2539626a62740019a681a28a3383472 P 39e521ad48434d60b0b183536a449bd0 -> Peer 8fac26cd03b644b5a941251c208ca852 (127.17.92.196:44355): Couldn't send request to peer 8fac26cd03b644b5a941251c208ca852. Error code: TABLET_NOT_FOUND (6). Status: Not found: Tablet not found: f2539626a62740019a681a28a3383472. This is attempt 1: this message will repeat every 5th retry.
I20260608 12:59:05.615710 21221 consensus_queue.cc:237] T e7d4845321d8460e816ab00d9f7e36e9 P bb4fbe61e9b4456ba1ac5b040fe1bc66 [LEADER]: Queue going to LEADER mode. State: All replicated index: 0, Majority replicated index: 2, Committed index: 2, Last appended: 1.2, Last appended by leader: 2, Current term: 2, Majority size: 2, State: 0, Mode: LEADER, active raft config: opid_index: 2 OBSOLETE_local: false peers { permanent_uuid: "39e521ad48434d60b0b183536a449bd0" member_type: VOTER last_known_addr { host: "127.17.92.193" port: 36587 } } peers { permanent_uuid: "fb9eee5129884c3bb79e97cc9c699d16" member_type: VOTER last_known_addr { host: "127.17.92.194" port: 39375 } } peers { permanent_uuid: "bb4fbe61e9b4456ba1ac5b040fe1bc66" member_type: VOTER last_known_addr { host: "127.17.92.195" port: 34681 } attrs { replace: true } } peers { permanent_uuid: "8fac26cd03b644b5a941251c208ca852" member_type: NON_VOTER last_known_addr { host: "127.17.92.196" port: 44355 } attrs { promote: true } }
I20260608 12:59:05.620486 20870 raft_consensus.cc:2468] T e7d4845321d8460e816ab00d9f7e36e9 P fb9eee5129884c3bb79e97cc9c699d16 [term 2 FOLLOWER]: Leader election vote request: Granting yes vote for candidate bb4fbe61e9b4456ba1ac5b040fe1bc66 in term 2.
I20260608 12:59:05.623461 20872 raft_consensus.cc:1275] T f2539626a62740019a681a28a3383472 P fb9eee5129884c3bb79e97cc9c699d16 [term 1 FOLLOWER]: Refusing update from remote peer 39e521ad48434d60b0b183536a449bd0: Log matching property violated. Preceding OpId in replica: term: 1 index: 1. Preceding OpId from leader: term: 1 index: 2. (index mismatch)
I20260608 12:59:05.625180 21222 consensus_queue.cc:1048] T f2539626a62740019a681a28a3383472 P 39e521ad48434d60b0b183536a449bd0 [LEADER]: Connected to new peer: Peer: permanent_uuid: "fb9eee5129884c3bb79e97cc9c699d16" member_type: VOTER last_known_addr { host: "127.17.92.194" port: 39375 } attrs { replace: true }, Status: LMP_MISMATCH, Last received: 0.0, Next index: 2, Last known committed idx: 1, Time since last communication: 0.001s
I20260608 12:59:05.628844 20692 catalog_manager.cc:5696] T 8b79b490dd31495f96684e0fe1acffe1 P bb4fbe61e9b4456ba1ac5b040fe1bc66 reported cstate change: term changed from 1 to 2, leader changed from 39e521ad48434d60b0b183536a449bd0 (127.17.92.193) to bb4fbe61e9b4456ba1ac5b040fe1bc66 (127.17.92.195). New cstate: current_term: 2 leader_uuid: "bb4fbe61e9b4456ba1ac5b040fe1bc66" committed_config { opid_index: -1 OBSOLETE_local: false peers { permanent_uuid: "39e521ad48434d60b0b183536a449bd0" member_type: VOTER last_known_addr { host: "127.17.92.193" port: 36587 } health_report { overall_health: UNKNOWN } } peers { permanent_uuid: "fb9eee5129884c3bb79e97cc9c699d16" member_type: VOTER last_known_addr { host: "127.17.92.194" port: 39375 } health_report { overall_health: UNKNOWN } } peers { permanent_uuid: "bb4fbe61e9b4456ba1ac5b040fe1bc66" member_type: VOTER last_known_addr { host: "127.17.92.195" port: 34681 } health_report { overall_health: HEALTHY } } }
I20260608 12:59:05.636970 20995 raft_consensus.cc:2955] T f2539626a62740019a681a28a3383472 P 39e521ad48434d60b0b183536a449bd0 [term 1 LEADER]: Committing config change with OpId 1.2: config changed from index -1 to 2, NON_VOTER 8fac26cd03b644b5a941251c208ca852 (127.17.92.196) added. New config: { opid_index: 2 OBSOLETE_local: false peers { permanent_uuid: "fb9eee5129884c3bb79e97cc9c699d16" member_type: VOTER last_known_addr { host: "127.17.92.194" port: 39375 } attrs { replace: true } } peers { permanent_uuid: "39e521ad48434d60b0b183536a449bd0" member_type: VOTER last_known_addr { host: "127.17.92.193" port: 36587 } } peers { permanent_uuid: "bb4fbe61e9b4456ba1ac5b040fe1bc66" member_type: VOTER last_known_addr { host: "127.17.92.195" port: 34681 } } peers { permanent_uuid: "8fac26cd03b644b5a941251c208ca852" member_type: NON_VOTER last_known_addr { host: "127.17.92.196" port: 44355 } attrs { promote: true } } }
I20260608 12:59:05.644384 20946 raft_consensus.cc:2955] T f2539626a62740019a681a28a3383472 P bb4fbe61e9b4456ba1ac5b040fe1bc66 [term 1 FOLLOWER]: Committing config change with OpId 1.2: config changed from index -1 to 2, NON_VOTER 8fac26cd03b644b5a941251c208ca852 (127.17.92.196) added. New config: { opid_index: 2 OBSOLETE_local: false peers { permanent_uuid: "fb9eee5129884c3bb79e97cc9c699d16" member_type: VOTER last_known_addr { host: "127.17.92.194" port: 39375 } attrs { replace: true } } peers { permanent_uuid: "39e521ad48434d60b0b183536a449bd0" member_type: VOTER last_known_addr { host: "127.17.92.193" port: 36587 } } peers { permanent_uuid: "bb4fbe61e9b4456ba1ac5b040fe1bc66" member_type: VOTER last_known_addr { host: "127.17.92.195" port: 34681 } } peers { permanent_uuid: "8fac26cd03b644b5a941251c208ca852" member_type: NON_VOTER last_known_addr { host: "127.17.92.196" port: 44355 } attrs { promote: true } } }
I20260608 12:59:05.646334 20872 raft_consensus.cc:2955] T f2539626a62740019a681a28a3383472 P fb9eee5129884c3bb79e97cc9c699d16 [term 1 FOLLOWER]: Committing config change with OpId 1.2: config changed from index -1 to 2, NON_VOTER 8fac26cd03b644b5a941251c208ca852 (127.17.92.196) added. New config: { opid_index: 2 OBSOLETE_local: false peers { permanent_uuid: "fb9eee5129884c3bb79e97cc9c699d16" member_type: VOTER last_known_addr { host: "127.17.92.194" port: 39375 } attrs { replace: true } } peers { permanent_uuid: "39e521ad48434d60b0b183536a449bd0" member_type: VOTER last_known_addr { host: "127.17.92.193" port: 36587 } } peers { permanent_uuid: "bb4fbe61e9b4456ba1ac5b040fe1bc66" member_type: VOTER last_known_addr { host: "127.17.92.195" port: 34681 } } peers { permanent_uuid: "8fac26cd03b644b5a941251c208ca852" member_type: NON_VOTER last_known_addr { host: "127.17.92.196" port: 44355 } attrs { promote: true } } }
I20260608 12:59:05.650452 20692 catalog_manager.cc:5696] T e7d4845321d8460e816ab00d9f7e36e9 P bb4fbe61e9b4456ba1ac5b040fe1bc66 reported cstate change: term changed from 1 to 2, leader changed from 39e521ad48434d60b0b183536a449bd0 (127.17.92.193) to bb4fbe61e9b4456ba1ac5b040fe1bc66 (127.17.92.195). New cstate: current_term: 2 leader_uuid: "bb4fbe61e9b4456ba1ac5b040fe1bc66" committed_config { opid_index: 2 OBSOLETE_local: false peers { permanent_uuid: "39e521ad48434d60b0b183536a449bd0" member_type: VOTER last_known_addr { host: "127.17.92.193" port: 36587 } health_report { overall_health: UNKNOWN } } peers { permanent_uuid: "fb9eee5129884c3bb79e97cc9c699d16" member_type: VOTER last_known_addr { host: "127.17.92.194" port: 39375 } health_report { overall_health: UNKNOWN } } peers { permanent_uuid: "bb4fbe61e9b4456ba1ac5b040fe1bc66" member_type: VOTER last_known_addr { host: "127.17.92.195" port: 34681 } attrs { replace: true } health_report { overall_health: HEALTHY } } peers { permanent_uuid: "8fac26cd03b644b5a941251c208ca852" member_type: NON_VOTER last_known_addr { host: "127.17.92.196" port: 44355 } attrs { promote: true } health_report { overall_health: UNKNOWN } } }
I20260608 12:59:05.658152 20944 consensus_queue.cc:237] T 622cc80f8e4e45f0ac579c36f1481944 P bb4fbe61e9b4456ba1ac5b040fe1bc66 [LEADER]: Queue going to LEADER mode. State: All replicated index: 0, Majority replicated index: 1, Committed index: 1, Last appended: 1.1, Last appended by leader: 0, Current term: 1, Majority size: 2, State: 0, Mode: LEADER, active raft config: opid_index: 2 OBSOLETE_local: false peers { permanent_uuid: "fb9eee5129884c3bb79e97cc9c699d16" member_type: VOTER last_known_addr { host: "127.17.92.194" port: 39375 } } peers { permanent_uuid: "39e521ad48434d60b0b183536a449bd0" member_type: VOTER last_known_addr { host: "127.17.92.193" port: 36587 } attrs { replace: true } } peers { permanent_uuid: "bb4fbe61e9b4456ba1ac5b040fe1bc66" member_type: VOTER last_known_addr { host: "127.17.92.195" port: 34681 } } peers { permanent_uuid: "8fac26cd03b644b5a941251c208ca852" member_type: NON_VOTER last_known_addr { host: "127.17.92.196" port: 44355 } attrs { promote: true } }
I20260608 12:59:05.664572 20693 catalog_manager.cc:5696] T f2539626a62740019a681a28a3383472 P fb9eee5129884c3bb79e97cc9c699d16 reported cstate change: config changed from index -1 to 2, NON_VOTER 8fac26cd03b644b5a941251c208ca852 (127.17.92.196) added. New cstate: current_term: 1 leader_uuid: "39e521ad48434d60b0b183536a449bd0" committed_config { opid_index: 2 OBSOLETE_local: false peers { permanent_uuid: "fb9eee5129884c3bb79e97cc9c699d16" member_type: VOTER last_known_addr { host: "127.17.92.194" port: 39375 } attrs { replace: true } } peers { permanent_uuid: "39e521ad48434d60b0b183536a449bd0" member_type: VOTER last_known_addr { host: "127.17.92.193" port: 36587 } } peers { permanent_uuid: "bb4fbe61e9b4456ba1ac5b040fe1bc66" member_type: VOTER last_known_addr { host: "127.17.92.195" port: 34681 } } peers { permanent_uuid: "8fac26cd03b644b5a941251c208ca852" member_type: NON_VOTER last_known_addr { host: "127.17.92.196" port: 44355 } attrs { promote: true } } }
I20260608 12:59:05.681766 20872 raft_consensus.cc:1275] T 622cc80f8e4e45f0ac579c36f1481944 P fb9eee5129884c3bb79e97cc9c699d16 [term 1 FOLLOWER]: Refusing update from remote peer bb4fbe61e9b4456ba1ac5b040fe1bc66: Log matching property violated. Preceding OpId in replica: term: 1 index: 1. Preceding OpId from leader: term: 1 index: 2. (index mismatch)
W20260608 12:59:05.682960 20909 consensus_peers.cc:597] T 622cc80f8e4e45f0ac579c36f1481944 P bb4fbe61e9b4456ba1ac5b040fe1bc66 -> Peer 8fac26cd03b644b5a941251c208ca852 (127.17.92.196:44355): Couldn't send request to peer 8fac26cd03b644b5a941251c208ca852. Error code: TABLET_NOT_FOUND (6). Status: Not found: Tablet not found: 622cc80f8e4e45f0ac579c36f1481944. This is attempt 1: this message will repeat every 5th retry.
I20260608 12:59:05.683444 21221 consensus_queue.cc:1048] T 622cc80f8e4e45f0ac579c36f1481944 P bb4fbe61e9b4456ba1ac5b040fe1bc66 [LEADER]: Connected to new peer: Peer: permanent_uuid: "fb9eee5129884c3bb79e97cc9c699d16" member_type: VOTER last_known_addr { host: "127.17.92.194" port: 39375 }, Status: LMP_MISMATCH, Last received: 0.0, Next index: 2, Last known committed idx: 1, Time since last communication: 0.000s
I20260608 12:59:05.685837 20795 raft_consensus.cc:1275] T 622cc80f8e4e45f0ac579c36f1481944 P 39e521ad48434d60b0b183536a449bd0 [term 1 FOLLOWER]: Refusing update from remote peer bb4fbe61e9b4456ba1ac5b040fe1bc66: Log matching property violated. Preceding OpId in replica: term: 1 index: 1. Preceding OpId from leader: term: 1 index: 2. (index mismatch)
I20260608 12:59:05.687546 21221 consensus_queue.cc:1048] T 622cc80f8e4e45f0ac579c36f1481944 P bb4fbe61e9b4456ba1ac5b040fe1bc66 [LEADER]: Connected to new peer: Peer: permanent_uuid: "39e521ad48434d60b0b183536a449bd0" member_type: VOTER last_known_addr { host: "127.17.92.193" port: 36587 } attrs { replace: true }, Status: LMP_MISMATCH, Last received: 0.0, Next index: 2, Last known committed idx: 1, Time since last communication: 0.000s
I20260608 12:59:05.696225 21253 raft_consensus.cc:2955] T 622cc80f8e4e45f0ac579c36f1481944 P bb4fbe61e9b4456ba1ac5b040fe1bc66 [term 1 LEADER]: Committing config change with OpId 1.2: config changed from index -1 to 2, NON_VOTER 8fac26cd03b644b5a941251c208ca852 (127.17.92.196) added. New config: { opid_index: 2 OBSOLETE_local: false peers { permanent_uuid: "fb9eee5129884c3bb79e97cc9c699d16" member_type: VOTER last_known_addr { host: "127.17.92.194" port: 39375 } } peers { permanent_uuid: "39e521ad48434d60b0b183536a449bd0" member_type: VOTER last_known_addr { host: "127.17.92.193" port: 36587 } attrs { replace: true } } peers { permanent_uuid: "bb4fbe61e9b4456ba1ac5b040fe1bc66" member_type: VOTER last_known_addr { host: "127.17.92.195" port: 34681 } } peers { permanent_uuid: "8fac26cd03b644b5a941251c208ca852" member_type: NON_VOTER last_known_addr { host: "127.17.92.196" port: 44355 } attrs { promote: true } } }
I20260608 12:59:05.698623 20872 raft_consensus.cc:2955] T 622cc80f8e4e45f0ac579c36f1481944 P fb9eee5129884c3bb79e97cc9c699d16 [term 1 FOLLOWER]: Committing config change with OpId 1.2: config changed from index -1 to 2, NON_VOTER 8fac26cd03b644b5a941251c208ca852 (127.17.92.196) added. New config: { opid_index: 2 OBSOLETE_local: false peers { permanent_uuid: "fb9eee5129884c3bb79e97cc9c699d16" member_type: VOTER last_known_addr { host: "127.17.92.194" port: 39375 } } peers { permanent_uuid: "39e521ad48434d60b0b183536a449bd0" member_type: VOTER last_known_addr { host: "127.17.92.193" port: 36587 } attrs { replace: true } } peers { permanent_uuid: "bb4fbe61e9b4456ba1ac5b040fe1bc66" member_type: VOTER last_known_addr { host: "127.17.92.195" port: 34681 } } peers { permanent_uuid: "8fac26cd03b644b5a941251c208ca852" member_type: NON_VOTER last_known_addr { host: "127.17.92.196" port: 44355 } attrs { promote: true } } }
I20260608 12:59:05.701496 21013 raft_consensus.cc:993] T 493f761dc804470f98e5ce35ea62975c P 39e521ad48434d60b0b183536a449bd0: : Instructing follower 8fac26cd03b644b5a941251c208ca852 to start an election
I20260608 12:59:05.702072 20995 raft_consensus.cc:1081] T 493f761dc804470f98e5ce35ea62975c P 39e521ad48434d60b0b183536a449bd0 [term 1 LEADER]: Signalling peer 8fac26cd03b644b5a941251c208ca852 to start an election
I20260608 12:59:05.704193 21107 tablet_service.cc:2044] Received Run Leader Election RPC: tablet_id: "493f761dc804470f98e5ce35ea62975c"
dest_uuid: "8fac26cd03b644b5a941251c208ca852"
 from {username='slave'} at 127.0.0.1:48276
I20260608 12:59:05.702417 20795 raft_consensus.cc:2955] T 622cc80f8e4e45f0ac579c36f1481944 P 39e521ad48434d60b0b183536a449bd0 [term 1 FOLLOWER]: Committing config change with OpId 1.2: config changed from index -1 to 2, NON_VOTER 8fac26cd03b644b5a941251c208ca852 (127.17.92.196) added. New config: { opid_index: 2 OBSOLETE_local: false peers { permanent_uuid: "fb9eee5129884c3bb79e97cc9c699d16" member_type: VOTER last_known_addr { host: "127.17.92.194" port: 39375 } } peers { permanent_uuid: "39e521ad48434d60b0b183536a449bd0" member_type: VOTER last_known_addr { host: "127.17.92.193" port: 36587 } attrs { replace: true } } peers { permanent_uuid: "bb4fbe61e9b4456ba1ac5b040fe1bc66" member_type: VOTER last_known_addr { host: "127.17.92.195" port: 34681 } } peers { permanent_uuid: "8fac26cd03b644b5a941251c208ca852" member_type: NON_VOTER last_known_addr { host: "127.17.92.196" port: 44355 } attrs { promote: true } } }
I20260608 12:59:05.704926 21107 raft_consensus.cc:493] T 493f761dc804470f98e5ce35ea62975c P 8fac26cd03b644b5a941251c208ca852 [term 1 FOLLOWER]: Starting forced leader election (received explicit request)
I20260608 12:59:05.706537 21107 raft_consensus.cc:3060] T 493f761dc804470f98e5ce35ea62975c P 8fac26cd03b644b5a941251c208ca852 [term 1 FOLLOWER]: Advancing to term 2
I20260608 12:59:05.717866 20944 tablet_service.cc:2072] Received LeaderStepDown RPC: tablet_id: "e7d4845321d8460e816ab00d9f7e36e9"
dest_uuid: "bb4fbe61e9b4456ba1ac5b040fe1bc66"
mode: GRACEFUL
 from {username='slave'} at 127.0.0.1:58930
I20260608 12:59:05.718600 20944 raft_consensus.cc:606] T e7d4845321d8460e816ab00d9f7e36e9 P bb4fbe61e9b4456ba1ac5b040fe1bc66 [term 2 LEADER]: Received request to transfer leadership
I20260608 12:59:05.715143 21107 raft_consensus.cc:515] T 493f761dc804470f98e5ce35ea62975c P 8fac26cd03b644b5a941251c208ca852 [term 2 FOLLOWER]: Starting forced leader election with config: opid_index: -1 OBSOLETE_local: false peers { permanent_uuid: "bb4fbe61e9b4456ba1ac5b040fe1bc66" member_type: VOTER last_known_addr { host: "127.17.92.195" port: 34681 } } peers { permanent_uuid: "8fac26cd03b644b5a941251c208ca852" member_type: VOTER last_known_addr { host: "127.17.92.196" port: 44355 } } peers { permanent_uuid: "39e521ad48434d60b0b183536a449bd0" member_type: VOTER last_known_addr { host: "127.17.92.193" port: 36587 } }
I20260608 12:59:05.722097 20694 catalog_manager.cc:5696] T 622cc80f8e4e45f0ac579c36f1481944 P fb9eee5129884c3bb79e97cc9c699d16 reported cstate change: config changed from index -1 to 2, NON_VOTER 8fac26cd03b644b5a941251c208ca852 (127.17.92.196) added. New cstate: current_term: 1 leader_uuid: "bb4fbe61e9b4456ba1ac5b040fe1bc66" committed_config { opid_index: 2 OBSOLETE_local: false peers { permanent_uuid: "fb9eee5129884c3bb79e97cc9c699d16" member_type: VOTER last_known_addr { host: "127.17.92.194" port: 39375 } } peers { permanent_uuid: "39e521ad48434d60b0b183536a449bd0" member_type: VOTER last_known_addr { host: "127.17.92.193" port: 36587 } attrs { replace: true } } peers { permanent_uuid: "bb4fbe61e9b4456ba1ac5b040fe1bc66" member_type: VOTER last_known_addr { host: "127.17.92.195" port: 34681 } } peers { permanent_uuid: "8fac26cd03b644b5a941251c208ca852" member_type: NON_VOTER last_known_addr { host: "127.17.92.196" port: 44355 } attrs { promote: true } } }
I20260608 12:59:05.724624 20795 tablet_service.cc:1917] Received RequestConsensusVote() RPC: tablet_id: "493f761dc804470f98e5ce35ea62975c" candidate_uuid: "8fac26cd03b644b5a941251c208ca852" candidate_term: 2 candidate_status { last_received { term: 1 index: 1 } } ignore_live_leader: true dest_uuid: "39e521ad48434d60b0b183536a449bd0"
I20260608 12:59:05.725405 20795 raft_consensus.cc:3055] T 493f761dc804470f98e5ce35ea62975c P 39e521ad48434d60b0b183536a449bd0 [term 1 LEADER]: Stepping down as leader of term 1
I20260608 12:59:05.725435 21107 leader_election.cc:290] T 493f761dc804470f98e5ce35ea62975c P 8fac26cd03b644b5a941251c208ca852 [CANDIDATE]: Term 2 election: Requested vote from peers bb4fbe61e9b4456ba1ac5b040fe1bc66 (127.17.92.195:34681), 39e521ad48434d60b0b183536a449bd0 (127.17.92.193:36587)
I20260608 12:59:05.725953 20795 raft_consensus.cc:740] T 493f761dc804470f98e5ce35ea62975c P 39e521ad48434d60b0b183536a449bd0 [term 1 LEADER]: Becoming Follower/Learner. State: Replica: 39e521ad48434d60b0b183536a449bd0, State: Running, Role: LEADER
I20260608 12:59:05.727559 20795 consensus_queue.cc:260] T 493f761dc804470f98e5ce35ea62975c P 39e521ad48434d60b0b183536a449bd0 [NON_LEADER]: Queue going to NON_LEADER mode. State: All replicated index: 0, Majority replicated index: 1, Committed index: 1, Last appended: 1.1, Last appended by leader: 1, Current term: 1, Majority size: -1, State: 0, Mode: NON_LEADER, active raft config: opid_index: -1 OBSOLETE_local: false peers { permanent_uuid: "bb4fbe61e9b4456ba1ac5b040fe1bc66" member_type: VOTER last_known_addr { host: "127.17.92.195" port: 34681 } } peers { permanent_uuid: "8fac26cd03b644b5a941251c208ca852" member_type: VOTER last_known_addr { host: "127.17.92.196" port: 44355 } } peers { permanent_uuid: "39e521ad48434d60b0b183536a449bd0" member_type: VOTER last_known_addr { host: "127.17.92.193" port: 36587 } }
I20260608 12:59:05.729003 20795 raft_consensus.cc:3060] T 493f761dc804470f98e5ce35ea62975c P 39e521ad48434d60b0b183536a449bd0 [term 1 FOLLOWER]: Advancing to term 2
I20260608 12:59:05.729204 20944 tablet_service.cc:1917] Received RequestConsensusVote() RPC: tablet_id: "493f761dc804470f98e5ce35ea62975c" candidate_uuid: "8fac26cd03b644b5a941251c208ca852" candidate_term: 2 candidate_status { last_received { term: 1 index: 1 } } ignore_live_leader: true dest_uuid: "bb4fbe61e9b4456ba1ac5b040fe1bc66"
I20260608 12:59:05.730094 20944 raft_consensus.cc:3060] T 493f761dc804470f98e5ce35ea62975c P bb4fbe61e9b4456ba1ac5b040fe1bc66 [term 1 FOLLOWER]: Advancing to term 2
I20260608 12:59:05.730249 20946 tablet_service.cc:2072] Received LeaderStepDown RPC: tablet_id: "e7d4845321d8460e816ab00d9f7e36e9"
dest_uuid: "bb4fbe61e9b4456ba1ac5b040fe1bc66"
mode: GRACEFUL
 from {username='slave'} at 127.0.0.1:58930
I20260608 12:59:05.730967 20946 raft_consensus.cc:606] T e7d4845321d8460e816ab00d9f7e36e9 P bb4fbe61e9b4456ba1ac5b040fe1bc66 [term 2 LEADER]: Received request to transfer leadership
I20260608 12:59:05.737700 20795 raft_consensus.cc:2468] T 493f761dc804470f98e5ce35ea62975c P 39e521ad48434d60b0b183536a449bd0 [term 2 FOLLOWER]: Leader election vote request: Granting yes vote for candidate 8fac26cd03b644b5a941251c208ca852 in term 2.
W20260608 12:59:05.739022 20682 proxy.cc:239] Call had error, refreshing address and retrying: Remote error: Service unavailable: leadership transfer for e7d4845321d8460e816ab00d9f7e36e9 already in progress [suppressed 1 similar messages]
I20260608 12:59:05.740502 20944 raft_consensus.cc:2468] T 493f761dc804470f98e5ce35ea62975c P bb4fbe61e9b4456ba1ac5b040fe1bc66 [term 2 FOLLOWER]: Leader election vote request: Granting yes vote for candidate 8fac26cd03b644b5a941251c208ca852 in term 2.
I20260608 12:59:05.742128 21074 leader_election.cc:304] T 493f761dc804470f98e5ce35ea62975c P 8fac26cd03b644b5a941251c208ca852 [CANDIDATE]: Term 2 election: Election decided. Result: candidate won. Election summary: received 2 responses out of 3 voters: 2 yes votes; 0 no votes. yes voters: 8fac26cd03b644b5a941251c208ca852, bb4fbe61e9b4456ba1ac5b040fe1bc66; no voters: 
I20260608 12:59:05.743738 21229 raft_consensus.cc:2804] T 493f761dc804470f98e5ce35ea62975c P 8fac26cd03b644b5a941251c208ca852 [term 2 FOLLOWER]: Leader election won for term 2
I20260608 12:59:05.752851 21229 raft_consensus.cc:697] T 493f761dc804470f98e5ce35ea62975c P 8fac26cd03b644b5a941251c208ca852 [term 2 LEADER]: Becoming Leader. State: Replica: 8fac26cd03b644b5a941251c208ca852, State: Running, Role: LEADER
I20260608 12:59:05.754146 21229 consensus_queue.cc:237] T 493f761dc804470f98e5ce35ea62975c P 8fac26cd03b644b5a941251c208ca852 [LEADER]: Queue going to LEADER mode. State: All replicated index: 0, Majority replicated index: 1, Committed index: 1, Last appended: 1.1, Last appended by leader: 1, Current term: 2, Majority size: 2, State: 0, Mode: LEADER, active raft config: opid_index: -1 OBSOLETE_local: false peers { permanent_uuid: "bb4fbe61e9b4456ba1ac5b040fe1bc66" member_type: VOTER last_known_addr { host: "127.17.92.195" port: 34681 } } peers { permanent_uuid: "8fac26cd03b644b5a941251c208ca852" member_type: VOTER last_known_addr { host: "127.17.92.196" port: 44355 } } peers { permanent_uuid: "39e521ad48434d60b0b183536a449bd0" member_type: VOTER last_known_addr { host: "127.17.92.193" port: 36587 } }
I20260608 12:59:05.756070 20944 tablet_service.cc:2072] Received LeaderStepDown RPC: tablet_id: "e7d4845321d8460e816ab00d9f7e36e9"
dest_uuid: "bb4fbe61e9b4456ba1ac5b040fe1bc66"
mode: GRACEFUL
 from {username='slave'} at 127.0.0.1:58930
I20260608 12:59:05.756793 20944 raft_consensus.cc:606] T e7d4845321d8460e816ab00d9f7e36e9 P bb4fbe61e9b4456ba1ac5b040fe1bc66 [term 2 LEADER]: Received request to transfer leadership
W20260608 12:59:05.762948 20743 auto_rebalancer.cc:855] Removing replace marker failed: Service unavailable: leader transfer in progress
W20260608 12:59:05.763371 20743 auto_rebalancer.cc:863] Could not move replica: Remote error: Service unavailable: leadership transfer for e7d4845321d8460e816ab00d9f7e36e9 already in progress
W20260608 12:59:05.763659 20743 auto_rebalancer.cc:301] scheduled replica move failed to complete: Remote error: Service unavailable: leadership transfer for e7d4845321d8460e816ab00d9f7e36e9 already in progress
I20260608 12:59:05.764372 20694 catalog_manager.cc:5696] T 493f761dc804470f98e5ce35ea62975c P 8fac26cd03b644b5a941251c208ca852 reported cstate change: term changed from 1 to 2, leader changed from 39e521ad48434d60b0b183536a449bd0 (127.17.92.193) to 8fac26cd03b644b5a941251c208ca852 (127.17.92.196). New cstate: current_term: 2 leader_uuid: "8fac26cd03b644b5a941251c208ca852" committed_config { opid_index: -1 OBSOLETE_local: false peers { permanent_uuid: "bb4fbe61e9b4456ba1ac5b040fe1bc66" member_type: VOTER last_known_addr { host: "127.17.92.195" port: 34681 } health_report { overall_health: UNKNOWN } } peers { permanent_uuid: "8fac26cd03b644b5a941251c208ca852" member_type: VOTER last_known_addr { host: "127.17.92.196" port: 44355 } health_report { overall_health: HEALTHY } } peers { permanent_uuid: "39e521ad48434d60b0b183536a449bd0" member_type: VOTER last_known_addr { host: "127.17.92.193" port: 36587 } health_report { overall_health: UNKNOWN } } }
I20260608 12:59:05.950623 21262 ts_tablet_manager.cc:933] T fc35ebe5b3ac4ba5b54f28a5aba45bcf P 8fac26cd03b644b5a941251c208ca852: Initiating tablet copy from peer bb4fbe61e9b4456ba1ac5b040fe1bc66 (127.17.92.195:34681)
I20260608 12:59:05.952910 21262 tablet_copy_client.cc:323] T fc35ebe5b3ac4ba5b54f28a5aba45bcf P 8fac26cd03b644b5a941251c208ca852: tablet copy: Beginning tablet copy session from remote peer at address 127.17.92.195:34681
I20260608 12:59:05.955700 20956 tablet_copy_service.cc:140] P bb4fbe61e9b4456ba1ac5b040fe1bc66: Received BeginTabletCopySession request for tablet fc35ebe5b3ac4ba5b54f28a5aba45bcf from peer 8fac26cd03b644b5a941251c208ca852 ({username='slave'} at 127.0.0.1:58958)
I20260608 12:59:05.956501 20956 tablet_copy_service.cc:161] P bb4fbe61e9b4456ba1ac5b040fe1bc66: Beginning new tablet copy session on tablet fc35ebe5b3ac4ba5b54f28a5aba45bcf from peer 8fac26cd03b644b5a941251c208ca852 at {username='slave'} at 127.0.0.1:58958: session id = 8fac26cd03b644b5a941251c208ca852-fc35ebe5b3ac4ba5b54f28a5aba45bcf
I20260608 12:59:05.966789 20956 tablet_copy_source_session.cc:215] T fc35ebe5b3ac4ba5b54f28a5aba45bcf P bb4fbe61e9b4456ba1ac5b040fe1bc66: Tablet Copy: opened 0 blocks and 1 log segments
I20260608 12:59:05.971217 21262 data_dirs.cc:400] Could only allocate 1 dirs of requested 3 for tablet fc35ebe5b3ac4ba5b54f28a5aba45bcf. 1 dirs total, 0 dirs full, 0 dirs failed
I20260608 12:59:05.986186 21262 tablet_copy_client.cc:806] T fc35ebe5b3ac4ba5b54f28a5aba45bcf P 8fac26cd03b644b5a941251c208ca852: tablet copy: Starting download of 0 data blocks...
I20260608 12:59:05.986923 21262 tablet_copy_client.cc:670] T fc35ebe5b3ac4ba5b54f28a5aba45bcf P 8fac26cd03b644b5a941251c208ca852: tablet copy: Starting download of 1 WAL segments...
I20260608 12:59:05.992467 21262 tablet_copy_client.cc:538] T fc35ebe5b3ac4ba5b54f28a5aba45bcf P 8fac26cd03b644b5a941251c208ca852: tablet copy: Tablet Copy complete. Replacing tablet superblock.
I20260608 12:59:06.002225 21262 tablet_bootstrap.cc:492] T fc35ebe5b3ac4ba5b54f28a5aba45bcf P 8fac26cd03b644b5a941251c208ca852: Bootstrap starting.
I20260608 12:59:06.008927 20995 raft_consensus.cc:993] T ec5f6ed2c56a4e90b5815b4d0e32f000 P 39e521ad48434d60b0b183536a449bd0: : Instructing follower 8fac26cd03b644b5a941251c208ca852 to start an election
I20260608 12:59:06.009547 20995 raft_consensus.cc:1081] T ec5f6ed2c56a4e90b5815b4d0e32f000 P 39e521ad48434d60b0b183536a449bd0 [term 1 LEADER]: Signalling peer 8fac26cd03b644b5a941251c208ca852 to start an election
I20260608 12:59:06.011843 21107 tablet_service.cc:2044] Received Run Leader Election RPC: tablet_id: "ec5f6ed2c56a4e90b5815b4d0e32f000"
dest_uuid: "8fac26cd03b644b5a941251c208ca852"
 from {username='slave'} at 127.0.0.1:48276
I20260608 12:59:06.012530 21107 raft_consensus.cc:493] T ec5f6ed2c56a4e90b5815b4d0e32f000 P 8fac26cd03b644b5a941251c208ca852 [term 1 FOLLOWER]: Starting forced leader election (received explicit request)
I20260608 12:59:06.012924 21107 raft_consensus.cc:3060] T ec5f6ed2c56a4e90b5815b4d0e32f000 P 8fac26cd03b644b5a941251c208ca852 [term 1 FOLLOWER]: Advancing to term 2
I20260608 12:59:06.020960 21107 raft_consensus.cc:515] T ec5f6ed2c56a4e90b5815b4d0e32f000 P 8fac26cd03b644b5a941251c208ca852 [term 2 FOLLOWER]: Starting forced leader election with config: opid_index: -1 OBSOLETE_local: false peers { permanent_uuid: "8fac26cd03b644b5a941251c208ca852" member_type: VOTER last_known_addr { host: "127.17.92.196" port: 44355 } } peers { permanent_uuid: "39e521ad48434d60b0b183536a449bd0" member_type: VOTER last_known_addr { host: "127.17.92.193" port: 36587 } } peers { permanent_uuid: "bb4fbe61e9b4456ba1ac5b040fe1bc66" member_type: VOTER last_known_addr { host: "127.17.92.195" port: 34681 } }
I20260608 12:59:06.024410 20795 tablet_service.cc:1917] Received RequestConsensusVote() RPC: tablet_id: "ec5f6ed2c56a4e90b5815b4d0e32f000" candidate_uuid: "8fac26cd03b644b5a941251c208ca852" candidate_term: 2 candidate_status { last_received { term: 1 index: 1 } } ignore_live_leader: true dest_uuid: "39e521ad48434d60b0b183536a449bd0"
I20260608 12:59:06.024705 21262 tablet_bootstrap.cc:492] T fc35ebe5b3ac4ba5b54f28a5aba45bcf P 8fac26cd03b644b5a941251c208ca852: Bootstrap replayed 1/1 log segments. Stats: ops{read=2 overwritten=0 applied=2 ignored=0} inserts{seen=0 ignored=0} mutations{seen=0 ignored=0} orphaned_commits=0. Pending: 0 replicates
I20260608 12:59:06.025132 20795 raft_consensus.cc:3055] T ec5f6ed2c56a4e90b5815b4d0e32f000 P 39e521ad48434d60b0b183536a449bd0 [term 1 LEADER]: Stepping down as leader of term 1
I20260608 12:59:06.025364 20944 tablet_service.cc:1917] Received RequestConsensusVote() RPC: tablet_id: "ec5f6ed2c56a4e90b5815b4d0e32f000" candidate_uuid: "8fac26cd03b644b5a941251c208ca852" candidate_term: 2 candidate_status { last_received { term: 1 index: 1 } } ignore_live_leader: true dest_uuid: "bb4fbe61e9b4456ba1ac5b040fe1bc66"
I20260608 12:59:06.025651 20795 raft_consensus.cc:740] T ec5f6ed2c56a4e90b5815b4d0e32f000 P 39e521ad48434d60b0b183536a449bd0 [term 1 LEADER]: Becoming Follower/Learner. State: Replica: 39e521ad48434d60b0b183536a449bd0, State: Running, Role: LEADER
I20260608 12:59:06.026044 21262 tablet_bootstrap.cc:492] T fc35ebe5b3ac4ba5b54f28a5aba45bcf P 8fac26cd03b644b5a941251c208ca852: Bootstrap complete.
I20260608 12:59:06.026057 20944 raft_consensus.cc:3060] T ec5f6ed2c56a4e90b5815b4d0e32f000 P bb4fbe61e9b4456ba1ac5b040fe1bc66 [term 1 FOLLOWER]: Advancing to term 2
I20260608 12:59:06.027326 21262 ts_tablet_manager.cc:1403] T fc35ebe5b3ac4ba5b54f28a5aba45bcf P 8fac26cd03b644b5a941251c208ca852: Time spent bootstrapping tablet: real 0.025s	user 0.020s	sys 0.003s
I20260608 12:59:06.026682 20795 consensus_queue.cc:260] T ec5f6ed2c56a4e90b5815b4d0e32f000 P 39e521ad48434d60b0b183536a449bd0 [NON_LEADER]: Queue going to NON_LEADER mode. State: All replicated index: 0, Majority replicated index: 1, Committed index: 1, Last appended: 1.1, Last appended by leader: 1, Current term: 1, Majority size: -1, State: 0, Mode: NON_LEADER, active raft config: opid_index: -1 OBSOLETE_local: false peers { permanent_uuid: "8fac26cd03b644b5a941251c208ca852" member_type: VOTER last_known_addr { host: "127.17.92.196" port: 44355 } } peers { permanent_uuid: "39e521ad48434d60b0b183536a449bd0" member_type: VOTER last_known_addr { host: "127.17.92.193" port: 36587 } } peers { permanent_uuid: "bb4fbe61e9b4456ba1ac5b040fe1bc66" member_type: VOTER last_known_addr { host: "127.17.92.195" port: 34681 } }
I20260608 12:59:06.028550 20795 raft_consensus.cc:3060] T ec5f6ed2c56a4e90b5815b4d0e32f000 P 39e521ad48434d60b0b183536a449bd0 [term 1 FOLLOWER]: Advancing to term 2
I20260608 12:59:06.031409 21262 raft_consensus.cc:359] T fc35ebe5b3ac4ba5b54f28a5aba45bcf P 8fac26cd03b644b5a941251c208ca852 [term 1 LEARNER]: Replica starting. Triggering 0 pending ops. Active config: opid_index: 2 OBSOLETE_local: false peers { permanent_uuid: "fb9eee5129884c3bb79e97cc9c699d16" member_type: VOTER last_known_addr { host: "127.17.92.194" port: 39375 } } peers { permanent_uuid: "39e521ad48434d60b0b183536a449bd0" member_type: VOTER last_known_addr { host: "127.17.92.193" port: 36587 } attrs { replace: true } } peers { permanent_uuid: "bb4fbe61e9b4456ba1ac5b040fe1bc66" member_type: VOTER last_known_addr { host: "127.17.92.195" port: 34681 } } peers { permanent_uuid: "8fac26cd03b644b5a941251c208ca852" member_type: NON_VOTER last_known_addr { host: "127.17.92.196" port: 44355 } attrs { promote: true } }
I20260608 12:59:06.032487 21262 raft_consensus.cc:740] T fc35ebe5b3ac4ba5b54f28a5aba45bcf P 8fac26cd03b644b5a941251c208ca852 [term 1 LEARNER]: Becoming Follower/Learner. State: Replica: 8fac26cd03b644b5a941251c208ca852, State: Initialized, Role: LEARNER
I20260608 12:59:06.033934 20944 raft_consensus.cc:2468] T ec5f6ed2c56a4e90b5815b4d0e32f000 P bb4fbe61e9b4456ba1ac5b040fe1bc66 [term 2 FOLLOWER]: Leader election vote request: Granting yes vote for candidate 8fac26cd03b644b5a941251c208ca852 in term 2.
I20260608 12:59:06.033383 21262 consensus_queue.cc:260] T fc35ebe5b3ac4ba5b54f28a5aba45bcf P 8fac26cd03b644b5a941251c208ca852 [NON_LEADER]: Queue going to NON_LEADER mode. State: All replicated index: 0, Majority replicated index: 0, Committed index: 2, Last appended: 1.2, Last appended by leader: 2, Current term: 0, Majority size: -1, State: 0, Mode: NON_LEADER, active raft config: opid_index: 2 OBSOLETE_local: false peers { permanent_uuid: "fb9eee5129884c3bb79e97cc9c699d16" member_type: VOTER last_known_addr { host: "127.17.92.194" port: 39375 } } peers { permanent_uuid: "39e521ad48434d60b0b183536a449bd0" member_type: VOTER last_known_addr { host: "127.17.92.193" port: 36587 } attrs { replace: true } } peers { permanent_uuid: "bb4fbe61e9b4456ba1ac5b040fe1bc66" member_type: VOTER last_known_addr { host: "127.17.92.195" port: 34681 } } peers { permanent_uuid: "8fac26cd03b644b5a941251c208ca852" member_type: NON_VOTER last_known_addr { host: "127.17.92.196" port: 44355 } attrs { promote: true } }
I20260608 12:59:06.035660 21074 leader_election.cc:304] T ec5f6ed2c56a4e90b5815b4d0e32f000 P 8fac26cd03b644b5a941251c208ca852 [CANDIDATE]: Term 2 election: Election decided. Result: candidate won. Election summary: received 2 responses out of 3 voters: 2 yes votes; 0 no votes. yes voters: 8fac26cd03b644b5a941251c208ca852, bb4fbe61e9b4456ba1ac5b040fe1bc66; no voters: 
I20260608 12:59:06.034636 21107 leader_election.cc:290] T ec5f6ed2c56a4e90b5815b4d0e32f000 P 8fac26cd03b644b5a941251c208ca852 [CANDIDATE]: Term 2 election: Requested vote from peers 39e521ad48434d60b0b183536a449bd0 (127.17.92.193:36587), bb4fbe61e9b4456ba1ac5b040fe1bc66 (127.17.92.195:34681)
I20260608 12:59:06.038713 21262 ts_tablet_manager.cc:1434] T fc35ebe5b3ac4ba5b54f28a5aba45bcf P 8fac26cd03b644b5a941251c208ca852: Time spent starting tablet: real 0.011s	user 0.007s	sys 0.000s
I20260608 12:59:06.038571 20795 raft_consensus.cc:2468] T ec5f6ed2c56a4e90b5815b4d0e32f000 P 39e521ad48434d60b0b183536a449bd0 [term 2 FOLLOWER]: Leader election vote request: Granting yes vote for candidate 8fac26cd03b644b5a941251c208ca852 in term 2.
I20260608 12:59:06.041285 21229 raft_consensus.cc:2804] T ec5f6ed2c56a4e90b5815b4d0e32f000 P 8fac26cd03b644b5a941251c208ca852 [term 2 FOLLOWER]: Leader election won for term 2
I20260608 12:59:06.041859 21229 raft_consensus.cc:697] T ec5f6ed2c56a4e90b5815b4d0e32f000 P 8fac26cd03b644b5a941251c208ca852 [term 2 LEADER]: Becoming Leader. State: Replica: 8fac26cd03b644b5a941251c208ca852, State: Running, Role: LEADER
I20260608 12:59:06.042825 21229 consensus_queue.cc:237] T ec5f6ed2c56a4e90b5815b4d0e32f000 P 8fac26cd03b644b5a941251c208ca852 [LEADER]: Queue going to LEADER mode. State: All replicated index: 0, Majority replicated index: 1, Committed index: 1, Last appended: 1.1, Last appended by leader: 1, Current term: 2, Majority size: 2, State: 0, Mode: LEADER, active raft config: opid_index: -1 OBSOLETE_local: false peers { permanent_uuid: "8fac26cd03b644b5a941251c208ca852" member_type: VOTER last_known_addr { host: "127.17.92.196" port: 44355 } } peers { permanent_uuid: "39e521ad48434d60b0b183536a449bd0" member_type: VOTER last_known_addr { host: "127.17.92.193" port: 36587 } } peers { permanent_uuid: "bb4fbe61e9b4456ba1ac5b040fe1bc66" member_type: VOTER last_known_addr { host: "127.17.92.195" port: 34681 } }
I20260608 12:59:06.045423 20956 tablet_copy_service.cc:342] P bb4fbe61e9b4456ba1ac5b040fe1bc66: Request end of tablet copy session 8fac26cd03b644b5a941251c208ca852-fc35ebe5b3ac4ba5b54f28a5aba45bcf received from {username='slave'} at 127.0.0.1:58958
I20260608 12:59:06.046066 20956 tablet_copy_service.cc:434] P bb4fbe61e9b4456ba1ac5b040fe1bc66: ending tablet copy session 8fac26cd03b644b5a941251c208ca852-fc35ebe5b3ac4ba5b54f28a5aba45bcf on tablet fc35ebe5b3ac4ba5b54f28a5aba45bcf with peer 8fac26cd03b644b5a941251c208ca852
I20260608 12:59:06.056658 20694 catalog_manager.cc:5696] T ec5f6ed2c56a4e90b5815b4d0e32f000 P 8fac26cd03b644b5a941251c208ca852 reported cstate change: term changed from 1 to 2, leader changed from 39e521ad48434d60b0b183536a449bd0 (127.17.92.193) to 8fac26cd03b644b5a941251c208ca852 (127.17.92.196). New cstate: current_term: 2 leader_uuid: "8fac26cd03b644b5a941251c208ca852" committed_config { opid_index: -1 OBSOLETE_local: false peers { permanent_uuid: "8fac26cd03b644b5a941251c208ca852" member_type: VOTER last_known_addr { host: "127.17.92.196" port: 44355 } health_report { overall_health: HEALTHY } } peers { permanent_uuid: "39e521ad48434d60b0b183536a449bd0" member_type: VOTER last_known_addr { host: "127.17.92.193" port: 36587 } health_report { overall_health: UNKNOWN } } peers { permanent_uuid: "bb4fbe61e9b4456ba1ac5b040fe1bc66" member_type: VOTER last_known_addr { host: "127.17.92.195" port: 34681 } health_report { overall_health: UNKNOWN } } }
I20260608 12:59:06.069659 21222 raft_consensus.cc:993] T f2efab45d7ed47c792fe56c344d48655 P 39e521ad48434d60b0b183536a449bd0: : Instructing follower fb9eee5129884c3bb79e97cc9c699d16 to start an election
I20260608 12:59:06.070261 20995 raft_consensus.cc:1081] T f2efab45d7ed47c792fe56c344d48655 P 39e521ad48434d60b0b183536a449bd0 [term 1 LEADER]: Signalling peer fb9eee5129884c3bb79e97cc9c699d16 to start an election
