    name: "int_val"
    type: INT32
    is_key: false
    is_nullable: false
    encoding: AUTO_ENCODING
    compression: DEFAULT_COMPRESSION
    cfile_block_size: 0
    immutable: false
  }
  columns {
    name: "string_val"
    type: STRING
    is_key: false
    is_nullable: true
    encoding: AUTO_ENCODING
    compression: DEFAULT_COMPRESSION
    cfile_block_size: 0
    immutable: false
  }
}
num_replicas: 3
split_rows_range_bounds {
  rows: "\004\001\000\252\252\252\n\004\001\000TUU\025\004\001\000\376\377\377\037\004\001\000\250\252\252*\004\001\000RUU5\004\001\000\374\377\377?\004\001\000\246\252\252J\004\001\000PUUU\004\001\000\372\377\377_\004\001\000\244\252\252j\004\001\000NUUu""\004\001\000\252\252\252\n\004\001\000TUU\025\004\001\000\376\377\377\037\004\001\000\250\252\252*\004\001\000RUU5\004\001\000\374\377\377?\004\001\000\246\252\252J\004\001\000PUUU\004\001\000\372\377\377_\004\001\000\244\252\252j\004\001\000NUUu"
  indirect_data: """"
}
partition_schema {
  range_schema {
    columns {
      name: "key"
    }
  }
}
W20260608 12:59:28.722947  1236 catalog_manager.cc:7076] The number of live tablet servers is not enough to re-replicate a tablet replica of the newly created table test-workload in case of a server failure: 4 tablet servers would be needed, 3 are available. Consider bringing up more tablet servers.
I20260608 12:59:28.813398  1327 tablet_service.cc:1511] Processing CreateTablet for tablet fea4b583271d4b59ac2996c00dd08ebd (DEFAULT_TABLE table=test-workload [id=fcb0af3014d84cba9496a4dd1db2cd06]), partition=RANGE (key) PARTITION 178956970 <= VALUES < 357913940
I20260608 12:59:28.818116  1328 tablet_service.cc:1511] Processing CreateTablet for tablet 85c084fc62b9464ab0ac6f574a2151ae (DEFAULT_TABLE table=test-workload [id=fcb0af3014d84cba9496a4dd1db2cd06]), partition=RANGE (key) PARTITION VALUES < 178956970
I20260608 12:59:28.822124  1477 tablet_service.cc:1511] Processing CreateTablet for tablet 85c084fc62b9464ab0ac6f574a2151ae (DEFAULT_TABLE table=test-workload [id=fcb0af3014d84cba9496a4dd1db2cd06]), partition=RANGE (key) PARTITION VALUES < 178956970
I20260608 12:59:28.822398  1326 tablet_service.cc:1511] Processing CreateTablet for tablet eac13f4d6d9446bdad97cd8abde402af (DEFAULT_TABLE table=test-workload [id=fcb0af3014d84cba9496a4dd1db2cd06]), partition=RANGE (key) PARTITION 357913940 <= VALUES < 536870910
I20260608 12:59:28.823731  1477 data_dirs.cc:400] Could only allocate 1 dirs of requested 3 for tablet 85c084fc62b9464ab0ac6f574a2151ae. 1 dirs total, 0 dirs full, 0 dirs failed
I20260608 12:59:28.826719  1325 tablet_service.cc:1511] Processing CreateTablet for tablet b024fb71fee74a3cb2ca66c367e2b2be (DEFAULT_TABLE table=test-workload [id=fcb0af3014d84cba9496a4dd1db2cd06]), partition=RANGE (key) PARTITION 536870910 <= VALUES < 715827880
I20260608 12:59:28.816048  1327 data_dirs.cc:400] Could only allocate 1 dirs of requested 3 for tablet fea4b583271d4b59ac2996c00dd08ebd. 1 dirs total, 0 dirs full, 0 dirs failed
I20260608 12:59:28.829551  1474 tablet_service.cc:1511] Processing CreateTablet for tablet b024fb71fee74a3cb2ca66c367e2b2be (DEFAULT_TABLE table=test-workload [id=fcb0af3014d84cba9496a4dd1db2cd06]), partition=RANGE (key) PARTITION 536870910 <= VALUES < 715827880
I20260608 12:59:28.829731  1476 tablet_service.cc:1511] Processing CreateTablet for tablet fea4b583271d4b59ac2996c00dd08ebd (DEFAULT_TABLE table=test-workload [id=fcb0af3014d84cba9496a4dd1db2cd06]), partition=RANGE (key) PARTITION 178956970 <= VALUES < 357913940
I20260608 12:59:28.831147  1474 data_dirs.cc:400] Could only allocate 1 dirs of requested 3 for tablet b024fb71fee74a3cb2ca66c367e2b2be. 1 dirs total, 0 dirs full, 0 dirs failed
I20260608 12:59:28.832047  1475 tablet_service.cc:1511] Processing CreateTablet for tablet eac13f4d6d9446bdad97cd8abde402af (DEFAULT_TABLE table=test-workload [id=fcb0af3014d84cba9496a4dd1db2cd06]), partition=RANGE (key) PARTITION 357913940 <= VALUES < 536870910
I20260608 12:59:28.832347  1324 tablet_service.cc:1511] Processing CreateTablet for tablet 6f8bff6ef1654e1f8db830a8682612e6 (DEFAULT_TABLE table=test-workload [id=fcb0af3014d84cba9496a4dd1db2cd06]), partition=RANGE (key) PARTITION 715827880 <= VALUES < 894784850
I20260608 12:59:28.833819  1324 data_dirs.cc:400] Could only allocate 1 dirs of requested 3 for tablet 6f8bff6ef1654e1f8db830a8682612e6. 1 dirs total, 0 dirs full, 0 dirs failed
I20260608 12:59:28.834988  1473 tablet_service.cc:1511] Processing CreateTablet for tablet 6f8bff6ef1654e1f8db830a8682612e6 (DEFAULT_TABLE table=test-workload [id=fcb0af3014d84cba9496a4dd1db2cd06]), partition=RANGE (key) PARTITION 715827880 <= VALUES < 894784850
I20260608 12:59:28.836665  1325 data_dirs.cc:400] Could only allocate 1 dirs of requested 3 for tablet b024fb71fee74a3cb2ca66c367e2b2be. 1 dirs total, 0 dirs full, 0 dirs failed
I20260608 12:59:28.836771  1473 data_dirs.cc:400] Could only allocate 1 dirs of requested 3 for tablet 6f8bff6ef1654e1f8db830a8682612e6. 1 dirs total, 0 dirs full, 0 dirs failed
I20260608 12:59:28.842496  1475 data_dirs.cc:400] Could only allocate 1 dirs of requested 3 for tablet eac13f4d6d9446bdad97cd8abde402af. 1 dirs total, 0 dirs full, 0 dirs failed
I20260608 12:59:28.844537  1476 data_dirs.cc:400] Could only allocate 1 dirs of requested 3 for tablet fea4b583271d4b59ac2996c00dd08ebd. 1 dirs total, 0 dirs full, 0 dirs failed
I20260608 12:59:28.844565  1328 data_dirs.cc:400] Could only allocate 1 dirs of requested 3 for tablet 85c084fc62b9464ab0ac6f574a2151ae. 1 dirs total, 0 dirs full, 0 dirs failed
I20260608 12:59:28.847553  1323 tablet_service.cc:1511] Processing CreateTablet for tablet e46595cec0124e71ac24e6f5962e3c7d (DEFAULT_TABLE table=test-workload [id=fcb0af3014d84cba9496a4dd1db2cd06]), partition=RANGE (key) PARTITION 894784850 <= VALUES < 1073741820
I20260608 12:59:28.848260  1472 tablet_service.cc:1511] Processing CreateTablet for tablet e46595cec0124e71ac24e6f5962e3c7d (DEFAULT_TABLE table=test-workload [id=fcb0af3014d84cba9496a4dd1db2cd06]), partition=RANGE (key) PARTITION 894784850 <= VALUES < 1073741820
I20260608 12:59:28.849474  1326 data_dirs.cc:400] Could only allocate 1 dirs of requested 3 for tablet eac13f4d6d9446bdad97cd8abde402af. 1 dirs total, 0 dirs full, 0 dirs failed
I20260608 12:59:28.850273  1472 data_dirs.cc:400] Could only allocate 1 dirs of requested 3 for tablet e46595cec0124e71ac24e6f5962e3c7d. 1 dirs total, 0 dirs full, 0 dirs failed
I20260608 12:59:28.851733  1471 tablet_service.cc:1511] Processing CreateTablet for tablet 5754605bd55f475d928fa099d6e2d380 (DEFAULT_TABLE table=test-workload [id=fcb0af3014d84cba9496a4dd1db2cd06]), partition=RANGE (key) PARTITION 1073741820 <= VALUES < 1252698790
I20260608 12:59:28.853183  1471 data_dirs.cc:400] Could only allocate 1 dirs of requested 3 for tablet 5754605bd55f475d928fa099d6e2d380. 1 dirs total, 0 dirs full, 0 dirs failed
I20260608 12:59:28.854176  1322 tablet_service.cc:1511] Processing CreateTablet for tablet 5754605bd55f475d928fa099d6e2d380 (DEFAULT_TABLE table=test-workload [id=fcb0af3014d84cba9496a4dd1db2cd06]), partition=RANGE (key) PARTITION 1073741820 <= VALUES < 1252698790
I20260608 12:59:28.861138  1470 tablet_service.cc:1511] Processing CreateTablet for tablet 4ef1b47c4d4a43d8a8fb6f3695dab2eb (DEFAULT_TABLE table=test-workload [id=fcb0af3014d84cba9496a4dd1db2cd06]), partition=RANGE (key) PARTITION 1252698790 <= VALUES < 1431655760
I20260608 12:59:28.862638  1470 data_dirs.cc:400] Could only allocate 1 dirs of requested 3 for tablet 4ef1b47c4d4a43d8a8fb6f3695dab2eb. 1 dirs total, 0 dirs full, 0 dirs failed
I20260608 12:59:28.850286  1323 data_dirs.cc:400] Could only allocate 1 dirs of requested 3 for tablet e46595cec0124e71ac24e6f5962e3c7d. 1 dirs total, 0 dirs full, 0 dirs failed
I20260608 12:59:28.873330  1322 data_dirs.cc:400] Could only allocate 1 dirs of requested 3 for tablet 5754605bd55f475d928fa099d6e2d380. 1 dirs total, 0 dirs full, 0 dirs failed
I20260608 12:59:28.882159  1321 tablet_service.cc:1511] Processing CreateTablet for tablet 4ef1b47c4d4a43d8a8fb6f3695dab2eb (DEFAULT_TABLE table=test-workload [id=fcb0af3014d84cba9496a4dd1db2cd06]), partition=RANGE (key) PARTITION 1252698790 <= VALUES < 1431655760
I20260608 12:59:28.883695  1321 data_dirs.cc:400] Could only allocate 1 dirs of requested 3 for tablet 4ef1b47c4d4a43d8a8fb6f3695dab2eb. 1 dirs total, 0 dirs full, 0 dirs failed
I20260608 12:59:28.890407  1320 tablet_service.cc:1511] Processing CreateTablet for tablet 92d63ea8a352452497981c05f6ef5730 (DEFAULT_TABLE table=test-workload [id=fcb0af3014d84cba9496a4dd1db2cd06]), partition=RANGE (key) PARTITION 1431655760 <= VALUES < 1610612730
I20260608 12:59:28.891847  1320 data_dirs.cc:400] Could only allocate 1 dirs of requested 3 for tablet 92d63ea8a352452497981c05f6ef5730. 1 dirs total, 0 dirs full, 0 dirs failed
I20260608 12:59:28.897593  1472 tablet_service.cc:1511] Processing CreateTablet for tablet 92d63ea8a352452497981c05f6ef5730 (DEFAULT_TABLE table=test-workload [id=fcb0af3014d84cba9496a4dd1db2cd06]), partition=RANGE (key) PARTITION 1431655760 <= VALUES < 1610612730
I20260608 12:59:28.916363  1319 tablet_service.cc:1511] Processing CreateTablet for tablet 5ed943b0646c40c192c0b5446f7fab79 (DEFAULT_TABLE table=test-workload [id=fcb0af3014d84cba9496a4dd1db2cd06]), partition=RANGE (key) PARTITION 1610612730 <= VALUES < 1789569700
I20260608 12:59:28.918002  1319 data_dirs.cc:400] Could only allocate 1 dirs of requested 3 for tablet 5ed943b0646c40c192c0b5446f7fab79. 1 dirs total, 0 dirs full, 0 dirs failed
I20260608 12:59:28.917732  1402 tablet_service.cc:1511] Processing CreateTablet for tablet fea4b583271d4b59ac2996c00dd08ebd (DEFAULT_TABLE table=test-workload [id=fcb0af3014d84cba9496a4dd1db2cd06]), partition=RANGE (key) PARTITION 178956970 <= VALUES < 357913940
I20260608 12:59:28.919458  1402 data_dirs.cc:400] Could only allocate 1 dirs of requested 3 for tablet fea4b583271d4b59ac2996c00dd08ebd. 1 dirs total, 0 dirs full, 0 dirs failed
I20260608 12:59:28.921665  1401 tablet_service.cc:1511] Processing CreateTablet for tablet eac13f4d6d9446bdad97cd8abde402af (DEFAULT_TABLE table=test-workload [id=fcb0af3014d84cba9496a4dd1db2cd06]), partition=RANGE (key) PARTITION 357913940 <= VALUES < 536870910
I20260608 12:59:28.923120  1401 data_dirs.cc:400] Could only allocate 1 dirs of requested 3 for tablet eac13f4d6d9446bdad97cd8abde402af. 1 dirs total, 0 dirs full, 0 dirs failed
I20260608 12:59:28.925769  1400 tablet_service.cc:1511] Processing CreateTablet for tablet b024fb71fee74a3cb2ca66c367e2b2be (DEFAULT_TABLE table=test-workload [id=fcb0af3014d84cba9496a4dd1db2cd06]), partition=RANGE (key) PARTITION 536870910 <= VALUES < 715827880
I20260608 12:59:28.927112  1400 data_dirs.cc:400] Could only allocate 1 dirs of requested 3 for tablet b024fb71fee74a3cb2ca66c367e2b2be. 1 dirs total, 0 dirs full, 0 dirs failed
I20260608 12:59:28.928418  1403 tablet_service.cc:1511] Processing CreateTablet for tablet 85c084fc62b9464ab0ac6f574a2151ae (DEFAULT_TABLE table=test-workload [id=fcb0af3014d84cba9496a4dd1db2cd06]), partition=RANGE (key) PARTITION VALUES < 178956970
I20260608 12:59:28.929742  1403 data_dirs.cc:400] Could only allocate 1 dirs of requested 3 for tablet 85c084fc62b9464ab0ac6f574a2151ae. 1 dirs total, 0 dirs full, 0 dirs failed
I20260608 12:59:28.917937  1399 tablet_service.cc:1511] Processing CreateTablet for tablet 6f8bff6ef1654e1f8db830a8682612e6 (DEFAULT_TABLE table=test-workload [id=fcb0af3014d84cba9496a4dd1db2cd06]), partition=RANGE (key) PARTITION 715827880 <= VALUES < 894784850
I20260608 12:59:28.932605  1472 data_dirs.cc:400] Could only allocate 1 dirs of requested 3 for tablet 92d63ea8a352452497981c05f6ef5730. 1 dirs total, 0 dirs full, 0 dirs failed
I20260608 12:59:28.933653  1399 data_dirs.cc:400] Could only allocate 1 dirs of requested 3 for tablet 6f8bff6ef1654e1f8db830a8682612e6. 1 dirs total, 0 dirs full, 0 dirs failed
I20260608 12:59:28.939203  1398 tablet_service.cc:1511] Processing CreateTablet for tablet e46595cec0124e71ac24e6f5962e3c7d (DEFAULT_TABLE table=test-workload [id=fcb0af3014d84cba9496a4dd1db2cd06]), partition=RANGE (key) PARTITION 894784850 <= VALUES < 1073741820
I20260608 12:59:28.940830  1398 data_dirs.cc:400] Could only allocate 1 dirs of requested 3 for tablet e46595cec0124e71ac24e6f5962e3c7d. 1 dirs total, 0 dirs full, 0 dirs failed
I20260608 12:59:28.945835  1397 tablet_service.cc:1511] Processing CreateTablet for tablet 5754605bd55f475d928fa099d6e2d380 (DEFAULT_TABLE table=test-workload [id=fcb0af3014d84cba9496a4dd1db2cd06]), partition=RANGE (key) PARTITION 1073741820 <= VALUES < 1252698790
I20260608 12:59:28.947702  1397 data_dirs.cc:400] Could only allocate 1 dirs of requested 3 for tablet 5754605bd55f475d928fa099d6e2d380. 1 dirs total, 0 dirs full, 0 dirs failed
I20260608 12:59:28.953982  1396 tablet_service.cc:1511] Processing CreateTablet for tablet 4ef1b47c4d4a43d8a8fb6f3695dab2eb (DEFAULT_TABLE table=test-workload [id=fcb0af3014d84cba9496a4dd1db2cd06]), partition=RANGE (key) PARTITION 1252698790 <= VALUES < 1431655760
I20260608 12:59:28.955415  1396 data_dirs.cc:400] Could only allocate 1 dirs of requested 3 for tablet 4ef1b47c4d4a43d8a8fb6f3695dab2eb. 1 dirs total, 0 dirs full, 0 dirs failed
I20260608 12:59:28.957641  1395 tablet_service.cc:1511] Processing CreateTablet for tablet 92d63ea8a352452497981c05f6ef5730 (DEFAULT_TABLE table=test-workload [id=fcb0af3014d84cba9496a4dd1db2cd06]), partition=RANGE (key) PARTITION 1431655760 <= VALUES < 1610612730
I20260608 12:59:28.964973  1533 tablet_bootstrap.cc:492] T 85c084fc62b9464ab0ac6f574a2151ae P b7243d4e11ea42dba3037f25b8b9ee40: Bootstrap starting.
I20260608 12:59:28.960162  1394 tablet_service.cc:1511] Processing CreateTablet for tablet 5ed943b0646c40c192c0b5446f7fab79 (DEFAULT_TABLE table=test-workload [id=fcb0af3014d84cba9496a4dd1db2cd06]), partition=RANGE (key) PARTITION 1610612730 <= VALUES < 1789569700
I20260608 12:59:28.971305  1477 tablet_service.cc:1511] Processing CreateTablet for tablet 5ec71269be824fc2ac7121ee1ac972d6 (DEFAULT_TABLE table=test-workload [id=fcb0af3014d84cba9496a4dd1db2cd06]), partition=RANGE (key) PARTITION 1789569700 <= VALUES < 1968526670
I20260608 12:59:28.972755  1477 data_dirs.cc:400] Could only allocate 1 dirs of requested 3 for tablet 5ec71269be824fc2ac7121ee1ac972d6. 1 dirs total, 0 dirs full, 0 dirs failed
I20260608 12:59:28.979683  1400 tablet_service.cc:1511] Processing CreateTablet for tablet 5ec71269be824fc2ac7121ee1ac972d6 (DEFAULT_TABLE table=test-workload [id=fcb0af3014d84cba9496a4dd1db2cd06]), partition=RANGE (key) PARTITION 1789569700 <= VALUES < 1968526670
I20260608 12:59:28.985324  1476 tablet_service.cc:1511] Processing CreateTablet for tablet 5ed943b0646c40c192c0b5446f7fab79 (DEFAULT_TABLE table=test-workload [id=fcb0af3014d84cba9496a4dd1db2cd06]), partition=RANGE (key) PARTITION 1610612730 <= VALUES < 1789569700
I20260608 12:59:28.986768  1476 data_dirs.cc:400] Could only allocate 1 dirs of requested 3 for tablet 5ed943b0646c40c192c0b5446f7fab79. 1 dirs total, 0 dirs full, 0 dirs failed
I20260608 12:59:28.989874  1394 data_dirs.cc:400] Could only allocate 1 dirs of requested 3 for tablet 5ed943b0646c40c192c0b5446f7fab79. 1 dirs total, 0 dirs full, 0 dirs failed
I20260608 12:59:28.991539  1395 data_dirs.cc:400] Could only allocate 1 dirs of requested 3 for tablet 92d63ea8a352452497981c05f6ef5730. 1 dirs total, 0 dirs full, 0 dirs failed
I20260608 12:59:28.992798  1533 tablet_bootstrap.cc:654] T 85c084fc62b9464ab0ac6f574a2151ae P b7243d4e11ea42dba3037f25b8b9ee40: Neither blocks nor log segments found. Creating new log.
I20260608 12:59:28.991181  1326 tablet_service.cc:1511] Processing CreateTablet for tablet 5ec71269be824fc2ac7121ee1ac972d6 (DEFAULT_TABLE table=test-workload [id=fcb0af3014d84cba9496a4dd1db2cd06]), partition=RANGE (key) PARTITION 1789569700 <= VALUES < 1968526670
I20260608 12:59:28.993978  1326 data_dirs.cc:400] Could only allocate 1 dirs of requested 3 for tablet 5ec71269be824fc2ac7121ee1ac972d6. 1 dirs total, 0 dirs full, 0 dirs failed
I20260608 12:59:28.997035  1322 tablet_service.cc:1511] Processing CreateTablet for tablet 757829bbe11245bba9a4fccd5f68417d (DEFAULT_TABLE table=test-workload [id=fcb0af3014d84cba9496a4dd1db2cd06]), partition=RANGE (key) PARTITION 1968526670 <= VALUES
I20260608 12:59:29.000509  1322 data_dirs.cc:400] Could only allocate 1 dirs of requested 3 for tablet 757829bbe11245bba9a4fccd5f68417d. 1 dirs total, 0 dirs full, 0 dirs failed
I20260608 12:59:29.005695  1400 data_dirs.cc:400] Could only allocate 1 dirs of requested 3 for tablet 5ec71269be824fc2ac7121ee1ac972d6. 1 dirs total, 0 dirs full, 0 dirs failed
I20260608 12:59:29.023965  1471 tablet_service.cc:1511] Processing CreateTablet for tablet 757829bbe11245bba9a4fccd5f68417d (DEFAULT_TABLE table=test-workload [id=fcb0af3014d84cba9496a4dd1db2cd06]), partition=RANGE (key) PARTITION 1968526670 <= VALUES
I20260608 12:59:29.025461  1471 data_dirs.cc:400] Could only allocate 1 dirs of requested 3 for tablet 757829bbe11245bba9a4fccd5f68417d. 1 dirs total, 0 dirs full, 0 dirs failed
I20260608 12:59:29.040037  1535 tablet_bootstrap.cc:492] T 85c084fc62b9464ab0ac6f574a2151ae P 55f47f63e45d46398790a029ceca1e97: Bootstrap starting.
I20260608 12:59:29.046578  1397 tablet_service.cc:1511] Processing CreateTablet for tablet 757829bbe11245bba9a4fccd5f68417d (DEFAULT_TABLE table=test-workload [id=fcb0af3014d84cba9496a4dd1db2cd06]), partition=RANGE (key) PARTITION 1968526670 <= VALUES
I20260608 12:59:29.049366  1397 data_dirs.cc:400] Could only allocate 1 dirs of requested 3 for tablet 757829bbe11245bba9a4fccd5f68417d. 1 dirs total, 0 dirs full, 0 dirs failed
I20260608 12:59:29.093250  1535 tablet_bootstrap.cc:654] T 85c084fc62b9464ab0ac6f574a2151ae P 55f47f63e45d46398790a029ceca1e97: Neither blocks nor log segments found. Creating new log.
I20260608 12:59:29.096861  1534 tablet_bootstrap.cc:492] T 6f8bff6ef1654e1f8db830a8682612e6 P 095b71c2092348d3bb4324f3725710dc: Bootstrap starting.
I20260608 12:59:29.104737  1534 tablet_bootstrap.cc:654] T 6f8bff6ef1654e1f8db830a8682612e6 P 095b71c2092348d3bb4324f3725710dc: Neither blocks nor log segments found. Creating new log.
I20260608 12:59:29.114094  1533 tablet_bootstrap.cc:492] T 85c084fc62b9464ab0ac6f574a2151ae P b7243d4e11ea42dba3037f25b8b9ee40: No bootstrap required, opened a new log
I20260608 12:59:29.114637  1533 ts_tablet_manager.cc:1403] T 85c084fc62b9464ab0ac6f574a2151ae P b7243d4e11ea42dba3037f25b8b9ee40: Time spent bootstrapping tablet: real 0.150s	user 0.044s	sys 0.012s
I20260608 12:59:29.118228  1535 tablet_bootstrap.cc:492] T 85c084fc62b9464ab0ac6f574a2151ae P 55f47f63e45d46398790a029ceca1e97: No bootstrap required, opened a new log
I20260608 12:59:29.117877  1533 raft_consensus.cc:359] T 85c084fc62b9464ab0ac6f574a2151ae P b7243d4e11ea42dba3037f25b8b9ee40 [term 0 FOLLOWER]: Replica starting. Triggering 0 pending ops. Active config: opid_index: -1 OBSOLETE_local: false peers { permanent_uuid: "55f47f63e45d46398790a029ceca1e97" member_type: VOTER last_known_addr { host: "127.28.162.193" port: 36713 } } peers { permanent_uuid: "b7243d4e11ea42dba3037f25b8b9ee40" member_type: VOTER last_known_addr { host: "127.28.162.195" port: 40529 } } peers { permanent_uuid: "095b71c2092348d3bb4324f3725710dc" member_type: VOTER last_known_addr { host: "127.28.162.194" port: 35839 } }
I20260608 12:59:29.118687  1533 raft_consensus.cc:385] T 85c084fc62b9464ab0ac6f574a2151ae P b7243d4e11ea42dba3037f25b8b9ee40 [term 0 FOLLOWER]: Consensus starting up: Expiring failure detector timer to make a prompt election more likely
I20260608 12:59:29.118757  1535 ts_tablet_manager.cc:1403] T 85c084fc62b9464ab0ac6f574a2151ae P 55f47f63e45d46398790a029ceca1e97: Time spent bootstrapping tablet: real 0.079s	user 0.004s	sys 0.008s
I20260608 12:59:29.119011  1533 raft_consensus.cc:740] T 85c084fc62b9464ab0ac6f574a2151ae P b7243d4e11ea42dba3037f25b8b9ee40 [term 0 FOLLOWER]: Becoming Follower/Learner. State: Replica: b7243d4e11ea42dba3037f25b8b9ee40, State: Initialized, Role: FOLLOWER
I20260608 12:59:29.119125  1534 tablet_bootstrap.cc:492] T 6f8bff6ef1654e1f8db830a8682612e6 P 095b71c2092348d3bb4324f3725710dc: No bootstrap required, opened a new log
I20260608 12:59:29.119768  1534 ts_tablet_manager.cc:1403] T 6f8bff6ef1654e1f8db830a8682612e6 P 095b71c2092348d3bb4324f3725710dc: Time spent bootstrapping tablet: real 0.023s	user 0.004s	sys 0.010s
I20260608 12:59:29.119940  1533 consensus_queue.cc:260] T 85c084fc62b9464ab0ac6f574a2151ae P b7243d4e11ea42dba3037f25b8b9ee40 [NON_LEADER]: Queue going to NON_LEADER mode. State: All replicated index: 0, Majority replicated index: 0, Committed index: 0, Last appended: 0.0, Last appended by leader: 0, Current term: 0, Majority size: -1, State: 0, Mode: NON_LEADER, active raft config: opid_index: -1 OBSOLETE_local: false peers { permanent_uuid: "55f47f63e45d46398790a029ceca1e97" member_type: VOTER last_known_addr { host: "127.28.162.193" port: 36713 } } peers { permanent_uuid: "b7243d4e11ea42dba3037f25b8b9ee40" member_type: VOTER last_known_addr { host: "127.28.162.195" port: 40529 } } peers { permanent_uuid: "095b71c2092348d3bb4324f3725710dc" member_type: VOTER last_known_addr { host: "127.28.162.194" port: 35839 } }
I20260608 12:59:29.121757  1535 raft_consensus.cc:359] T 85c084fc62b9464ab0ac6f574a2151ae P 55f47f63e45d46398790a029ceca1e97 [term 0 FOLLOWER]: Replica starting. Triggering 0 pending ops. Active config: opid_index: -1 OBSOLETE_local: false peers { permanent_uuid: "55f47f63e45d46398790a029ceca1e97" member_type: VOTER last_known_addr { host: "127.28.162.193" port: 36713 } } peers { permanent_uuid: "b7243d4e11ea42dba3037f25b8b9ee40" member_type: VOTER last_known_addr { host: "127.28.162.195" port: 40529 } } peers { permanent_uuid: "095b71c2092348d3bb4324f3725710dc" member_type: VOTER last_known_addr { host: "127.28.162.194" port: 35839 } }
I20260608 12:59:29.122538  1535 raft_consensus.cc:385] T 85c084fc62b9464ab0ac6f574a2151ae P 55f47f63e45d46398790a029ceca1e97 [term 0 FOLLOWER]: Consensus starting up: Expiring failure detector timer to make a prompt election more likely
I20260608 12:59:29.122828  1535 raft_consensus.cc:740] T 85c084fc62b9464ab0ac6f574a2151ae P 55f47f63e45d46398790a029ceca1e97 [term 0 FOLLOWER]: Becoming Follower/Learner. State: Replica: 55f47f63e45d46398790a029ceca1e97, State: Initialized, Role: FOLLOWER
I20260608 12:59:29.123178  1533 ts_tablet_manager.cc:1434] T 85c084fc62b9464ab0ac6f574a2151ae P b7243d4e11ea42dba3037f25b8b9ee40: Time spent starting tablet: real 0.008s	user 0.005s	sys 0.004s
I20260608 12:59:29.123127  1534 raft_consensus.cc:359] T 6f8bff6ef1654e1f8db830a8682612e6 P 095b71c2092348d3bb4324f3725710dc [term 0 FOLLOWER]: Replica starting. Triggering 0 pending ops. Active config: opid_index: -1 OBSOLETE_local: false peers { permanent_uuid: "55f47f63e45d46398790a029ceca1e97" member_type: VOTER last_known_addr { host: "127.28.162.193" port: 36713 } } peers { permanent_uuid: "095b71c2092348d3bb4324f3725710dc" member_type: VOTER last_known_addr { host: "127.28.162.194" port: 35839 } } peers { permanent_uuid: "b7243d4e11ea42dba3037f25b8b9ee40" member_type: VOTER last_known_addr { host: "127.28.162.195" port: 40529 } }
I20260608 12:59:29.124006  1534 raft_consensus.cc:385] T 6f8bff6ef1654e1f8db830a8682612e6 P 095b71c2092348d3bb4324f3725710dc [term 0 FOLLOWER]: Consensus starting up: Expiring failure detector timer to make a prompt election more likely
I20260608 12:59:29.123692  1535 consensus_queue.cc:260] T 85c084fc62b9464ab0ac6f574a2151ae P 55f47f63e45d46398790a029ceca1e97 [NON_LEADER]: Queue going to NON_LEADER mode. State: All replicated index: 0, Majority replicated index: 0, Committed index: 0, Last appended: 0.0, Last appended by leader: 0, Current term: 0, Majority size: -1, State: 0, Mode: NON_LEADER, active raft config: opid_index: -1 OBSOLETE_local: false peers { permanent_uuid: "55f47f63e45d46398790a029ceca1e97" member_type: VOTER last_known_addr { host: "127.28.162.193" port: 36713 } } peers { permanent_uuid: "b7243d4e11ea42dba3037f25b8b9ee40" member_type: VOTER last_known_addr { host: "127.28.162.195" port: 40529 } } peers { permanent_uuid: "095b71c2092348d3bb4324f3725710dc" member_type: VOTER last_known_addr { host: "127.28.162.194" port: 35839 } }
I20260608 12:59:29.124331  1533 tablet_bootstrap.cc:492] T 6f8bff6ef1654e1f8db830a8682612e6 P b7243d4e11ea42dba3037f25b8b9ee40: Bootstrap starting.
I20260608 12:59:29.124349  1534 raft_consensus.cc:740] T 6f8bff6ef1654e1f8db830a8682612e6 P 095b71c2092348d3bb4324f3725710dc [term 0 FOLLOWER]: Becoming Follower/Learner. State: Replica: 095b71c2092348d3bb4324f3725710dc, State: Initialized, Role: FOLLOWER
I20260608 12:59:29.125523  1534 consensus_queue.cc:260] T 6f8bff6ef1654e1f8db830a8682612e6 P 095b71c2092348d3bb4324f3725710dc [NON_LEADER]: Queue going to NON_LEADER mode. State: All replicated index: 0, Majority replicated index: 0, Committed index: 0, Last appended: 0.0, Last appended by leader: 0, Current term: 0, Majority size: -1, State: 0, Mode: NON_LEADER, active raft config: opid_index: -1 OBSOLETE_local: false peers { permanent_uuid: "55f47f63e45d46398790a029ceca1e97" member_type: VOTER last_known_addr { host: "127.28.162.193" port: 36713 } } peers { permanent_uuid: "095b71c2092348d3bb4324f3725710dc" member_type: VOTER last_known_addr { host: "127.28.162.194" port: 35839 } } peers { permanent_uuid: "b7243d4e11ea42dba3037f25b8b9ee40" member_type: VOTER last_known_addr { host: "127.28.162.195" port: 40529 } }
I20260608 12:59:29.133385  1533 tablet_bootstrap.cc:654] T 6f8bff6ef1654e1f8db830a8682612e6 P b7243d4e11ea42dba3037f25b8b9ee40: Neither blocks nor log segments found. Creating new log.
I20260608 12:59:29.134408  1535 ts_tablet_manager.cc:1434] T 85c084fc62b9464ab0ac6f574a2151ae P 55f47f63e45d46398790a029ceca1e97: Time spent starting tablet: real 0.015s	user 0.008s	sys 0.006s
I20260608 12:59:29.135114  1534 ts_tablet_manager.cc:1434] T 6f8bff6ef1654e1f8db830a8682612e6 P 095b71c2092348d3bb4324f3725710dc: Time spent starting tablet: real 0.015s	user 0.007s	sys 0.006s
I20260608 12:59:29.138017  1534 tablet_bootstrap.cc:492] T b024fb71fee74a3cb2ca66c367e2b2be P 095b71c2092348d3bb4324f3725710dc: Bootstrap starting.
I20260608 12:59:29.139190  1535 tablet_bootstrap.cc:492] T 5754605bd55f475d928fa099d6e2d380 P 55f47f63e45d46398790a029ceca1e97: Bootstrap starting.
I20260608 12:59:29.145053  1533 tablet_bootstrap.cc:492] T 6f8bff6ef1654e1f8db830a8682612e6 P b7243d4e11ea42dba3037f25b8b9ee40: No bootstrap required, opened a new log
I20260608 12:59:29.144948  1534 tablet_bootstrap.cc:654] T b024fb71fee74a3cb2ca66c367e2b2be P 095b71c2092348d3bb4324f3725710dc: Neither blocks nor log segments found. Creating new log.
I20260608 12:59:29.145571  1533 ts_tablet_manager.cc:1403] T 6f8bff6ef1654e1f8db830a8682612e6 P b7243d4e11ea42dba3037f25b8b9ee40: Time spent bootstrapping tablet: real 0.022s	user 0.010s	sys 0.004s
I20260608 12:59:29.145608  1535 tablet_bootstrap.cc:654] T 5754605bd55f475d928fa099d6e2d380 P 55f47f63e45d46398790a029ceca1e97: Neither blocks nor log segments found. Creating new log.
I20260608 12:59:29.149362  1533 raft_consensus.cc:359] T 6f8bff6ef1654e1f8db830a8682612e6 P b7243d4e11ea42dba3037f25b8b9ee40 [term 0 FOLLOWER]: Replica starting. Triggering 0 pending ops. Active config: opid_index: -1 OBSOLETE_local: false peers { permanent_uuid: "55f47f63e45d46398790a029ceca1e97" member_type: VOTER last_known_addr { host: "127.28.162.193" port: 36713 } } peers { permanent_uuid: "095b71c2092348d3bb4324f3725710dc" member_type: VOTER last_known_addr { host: "127.28.162.194" port: 35839 } } peers { permanent_uuid: "b7243d4e11ea42dba3037f25b8b9ee40" member_type: VOTER last_known_addr { host: "127.28.162.195" port: 40529 } }
I20260608 12:59:29.150346  1533 raft_consensus.cc:385] T 6f8bff6ef1654e1f8db830a8682612e6 P b7243d4e11ea42dba3037f25b8b9ee40 [term 0 FOLLOWER]: Consensus starting up: Expiring failure detector timer to make a prompt election more likely
I20260608 12:59:29.150720  1533 raft_consensus.cc:740] T 6f8bff6ef1654e1f8db830a8682612e6 P b7243d4e11ea42dba3037f25b8b9ee40 [term 0 FOLLOWER]: Becoming Follower/Learner. State: Replica: b7243d4e11ea42dba3037f25b8b9ee40, State: Initialized, Role: FOLLOWER
I20260608 12:59:29.151957  1533 consensus_queue.cc:260] T 6f8bff6ef1654e1f8db830a8682612e6 P b7243d4e11ea42dba3037f25b8b9ee40 [NON_LEADER]: Queue going to NON_LEADER mode. State: All replicated index: 0, Majority replicated index: 0, Committed index: 0, Last appended: 0.0, Last appended by leader: 0, Current term: 0, Majority size: -1, State: 0, Mode: NON_LEADER, active raft config: opid_index: -1 OBSOLETE_local: false peers { permanent_uuid: "55f47f63e45d46398790a029ceca1e97" member_type: VOTER last_known_addr { host: "127.28.162.193" port: 36713 } } peers { permanent_uuid: "095b71c2092348d3bb4324f3725710dc" member_type: VOTER last_known_addr { host: "127.28.162.194" port: 35839 } } peers { permanent_uuid: "b7243d4e11ea42dba3037f25b8b9ee40" member_type: VOTER last_known_addr { host: "127.28.162.195" port: 40529 } }
I20260608 12:59:29.156842  1533 ts_tablet_manager.cc:1434] T 6f8bff6ef1654e1f8db830a8682612e6 P b7243d4e11ea42dba3037f25b8b9ee40: Time spent starting tablet: real 0.011s	user 0.007s	sys 0.002s
I20260608 12:59:29.157884  1533 tablet_bootstrap.cc:492] T b024fb71fee74a3cb2ca66c367e2b2be P b7243d4e11ea42dba3037f25b8b9ee40: Bootstrap starting.
I20260608 12:59:29.158565  1535 tablet_bootstrap.cc:492] T 5754605bd55f475d928fa099d6e2d380 P 55f47f63e45d46398790a029ceca1e97: No bootstrap required, opened a new log
I20260608 12:59:29.158600  1534 tablet_bootstrap.cc:492] T b024fb71fee74a3cb2ca66c367e2b2be P 095b71c2092348d3bb4324f3725710dc: No bootstrap required, opened a new log
I20260608 12:59:29.159356  1534 ts_tablet_manager.cc:1403] T b024fb71fee74a3cb2ca66c367e2b2be P 095b71c2092348d3bb4324f3725710dc: Time spent bootstrapping tablet: real 0.022s	user 0.009s	sys 0.009s
I20260608 12:59:29.159386  1535 ts_tablet_manager.cc:1403] T 5754605bd55f475d928fa099d6e2d380 P 55f47f63e45d46398790a029ceca1e97: Time spent bootstrapping tablet: real 0.020s	user 0.009s	sys 0.007s
I20260608 12:59:29.162724  1534 raft_consensus.cc:359] T b024fb71fee74a3cb2ca66c367e2b2be P 095b71c2092348d3bb4324f3725710dc [term 0 FOLLOWER]: Replica starting. Triggering 0 pending ops. Active config: opid_index: -1 OBSOLETE_local: false peers { permanent_uuid: "55f47f63e45d46398790a029ceca1e97" member_type: VOTER last_known_addr { host: "127.28.162.193" port: 36713 } } peers { permanent_uuid: "095b71c2092348d3bb4324f3725710dc" member_type: VOTER last_known_addr { host: "127.28.162.194" port: 35839 } } peers { permanent_uuid: "b7243d4e11ea42dba3037f25b8b9ee40" member_type: VOTER last_known_addr { host: "127.28.162.195" port: 40529 } }
I20260608 12:59:29.163483  1534 raft_consensus.cc:385] T b024fb71fee74a3cb2ca66c367e2b2be P 095b71c2092348d3bb4324f3725710dc [term 0 FOLLOWER]: Consensus starting up: Expiring failure detector timer to make a prompt election more likely
I20260608 12:59:29.163827  1534 raft_consensus.cc:740] T b024fb71fee74a3cb2ca66c367e2b2be P 095b71c2092348d3bb4324f3725710dc [term 0 FOLLOWER]: Becoming Follower/Learner. State: Replica: 095b71c2092348d3bb4324f3725710dc, State: Initialized, Role: FOLLOWER
I20260608 12:59:29.163940  1535 raft_consensus.cc:359] T 5754605bd55f475d928fa099d6e2d380 P 55f47f63e45d46398790a029ceca1e97 [term 0 FOLLOWER]: Replica starting. Triggering 0 pending ops. Active config: opid_index: -1 OBSOLETE_local: false peers { permanent_uuid: "55f47f63e45d46398790a029ceca1e97" member_type: VOTER last_known_addr { host: "127.28.162.193" port: 36713 } } peers { permanent_uuid: "095b71c2092348d3bb4324f3725710dc" member_type: VOTER last_known_addr { host: "127.28.162.194" port: 35839 } } peers { permanent_uuid: "b7243d4e11ea42dba3037f25b8b9ee40" member_type: VOTER last_known_addr { host: "127.28.162.195" port: 40529 } }
I20260608 12:59:29.164813  1535 raft_consensus.cc:385] T 5754605bd55f475d928fa099d6e2d380 P 55f47f63e45d46398790a029ceca1e97 [term 0 FOLLOWER]: Consensus starting up: Expiring failure detector timer to make a prompt election more likely
I20260608 12:59:29.165305  1535 raft_consensus.cc:740] T 5754605bd55f475d928fa099d6e2d380 P 55f47f63e45d46398790a029ceca1e97 [term 0 FOLLOWER]: Becoming Follower/Learner. State: Replica: 55f47f63e45d46398790a029ceca1e97, State: Initialized, Role: FOLLOWER
I20260608 12:59:29.164769  1534 consensus_queue.cc:260] T b024fb71fee74a3cb2ca66c367e2b2be P 095b71c2092348d3bb4324f3725710dc [NON_LEADER]: Queue going to NON_LEADER mode. State: All replicated index: 0, Majority replicated index: 0, Committed index: 0, Last appended: 0.0, Last appended by leader: 0, Current term: 0, Majority size: -1, State: 0, Mode: NON_LEADER, active raft config: opid_index: -1 OBSOLETE_local: false peers { permanent_uuid: "55f47f63e45d46398790a029ceca1e97" member_type: VOTER last_known_addr { host: "127.28.162.193" port: 36713 } } peers { permanent_uuid: "095b71c2092348d3bb4324f3725710dc" member_type: VOTER last_known_addr { host: "127.28.162.194" port: 35839 } } peers { permanent_uuid: "b7243d4e11ea42dba3037f25b8b9ee40" member_type: VOTER last_known_addr { host: "127.28.162.195" port: 40529 } }
I20260608 12:59:29.166591  1533 tablet_bootstrap.cc:654] T b024fb71fee74a3cb2ca66c367e2b2be P b7243d4e11ea42dba3037f25b8b9ee40: Neither blocks nor log segments found. Creating new log.
I20260608 12:59:29.166232  1535 consensus_queue.cc:260] T 5754605bd55f475d928fa099d6e2d380 P 55f47f63e45d46398790a029ceca1e97 [NON_LEADER]: Queue going to NON_LEADER mode. State: All replicated index: 0, Majority replicated index: 0, Committed index: 0, Last appended: 0.0, Last appended by leader: 0, Current term: 0, Majority size: -1, State: 0, Mode: NON_LEADER, active raft config: opid_index: -1 OBSOLETE_local: false peers { permanent_uuid: "55f47f63e45d46398790a029ceca1e97" member_type: VOTER last_known_addr { host: "127.28.162.193" port: 36713 } } peers { permanent_uuid: "095b71c2092348d3bb4324f3725710dc" member_type: VOTER last_known_addr { host: "127.28.162.194" port: 35839 } } peers { permanent_uuid: "b7243d4e11ea42dba3037f25b8b9ee40" member_type: VOTER last_known_addr { host: "127.28.162.195" port: 40529 } }
I20260608 12:59:29.167414  1534 ts_tablet_manager.cc:1434] T b024fb71fee74a3cb2ca66c367e2b2be P 095b71c2092348d3bb4324f3725710dc: Time spent starting tablet: real 0.008s	user 0.007s	sys 0.000s
I20260608 12:59:29.168447  1534 tablet_bootstrap.cc:492] T 5754605bd55f475d928fa099d6e2d380 P 095b71c2092348d3bb4324f3725710dc: Bootstrap starting.
I20260608 12:59:29.173414  1535 ts_tablet_manager.cc:1434] T 5754605bd55f475d928fa099d6e2d380 P 55f47f63e45d46398790a029ceca1e97: Time spent starting tablet: real 0.013s	user 0.003s	sys 0.003s
I20260608 12:59:29.174721  1535 tablet_bootstrap.cc:492] T eac13f4d6d9446bdad97cd8abde402af P 55f47f63e45d46398790a029ceca1e97: Bootstrap starting.
I20260608 12:59:29.175434  1534 tablet_bootstrap.cc:654] T 5754605bd55f475d928fa099d6e2d380 P 095b71c2092348d3bb4324f3725710dc: Neither blocks nor log segments found. Creating new log.
I20260608 12:59:29.178787  1533 tablet_bootstrap.cc:492] T b024fb71fee74a3cb2ca66c367e2b2be P b7243d4e11ea42dba3037f25b8b9ee40: No bootstrap required, opened a new log
I20260608 12:59:29.179302  1533 ts_tablet_manager.cc:1403] T b024fb71fee74a3cb2ca66c367e2b2be P b7243d4e11ea42dba3037f25b8b9ee40: Time spent bootstrapping tablet: real 0.022s	user 0.015s	sys 0.003s
I20260608 12:59:29.182516  1533 raft_consensus.cc:359] T b024fb71fee74a3cb2ca66c367e2b2be P b7243d4e11ea42dba3037f25b8b9ee40 [term 0 FOLLOWER]: Replica starting. Triggering 0 pending ops. Active config: opid_index: -1 OBSOLETE_local: false peers { permanent_uuid: "55f47f63e45d46398790a029ceca1e97" member_type: VOTER last_known_addr { host: "127.28.162.193" port: 36713 } } peers { permanent_uuid: "095b71c2092348d3bb4324f3725710dc" member_type: VOTER last_known_addr { host: "127.28.162.194" port: 35839 } } peers { permanent_uuid: "b7243d4e11ea42dba3037f25b8b9ee40" member_type: VOTER last_known_addr { host: "127.28.162.195" port: 40529 } }
I20260608 12:59:29.182924  1540 raft_consensus.cc:493] T 5754605bd55f475d928fa099d6e2d380 P 55f47f63e45d46398790a029ceca1e97 [term 0 FOLLOWER]: Starting pre-election (no leader contacted us within the election timeout)
I20260608 12:59:29.183290  1533 raft_consensus.cc:385] T b024fb71fee74a3cb2ca66c367e2b2be P b7243d4e11ea42dba3037f25b8b9ee40 [term 0 FOLLOWER]: Consensus starting up: Expiring failure detector timer to make a prompt election more likely
I20260608 12:59:29.183679  1540 raft_consensus.cc:515] T 5754605bd55f475d928fa099d6e2d380 P 55f47f63e45d46398790a029ceca1e97 [term 0 FOLLOWER]: Starting pre-election with config: opid_index: -1 OBSOLETE_local: false peers { permanent_uuid: "55f47f63e45d46398790a029ceca1e97" member_type: VOTER last_known_addr { host: "127.28.162.193" port: 36713 } } peers { permanent_uuid: "095b71c2092348d3bb4324f3725710dc" member_type: VOTER last_known_addr { host: "127.28.162.194" port: 35839 } } peers { permanent_uuid: "b7243d4e11ea42dba3037f25b8b9ee40" member_type: VOTER last_known_addr { host: "127.28.162.195" port: 40529 } }
I20260608 12:59:29.186895  1540 leader_election.cc:290] T 5754605bd55f475d928fa099d6e2d380 P 55f47f63e45d46398790a029ceca1e97 [CANDIDATE]: Term 1 pre-election: Requested pre-vote from peers 095b71c2092348d3bb4324f3725710dc (127.28.162.194:35839), b7243d4e11ea42dba3037f25b8b9ee40 (127.28.162.195:40529)
I20260608 12:59:29.183656  1533 raft_consensus.cc:740] T b024fb71fee74a3cb2ca66c367e2b2be P b7243d4e11ea42dba3037f25b8b9ee40 [term 0 FOLLOWER]: Becoming Follower/Learner. State: Replica: b7243d4e11ea42dba3037f25b8b9ee40, State: Initialized, Role: FOLLOWER
I20260608 12:59:29.188350  1533 consensus_queue.cc:260] T b024fb71fee74a3cb2ca66c367e2b2be P b7243d4e11ea42dba3037f25b8b9ee40 [NON_LEADER]: Queue going to NON_LEADER mode. State: All replicated index: 0, Majority replicated index: 0, Committed index: 0, Last appended: 0.0, Last appended by leader: 0, Current term: 0, Majority size: -1, State: 0, Mode: NON_LEADER, active raft config: opid_index: -1 OBSOLETE_local: false peers { permanent_uuid: "55f47f63e45d46398790a029ceca1e97" member_type: VOTER last_known_addr { host: "127.28.162.193" port: 36713 } } peers { permanent_uuid: "095b71c2092348d3bb4324f3725710dc" member_type: VOTER last_known_addr { host: "127.28.162.194" port: 35839 } } peers { permanent_uuid: "b7243d4e11ea42dba3037f25b8b9ee40" member_type: VOTER last_known_addr { host: "127.28.162.195" port: 40529 } }
I20260608 12:59:29.193953  1533 ts_tablet_manager.cc:1434] T b024fb71fee74a3cb2ca66c367e2b2be P b7243d4e11ea42dba3037f25b8b9ee40: Time spent starting tablet: real 0.014s	user 0.007s	sys 0.000s
I20260608 12:59:29.195115  1533 tablet_bootstrap.cc:492] T eac13f4d6d9446bdad97cd8abde402af P b7243d4e11ea42dba3037f25b8b9ee40: Bootstrap starting.
I20260608 12:59:29.201921  1535 tablet_bootstrap.cc:654] T eac13f4d6d9446bdad97cd8abde402af P 55f47f63e45d46398790a029ceca1e97: Neither blocks nor log segments found. Creating new log.
I20260608 12:59:29.203622  1533 tablet_bootstrap.cc:654] T eac13f4d6d9446bdad97cd8abde402af P b7243d4e11ea42dba3037f25b8b9ee40: Neither blocks nor log segments found. Creating new log.
I20260608 12:59:29.209527  1534 tablet_bootstrap.cc:492] T 5754605bd55f475d928fa099d6e2d380 P 095b71c2092348d3bb4324f3725710dc: No bootstrap required, opened a new log
I20260608 12:59:29.210194  1534 ts_tablet_manager.cc:1403] T 5754605bd55f475d928fa099d6e2d380 P 095b71c2092348d3bb4324f3725710dc: Time spent bootstrapping tablet: real 0.042s	user 0.013s	sys 0.023s
I20260608 12:59:29.215389  1533 tablet_bootstrap.cc:492] T eac13f4d6d9446bdad97cd8abde402af P b7243d4e11ea42dba3037f25b8b9ee40: No bootstrap required, opened a new log
I20260608 12:59:29.215925  1533 ts_tablet_manager.cc:1403] T eac13f4d6d9446bdad97cd8abde402af P b7243d4e11ea42dba3037f25b8b9ee40: Time spent bootstrapping tablet: real 0.021s	user 0.007s	sys 0.008s
I20260608 12:59:29.217926  1534 raft_consensus.cc:359] T 5754605bd55f475d928fa099d6e2d380 P 095b71c2092348d3bb4324f3725710dc [term 0 FOLLOWER]: Replica starting. Triggering 0 pending ops. Active config: opid_index: -1 OBSOLETE_local: false peers { permanent_uuid: "55f47f63e45d46398790a029ceca1e97" member_type: VOTER last_known_addr { host: "127.28.162.193" port: 36713 } } peers { permanent_uuid: "095b71c2092348d3bb4324f3725710dc" member_type: VOTER last_known_addr { host: "127.28.162.194" port: 35839 } } peers { permanent_uuid: "b7243d4e11ea42dba3037f25b8b9ee40" member_type: VOTER last_known_addr { host: "127.28.162.195" port: 40529 } }
I20260608 12:59:29.218986  1534 raft_consensus.cc:385] T 5754605bd55f475d928fa099d6e2d380 P 095b71c2092348d3bb4324f3725710dc [term 0 FOLLOWER]: Consensus starting up: Expiring failure detector timer to make a prompt election more likely
I20260608 12:59:29.218719  1533 raft_consensus.cc:359] T eac13f4d6d9446bdad97cd8abde402af P b7243d4e11ea42dba3037f25b8b9ee40 [term 0 FOLLOWER]: Replica starting. Triggering 0 pending ops. Active config: opid_index: -1 OBSOLETE_local: false peers { permanent_uuid: "55f47f63e45d46398790a029ceca1e97" member_type: VOTER last_known_addr { host: "127.28.162.193" port: 36713 } } peers { permanent_uuid: "095b71c2092348d3bb4324f3725710dc" member_type: VOTER last_known_addr { host: "127.28.162.194" port: 35839 } } peers { permanent_uuid: "b7243d4e11ea42dba3037f25b8b9ee40" member_type: VOTER last_known_addr { host: "127.28.162.195" port: 40529 } }
I20260608 12:59:29.219481  1533 raft_consensus.cc:385] T eac13f4d6d9446bdad97cd8abde402af P b7243d4e11ea42dba3037f25b8b9ee40 [term 0 FOLLOWER]: Consensus starting up: Expiring failure detector timer to make a prompt election more likely
I20260608 12:59:29.219959  1533 raft_consensus.cc:740] T eac13f4d6d9446bdad97cd8abde402af P b7243d4e11ea42dba3037f25b8b9ee40 [term 0 FOLLOWER]: Becoming Follower/Learner. State: Replica: b7243d4e11ea42dba3037f25b8b9ee40, State: Initialized, Role: FOLLOWER
I20260608 12:59:29.220968  1533 consensus_queue.cc:260] T eac13f4d6d9446bdad97cd8abde402af P b7243d4e11ea42dba3037f25b8b9ee40 [NON_LEADER]: Queue going to NON_LEADER mode. State: All replicated index: 0, Majority replicated index: 0, Committed index: 0, Last appended: 0.0, Last appended by leader: 0, Current term: 0, Majority size: -1, State: 0, Mode: NON_LEADER, active raft config: opid_index: -1 OBSOLETE_local: false peers { permanent_uuid: "55f47f63e45d46398790a029ceca1e97" member_type: VOTER last_known_addr { host: "127.28.162.193" port: 36713 } } peers { permanent_uuid: "095b71c2092348d3bb4324f3725710dc" member_type: VOTER last_known_addr { host: "127.28.162.194" port: 35839 } } peers { permanent_uuid: "b7243d4e11ea42dba3037f25b8b9ee40" member_type: VOTER last_known_addr { host: "127.28.162.195" port: 40529 } }
I20260608 12:59:29.221585  1487 tablet_service.cc:1917] Received RequestConsensusVote() RPC: tablet_id: "5754605bd55f475d928fa099d6e2d380" candidate_uuid: "55f47f63e45d46398790a029ceca1e97" candidate_term: 1 candidate_status { last_received { term: 0 index: 0 } } ignore_live_leader: false dest_uuid: "b7243d4e11ea42dba3037f25b8b9ee40" is_pre_election: true
I20260608 12:59:29.223399  1533 ts_tablet_manager.cc:1434] T eac13f4d6d9446bdad97cd8abde402af P b7243d4e11ea42dba3037f25b8b9ee40: Time spent starting tablet: real 0.007s	user 0.003s	sys 0.001s
W20260608 12:59:29.223557  1304 leader_election.cc:343] T 5754605bd55f475d928fa099d6e2d380 P 55f47f63e45d46398790a029ceca1e97 [CANDIDATE]: Term 1 pre-election: Tablet error from VoteRequest() call to peer b7243d4e11ea42dba3037f25b8b9ee40 (127.28.162.195:40529): Illegal state: must be running to vote when last-logged opid is not known
I20260608 12:59:29.224814  1533 tablet_bootstrap.cc:492] T e46595cec0124e71ac24e6f5962e3c7d P b7243d4e11ea42dba3037f25b8b9ee40: Bootstrap starting.
I20260608 12:59:29.219395  1534 raft_consensus.cc:740] T 5754605bd55f475d928fa099d6e2d380 P 095b71c2092348d3bb4324f3725710dc [term 0 FOLLOWER]: Becoming Follower/Learner. State: Replica: 095b71c2092348d3bb4324f3725710dc, State: Initialized, Role: FOLLOWER
I20260608 12:59:29.227461  1535 tablet_bootstrap.cc:492] T eac13f4d6d9446bdad97cd8abde402af P 55f47f63e45d46398790a029ceca1e97: No bootstrap required, opened a new log
I20260608 12:59:29.228098  1535 ts_tablet_manager.cc:1403] T eac13f4d6d9446bdad97cd8abde402af P 55f47f63e45d46398790a029ceca1e97: Time spent bootstrapping tablet: real 0.054s	user 0.016s	sys 0.014s
I20260608 12:59:29.227666  1534 consensus_queue.cc:260] T 5754605bd55f475d928fa099d6e2d380 P 095b71c2092348d3bb4324f3725710dc [NON_LEADER]: Queue going to NON_LEADER mode. State: All replicated index: 0, Majority replicated index: 0, Committed index: 0, Last appended: 0.0, Last appended by leader: 0, Current term: 0, Majority size: -1, State: 0, Mode: NON_LEADER, active raft config: opid_index: -1 OBSOLETE_local: false peers { permanent_uuid: "55f47f63e45d46398790a029ceca1e97" member_type: VOTER last_known_addr { host: "127.28.162.193" port: 36713 } } peers { permanent_uuid: "095b71c2092348d3bb4324f3725710dc" member_type: VOTER last_known_addr { host: "127.28.162.194" port: 35839 } } peers { permanent_uuid: "b7243d4e11ea42dba3037f25b8b9ee40" member_type: VOTER last_known_addr { host: "127.28.162.195" port: 40529 } }
I20260608 12:59:29.228554  1413 tablet_service.cc:1917] Received RequestConsensusVote() RPC: tablet_id: "5754605bd55f475d928fa099d6e2d380" candidate_uuid: "55f47f63e45d46398790a029ceca1e97" candidate_term: 1 candidate_status { last_received { term: 0 index: 0 } } ignore_live_leader: false dest_uuid: "095b71c2092348d3bb4324f3725710dc" is_pre_election: true
I20260608 12:59:29.229306  1413 raft_consensus.cc:2468] T 5754605bd55f475d928fa099d6e2d380 P 095b71c2092348d3bb4324f3725710dc [term 0 FOLLOWER]: Leader pre-election vote request: Granting yes vote for candidate 55f47f63e45d46398790a029ceca1e97 in term 0.
I20260608 12:59:29.230275  1534 ts_tablet_manager.cc:1434] T 5754605bd55f475d928fa099d6e2d380 P 095b71c2092348d3bb4324f3725710dc: Time spent starting tablet: real 0.020s	user 0.007s	sys 0.001s
I20260608 12:59:29.230952  1303 leader_election.cc:304] T 5754605bd55f475d928fa099d6e2d380 P 55f47f63e45d46398790a029ceca1e97 [CANDIDATE]: Term 1 pre-election: Election decided. Result: candidate won. Election summary: received 3 responses out of 3 voters: 2 yes votes; 1 no votes. yes voters: 095b71c2092348d3bb4324f3725710dc, 55f47f63e45d46398790a029ceca1e97; no voters: b7243d4e11ea42dba3037f25b8b9ee40
I20260608 12:59:29.231339  1534 tablet_bootstrap.cc:492] T 92d63ea8a352452497981c05f6ef5730 P 095b71c2092348d3bb4324f3725710dc: Bootstrap starting.
I20260608 12:59:29.231866  1535 raft_consensus.cc:359] T eac13f4d6d9446bdad97cd8abde402af P 55f47f63e45d46398790a029ceca1e97 [term 0 FOLLOWER]: Replica starting. Triggering 0 pending ops. Active config: opid_index: -1 OBSOLETE_local: false peers { permanent_uuid: "55f47f63e45d46398790a029ceca1e97" member_type: VOTER last_known_addr { host: "127.28.162.193" port: 36713 } } peers { permanent_uuid: "095b71c2092348d3bb4324f3725710dc" member_type: VOTER last_known_addr { host: "127.28.162.194" port: 35839 } } peers { permanent_uuid: "b7243d4e11ea42dba3037f25b8b9ee40" member_type: VOTER last_known_addr { host: "127.28.162.195" port: 40529 } }
I20260608 12:59:29.232280  1540 raft_consensus.cc:2804] T 5754605bd55f475d928fa099d6e2d380 P 55f47f63e45d46398790a029ceca1e97 [term 0 FOLLOWER]: Leader pre-election won for term 1
I20260608 12:59:29.232704  1535 raft_consensus.cc:385] T eac13f4d6d9446bdad97cd8abde402af P 55f47f63e45d46398790a029ceca1e97 [term 0 FOLLOWER]: Consensus starting up: Expiring failure detector timer to make a prompt election more likely
I20260608 12:59:29.232836  1540 raft_consensus.cc:493] T 5754605bd55f475d928fa099d6e2d380 P 55f47f63e45d46398790a029ceca1e97 [term 0 FOLLOWER]: Starting leader election (no leader contacted us within the election timeout)
I20260608 12:59:29.233228  1535 raft_consensus.cc:740] T eac13f4d6d9446bdad97cd8abde402af P 55f47f63e45d46398790a029ceca1e97 [term 0 FOLLOWER]: Becoming Follower/Learner. State: Replica: 55f47f63e45d46398790a029ceca1e97, State: Initialized, Role: FOLLOWER
I20260608 12:59:29.233291  1540 raft_consensus.cc:3060] T 5754605bd55f475d928fa099d6e2d380 P 55f47f63e45d46398790a029ceca1e97 [term 0 FOLLOWER]: Advancing to term 1
I20260608 12:59:29.234366  1535 consensus_queue.cc:260] T eac13f4d6d9446bdad97cd8abde402af P 55f47f63e45d46398790a029ceca1e97 [NON_LEADER]: Queue going to NON_LEADER mode. State: All replicated index: 0, Majority replicated index: 0, Committed index: 0, Last appended: 0.0, Last appended by leader: 0, Current term: 0, Majority size: -1, State: 0, Mode: NON_LEADER, active raft config: opid_index: -1 OBSOLETE_local: false peers { permanent_uuid: "55f47f63e45d46398790a029ceca1e97" member_type: VOTER last_known_addr { host: "127.28.162.193" port: 36713 } } peers { permanent_uuid: "095b71c2092348d3bb4324f3725710dc" member_type: VOTER last_known_addr { host: "127.28.162.194" port: 35839 } } peers { permanent_uuid: "b7243d4e11ea42dba3037f25b8b9ee40" member_type: VOTER last_known_addr { host: "127.28.162.195" port: 40529 } }
I20260608 12:59:29.238626  1534 tablet_bootstrap.cc:654] T 92d63ea8a352452497981c05f6ef5730 P 095b71c2092348d3bb4324f3725710dc: Neither blocks nor log segments found. Creating new log.
I20260608 12:59:29.244334  1539 raft_consensus.cc:493] T eac13f4d6d9446bdad97cd8abde402af P b7243d4e11ea42dba3037f25b8b9ee40 [term 0 FOLLOWER]: Starting pre-election (no leader contacted us within the election timeout)
