W20260608 12:39:03.387765  2472 debug-util.cc:398] Leaking SignalData structure 0x7b0800115540 after lost signal to thread 435
W20260608 12:39:03.388679  2472 debug-util.cc:398] Leaking SignalData structure 0x7b080005fcc0 after lost signal to thread 2107
W20260608 12:39:03.389598  2472 debug-util.cc:398] Leaking SignalData structure 0x7b0800061aa0 after lost signal to thread 2199
W20260608 12:39:03.390384  2472 debug-util.cc:398] Leaking SignalData structure 0x7b08001a9020 after lost signal to thread 2274
W20260608 12:39:03.391189  2472 debug-util.cc:398] Leaking SignalData structure 0x7b08000b14a0 after lost signal to thread 2348
W20260608 12:39:03.392060  2472 debug-util.cc:398] Leaking SignalData structure 0x7b0800065080 after lost signal to thread 2475
I20260608 12:39:03.564265  2249 raft_consensus.cc:1275] T 69146d550b444e6a9043a7a651263713 P 6c908e4834504f42a1465f792ad669f3 [term 2 FOLLOWER]: Refusing update from remote peer e61dc4c310f44d67b8db28747f40157f: Log matching property violated. Preceding OpId in replica: term: 1 index: 1. Preceding OpId from leader: term: 2 index: 2. (index mismatch)
I20260608 12:39:03.565622  2516 consensus_queue.cc:1048] T 69146d550b444e6a9043a7a651263713 P e61dc4c310f44d67b8db28747f40157f [LEADER]: Connected to new peer: Peer: permanent_uuid: "6c908e4834504f42a1465f792ad669f3" member_type: VOTER last_known_addr { host: "127.0.108.2" port: 40311 }, Status: LMP_MISMATCH, Last received: 0.0, Next index: 2, Last known committed idx: 1, Time since last communication: 0.000s
I20260608 12:39:03.576785  2324 raft_consensus.cc:1275] T 69146d550b444e6a9043a7a651263713 P d8c455084faf4192a0fbc177e923b811 [term 2 FOLLOWER]: Refusing update from remote peer e61dc4c310f44d67b8db28747f40157f: Log matching property violated. Preceding OpId in replica: term: 1 index: 1. Preceding OpId from leader: term: 2 index: 2. (index mismatch)
I20260608 12:39:03.578516  2537 consensus_queue.cc:1048] T 69146d550b444e6a9043a7a651263713 P e61dc4c310f44d67b8db28747f40157f [LEADER]: Connected to new peer: Peer: permanent_uuid: "d8c455084faf4192a0fbc177e923b811" member_type: VOTER last_known_addr { host: "127.0.108.3" port: 36119 }, Status: LMP_MISMATCH, Last received: 0.0, Next index: 2, Last known committed idx: 1, Time since last communication: 0.000s
I20260608 12:39:04.965785  2126 auto_leader_rebalancer.cc:140] leader rebalance for table test-workload
I20260608 12:39:04.985051  2175 tablet_service.cc:2072] Received LeaderStepDown RPC: tablet_id: "4abf6dcf942041f5bd377b4467bc200d"
dest_uuid: "e61dc4c310f44d67b8db28747f40157f"
mode: GRACEFUL
new_leader_uuid: "d8c455084faf4192a0fbc177e923b811"
 from {username='slave'} at 127.0.0.1:44580
I20260608 12:39:04.985754  2175 raft_consensus.cc:606] T 4abf6dcf942041f5bd377b4467bc200d P e61dc4c310f44d67b8db28747f40157f [term 1 LEADER]: Received request to transfer leadership to TS d8c455084faf4192a0fbc177e923b811
I20260608 12:39:04.987195  2126 auto_leader_rebalancer.cc:388] table: test-workload, leader rebalance finish, leader transfer count: 1
I20260608 12:39:04.987555  2126 auto_leader_rebalancer.cc:451] All tables' leader rebalancing finished this round
I20260608 12:39:05.481426  2543 raft_consensus.cc:993] T 4abf6dcf942041f5bd377b4467bc200d P e61dc4c310f44d67b8db28747f40157f: : Instructing follower d8c455084faf4192a0fbc177e923b811 to start an election
I20260608 12:39:05.481942  2546 raft_consensus.cc:1081] T 4abf6dcf942041f5bd377b4467bc200d P e61dc4c310f44d67b8db28747f40157f [term 1 LEADER]: Signalling peer d8c455084faf4192a0fbc177e923b811 to start an election
I20260608 12:39:05.483609  2324 tablet_service.cc:2044] Received Run Leader Election RPC: tablet_id: "4abf6dcf942041f5bd377b4467bc200d"
dest_uuid: "d8c455084faf4192a0fbc177e923b811"
 from {username='slave'} at 127.0.0.1:34000
I20260608 12:39:05.484159  2324 raft_consensus.cc:493] T 4abf6dcf942041f5bd377b4467bc200d P d8c455084faf4192a0fbc177e923b811 [term 1 FOLLOWER]: Starting forced leader election (received explicit request)
I20260608 12:39:05.484498  2324 raft_consensus.cc:3060] T 4abf6dcf942041f5bd377b4467bc200d P d8c455084faf4192a0fbc177e923b811 [term 1 FOLLOWER]: Advancing to term 2
I20260608 12:39:05.489382  2324 raft_consensus.cc:515] T 4abf6dcf942041f5bd377b4467bc200d P d8c455084faf4192a0fbc177e923b811 [term 2 FOLLOWER]: Starting forced leader election with config: opid_index: 4 OBSOLETE_local: false peers { permanent_uuid: "e61dc4c310f44d67b8db28747f40157f" member_type: VOTER last_known_addr { host: "127.0.108.1" port: 42457 } } peers { permanent_uuid: "d8c455084faf4192a0fbc177e923b811" member_type: VOTER last_known_addr { host: "127.0.108.3" port: 36119 } } peers { permanent_uuid: "761dfc6def3145c7a6ac54eca98b0906" member_type: VOTER last_known_addr { host: "127.0.108.4" port: 38509 } attrs { promote: false } }
I20260608 12:39:05.491096  2324 leader_election.cc:290] T 4abf6dcf942041f5bd377b4467bc200d P d8c455084faf4192a0fbc177e923b811 [CANDIDATE]: Term 2 election: Requested vote from peers e61dc4c310f44d67b8db28747f40157f (127.0.108.1:42457), 761dfc6def3145c7a6ac54eca98b0906 (127.0.108.4:38509)
I20260608 12:39:05.492115  2175 tablet_service.cc:1917] Received RequestConsensusVote() RPC: tablet_id: "4abf6dcf942041f5bd377b4467bc200d" candidate_uuid: "d8c455084faf4192a0fbc177e923b811" candidate_term: 2 candidate_status { last_received { term: 1 index: 4 } } ignore_live_leader: true dest_uuid: "e61dc4c310f44d67b8db28747f40157f"
I20260608 12:39:05.492254  2451 tablet_service.cc:1917] Received RequestConsensusVote() RPC: tablet_id: "4abf6dcf942041f5bd377b4467bc200d" candidate_uuid: "d8c455084faf4192a0fbc177e923b811" candidate_term: 2 candidate_status { last_received { term: 1 index: 4 } } ignore_live_leader: true dest_uuid: "761dfc6def3145c7a6ac54eca98b0906"
I20260608 12:39:05.492753  2175 raft_consensus.cc:3055] T 4abf6dcf942041f5bd377b4467bc200d P e61dc4c310f44d67b8db28747f40157f [term 1 LEADER]: Stepping down as leader of term 1
I20260608 12:39:05.492753  2451 raft_consensus.cc:3060] T 4abf6dcf942041f5bd377b4467bc200d P 761dfc6def3145c7a6ac54eca98b0906 [term 1 FOLLOWER]: Advancing to term 2
I20260608 12:39:05.493372  2175 raft_consensus.cc:740] T 4abf6dcf942041f5bd377b4467bc200d P e61dc4c310f44d67b8db28747f40157f [term 1 LEADER]: Becoming Follower/Learner. State: Replica: e61dc4c310f44d67b8db28747f40157f, State: Running, Role: LEADER
I20260608 12:39:05.494329  2175 consensus_queue.cc:260] T 4abf6dcf942041f5bd377b4467bc200d P e61dc4c310f44d67b8db28747f40157f [NON_LEADER]: Queue going to NON_LEADER mode. State: All replicated index: 0, Majority replicated index: 4, Committed index: 4, Last appended: 1.4, Last appended by leader: 4, Current term: 1, Majority size: -1, State: 0, Mode: NON_LEADER, active raft config: opid_index: 4 OBSOLETE_local: false peers { permanent_uuid: "e61dc4c310f44d67b8db28747f40157f" member_type: VOTER last_known_addr { host: "127.0.108.1" port: 42457 } } peers { permanent_uuid: "d8c455084faf4192a0fbc177e923b811" member_type: VOTER last_known_addr { host: "127.0.108.3" port: 36119 } } peers { permanent_uuid: "761dfc6def3145c7a6ac54eca98b0906" member_type: VOTER last_known_addr { host: "127.0.108.4" port: 38509 } attrs { promote: false } }
I20260608 12:39:05.495725  2175 raft_consensus.cc:3060] T 4abf6dcf942041f5bd377b4467bc200d P e61dc4c310f44d67b8db28747f40157f [term 1 FOLLOWER]: Advancing to term 2
I20260608 12:39:05.500366  2451 raft_consensus.cc:2468] T 4abf6dcf942041f5bd377b4467bc200d P 761dfc6def3145c7a6ac54eca98b0906 [term 2 FOLLOWER]: Leader election vote request: Granting yes vote for candidate d8c455084faf4192a0fbc177e923b811 in term 2.
I20260608 12:39:05.501726  2289 leader_election.cc:304] T 4abf6dcf942041f5bd377b4467bc200d P d8c455084faf4192a0fbc177e923b811 [CANDIDATE]: Term 2 election: Election decided. Result: candidate won. Election summary: received 2 responses out of 3 voters: 2 yes votes; 0 no votes. yes voters: 761dfc6def3145c7a6ac54eca98b0906, d8c455084faf4192a0fbc177e923b811; no voters: 
I20260608 12:39:05.502399  2175 raft_consensus.cc:2468] T 4abf6dcf942041f5bd377b4467bc200d P e61dc4c310f44d67b8db28747f40157f [term 2 FOLLOWER]: Leader election vote request: Granting yes vote for candidate d8c455084faf4192a0fbc177e923b811 in term 2.
I20260608 12:39:05.503353  2547 raft_consensus.cc:2804] T 4abf6dcf942041f5bd377b4467bc200d P d8c455084faf4192a0fbc177e923b811 [term 2 FOLLOWER]: Leader election won for term 2
I20260608 12:39:05.504341  2547 raft_consensus.cc:697] T 4abf6dcf942041f5bd377b4467bc200d P d8c455084faf4192a0fbc177e923b811 [term 2 LEADER]: Becoming Leader. State: Replica: d8c455084faf4192a0fbc177e923b811, State: Running, Role: LEADER
I20260608 12:39:05.505120  2547 consensus_queue.cc:237] T 4abf6dcf942041f5bd377b4467bc200d P d8c455084faf4192a0fbc177e923b811 [LEADER]: Queue going to LEADER mode. State: All replicated index: 0, Majority replicated index: 4, Committed index: 4, Last appended: 1.4, Last appended by leader: 4, Current term: 2, Majority size: 2, State: 0, Mode: LEADER, active raft config: opid_index: 4 OBSOLETE_local: false peers { permanent_uuid: "e61dc4c310f44d67b8db28747f40157f" member_type: VOTER last_known_addr { host: "127.0.108.1" port: 42457 } } peers { permanent_uuid: "d8c455084faf4192a0fbc177e923b811" member_type: VOTER last_known_addr { host: "127.0.108.3" port: 36119 } } peers { permanent_uuid: "761dfc6def3145c7a6ac54eca98b0906" member_type: VOTER last_known_addr { host: "127.0.108.4" port: 38509 } attrs { promote: false } }
I20260608 12:39:05.511520  2071 catalog_manager.cc:5696] T 4abf6dcf942041f5bd377b4467bc200d P d8c455084faf4192a0fbc177e923b811 reported cstate change: term changed from 1 to 2, leader changed from e61dc4c310f44d67b8db28747f40157f (127.0.108.1) to d8c455084faf4192a0fbc177e923b811 (127.0.108.3). New cstate: current_term: 2 leader_uuid: "d8c455084faf4192a0fbc177e923b811" committed_config { opid_index: 4 OBSOLETE_local: false peers { permanent_uuid: "e61dc4c310f44d67b8db28747f40157f" member_type: VOTER last_known_addr { host: "127.0.108.1" port: 42457 } health_report { overall_health: UNKNOWN } } peers { permanent_uuid: "d8c455084faf4192a0fbc177e923b811" member_type: VOTER last_known_addr { host: "127.0.108.3" port: 36119 } health_report { overall_health: HEALTHY } } peers { permanent_uuid: "761dfc6def3145c7a6ac54eca98b0906" member_type: VOTER last_known_addr { host: "127.0.108.4" port: 38509 } attrs { promote: false } health_report { overall_health: UNKNOWN } } }
I20260608 12:39:06.054988  2175 raft_consensus.cc:1275] T 4abf6dcf942041f5bd377b4467bc200d P e61dc4c310f44d67b8db28747f40157f [term 2 FOLLOWER]: Refusing update from remote peer d8c455084faf4192a0fbc177e923b811: Log matching property violated. Preceding OpId in replica: term: 1 index: 4. Preceding OpId from leader: term: 2 index: 5. (index mismatch)
I20260608 12:39:06.057914  2451 raft_consensus.cc:1275] T 4abf6dcf942041f5bd377b4467bc200d P 761dfc6def3145c7a6ac54eca98b0906 [term 2 FOLLOWER]: Refusing update from remote peer d8c455084faf4192a0fbc177e923b811: Log matching property violated. Preceding OpId in replica: term: 1 index: 4. Preceding OpId from leader: term: 2 index: 5. (index mismatch)
I20260608 12:39:06.057543  2555 consensus_queue.cc:1048] T 4abf6dcf942041f5bd377b4467bc200d P d8c455084faf4192a0fbc177e923b811 [LEADER]: Connected to new peer: Peer: permanent_uuid: "e61dc4c310f44d67b8db28747f40157f" member_type: VOTER last_known_addr { host: "127.0.108.1" port: 42457 }, Status: LMP_MISMATCH, Last received: 0.0, Next index: 5, Last known committed idx: 4, Time since last communication: 0.001s
I20260608 12:39:06.059906  2555 consensus_queue.cc:1048] T 4abf6dcf942041f5bd377b4467bc200d P d8c455084faf4192a0fbc177e923b811 [LEADER]: Connected to new peer: Peer: permanent_uuid: "761dfc6def3145c7a6ac54eca98b0906" member_type: VOTER last_known_addr { host: "127.0.108.4" port: 38509 } attrs { promote: false }, Status: LMP_MISMATCH, Last received: 0.0, Next index: 5, Last known committed idx: 4, Time since last communication: 0.000s
I20260608 12:39:06.988649  2126 auto_leader_rebalancer.cc:140] leader rebalance for table test-workload
I20260608 12:39:06.990911  2126 auto_leader_rebalancer.cc:388] table: test-workload, leader rebalance finish, leader transfer count: 0
I20260608 12:39:06.991360  2126 auto_leader_rebalancer.cc:451] All tables' leader rebalancing finished this round
I20260608 12:39:07.583597   432 tablet_server.cc:179] TabletServer@127.0.108.1:0 shutting down...
I20260608 12:39:07.607918   432 ts_tablet_manager.cc:1507] Shutting down tablet manager...
I20260608 12:39:07.608642   432 tablet_replica.cc:333] T 4abf6dcf942041f5bd377b4467bc200d P e61dc4c310f44d67b8db28747f40157f: stopping tablet replica
I20260608 12:39:07.609200   432 raft_consensus.cc:2243] T 4abf6dcf942041f5bd377b4467bc200d P e61dc4c310f44d67b8db28747f40157f [term 2 FOLLOWER]: Raft consensus shutting down.
I20260608 12:39:07.609668   432 raft_consensus.cc:2272] T 4abf6dcf942041f5bd377b4467bc200d P e61dc4c310f44d67b8db28747f40157f [term 2 FOLLOWER]: Raft consensus is shut down!
I20260608 12:39:07.611603   432 tablet_replica.cc:333] T 69146d550b444e6a9043a7a651263713 P e61dc4c310f44d67b8db28747f40157f: stopping tablet replica
I20260608 12:39:07.612108   432 raft_consensus.cc:2243] T 69146d550b444e6a9043a7a651263713 P e61dc4c310f44d67b8db28747f40157f [term 2 LEADER]: Raft consensus shutting down.
I20260608 12:39:07.612870   432 raft_consensus.cc:2272] T 69146d550b444e6a9043a7a651263713 P e61dc4c310f44d67b8db28747f40157f [term 2 FOLLOWER]: Raft consensus is shut down!
I20260608 12:39:07.636261   432 tablet_server.cc:196] TabletServer@127.0.108.1:0 shutdown complete.
I20260608 12:39:07.649551   432 tablet_server.cc:179] TabletServer@127.0.108.2:0 shutting down...
I20260608 12:39:07.676043   432 ts_tablet_manager.cc:1507] Shutting down tablet manager...
I20260608 12:39:07.676920   432 tablet_replica.cc:333] T 69146d550b444e6a9043a7a651263713 P 6c908e4834504f42a1465f792ad669f3: stopping tablet replica
I20260608 12:39:07.677533   432 raft_consensus.cc:2243] T 69146d550b444e6a9043a7a651263713 P 6c908e4834504f42a1465f792ad669f3 [term 2 FOLLOWER]: Raft consensus shutting down.
I20260608 12:39:07.678076   432 raft_consensus.cc:2272] T 69146d550b444e6a9043a7a651263713 P 6c908e4834504f42a1465f792ad669f3 [term 2 FOLLOWER]: Raft consensus is shut down!
I20260608 12:39:07.700263   432 tablet_server.cc:196] TabletServer@127.0.108.2:0 shutdown complete.
I20260608 12:39:07.712347   432 tablet_server.cc:179] TabletServer@127.0.108.3:0 shutting down...
I20260608 12:39:07.737283   432 ts_tablet_manager.cc:1507] Shutting down tablet manager...
I20260608 12:39:07.738125   432 tablet_replica.cc:333] T 4abf6dcf942041f5bd377b4467bc200d P d8c455084faf4192a0fbc177e923b811: stopping tablet replica
I20260608 12:39:07.738780   432 raft_consensus.cc:2243] T 4abf6dcf942041f5bd377b4467bc200d P d8c455084faf4192a0fbc177e923b811 [term 2 LEADER]: Raft consensus shutting down.
I20260608 12:39:07.739531   432 raft_consensus.cc:2272] T 4abf6dcf942041f5bd377b4467bc200d P d8c455084faf4192a0fbc177e923b811 [term 2 FOLLOWER]: Raft consensus is shut down!
I20260608 12:39:07.741560   432 tablet_replica.cc:333] T 69146d550b444e6a9043a7a651263713 P d8c455084faf4192a0fbc177e923b811: stopping tablet replica
I20260608 12:39:07.742087   432 raft_consensus.cc:2243] T 69146d550b444e6a9043a7a651263713 P d8c455084faf4192a0fbc177e923b811 [term 2 FOLLOWER]: Raft consensus shutting down.
I20260608 12:39:07.742484   432 raft_consensus.cc:2272] T 69146d550b444e6a9043a7a651263713 P d8c455084faf4192a0fbc177e923b811 [term 2 FOLLOWER]: Raft consensus is shut down!
I20260608 12:39:07.764285   432 tablet_server.cc:196] TabletServer@127.0.108.3:0 shutdown complete.
I20260608 12:39:07.776003   432 tablet_server.cc:179] TabletServer@127.0.108.4:0 shutting down...
I20260608 12:39:07.799165   432 ts_tablet_manager.cc:1507] Shutting down tablet manager...
I20260608 12:39:07.800025   432 tablet_replica.cc:333] T 4abf6dcf942041f5bd377b4467bc200d P 761dfc6def3145c7a6ac54eca98b0906: stopping tablet replica
I20260608 12:39:07.800614   432 raft_consensus.cc:2243] T 4abf6dcf942041f5bd377b4467bc200d P 761dfc6def3145c7a6ac54eca98b0906 [term 2 FOLLOWER]: Raft consensus shutting down.
I20260608 12:39:07.801213   432 raft_consensus.cc:2272] T 4abf6dcf942041f5bd377b4467bc200d P 761dfc6def3145c7a6ac54eca98b0906 [term 2 FOLLOWER]: Raft consensus is shut down!
I20260608 12:39:07.839818   432 tablet_server.cc:196] TabletServer@127.0.108.4:0 shutdown complete.
I20260608 12:39:07.850068   432 master.cc:562] Master@127.0.108.62:43499 shutting down...
I20260608 12:39:07.869565   432 raft_consensus.cc:2243] T 00000000000000000000000000000000 P fc41af51e59a48d181640a3f2364b683 [term 1 LEADER]: Raft consensus shutting down.
I20260608 12:39:07.870203   432 raft_consensus.cc:2272] T 00000000000000000000000000000000 P fc41af51e59a48d181640a3f2364b683 [term 1 FOLLOWER]: Raft consensus is shut down!
I20260608 12:39:07.870589   432 tablet_replica.cc:333] T 00000000000000000000000000000000 P fc41af51e59a48d181640a3f2364b683: stopping tablet replica
I20260608 12:39:07.890753   432 master.cc:584] Master@127.0.108.62:43499 shutdown complete.
[       OK ] AutoRebalancerTest.MovesScheduledIfAddTserver (30561 ms)
[ RUN      ] AutoRebalancerTest.NoReplicaMovesIfNoTservers
I20260608 12:39:07.927286   432 internal_mini_cluster.cc:156] Creating distributed mini masters. Addrs: 127.0.108.62:34565
I20260608 12:39:07.928572   432 file_cache.cc:492] Constructed file cache file cache with capacity 419430
W20260608 12:39:07.934626  2565 instance_detector.cc:116] could not retrieve Azure instance metadata: Network error: curl error: HTTP response code said error: The requested URL returned error: 404
W20260608 12:39:07.934708  2564 instance_detector.cc:116] could not retrieve AWS instance metadata: Network error: curl error: HTTP response code said error: The requested URL returned error: 404
W20260608 12:39:07.935271  2567 instance_detector.cc:116] could not retrieve OpenStack instance metadata: Network error: curl error: HTTP response code said error: The requested URL returned error: 404
I20260608 12:39:07.935921   432 server_base.cc:1061] running on GCE node
I20260608 12:39:07.936796   432 hybrid_clock.cc:584] initializing the hybrid clock with 'system_unsync' time source
W20260608 12:39:07.936982   432 system_unsync_time.cc:38] NTP support is disabled. Clock error bounds will not be accurate. This configuration is not suitable for distributed clusters.
I20260608 12:39:07.937098   432 hybrid_clock.cc:648] HybridClock initialized: now 1780922347937087 us; error 0 us; skew 500 ppm
I20260608 12:39:07.937587   432 server_base.cc:861] Flag tcmalloc_max_total_thread_cache_bytes is not working since tcmalloc is not enabled.
I20260608 12:39:07.939930   432 webserver.cc:533] Webserver started at http://127.0.108.62:43193/ using document root <none> and password file <none>
I20260608 12:39:07.940424   432 fs_manager.cc:362] Metadata directory not provided
I20260608 12:39:07.940590   432 fs_manager.cc:368] Using write-ahead log directory (fs_wal_dir) as metadata directory
I20260608 12:39:07.940809   432 server_base.cc:909] This appears to be a new deployment of Kudu; creating new FS layout
I20260608 12:39:07.942217   432 fs_manager.cc:1068] Generated new instance metadata in path /tmp/dist-test-taskn_pomF/test-tmp/auto_rebalancer-test.0.AutoRebalancerTest.NoReplicaMovesIfNoTservers.1780922295386384-432-0/minicluster-data/master-0-root/instance:
uuid: "54dd9e57028a476d993efa00279a09fe"
format_stamp: "Formatted at 2026-06-08 12:39:07 on dist-test-slave-2924"
I20260608 12:39:07.946666   432 fs_manager.cc:696] Time spent creating directory manager: real 0.004s	user 0.006s	sys 0.000s
I20260608 12:39:07.950057  2572 log_block_manager.cc:4031] Time spent loading block containers with low live blocks: real 0.000s	user 0.000s	sys 0.000s
I20260608 12:39:07.950800   432 fs_manager.cc:730] Time spent opening block manager: real 0.002s	user 0.002s	sys 0.000s
I20260608 12:39:07.951112   432 fs_manager.cc:647] Opened local filesystem: /tmp/dist-test-taskn_pomF/test-tmp/auto_rebalancer-test.0.AutoRebalancerTest.NoReplicaMovesIfNoTservers.1780922295386384-432-0/minicluster-data/master-0-root
uuid: "54dd9e57028a476d993efa00279a09fe"
format_stamp: "Formatted at 2026-06-08 12:39:07 on dist-test-slave-2924"
I20260608 12:39:07.951381   432 fs_report.cc:389] FS layout report
--------------------
wal directory: /tmp/dist-test-taskn_pomF/test-tmp/auto_rebalancer-test.0.AutoRebalancerTest.NoReplicaMovesIfNoTservers.1780922295386384-432-0/minicluster-data/master-0-root
metadata directory: /tmp/dist-test-taskn_pomF/test-tmp/auto_rebalancer-test.0.AutoRebalancerTest.NoReplicaMovesIfNoTservers.1780922295386384-432-0/minicluster-data/master-0-root
1 data directories: /tmp/dist-test-taskn_pomF/test-tmp/auto_rebalancer-test.0.AutoRebalancerTest.NoReplicaMovesIfNoTservers.1780922295386384-432-0/minicluster-data/master-0-root/data
Total live blocks: 0
Total live bytes: 0
Total live bytes (after alignment): 0
Total number of LBM containers: 0 (0 full)
Did not check for missing blocks
Did not check for orphaned blocks
Total full LBM containers with extra space: 0 (0 repaired)
Total full LBM container extra space in bytes: 0 (0 repaired)
Total incomplete LBM containers: 0 (0 repaired)
Total LBM partial records: 0 (0 repaired)
Total corrupted LBM metadata records in RocksDB: 0 (0 repaired)
I20260608 12:39:07.977653   432 rpc_server.cc:225] running with OpenSSL 1.1.1  11 Sep 2018
I20260608 12:39:07.978952   432 kserver.cc:163] Server-wide thread pool size limit: 3276
I20260608 12:39:08.016983   432 rpc_server.cc:307] RPC server started. Bound to: 127.0.108.62:34565
I20260608 12:39:08.017081  2623 acceptor_pool.cc:272] collecting diagnostics on the listening RPC socket 127.0.108.62:34565 every 8 connection(s)
I20260608 12:39:08.021231  2624 data_dirs.cc:400] Could only allocate 1 dirs of requested 3 for tablet 00000000000000000000000000000000. 1 dirs total, 0 dirs full, 0 dirs failed
I20260608 12:39:08.031311  2624 tablet_bootstrap.cc:492] T 00000000000000000000000000000000 P 54dd9e57028a476d993efa00279a09fe: Bootstrap starting.
I20260608 12:39:08.036159  2624 tablet_bootstrap.cc:654] T 00000000000000000000000000000000 P 54dd9e57028a476d993efa00279a09fe: Neither blocks nor log segments found. Creating new log.
I20260608 12:39:08.040692  2624 tablet_bootstrap.cc:492] T 00000000000000000000000000000000 P 54dd9e57028a476d993efa00279a09fe: No bootstrap required, opened a new log
I20260608 12:39:08.042879  2624 raft_consensus.cc:359] T 00000000000000000000000000000000 P 54dd9e57028a476d993efa00279a09fe [term 0 FOLLOWER]: Replica starting. Triggering 0 pending ops. Active config: opid_index: -1 OBSOLETE_local: true peers { permanent_uuid: "54dd9e57028a476d993efa00279a09fe" member_type: VOTER }
I20260608 12:39:08.043253  2624 raft_consensus.cc:385] T 00000000000000000000000000000000 P 54dd9e57028a476d993efa00279a09fe [term 0 FOLLOWER]: Consensus starting up: Expiring failure detector timer to make a prompt election more likely
I20260608 12:39:08.043437  2624 raft_consensus.cc:740] T 00000000000000000000000000000000 P 54dd9e57028a476d993efa00279a09fe [term 0 FOLLOWER]: Becoming Follower/Learner. State: Replica: 54dd9e57028a476d993efa00279a09fe, State: Initialized, Role: FOLLOWER
I20260608 12:39:08.044030  2624 consensus_queue.cc:260] T 00000000000000000000000000000000 P 54dd9e57028a476d993efa00279a09fe [NON_LEADER]: Queue going to NON_LEADER mode. State: All replicated index: 0, Majority replicated index: 0, Committed index: 0, Last appended: 0.0, Last appended by leader: 0, Current term: 0, Majority size: -1, State: 0, Mode: NON_LEADER, active raft config: opid_index: -1 OBSOLETE_local: true peers { permanent_uuid: "54dd9e57028a476d993efa00279a09fe" member_type: VOTER }
I20260608 12:39:08.044471  2624 raft_consensus.cc:399] T 00000000000000000000000000000000 P 54dd9e57028a476d993efa00279a09fe [term 0 FOLLOWER]: Only one voter in the Raft config. Triggering election immediately
I20260608 12:39:08.044661  2624 raft_consensus.cc:493] T 00000000000000000000000000000000 P 54dd9e57028a476d993efa00279a09fe [term 0 FOLLOWER]: Starting leader election (initial election of a single-replica configuration)
I20260608 12:39:08.044883  2624 raft_consensus.cc:3060] T 00000000000000000000000000000000 P 54dd9e57028a476d993efa00279a09fe [term 0 FOLLOWER]: Advancing to term 1
I20260608 12:39:08.049074  2624 raft_consensus.cc:515] T 00000000000000000000000000000000 P 54dd9e57028a476d993efa00279a09fe [term 1 FOLLOWER]: Starting leader election with config: opid_index: -1 OBSOLETE_local: true peers { permanent_uuid: "54dd9e57028a476d993efa00279a09fe" member_type: VOTER }
I20260608 12:39:08.049561  2624 leader_election.cc:304] T 00000000000000000000000000000000 P 54dd9e57028a476d993efa00279a09fe [CANDIDATE]: Term 1 election: Election decided. Result: candidate won. Election summary: received 1 responses out of 1 voters: 1 yes votes; 0 no votes. yes voters: 54dd9e57028a476d993efa00279a09fe; no voters: 
I20260608 12:39:08.050630  2624 leader_election.cc:290] T 00000000000000000000000000000000 P 54dd9e57028a476d993efa00279a09fe [CANDIDATE]: Term 1 election: Requested vote from peers 
I20260608 12:39:08.051064  2627 raft_consensus.cc:2804] T 00000000000000000000000000000000 P 54dd9e57028a476d993efa00279a09fe [term 1 FOLLOWER]: Leader election won for term 1
I20260608 12:39:08.052466  2627 raft_consensus.cc:697] T 00000000000000000000000000000000 P 54dd9e57028a476d993efa00279a09fe [term 1 LEADER]: Becoming Leader. State: Replica: 54dd9e57028a476d993efa00279a09fe, State: Running, Role: LEADER
I20260608 12:39:08.053381  2627 consensus_queue.cc:237] T 00000000000000000000000000000000 P 54dd9e57028a476d993efa00279a09fe [LEADER]: Queue going to LEADER mode. State: All replicated index: 0, Majority replicated index: 0, Committed index: 0, Last appended: 0.0, Last appended by leader: 0, Current term: 1, Majority size: 1, State: 0, Mode: LEADER, active raft config: opid_index: -1 OBSOLETE_local: true peers { permanent_uuid: "54dd9e57028a476d993efa00279a09fe" member_type: VOTER }
I20260608 12:39:08.054250  2624 sys_catalog.cc:565] T 00000000000000000000000000000000 P 54dd9e57028a476d993efa00279a09fe [sys.catalog]: configured and running, proceeding with master startup.
I20260608 12:39:08.058202  2628 sys_catalog.cc:455] T 00000000000000000000000000000000 P 54dd9e57028a476d993efa00279a09fe [sys.catalog]: SysCatalogTable state changed. Reason: RaftConsensus started. Latest consensus state: current_term: 1 leader_uuid: "54dd9e57028a476d993efa00279a09fe" committed_config { opid_index: -1 OBSOLETE_local: true peers { permanent_uuid: "54dd9e57028a476d993efa00279a09fe" member_type: VOTER } }
I20260608 12:39:08.059405  2628 sys_catalog.cc:458] T 00000000000000000000000000000000 P 54dd9e57028a476d993efa00279a09fe [sys.catalog]: This master's current role is: LEADER
I20260608 12:39:08.058600  2629 sys_catalog.cc:455] T 00000000000000000000000000000000 P 54dd9e57028a476d993efa00279a09fe [sys.catalog]: SysCatalogTable state changed. Reason: New leader 54dd9e57028a476d993efa00279a09fe. Latest consensus state: current_term: 1 leader_uuid: "54dd9e57028a476d993efa00279a09fe" committed_config { opid_index: -1 OBSOLETE_local: true peers { permanent_uuid: "54dd9e57028a476d993efa00279a09fe" member_type: VOTER } }
I20260608 12:39:08.060995  2629 sys_catalog.cc:458] T 00000000000000000000000000000000 P 54dd9e57028a476d993efa00279a09fe [sys.catalog]: This master's current role is: LEADER
I20260608 12:39:08.061885  2634 catalog_manager.cc:1510] Loading table and tablet metadata into memory...
I20260608 12:39:08.067351  2634 catalog_manager.cc:1519] Initializing Kudu cluster ID...
I20260608 12:39:08.070768   432 internal_mini_cluster.cc:184] Waiting to initialize catalog manager on master 0
I20260608 12:39:08.078258  2634 catalog_manager.cc:1382] Generated new cluster ID: d44d78e35e5a4c2c979083b642849717
I20260608 12:39:08.078552  2634 catalog_manager.cc:1530] Initializing Kudu internal certificate authority...
I20260608 12:39:08.092732  2634 catalog_manager.cc:1405] Generated new certificate authority record
I20260608 12:39:08.094023  2634 catalog_manager.cc:1539] Loading token signing keys...
I20260608 12:39:08.110400  2634 catalog_manager.cc:6069] T 00000000000000000000000000000000 P 54dd9e57028a476d993efa00279a09fe: Generated new TSK 0
I20260608 12:39:08.111032  2634 catalog_manager.cc:1549] Initializing in-progress tserver states...
I20260608 12:39:08.139451   432 internal_mini_cluster.cc:371] 0 TS(s) registered with all masters after 0.000224244s
I20260608 12:39:20.234336   432 master.cc:562] Master@127.0.108.62:34565 shutting down...
I20260608 12:39:20.262960   432 raft_consensus.cc:2243] T 00000000000000000000000000000000 P 54dd9e57028a476d993efa00279a09fe [term 1 LEADER]: Raft consensus shutting down.
I20260608 12:39:20.263815   432 raft_consensus.cc:2272] T 00000000000000000000000000000000 P 54dd9e57028a476d993efa00279a09fe [term 1 FOLLOWER]: Raft consensus is shut down!
I20260608 12:39:20.264279   432 tablet_replica.cc:333] T 00000000000000000000000000000000 P 54dd9e57028a476d993efa00279a09fe: stopping tablet replica
I20260608 12:39:20.283962   432 master.cc:584] Master@127.0.108.62:34565 shutdown complete.
[       OK ] AutoRebalancerTest.NoReplicaMovesIfNoTservers (12386 ms)
[ RUN      ] AutoRebalancerTest.NoReplicaMovesIfNoTablets
I20260608 12:39:20.314266   432 internal_mini_cluster.cc:156] Creating distributed mini masters. Addrs: 127.0.108.62:37777
I20260608 12:39:20.315493   432 file_cache.cc:492] Constructed file cache file cache with capacity 419430
W20260608 12:39:20.321311  2647 instance_detector.cc:116] could not retrieve AWS instance metadata: Network error: curl error: HTTP response code said error: The requested URL returned error: 404
W20260608 12:39:20.321884  2648 instance_detector.cc:116] could not retrieve Azure instance metadata: Network error: curl error: HTTP response code said error: The requested URL returned error: 404
W20260608 12:39:20.322963  2650 instance_detector.cc:116] could not retrieve OpenStack instance metadata: Network error: curl error: HTTP response code said error: The requested URL returned error: 404
I20260608 12:39:20.324337   432 server_base.cc:1061] running on GCE node
I20260608 12:39:20.325053   432 hybrid_clock.cc:584] initializing the hybrid clock with 'system_unsync' time source
W20260608 12:39:20.325225   432 system_unsync_time.cc:38] NTP support is disabled. Clock error bounds will not be accurate. This configuration is not suitable for distributed clusters.
I20260608 12:39:20.325338   432 hybrid_clock.cc:648] HybridClock initialized: now 1780922360325327 us; error 0 us; skew 500 ppm
I20260608 12:39:20.325830   432 server_base.cc:861] Flag tcmalloc_max_total_thread_cache_bytes is not working since tcmalloc is not enabled.
I20260608 12:39:20.328342   432 webserver.cc:533] Webserver started at http://127.0.108.62:45679/ using document root <none> and password file <none>
I20260608 12:39:20.328812   432 fs_manager.cc:362] Metadata directory not provided
I20260608 12:39:20.328984   432 fs_manager.cc:368] Using write-ahead log directory (fs_wal_dir) as metadata directory
I20260608 12:39:20.329195   432 server_base.cc:909] This appears to be a new deployment of Kudu; creating new FS layout
I20260608 12:39:20.330314   432 fs_manager.cc:1068] Generated new instance metadata in path /tmp/dist-test-taskn_pomF/test-tmp/auto_rebalancer-test.0.AutoRebalancerTest.NoReplicaMovesIfNoTablets.1780922295386384-432-0/minicluster-data/master-0-root/instance:
uuid: "90ce6a136f9140e6b310654f9511d7ec"
format_stamp: "Formatted at 2026-06-08 12:39:20 on dist-test-slave-2924"
I20260608 12:39:20.335003   432 fs_manager.cc:696] Time spent creating directory manager: real 0.004s	user 0.004s	sys 0.002s
I20260608 12:39:20.338549  2655 log_block_manager.cc:4031] Time spent loading block containers with low live blocks: real 0.000s	user 0.000s	sys 0.000s
I20260608 12:39:20.339294   432 fs_manager.cc:730] Time spent opening block manager: real 0.002s	user 0.002s	sys 0.000s
I20260608 12:39:20.339582   432 fs_manager.cc:647] Opened local filesystem: /tmp/dist-test-taskn_pomF/test-tmp/auto_rebalancer-test.0.AutoRebalancerTest.NoReplicaMovesIfNoTablets.1780922295386384-432-0/minicluster-data/master-0-root
uuid: "90ce6a136f9140e6b310654f9511d7ec"
format_stamp: "Formatted at 2026-06-08 12:39:20 on dist-test-slave-2924"
I20260608 12:39:20.339939   432 fs_report.cc:389] FS layout report
--------------------
wal directory: /tmp/dist-test-taskn_pomF/test-tmp/auto_rebalancer-test.0.AutoRebalancerTest.NoReplicaMovesIfNoTablets.1780922295386384-432-0/minicluster-data/master-0-root
metadata directory: /tmp/dist-test-taskn_pomF/test-tmp/auto_rebalancer-test.0.AutoRebalancerTest.NoReplicaMovesIfNoTablets.1780922295386384-432-0/minicluster-data/master-0-root
1 data directories: /tmp/dist-test-taskn_pomF/test-tmp/auto_rebalancer-test.0.AutoRebalancerTest.NoReplicaMovesIfNoTablets.1780922295386384-432-0/minicluster-data/master-0-root/data
Total live blocks: 0
Total live bytes: 0
Total live bytes (after alignment): 0
Total number of LBM containers: 0 (0 full)
Did not check for missing blocks
Did not check for orphaned blocks
Total full LBM containers with extra space: 0 (0 repaired)
Total full LBM container extra space in bytes: 0 (0 repaired)
Total incomplete LBM containers: 0 (0 repaired)
Total LBM partial records: 0 (0 repaired)
Total corrupted LBM metadata records in RocksDB: 0 (0 repaired)
I20260608 12:39:20.363523   432 rpc_server.cc:225] running with OpenSSL 1.1.1  11 Sep 2018
I20260608 12:39:20.364902   432 kserver.cc:163] Server-wide thread pool size limit: 3276
I20260608 12:39:20.403545   432 rpc_server.cc:307] RPC server started. Bound to: 127.0.108.62:37777
I20260608 12:39:20.403657  2706 acceptor_pool.cc:272] collecting diagnostics on the listening RPC socket 127.0.108.62:37777 every 8 connection(s)
I20260608 12:39:20.407909  2707 data_dirs.cc:400] Could only allocate 1 dirs of requested 3 for tablet 00000000000000000000000000000000. 1 dirs total, 0 dirs full, 0 dirs failed
I20260608 12:39:20.418947  2707 tablet_bootstrap.cc:492] T 00000000000000000000000000000000 P 90ce6a136f9140e6b310654f9511d7ec: Bootstrap starting.
I20260608 12:39:20.423909  2707 tablet_bootstrap.cc:654] T 00000000000000000000000000000000 P 90ce6a136f9140e6b310654f9511d7ec: Neither blocks nor log segments found. Creating new log.
I20260608 12:39:20.428349  2707 tablet_bootstrap.cc:492] T 00000000000000000000000000000000 P 90ce6a136f9140e6b310654f9511d7ec: No bootstrap required, opened a new log
I20260608 12:39:20.430589  2707 raft_consensus.cc:359] T 00000000000000000000000000000000 P 90ce6a136f9140e6b310654f9511d7ec [term 0 FOLLOWER]: Replica starting. Triggering 0 pending ops. Active config: opid_index: -1 OBSOLETE_local: true peers { permanent_uuid: "90ce6a136f9140e6b310654f9511d7ec" member_type: VOTER }
I20260608 12:39:20.431005  2707 raft_consensus.cc:385] T 00000000000000000000000000000000 P 90ce6a136f9140e6b310654f9511d7ec [term 0 FOLLOWER]: Consensus starting up: Expiring failure detector timer to make a prompt election more likely
I20260608 12:39:20.431187  2707 raft_consensus.cc:740] T 00000000000000000000000000000000 P 90ce6a136f9140e6b310654f9511d7ec [term 0 FOLLOWER]: Becoming Follower/Learner. State: Replica: 90ce6a136f9140e6b310654f9511d7ec, State: Initialized, Role: FOLLOWER
I20260608 12:39:20.432307  2707 consensus_queue.cc:260] T 00000000000000000000000000000000 P 90ce6a136f9140e6b310654f9511d7ec [NON_LEADER]: Queue going to NON_LEADER mode. State: All replicated index: 0, Majority replicated index: 0, Committed index: 0, Last appended: 0.0, Last appended by leader: 0, Current term: 0, Majority size: -1, State: 0, Mode: NON_LEADER, active raft config: opid_index: -1 OBSOLETE_local: true peers { permanent_uuid: "90ce6a136f9140e6b310654f9511d7ec" member_type: VOTER }
I20260608 12:39:20.433000  2710 raft_consensus.cc:493] T 00000000000000000000000000000000 P 90ce6a136f9140e6b310654f9511d7ec [term 0 FOLLOWER]: Starting pre-election (no leader contacted us within the election timeout)
I20260608 12:39:20.433368  2710 raft_consensus.cc:515] T 00000000000000000000000000000000 P 90ce6a136f9140e6b310654f9511d7ec [term 0 FOLLOWER]: Starting pre-election with config: opid_index: -1 OBSOLETE_local: true peers { permanent_uuid: "90ce6a136f9140e6b310654f9511d7ec" member_type: VOTER }
I20260608 12:39:20.432855  2707 raft_consensus.cc:399] T 00000000000000000000000000000000 P 90ce6a136f9140e6b310654f9511d7ec [term 0 FOLLOWER]: Only one voter in the Raft config. Triggering election immediately
I20260608 12:39:20.433933  2710 leader_election.cc:304] T 00000000000000000000000000000000 P 90ce6a136f9140e6b310654f9511d7ec [CANDIDATE]: Term 1 pre-election: Election decided. Result: candidate won. Election summary: received 1 responses out of 1 voters: 1 yes votes; 0 no votes. yes voters: 90ce6a136f9140e6b310654f9511d7ec; no voters: 
I20260608 12:39:20.434090  2707 raft_consensus.cc:493] T 00000000000000000000000000000000 P 90ce6a136f9140e6b310654f9511d7ec [term 0 FOLLOWER]: Starting leader election (initial election of a single-replica configuration)
I20260608 12:39:20.434544  2707 raft_consensus.cc:3060] T 00000000000000000000000000000000 P 90ce6a136f9140e6b310654f9511d7ec [term 0 FOLLOWER]: Advancing to term 1
I20260608 12:39:20.435547  2710 leader_election.cc:290] T 00000000000000000000000000000000 P 90ce6a136f9140e6b310654f9511d7ec [CANDIDATE]: Term 1 pre-election: Requested pre-vote from peers 
I20260608 12:39:20.439592  2707 raft_consensus.cc:515] T 00000000000000000000000000000000 P 90ce6a136f9140e6b310654f9511d7ec [term 1 FOLLOWER]: Starting leader election with config: opid_index: -1 OBSOLETE_local: true peers { permanent_uuid: "90ce6a136f9140e6b310654f9511d7ec" member_type: VOTER }
I20260608 12:39:20.440133  2707 leader_election.cc:304] T 00000000000000000000000000000000 P 90ce6a136f9140e6b310654f9511d7ec [CANDIDATE]: Term 1 election: Election decided. Result: candidate won. Election summary: received 1 responses out of 1 voters: 1 yes votes; 0 no votes. yes voters: 90ce6a136f9140e6b310654f9511d7ec; no voters: 
I20260608 12:39:20.440305  2711 raft_consensus.cc:2764] T 00000000000000000000000000000000 P 90ce6a136f9140e6b310654f9511d7ec [term 1 FOLLOWER]: Leader pre-election decision vote started in defunct term 0: won
I20260608 12:39:20.440745  2707 leader_election.cc:290] T 00000000000000000000000000000000 P 90ce6a136f9140e6b310654f9511d7ec [CANDIDATE]: Term 1 election: Requested vote from peers 
I20260608 12:39:20.441076  2710 raft_consensus.cc:2804] T 00000000000000000000000000000000 P 90ce6a136f9140e6b310654f9511d7ec [term 1 FOLLOWER]: Leader election won for term 1
I20260608 12:39:20.443493  2710 raft_consensus.cc:697] T 00000000000000000000000000000000 P 90ce6a136f9140e6b310654f9511d7ec [term 1 LEADER]: Becoming Leader. State: Replica: 90ce6a136f9140e6b310654f9511d7ec, State: Running, Role: LEADER
I20260608 12:39:20.444368  2710 consensus_queue.cc:237] T 00000000000000000000000000000000 P 90ce6a136f9140e6b310654f9511d7ec [LEADER]: Queue going to LEADER mode. State: All replicated index: 0, Majority replicated index: 0, Committed index: 0, Last appended: 0.0, Last appended by leader: 0, Current term: 1, Majority size: 1, State: 0, Mode: LEADER, active raft config: opid_index: -1 OBSOLETE_local: true peers { permanent_uuid: "90ce6a136f9140e6b310654f9511d7ec" member_type: VOTER }
I20260608 12:39:20.444749  2707 sys_catalog.cc:565] T 00000000000000000000000000000000 P 90ce6a136f9140e6b310654f9511d7ec [sys.catalog]: configured and running, proceeding with master startup.
I20260608 12:39:20.449640  2712 sys_catalog.cc:455] T 00000000000000000000000000000000 P 90ce6a136f9140e6b310654f9511d7ec [sys.catalog]: SysCatalogTable state changed. Reason: RaftConsensus started. Latest consensus state: current_term: 1 leader_uuid: "90ce6a136f9140e6b310654f9511d7ec" committed_config { opid_index: -1 OBSOLETE_local: true peers { permanent_uuid: "90ce6a136f9140e6b310654f9511d7ec" member_type: VOTER } }
I20260608 12:39:20.449674  2713 sys_catalog.cc:455] T 00000000000000000000000000000000 P 90ce6a136f9140e6b310654f9511d7ec [sys.catalog]: SysCatalogTable state changed. Reason: New leader 90ce6a136f9140e6b310654f9511d7ec. Latest consensus state: current_term: 1 leader_uuid: "90ce6a136f9140e6b310654f9511d7ec" committed_config { opid_index: -1 OBSOLETE_local: true peers { permanent_uuid: "90ce6a136f9140e6b310654f9511d7ec" member_type: VOTER } }
I20260608 12:39:20.450711  2712 sys_catalog.cc:458] T 00000000000000000000000000000000 P 90ce6a136f9140e6b310654f9511d7ec [sys.catalog]: This master's current role is: LEADER
I20260608 12:39:20.450775  2713 sys_catalog.cc:458] T 00000000000000000000000000000000 P 90ce6a136f9140e6b310654f9511d7ec [sys.catalog]: This master's current role is: LEADER
I20260608 12:39:20.456542  2718 catalog_manager.cc:1510] Loading table and tablet metadata into memory...
I20260608 12:39:20.461808  2718 catalog_manager.cc:1519] Initializing Kudu cluster ID...
I20260608 12:39:20.464897   432 internal_mini_cluster.cc:184] Waiting to initialize catalog manager on master 0
I20260608 12:39:20.471705  2718 catalog_manager.cc:1382] Generated new cluster ID: fdb4ae28cc3d432d8c1a11fb789c788a
I20260608 12:39:20.471982  2718 catalog_manager.cc:1530] Initializing Kudu internal certificate authority...
I20260608 12:39:20.486371  2718 catalog_manager.cc:1405] Generated new certificate authority record
I20260608 12:39:20.487649  2718 catalog_manager.cc:1539] Loading token signing keys...
I20260608 12:39:20.508287  2718 catalog_manager.cc:6069] T 00000000000000000000000000000000 P 90ce6a136f9140e6b310654f9511d7ec: Generated new TSK 0
I20260608 12:39:20.508872  2718 catalog_manager.cc:1549] Initializing in-progress tserver states...
I20260608 12:39:20.532852   432 file_cache.cc:492] Constructed file cache file cache with capacity 419430
W20260608 12:39:20.539384  2729 instance_detector.cc:116] could not retrieve AWS instance metadata: Network error: curl error: HTTP response code said error: The requested URL returned error: 404
W20260608 12:39:20.540748  2730 instance_detector.cc:116] could not retrieve Azure instance metadata: Network error: curl error: HTTP response code said error: The requested URL returned error: 404
W20260608 12:39:20.542084  2732 instance_detector.cc:116] could not retrieve OpenStack instance metadata: Network error: curl error: HTTP response code said error: The requested URL returned error: 404
I20260608 12:39:20.542735   432 server_base.cc:1061] running on GCE node
I20260608 12:39:20.543630   432 hybrid_clock.cc:584] initializing the hybrid clock with 'system_unsync' time source
W20260608 12:39:20.543814   432 system_unsync_time.cc:38] NTP support is disabled. Clock error bounds will not be accurate. This configuration is not suitable for distributed clusters.
I20260608 12:39:20.544026   432 hybrid_clock.cc:648] HybridClock initialized: now 1780922360544012 us; error 0 us; skew 500 ppm
I20260608 12:39:20.544584   432 server_base.cc:861] Flag tcmalloc_max_total_thread_cache_bytes is not working since tcmalloc is not enabled.
I20260608 12:39:20.546993   432 webserver.cc:533] Webserver started at http://127.0.108.1:41489/ using document root <none> and password file <none>
I20260608 12:39:20.547451   432 fs_manager.cc:362] Metadata directory not provided
I20260608 12:39:20.547606   432 fs_manager.cc:368] Using write-ahead log directory (fs_wal_dir) as metadata directory
I20260608 12:39:20.547821   432 server_base.cc:909] This appears to be a new deployment of Kudu; creating new FS layout
I20260608 12:39:20.549031   432 fs_manager.cc:1068] Generated new instance metadata in path /tmp/dist-test-taskn_pomF/test-tmp/auto_rebalancer-test.0.AutoRebalancerTest.NoReplicaMovesIfNoTablets.1780922295386384-432-0/minicluster-data/ts-0-root/instance:
uuid: "ae8ee4cf3b6444f0b9fc373a7a83a3a6"
format_stamp: "Formatted at 2026-06-08 12:39:20 on dist-test-slave-2924"
I20260608 12:39:20.553679   432 fs_manager.cc:696] Time spent creating directory manager: real 0.004s	user 0.005s	sys 0.000s
I20260608 12:39:20.557195  2737 log_block_manager.cc:4031] Time spent loading block containers with low live blocks: real 0.000s	user 0.000s	sys 0.000s
I20260608 12:39:20.557971   432 fs_manager.cc:730] Time spent opening block manager: real 0.002s	user 0.001s	sys 0.002s
I20260608 12:39:20.558272   432 fs_manager.cc:647] Opened local filesystem: /tmp/dist-test-taskn_pomF/test-tmp/auto_rebalancer-test.0.AutoRebalancerTest.NoReplicaMovesIfNoTablets.1780922295386384-432-0/minicluster-data/ts-0-root
uuid: "ae8ee4cf3b6444f0b9fc373a7a83a3a6"
format_stamp: "Formatted at 2026-06-08 12:39:20 on dist-test-slave-2924"
I20260608 12:39:20.558580   432 fs_report.cc:389] FS layout report
--------------------
wal directory: /tmp/dist-test-taskn_pomF/test-tmp/auto_rebalancer-test.0.AutoRebalancerTest.NoReplicaMovesIfNoTablets.1780922295386384-432-0/minicluster-data/ts-0-root
metadata directory: /tmp/dist-test-taskn_pomF/test-tmp/auto_rebalancer-test.0.AutoRebalancerTest.NoReplicaMovesIfNoTablets.1780922295386384-432-0/minicluster-data/ts-0-root
1 data directories: /tmp/dist-test-taskn_pomF/test-tmp/auto_rebalancer-test.0.AutoRebalancerTest.NoReplicaMovesIfNoTablets.1780922295386384-432-0/minicluster-data/ts-0-root/data
Total live blocks: 0
Total live bytes: 0
Total live bytes (after alignment): 0
Total number of LBM containers: 0 (0 full)
Did not check for missing blocks
Did not check for orphaned blocks
Total full LBM containers with extra space: 0 (0 repaired)
Total full LBM container extra space in bytes: 0 (0 repaired)
Total incomplete LBM containers: 0 (0 repaired)
Total LBM partial records: 0 (0 repaired)
Total corrupted LBM metadata records in RocksDB: 0 (0 repaired)
I20260608 12:39:20.574379   432 rpc_server.cc:225] running with OpenSSL 1.1.1  11 Sep 2018
I20260608 12:39:20.575616   432 kserver.cc:163] Server-wide thread pool size limit: 3276
I20260608 12:39:20.577162   432 txn_system_client.cc:432] TxnSystemClient initialization is disabled...
I20260608 12:39:20.579540   432 ts_tablet_manager.cc:585] Loaded tablet metadata (0 total tablets, 0 live tablets)
I20260608 12:39:20.579789   432 ts_tablet_manager.cc:531] Time spent load tablet metadata: real 0.000s	user 0.000s	sys 0.000s
I20260608 12:39:20.580125   432 ts_tablet_manager.cc:616] Registered 0 tablets
I20260608 12:39:20.580307   432 ts_tablet_manager.cc:595] Time spent register tablets: real 0.000s	user 0.000s	sys 0.000s
I20260608 12:39:20.622022   432 rpc_server.cc:307] RPC server started. Bound to: 127.0.108.1:41769
I20260608 12:39:20.622121  2799 acceptor_pool.cc:272] collecting diagnostics on the listening RPC socket 127.0.108.1:41769 every 8 connection(s)
I20260608 12:39:20.627605   432 file_cache.cc:492] Constructed file cache file cache with capacity 419430
W20260608 12:39:20.635843  2804 instance_detector.cc:116] could not retrieve AWS instance metadata: Network error: curl error: HTTP response code said error: The requested URL returned error: 404
W20260608 12:39:20.637600  2805 instance_detector.cc:116] could not retrieve Azure instance metadata: Network error: curl error: HTTP response code said error: The requested URL returned error: 404
I20260608 12:39:20.640447   432 server_base.cc:1061] running on GCE node
W20260608 12:39:20.641103  2807 instance_detector.cc:116] could not retrieve OpenStack instance metadata: Network error: curl error: HTTP response code said error: The requested URL returned error: 404
I20260608 12:39:20.642299   432 hybrid_clock.cc:584] initializing the hybrid clock with 'system_unsync' time source
W20260608 12:39:20.642647   432 system_unsync_time.cc:38] NTP support is disabled. Clock error bounds will not be accurate. This configuration is not suitable for distributed clusters.
I20260608 12:39:20.642846   432 hybrid_clock.cc:648] HybridClock initialized: now 1780922360642830 us; error 0 us; skew 500 ppm
I20260608 12:39:20.643982   432 server_base.cc:861] Flag tcmalloc_max_total_thread_cache_bytes is not working since tcmalloc is not enabled.
I20260608 12:39:20.646082  2800 heartbeater.cc:344] Connected to a master server at 127.0.108.62:37777
I20260608 12:39:20.646446  2800 heartbeater.cc:461] Registering TS with master...
I20260608 12:39:20.646989   432 webserver.cc:533] Webserver started at http://127.0.108.2:41359/ using document root <none> and password file <none>
I20260608 12:39:20.647217  2800 heartbeater.cc:507] Master 127.0.108.62:37777 requested a full tablet report, sending...
I20260608 12:39:20.647471   432 fs_manager.cc:362] Metadata directory not provided
I20260608 12:39:20.647666   432 fs_manager.cc:368] Using write-ahead log directory (fs_wal_dir) as metadata directory
I20260608 12:39:20.647944   432 server_base.cc:909] This appears to be a new deployment of Kudu; creating new FS layout
I20260608 12:39:20.649394   432 fs_manager.cc:1068] Generated new instance metadata in path /tmp/dist-test-taskn_pomF/test-tmp/auto_rebalancer-test.0.AutoRebalancerTest.NoReplicaMovesIfNoTablets.1780922295386384-432-0/minicluster-data/ts-1-root/instance:
uuid: "3ca4b8961a3547fc8422fcec75a13f90"
format_stamp: "Formatted at 2026-06-08 12:39:20 on dist-test-slave-2924"
I20260608 12:39:20.649534  2672 ts_manager.cc:194] Registered new tserver with Master: ae8ee4cf3b6444f0b9fc373a7a83a3a6 (127.0.108.1:41769)
I20260608 12:39:20.651499  2672 master_service.cc:502] Signed X509 certificate for tserver {username='slave'} at 127.0.0.1:40116
I20260608 12:39:20.654604   432 fs_manager.cc:696] Time spent creating directory manager: real 0.005s	user 0.004s	sys 0.000s
