I20260608 12:58:46.504465 20398 consensus_queue.cc:1048] T 518640b198474a1b81a0e390231bb001 P 17d57847577d4dbf840be36e49823d88 [LEADER]: Connected to new peer: Peer: permanent_uuid: "a8e8a7c9eb79443a996bfb7b7c4adf6e" member_type: VOTER last_known_addr { host: "127.16.160.65" port: 37249 } attrs { replace: true }, Status: LMP_MISMATCH, Last received: 0.0, Next index: 2, Last known committed idx: 1, Time since last communication: 0.000s
I20260608 12:58:46.514593 20251 raft_consensus.cc:2955] T 518640b198474a1b81a0e390231bb001 P 17d57847577d4dbf840be36e49823d88 [term 1 LEADER]: Committing config change with OpId 1.2: config changed from index -1 to 2, NON_VOTER 09dd703d6a1648288fb08e55be6138b7 (127.16.160.68) added. New config: { opid_index: 2 OBSOLETE_local: false peers { permanent_uuid: "a8e8a7c9eb79443a996bfb7b7c4adf6e" member_type: VOTER last_known_addr { host: "127.16.160.65" port: 37249 } attrs { replace: true } } peers { permanent_uuid: "17d57847577d4dbf840be36e49823d88" member_type: VOTER last_known_addr { host: "127.16.160.67" port: 38201 } } peers { permanent_uuid: "2a51454b20754832a28924c8451d8fcb" member_type: VOTER last_known_addr { host: "127.16.160.66" port: 42329 } } peers { permanent_uuid: "09dd703d6a1648288fb08e55be6138b7" member_type: NON_VOTER last_known_addr { host: "127.16.160.68" port: 40435 } attrs { promote: true } } }
I20260608 12:58:46.516830 20014 raft_consensus.cc:2955] T 518640b198474a1b81a0e390231bb001 P a8e8a7c9eb79443a996bfb7b7c4adf6e [term 1 FOLLOWER]: Committing config change with OpId 1.2: config changed from index -1 to 2, NON_VOTER 09dd703d6a1648288fb08e55be6138b7 (127.16.160.68) added. New config: { opid_index: 2 OBSOLETE_local: false peers { permanent_uuid: "a8e8a7c9eb79443a996bfb7b7c4adf6e" member_type: VOTER last_known_addr { host: "127.16.160.65" port: 37249 } attrs { replace: true } } peers { permanent_uuid: "17d57847577d4dbf840be36e49823d88" member_type: VOTER last_known_addr { host: "127.16.160.67" port: 38201 } } peers { permanent_uuid: "2a51454b20754832a28924c8451d8fcb" member_type: VOTER last_known_addr { host: "127.16.160.66" port: 42329 } } peers { permanent_uuid: "09dd703d6a1648288fb08e55be6138b7" member_type: NON_VOTER last_known_addr { host: "127.16.160.68" port: 40435 } attrs { promote: true } } }
I20260608 12:58:46.516875 20089 raft_consensus.cc:2955] T 518640b198474a1b81a0e390231bb001 P 2a51454b20754832a28924c8451d8fcb [term 1 FOLLOWER]: Committing config change with OpId 1.2: config changed from index -1 to 2, NON_VOTER 09dd703d6a1648288fb08e55be6138b7 (127.16.160.68) added. New config: { opid_index: 2 OBSOLETE_local: false peers { permanent_uuid: "a8e8a7c9eb79443a996bfb7b7c4adf6e" member_type: VOTER last_known_addr { host: "127.16.160.65" port: 37249 } attrs { replace: true } } peers { permanent_uuid: "17d57847577d4dbf840be36e49823d88" member_type: VOTER last_known_addr { host: "127.16.160.67" port: 38201 } } peers { permanent_uuid: "2a51454b20754832a28924c8451d8fcb" member_type: VOTER last_known_addr { host: "127.16.160.66" port: 42329 } } peers { permanent_uuid: "09dd703d6a1648288fb08e55be6138b7" member_type: NON_VOTER last_known_addr { host: "127.16.160.68" port: 40435 } attrs { promote: true } } }
I20260608 12:58:46.532033 19909 catalog_manager.cc:5696] T 518640b198474a1b81a0e390231bb001 P 2a51454b20754832a28924c8451d8fcb reported cstate change: config changed from index -1 to 2, NON_VOTER 09dd703d6a1648288fb08e55be6138b7 (127.16.160.68) added. New cstate: current_term: 1 leader_uuid: "17d57847577d4dbf840be36e49823d88" committed_config { opid_index: 2 OBSOLETE_local: false peers { permanent_uuid: "a8e8a7c9eb79443a996bfb7b7c4adf6e" member_type: VOTER last_known_addr { host: "127.16.160.65" port: 37249 } attrs { replace: true } } peers { permanent_uuid: "17d57847577d4dbf840be36e49823d88" member_type: VOTER last_known_addr { host: "127.16.160.67" port: 38201 } } peers { permanent_uuid: "2a51454b20754832a28924c8451d8fcb" member_type: VOTER last_known_addr { host: "127.16.160.66" port: 42329 } } peers { permanent_uuid: "09dd703d6a1648288fb08e55be6138b7" member_type: NON_VOTER last_known_addr { host: "127.16.160.68" port: 40435 } attrs { promote: true } } }
I20260608 12:58:46.547878 20014 consensus_queue.cc:237] T 83130abd98794093b50d1f9aac2523a8 P a8e8a7c9eb79443a996bfb7b7c4adf6e [LEADER]: Queue going to LEADER mode. State: All replicated index: 0, Majority replicated index: 1, Committed index: 1, Last appended: 1.1, Last appended by leader: 0, Current term: 1, Majority size: 2, State: 0, Mode: LEADER, active raft config: opid_index: 2 OBSOLETE_local: false peers { permanent_uuid: "2a51454b20754832a28924c8451d8fcb" member_type: VOTER last_known_addr { host: "127.16.160.66" port: 42329 } } peers { permanent_uuid: "a8e8a7c9eb79443a996bfb7b7c4adf6e" member_type: VOTER last_known_addr { host: "127.16.160.65" port: 37249 } } peers { permanent_uuid: "17d57847577d4dbf840be36e49823d88" member_type: VOTER last_known_addr { host: "127.16.160.67" port: 38201 } attrs { replace: true } } peers { permanent_uuid: "09dd703d6a1648288fb08e55be6138b7" member_type: NON_VOTER last_known_addr { host: "127.16.160.68" port: 40435 } attrs { promote: true } }
W20260608 12:58:46.557142 19977 consensus_peers.cc:597] T 83130abd98794093b50d1f9aac2523a8 P a8e8a7c9eb79443a996bfb7b7c4adf6e -> Peer 09dd703d6a1648288fb08e55be6138b7 (127.16.160.68:40435): Couldn't send request to peer 09dd703d6a1648288fb08e55be6138b7. Error code: TABLET_NOT_FOUND (6). Status: Not found: Tablet not found: 83130abd98794093b50d1f9aac2523a8. This is attempt 1: this message will repeat every 5th retry.
I20260608 12:58:46.557439 20162 raft_consensus.cc:1275] T 83130abd98794093b50d1f9aac2523a8 P 17d57847577d4dbf840be36e49823d88 [term 1 FOLLOWER]: Refusing update from remote peer a8e8a7c9eb79443a996bfb7b7c4adf6e: Log matching property violated. Preceding OpId in replica: term: 1 index: 1. Preceding OpId from leader: term: 1 index: 2. (index mismatch)
I20260608 12:58:46.557649 20089 raft_consensus.cc:1275] T 83130abd98794093b50d1f9aac2523a8 P 2a51454b20754832a28924c8451d8fcb [term 1 FOLLOWER]: Refusing update from remote peer a8e8a7c9eb79443a996bfb7b7c4adf6e: Log matching property violated. Preceding OpId in replica: term: 1 index: 1. Preceding OpId from leader: term: 1 index: 2. (index mismatch)
I20260608 12:58:46.559111 20354 consensus_queue.cc:1048] T 83130abd98794093b50d1f9aac2523a8 P a8e8a7c9eb79443a996bfb7b7c4adf6e [LEADER]: Connected to new peer: Peer: permanent_uuid: "17d57847577d4dbf840be36e49823d88" member_type: VOTER last_known_addr { host: "127.16.160.67" port: 38201 } attrs { replace: true }, Status: LMP_MISMATCH, Last received: 0.0, Next index: 2, Last known committed idx: 1, Time since last communication: 0.000s
I20260608 12:58:46.560109 20386 consensus_queue.cc:1048] T 83130abd98794093b50d1f9aac2523a8 P a8e8a7c9eb79443a996bfb7b7c4adf6e [LEADER]: Connected to new peer: Peer: permanent_uuid: "2a51454b20754832a28924c8451d8fcb" member_type: VOTER last_known_addr { host: "127.16.160.66" port: 42329 }, Status: LMP_MISMATCH, Last received: 0.0, Next index: 2, Last known committed idx: 1, Time since last communication: 0.000s
I20260608 12:58:46.569805 20354 raft_consensus.cc:2955] T 83130abd98794093b50d1f9aac2523a8 P a8e8a7c9eb79443a996bfb7b7c4adf6e [term 1 LEADER]: Committing config change with OpId 1.2: config changed from index -1 to 2, NON_VOTER 09dd703d6a1648288fb08e55be6138b7 (127.16.160.68) added. New config: { opid_index: 2 OBSOLETE_local: false peers { permanent_uuid: "2a51454b20754832a28924c8451d8fcb" member_type: VOTER last_known_addr { host: "127.16.160.66" port: 42329 } } peers { permanent_uuid: "a8e8a7c9eb79443a996bfb7b7c4adf6e" member_type: VOTER last_known_addr { host: "127.16.160.65" port: 37249 } } peers { permanent_uuid: "17d57847577d4dbf840be36e49823d88" member_type: VOTER last_known_addr { host: "127.16.160.67" port: 38201 } attrs { replace: true } } peers { permanent_uuid: "09dd703d6a1648288fb08e55be6138b7" member_type: NON_VOTER last_known_addr { host: "127.16.160.68" port: 40435 } attrs { promote: true } } }
I20260608 12:58:46.574391 20162 raft_consensus.cc:2955] T 83130abd98794093b50d1f9aac2523a8 P 17d57847577d4dbf840be36e49823d88 [term 1 FOLLOWER]: Committing config change with OpId 1.2: config changed from index -1 to 2, NON_VOTER 09dd703d6a1648288fb08e55be6138b7 (127.16.160.68) added. New config: { opid_index: 2 OBSOLETE_local: false peers { permanent_uuid: "2a51454b20754832a28924c8451d8fcb" member_type: VOTER last_known_addr { host: "127.16.160.66" port: 42329 } } peers { permanent_uuid: "a8e8a7c9eb79443a996bfb7b7c4adf6e" member_type: VOTER last_known_addr { host: "127.16.160.65" port: 37249 } } peers { permanent_uuid: "17d57847577d4dbf840be36e49823d88" member_type: VOTER last_known_addr { host: "127.16.160.67" port: 38201 } attrs { replace: true } } peers { permanent_uuid: "09dd703d6a1648288fb08e55be6138b7" member_type: NON_VOTER last_known_addr { host: "127.16.160.68" port: 40435 } attrs { promote: true } } }
I20260608 12:58:46.575901 20089 raft_consensus.cc:2955] T 83130abd98794093b50d1f9aac2523a8 P 2a51454b20754832a28924c8451d8fcb [term 1 FOLLOWER]: Committing config change with OpId 1.2: config changed from index -1 to 2, NON_VOTER 09dd703d6a1648288fb08e55be6138b7 (127.16.160.68) added. New config: { opid_index: 2 OBSOLETE_local: false peers { permanent_uuid: "2a51454b20754832a28924c8451d8fcb" member_type: VOTER last_known_addr { host: "127.16.160.66" port: 42329 } } peers { permanent_uuid: "a8e8a7c9eb79443a996bfb7b7c4adf6e" member_type: VOTER last_known_addr { host: "127.16.160.65" port: 37249 } } peers { permanent_uuid: "17d57847577d4dbf840be36e49823d88" member_type: VOTER last_known_addr { host: "127.16.160.67" port: 38201 } attrs { replace: true } } peers { permanent_uuid: "09dd703d6a1648288fb08e55be6138b7" member_type: NON_VOTER last_known_addr { host: "127.16.160.68" port: 40435 } attrs { promote: true } } }
I20260608 12:58:46.582485 19912 catalog_manager.cc:5696] T 83130abd98794093b50d1f9aac2523a8 P a8e8a7c9eb79443a996bfb7b7c4adf6e reported cstate change: config changed from index -1 to 2, NON_VOTER 09dd703d6a1648288fb08e55be6138b7 (127.16.160.68) added. New cstate: current_term: 1 leader_uuid: "a8e8a7c9eb79443a996bfb7b7c4adf6e" committed_config { opid_index: 2 OBSOLETE_local: false peers { permanent_uuid: "2a51454b20754832a28924c8451d8fcb" member_type: VOTER last_known_addr { host: "127.16.160.66" port: 42329 } health_report { overall_health: HEALTHY } } peers { permanent_uuid: "a8e8a7c9eb79443a996bfb7b7c4adf6e" member_type: VOTER last_known_addr { host: "127.16.160.65" port: 37249 } health_report { overall_health: HEALTHY } } peers { permanent_uuid: "17d57847577d4dbf840be36e49823d88" member_type: VOTER last_known_addr { host: "127.16.160.67" port: 38201 } attrs { replace: true } health_report { overall_health: HEALTHY } } peers { permanent_uuid: "09dd703d6a1648288fb08e55be6138b7" member_type: NON_VOTER last_known_addr { host: "127.16.160.68" port: 40435 } attrs { promote: true } health_report { overall_health: UNKNOWN } } }
I20260608 12:58:46.584391 20014 consensus_queue.cc:237] T ae287194ea65461dae247c366529c9c7 P a8e8a7c9eb79443a996bfb7b7c4adf6e [LEADER]: Queue going to LEADER mode. State: All replicated index: 0, Majority replicated index: 1, Committed index: 1, Last appended: 1.1, Last appended by leader: 0, Current term: 1, Majority size: 2, State: 0, Mode: LEADER, active raft config: opid_index: 2 OBSOLETE_local: false peers { permanent_uuid: "2a51454b20754832a28924c8451d8fcb" member_type: VOTER last_known_addr { host: "127.16.160.66" port: 42329 } attrs { replace: true } } peers { permanent_uuid: "a8e8a7c9eb79443a996bfb7b7c4adf6e" member_type: VOTER last_known_addr { host: "127.16.160.65" port: 37249 } } peers { permanent_uuid: "17d57847577d4dbf840be36e49823d88" member_type: VOTER last_known_addr { host: "127.16.160.67" port: 38201 } } peers { permanent_uuid: "09dd703d6a1648288fb08e55be6138b7" member_type: NON_VOTER last_known_addr { host: "127.16.160.68" port: 40435 } attrs { promote: true } }
I20260608 12:58:46.595338 20089 raft_consensus.cc:1275] T ae287194ea65461dae247c366529c9c7 P 2a51454b20754832a28924c8451d8fcb [term 1 FOLLOWER]: Refusing update from remote peer a8e8a7c9eb79443a996bfb7b7c4adf6e: Log matching property violated. Preceding OpId in replica: term: 1 index: 1. Preceding OpId from leader: term: 1 index: 2. (index mismatch)
W20260608 12:58:46.595952 19977 consensus_peers.cc:597] T ae287194ea65461dae247c366529c9c7 P a8e8a7c9eb79443a996bfb7b7c4adf6e -> Peer 09dd703d6a1648288fb08e55be6138b7 (127.16.160.68:40435): Couldn't send request to peer 09dd703d6a1648288fb08e55be6138b7. Error code: TABLET_NOT_FOUND (6). Status: Not found: Tablet not found: ae287194ea65461dae247c366529c9c7. This is attempt 1: this message will repeat every 5th retry.
I20260608 12:58:46.595965 20162 raft_consensus.cc:1275] T ae287194ea65461dae247c366529c9c7 P 17d57847577d4dbf840be36e49823d88 [term 1 FOLLOWER]: Refusing update from remote peer a8e8a7c9eb79443a996bfb7b7c4adf6e: Log matching property violated. Preceding OpId in replica: term: 1 index: 1. Preceding OpId from leader: term: 1 index: 2. (index mismatch)
I20260608 12:58:46.597258 20386 consensus_queue.cc:1048] T ae287194ea65461dae247c366529c9c7 P a8e8a7c9eb79443a996bfb7b7c4adf6e [LEADER]: Connected to new peer: Peer: permanent_uuid: "2a51454b20754832a28924c8451d8fcb" member_type: VOTER last_known_addr { host: "127.16.160.66" port: 42329 } attrs { replace: true }, Status: LMP_MISMATCH, Last received: 0.0, Next index: 2, Last known committed idx: 1, Time since last communication: 0.000s
I20260608 12:58:46.598261 20241 consensus_queue.cc:1048] T ae287194ea65461dae247c366529c9c7 P a8e8a7c9eb79443a996bfb7b7c4adf6e [LEADER]: Connected to new peer: Peer: permanent_uuid: "17d57847577d4dbf840be36e49823d88" member_type: VOTER last_known_addr { host: "127.16.160.67" port: 38201 }, Status: LMP_MISMATCH, Last received: 0.0, Next index: 2, Last known committed idx: 1, Time since last communication: 0.000s
I20260608 12:58:46.610075 20241 raft_consensus.cc:2955] T ae287194ea65461dae247c366529c9c7 P a8e8a7c9eb79443a996bfb7b7c4adf6e [term 1 LEADER]: Committing config change with OpId 1.2: config changed from index -1 to 2, NON_VOTER 09dd703d6a1648288fb08e55be6138b7 (127.16.160.68) added. New config: { opid_index: 2 OBSOLETE_local: false peers { permanent_uuid: "2a51454b20754832a28924c8451d8fcb" member_type: VOTER last_known_addr { host: "127.16.160.66" port: 42329 } attrs { replace: true } } peers { permanent_uuid: "a8e8a7c9eb79443a996bfb7b7c4adf6e" member_type: VOTER last_known_addr { host: "127.16.160.65" port: 37249 } } peers { permanent_uuid: "17d57847577d4dbf840be36e49823d88" member_type: VOTER last_known_addr { host: "127.16.160.67" port: 38201 } } peers { permanent_uuid: "09dd703d6a1648288fb08e55be6138b7" member_type: NON_VOTER last_known_addr { host: "127.16.160.68" port: 40435 } attrs { promote: true } } }
I20260608 12:58:46.612079 20162 raft_consensus.cc:2955] T ae287194ea65461dae247c366529c9c7 P 17d57847577d4dbf840be36e49823d88 [term 1 FOLLOWER]: Committing config change with OpId 1.2: config changed from index -1 to 2, NON_VOTER 09dd703d6a1648288fb08e55be6138b7 (127.16.160.68) added. New config: { opid_index: 2 OBSOLETE_local: false peers { permanent_uuid: "2a51454b20754832a28924c8451d8fcb" member_type: VOTER last_known_addr { host: "127.16.160.66" port: 42329 } attrs { replace: true } } peers { permanent_uuid: "a8e8a7c9eb79443a996bfb7b7c4adf6e" member_type: VOTER last_known_addr { host: "127.16.160.65" port: 37249 } } peers { permanent_uuid: "17d57847577d4dbf840be36e49823d88" member_type: VOTER last_known_addr { host: "127.16.160.67" port: 38201 } } peers { permanent_uuid: "09dd703d6a1648288fb08e55be6138b7" member_type: NON_VOTER last_known_addr { host: "127.16.160.68" port: 40435 } attrs { promote: true } } }
I20260608 12:58:46.614197 20089 raft_consensus.cc:2955] T ae287194ea65461dae247c366529c9c7 P 2a51454b20754832a28924c8451d8fcb [term 1 FOLLOWER]: Committing config change with OpId 1.2: config changed from index -1 to 2, NON_VOTER 09dd703d6a1648288fb08e55be6138b7 (127.16.160.68) added. New config: { opid_index: 2 OBSOLETE_local: false peers { permanent_uuid: "2a51454b20754832a28924c8451d8fcb" member_type: VOTER last_known_addr { host: "127.16.160.66" port: 42329 } attrs { replace: true } } peers { permanent_uuid: "a8e8a7c9eb79443a996bfb7b7c4adf6e" member_type: VOTER last_known_addr { host: "127.16.160.65" port: 37249 } } peers { permanent_uuid: "17d57847577d4dbf840be36e49823d88" member_type: VOTER last_known_addr { host: "127.16.160.67" port: 38201 } } peers { permanent_uuid: "09dd703d6a1648288fb08e55be6138b7" member_type: NON_VOTER last_known_addr { host: "127.16.160.68" port: 40435 } attrs { promote: true } } }
I20260608 12:58:46.625458 19911 catalog_manager.cc:5696] T ae287194ea65461dae247c366529c9c7 P a8e8a7c9eb79443a996bfb7b7c4adf6e reported cstate change: config changed from index -1 to 2, NON_VOTER 09dd703d6a1648288fb08e55be6138b7 (127.16.160.68) added. New cstate: current_term: 1 leader_uuid: "a8e8a7c9eb79443a996bfb7b7c4adf6e" committed_config { opid_index: 2 OBSOLETE_local: false peers { permanent_uuid: "2a51454b20754832a28924c8451d8fcb" member_type: VOTER last_known_addr { host: "127.16.160.66" port: 42329 } attrs { replace: true } health_report { overall_health: HEALTHY } } peers { permanent_uuid: "a8e8a7c9eb79443a996bfb7b7c4adf6e" member_type: VOTER last_known_addr { host: "127.16.160.65" port: 37249 } health_report { overall_health: HEALTHY } } peers { permanent_uuid: "17d57847577d4dbf840be36e49823d88" member_type: VOTER last_known_addr { host: "127.16.160.67" port: 38201 } health_report { overall_health: HEALTHY } } peers { permanent_uuid: "09dd703d6a1648288fb08e55be6138b7" member_type: NON_VOTER last_known_addr { host: "127.16.160.68" port: 40435 } attrs { promote: true } health_report { overall_health: UNKNOWN } } }
I20260608 12:58:46.640674 20089 consensus_queue.cc:237] T dca12c2cde03466680367187a713bbbc P 2a51454b20754832a28924c8451d8fcb [LEADER]: Queue going to LEADER mode. State: All replicated index: 0, Majority replicated index: 1, Committed index: 1, Last appended: 1.1, Last appended by leader: 0, Current term: 1, Majority size: 2, State: 0, Mode: LEADER, active raft config: opid_index: 2 OBSOLETE_local: false peers { permanent_uuid: "a8e8a7c9eb79443a996bfb7b7c4adf6e" member_type: VOTER last_known_addr { host: "127.16.160.65" port: 37249 } attrs { replace: true } } peers { permanent_uuid: "2a51454b20754832a28924c8451d8fcb" member_type: VOTER last_known_addr { host: "127.16.160.66" port: 42329 } } peers { permanent_uuid: "17d57847577d4dbf840be36e49823d88" member_type: VOTER last_known_addr { host: "127.16.160.67" port: 38201 } } peers { permanent_uuid: "09dd703d6a1648288fb08e55be6138b7" member_type: NON_VOTER last_known_addr { host: "127.16.160.68" port: 40435 } attrs { promote: true } }
I20260608 12:58:46.649861 20014 raft_consensus.cc:1275] T dca12c2cde03466680367187a713bbbc P a8e8a7c9eb79443a996bfb7b7c4adf6e [term 1 FOLLOWER]: Refusing update from remote peer 2a51454b20754832a28924c8451d8fcb: Log matching property violated. Preceding OpId in replica: term: 1 index: 1. Preceding OpId from leader: term: 1 index: 2. (index mismatch)
W20260608 12:58:46.651361 20052 consensus_peers.cc:597] T dca12c2cde03466680367187a713bbbc P 2a51454b20754832a28924c8451d8fcb -> Peer 09dd703d6a1648288fb08e55be6138b7 (127.16.160.68:40435): Couldn't send request to peer 09dd703d6a1648288fb08e55be6138b7. Error code: TABLET_NOT_FOUND (6). Status: Not found: Tablet not found: dca12c2cde03466680367187a713bbbc. This is attempt 1: this message will repeat every 5th retry.
I20260608 12:58:46.652624 20162 raft_consensus.cc:1275] T dca12c2cde03466680367187a713bbbc P 17d57847577d4dbf840be36e49823d88 [term 1 FOLLOWER]: Refusing update from remote peer 2a51454b20754832a28924c8451d8fcb: Log matching property violated. Preceding OpId in replica: term: 1 index: 1. Preceding OpId from leader: term: 1 index: 2. (index mismatch)
I20260608 12:58:46.652009 20408 consensus_queue.cc:1048] T dca12c2cde03466680367187a713bbbc P 2a51454b20754832a28924c8451d8fcb [LEADER]: Connected to new peer: Peer: permanent_uuid: "a8e8a7c9eb79443a996bfb7b7c4adf6e" member_type: VOTER last_known_addr { host: "127.16.160.65" port: 37249 } attrs { replace: true }, Status: LMP_MISMATCH, Last received: 0.0, Next index: 2, Last known committed idx: 1, Time since last communication: 0.001s
I20260608 12:58:46.654229 20460 consensus_queue.cc:1048] T dca12c2cde03466680367187a713bbbc P 2a51454b20754832a28924c8451d8fcb [LEADER]: Connected to new peer: Peer: permanent_uuid: "17d57847577d4dbf840be36e49823d88" member_type: VOTER last_known_addr { host: "127.16.160.67" port: 38201 }, Status: LMP_MISMATCH, Last received: 0.0, Next index: 2, Last known committed idx: 1, Time since last communication: 0.000s
I20260608 12:58:46.665293 20408 raft_consensus.cc:2955] T dca12c2cde03466680367187a713bbbc P 2a51454b20754832a28924c8451d8fcb [term 1 LEADER]: Committing config change with OpId 1.2: config changed from index -1 to 2, NON_VOTER 09dd703d6a1648288fb08e55be6138b7 (127.16.160.68) added. New config: { opid_index: 2 OBSOLETE_local: false peers { permanent_uuid: "a8e8a7c9eb79443a996bfb7b7c4adf6e" member_type: VOTER last_known_addr { host: "127.16.160.65" port: 37249 } attrs { replace: true } } peers { permanent_uuid: "2a51454b20754832a28924c8451d8fcb" member_type: VOTER last_known_addr { host: "127.16.160.66" port: 42329 } } peers { permanent_uuid: "17d57847577d4dbf840be36e49823d88" member_type: VOTER last_known_addr { host: "127.16.160.67" port: 38201 } } peers { permanent_uuid: "09dd703d6a1648288fb08e55be6138b7" member_type: NON_VOTER last_known_addr { host: "127.16.160.68" port: 40435 } attrs { promote: true } } }
I20260608 12:58:46.667338 20162 raft_consensus.cc:2955] T dca12c2cde03466680367187a713bbbc P 17d57847577d4dbf840be36e49823d88 [term 1 FOLLOWER]: Committing config change with OpId 1.2: config changed from index -1 to 2, NON_VOTER 09dd703d6a1648288fb08e55be6138b7 (127.16.160.68) added. New config: { opid_index: 2 OBSOLETE_local: false peers { permanent_uuid: "a8e8a7c9eb79443a996bfb7b7c4adf6e" member_type: VOTER last_known_addr { host: "127.16.160.65" port: 37249 } attrs { replace: true } } peers { permanent_uuid: "2a51454b20754832a28924c8451d8fcb" member_type: VOTER last_known_addr { host: "127.16.160.66" port: 42329 } } peers { permanent_uuid: "17d57847577d4dbf840be36e49823d88" member_type: VOTER last_known_addr { host: "127.16.160.67" port: 38201 } } peers { permanent_uuid: "09dd703d6a1648288fb08e55be6138b7" member_type: NON_VOTER last_known_addr { host: "127.16.160.68" port: 40435 } attrs { promote: true } } }
I20260608 12:58:46.668622 20014 raft_consensus.cc:2955] T dca12c2cde03466680367187a713bbbc P a8e8a7c9eb79443a996bfb7b7c4adf6e [term 1 FOLLOWER]: Committing config change with OpId 1.2: config changed from index -1 to 2, NON_VOTER 09dd703d6a1648288fb08e55be6138b7 (127.16.160.68) added. New config: { opid_index: 2 OBSOLETE_local: false peers { permanent_uuid: "a8e8a7c9eb79443a996bfb7b7c4adf6e" member_type: VOTER last_known_addr { host: "127.16.160.65" port: 37249 } attrs { replace: true } } peers { permanent_uuid: "2a51454b20754832a28924c8451d8fcb" member_type: VOTER last_known_addr { host: "127.16.160.66" port: 42329 } } peers { permanent_uuid: "17d57847577d4dbf840be36e49823d88" member_type: VOTER last_known_addr { host: "127.16.160.67" port: 38201 } } peers { permanent_uuid: "09dd703d6a1648288fb08e55be6138b7" member_type: NON_VOTER last_known_addr { host: "127.16.160.68" port: 40435 } attrs { promote: true } } }
I20260608 12:58:46.687003 19909 catalog_manager.cc:5696] T dca12c2cde03466680367187a713bbbc P 2a51454b20754832a28924c8451d8fcb reported cstate change: config changed from index -1 to 2, NON_VOTER 09dd703d6a1648288fb08e55be6138b7 (127.16.160.68) added. New cstate: current_term: 1 leader_uuid: "2a51454b20754832a28924c8451d8fcb" committed_config { opid_index: 2 OBSOLETE_local: false peers { permanent_uuid: "a8e8a7c9eb79443a996bfb7b7c4adf6e" member_type: VOTER last_known_addr { host: "127.16.160.65" port: 37249 } attrs { replace: true } health_report { overall_health: HEALTHY } } peers { permanent_uuid: "2a51454b20754832a28924c8451d8fcb" member_type: VOTER last_known_addr { host: "127.16.160.66" port: 42329 } health_report { overall_health: HEALTHY } } peers { permanent_uuid: "17d57847577d4dbf840be36e49823d88" member_type: VOTER last_known_addr { host: "127.16.160.67" port: 38201 } health_report { overall_health: HEALTHY } } peers { permanent_uuid: "09dd703d6a1648288fb08e55be6138b7" member_type: NON_VOTER last_known_addr { host: "127.16.160.68" port: 40435 } attrs { promote: true } health_report { overall_health: UNKNOWN } } }
I20260608 12:58:46.908849 20463 ts_tablet_manager.cc:933] T 518640b198474a1b81a0e390231bb001 P 09dd703d6a1648288fb08e55be6138b7: Initiating tablet copy from peer 17d57847577d4dbf840be36e49823d88 (127.16.160.67:38201)
I20260608 12:58:46.910905 20463 tablet_copy_client.cc:323] T 518640b198474a1b81a0e390231bb001 P 09dd703d6a1648288fb08e55be6138b7: tablet copy: Beginning tablet copy session from remote peer at address 127.16.160.67:38201
I20260608 12:58:46.912806 20173 tablet_copy_service.cc:140] P 17d57847577d4dbf840be36e49823d88: Received BeginTabletCopySession request for tablet 518640b198474a1b81a0e390231bb001 from peer 09dd703d6a1648288fb08e55be6138b7 ({username='slave'} at 127.0.0.1:38224)
I20260608 12:58:46.913470 20173 tablet_copy_service.cc:161] P 17d57847577d4dbf840be36e49823d88: Beginning new tablet copy session on tablet 518640b198474a1b81a0e390231bb001 from peer 09dd703d6a1648288fb08e55be6138b7 at {username='slave'} at 127.0.0.1:38224: session id = 09dd703d6a1648288fb08e55be6138b7-518640b198474a1b81a0e390231bb001
I20260608 12:58:46.921511 20173 tablet_copy_source_session.cc:215] T 518640b198474a1b81a0e390231bb001 P 17d57847577d4dbf840be36e49823d88: Tablet Copy: opened 0 blocks and 1 log segments
I20260608 12:58:46.924795 20463 data_dirs.cc:400] Could only allocate 1 dirs of requested 3 for tablet 518640b198474a1b81a0e390231bb001. 1 dirs total, 0 dirs full, 0 dirs failed
I20260608 12:58:46.937559 20463 tablet_copy_client.cc:806] T 518640b198474a1b81a0e390231bb001 P 09dd703d6a1648288fb08e55be6138b7: tablet copy: Starting download of 0 data blocks...
I20260608 12:58:46.938326 20463 tablet_copy_client.cc:670] T 518640b198474a1b81a0e390231bb001 P 09dd703d6a1648288fb08e55be6138b7: tablet copy: Starting download of 1 WAL segments...
I20260608 12:58:46.942559 20463 tablet_copy_client.cc:538] T 518640b198474a1b81a0e390231bb001 P 09dd703d6a1648288fb08e55be6138b7: tablet copy: Tablet Copy complete. Replacing tablet superblock.
I20260608 12:58:46.951108 20463 tablet_bootstrap.cc:492] T 518640b198474a1b81a0e390231bb001 P 09dd703d6a1648288fb08e55be6138b7: Bootstrap starting.
I20260608 12:58:46.969275 20463 tablet_bootstrap.cc:492] T 518640b198474a1b81a0e390231bb001 P 09dd703d6a1648288fb08e55be6138b7: Bootstrap replayed 1/1 log segments. Stats: ops{read=2 overwritten=0 applied=2 ignored=0} inserts{seen=0 ignored=0} mutations{seen=0 ignored=0} orphaned_commits=0. Pending: 0 replicates
I20260608 12:58:46.970099 20463 tablet_bootstrap.cc:492] T 518640b198474a1b81a0e390231bb001 P 09dd703d6a1648288fb08e55be6138b7: Bootstrap complete.
I20260608 12:58:46.970799 20463 ts_tablet_manager.cc:1403] T 518640b198474a1b81a0e390231bb001 P 09dd703d6a1648288fb08e55be6138b7: Time spent bootstrapping tablet: real 0.020s	user 0.011s	sys 0.008s
I20260608 12:58:46.973798 20463 raft_consensus.cc:359] T 518640b198474a1b81a0e390231bb001 P 09dd703d6a1648288fb08e55be6138b7 [term 1 LEARNER]: Replica starting. Triggering 0 pending ops. Active config: opid_index: 2 OBSOLETE_local: false peers { permanent_uuid: "a8e8a7c9eb79443a996bfb7b7c4adf6e" member_type: VOTER last_known_addr { host: "127.16.160.65" port: 37249 } attrs { replace: true } } peers { permanent_uuid: "17d57847577d4dbf840be36e49823d88" member_type: VOTER last_known_addr { host: "127.16.160.67" port: 38201 } } peers { permanent_uuid: "2a51454b20754832a28924c8451d8fcb" member_type: VOTER last_known_addr { host: "127.16.160.66" port: 42329 } } peers { permanent_uuid: "09dd703d6a1648288fb08e55be6138b7" member_type: NON_VOTER last_known_addr { host: "127.16.160.68" port: 40435 } attrs { promote: true } }
I20260608 12:58:46.974450 20463 raft_consensus.cc:740] T 518640b198474a1b81a0e390231bb001 P 09dd703d6a1648288fb08e55be6138b7 [term 1 LEARNER]: Becoming Follower/Learner. State: Replica: 09dd703d6a1648288fb08e55be6138b7, State: Initialized, Role: LEARNER
I20260608 12:58:46.975183 20463 consensus_queue.cc:260] T 518640b198474a1b81a0e390231bb001 P 09dd703d6a1648288fb08e55be6138b7 [NON_LEADER]: Queue going to NON_LEADER mode. State: All replicated index: 0, Majority replicated index: 0, Committed index: 2, Last appended: 1.2, Last appended by leader: 2, Current term: 0, Majority size: -1, State: 0, Mode: NON_LEADER, active raft config: opid_index: 2 OBSOLETE_local: false peers { permanent_uuid: "a8e8a7c9eb79443a996bfb7b7c4adf6e" member_type: VOTER last_known_addr { host: "127.16.160.65" port: 37249 } attrs { replace: true } } peers { permanent_uuid: "17d57847577d4dbf840be36e49823d88" member_type: VOTER last_known_addr { host: "127.16.160.67" port: 38201 } } peers { permanent_uuid: "2a51454b20754832a28924c8451d8fcb" member_type: VOTER last_known_addr { host: "127.16.160.66" port: 42329 } } peers { permanent_uuid: "09dd703d6a1648288fb08e55be6138b7" member_type: NON_VOTER last_known_addr { host: "127.16.160.68" port: 40435 } attrs { promote: true } }
I20260608 12:58:46.979822 20463 ts_tablet_manager.cc:1434] T 518640b198474a1b81a0e390231bb001 P 09dd703d6a1648288fb08e55be6138b7: Time spent starting tablet: real 0.009s	user 0.007s	sys 0.000s
I20260608 12:58:46.982779 20173 tablet_copy_service.cc:342] P 17d57847577d4dbf840be36e49823d88: Request end of tablet copy session 09dd703d6a1648288fb08e55be6138b7-518640b198474a1b81a0e390231bb001 received from {username='slave'} at 127.0.0.1:38224
I20260608 12:58:46.983310 20173 tablet_copy_service.cc:434] P 17d57847577d4dbf840be36e49823d88: ending tablet copy session 09dd703d6a1648288fb08e55be6138b7-518640b198474a1b81a0e390231bb001 on tablet 518640b198474a1b81a0e390231bb001 with peer 09dd703d6a1648288fb08e55be6138b7
I20260608 12:58:47.079646 20463 ts_tablet_manager.cc:933] T 83130abd98794093b50d1f9aac2523a8 P 09dd703d6a1648288fb08e55be6138b7: Initiating tablet copy from peer a8e8a7c9eb79443a996bfb7b7c4adf6e (127.16.160.65:37249)
I20260608 12:58:47.081437 20463 tablet_copy_client.cc:323] T 83130abd98794093b50d1f9aac2523a8 P 09dd703d6a1648288fb08e55be6138b7: tablet copy: Beginning tablet copy session from remote peer at address 127.16.160.65:37249
I20260608 12:58:47.083333 20024 tablet_copy_service.cc:140] P a8e8a7c9eb79443a996bfb7b7c4adf6e: Received BeginTabletCopySession request for tablet 83130abd98794093b50d1f9aac2523a8 from peer 09dd703d6a1648288fb08e55be6138b7 ({username='slave'} at 127.0.0.1:45152)
I20260608 12:58:47.084129 20024 tablet_copy_service.cc:161] P a8e8a7c9eb79443a996bfb7b7c4adf6e: Beginning new tablet copy session on tablet 83130abd98794093b50d1f9aac2523a8 from peer 09dd703d6a1648288fb08e55be6138b7 at {username='slave'} at 127.0.0.1:45152: session id = 09dd703d6a1648288fb08e55be6138b7-83130abd98794093b50d1f9aac2523a8
I20260608 12:58:47.092324 20024 tablet_copy_source_session.cc:215] T 83130abd98794093b50d1f9aac2523a8 P a8e8a7c9eb79443a996bfb7b7c4adf6e: Tablet Copy: opened 0 blocks and 1 log segments
I20260608 12:58:47.095690 20463 data_dirs.cc:400] Could only allocate 1 dirs of requested 3 for tablet 83130abd98794093b50d1f9aac2523a8. 1 dirs total, 0 dirs full, 0 dirs failed
I20260608 12:58:47.108537 20463 tablet_copy_client.cc:806] T 83130abd98794093b50d1f9aac2523a8 P 09dd703d6a1648288fb08e55be6138b7: tablet copy: Starting download of 0 data blocks...
I20260608 12:58:47.109159 20463 tablet_copy_client.cc:670] T 83130abd98794093b50d1f9aac2523a8 P 09dd703d6a1648288fb08e55be6138b7: tablet copy: Starting download of 1 WAL segments...
I20260608 12:58:47.113224 20463 tablet_copy_client.cc:538] T 83130abd98794093b50d1f9aac2523a8 P 09dd703d6a1648288fb08e55be6138b7: tablet copy: Tablet Copy complete. Replacing tablet superblock.
I20260608 12:58:47.119410 20463 tablet_bootstrap.cc:492] T 83130abd98794093b50d1f9aac2523a8 P 09dd703d6a1648288fb08e55be6138b7: Bootstrap starting.
I20260608 12:58:47.127591 20468 ts_tablet_manager.cc:933] T dca12c2cde03466680367187a713bbbc P 09dd703d6a1648288fb08e55be6138b7: Initiating tablet copy from peer 2a51454b20754832a28924c8451d8fcb (127.16.160.66:42329)
I20260608 12:58:47.133416 20468 tablet_copy_client.cc:323] T dca12c2cde03466680367187a713bbbc P 09dd703d6a1648288fb08e55be6138b7: tablet copy: Beginning tablet copy session from remote peer at address 127.16.160.66:42329
I20260608 12:58:47.135354 20099 tablet_copy_service.cc:140] P 2a51454b20754832a28924c8451d8fcb: Received BeginTabletCopySession request for tablet dca12c2cde03466680367187a713bbbc from peer 09dd703d6a1648288fb08e55be6138b7 ({username='slave'} at 127.0.0.1:44516)
I20260608 12:58:47.135986 20099 tablet_copy_service.cc:161] P 2a51454b20754832a28924c8451d8fcb: Beginning new tablet copy session on tablet dca12c2cde03466680367187a713bbbc from peer 09dd703d6a1648288fb08e55be6138b7 at {username='slave'} at 127.0.0.1:44516: session id = 09dd703d6a1648288fb08e55be6138b7-dca12c2cde03466680367187a713bbbc
I20260608 12:58:47.141116 20463 tablet_bootstrap.cc:492] T 83130abd98794093b50d1f9aac2523a8 P 09dd703d6a1648288fb08e55be6138b7: Bootstrap replayed 1/1 log segments. Stats: ops{read=2 overwritten=0 applied=2 ignored=0} inserts{seen=0 ignored=0} mutations{seen=0 ignored=0} orphaned_commits=0. Pending: 0 replicates
I20260608 12:58:47.142088 20463 tablet_bootstrap.cc:492] T 83130abd98794093b50d1f9aac2523a8 P 09dd703d6a1648288fb08e55be6138b7: Bootstrap complete.
I20260608 12:58:47.142761 20463 ts_tablet_manager.cc:1403] T 83130abd98794093b50d1f9aac2523a8 P 09dd703d6a1648288fb08e55be6138b7: Time spent bootstrapping tablet: real 0.024s	user 0.015s	sys 0.008s
I20260608 12:58:47.144104 20099 tablet_copy_source_session.cc:215] T dca12c2cde03466680367187a713bbbc P 2a51454b20754832a28924c8451d8fcb: Tablet Copy: opened 0 blocks and 1 log segments
I20260608 12:58:47.146014 20463 raft_consensus.cc:359] T 83130abd98794093b50d1f9aac2523a8 P 09dd703d6a1648288fb08e55be6138b7 [term 1 LEARNER]: Replica starting. Triggering 0 pending ops. Active config: opid_index: 2 OBSOLETE_local: false peers { permanent_uuid: "2a51454b20754832a28924c8451d8fcb" member_type: VOTER last_known_addr { host: "127.16.160.66" port: 42329 } } peers { permanent_uuid: "a8e8a7c9eb79443a996bfb7b7c4adf6e" member_type: VOTER last_known_addr { host: "127.16.160.65" port: 37249 } } peers { permanent_uuid: "17d57847577d4dbf840be36e49823d88" member_type: VOTER last_known_addr { host: "127.16.160.67" port: 38201 } attrs { replace: true } } peers { permanent_uuid: "09dd703d6a1648288fb08e55be6138b7" member_type: NON_VOTER last_known_addr { host: "127.16.160.68" port: 40435 } attrs { promote: true } }
I20260608 12:58:47.146730 20463 raft_consensus.cc:740] T 83130abd98794093b50d1f9aac2523a8 P 09dd703d6a1648288fb08e55be6138b7 [term 1 LEARNER]: Becoming Follower/Learner. State: Replica: 09dd703d6a1648288fb08e55be6138b7, State: Initialized, Role: LEARNER
I20260608 12:58:47.147761 20468 data_dirs.cc:400] Could only allocate 1 dirs of requested 3 for tablet dca12c2cde03466680367187a713bbbc. 1 dirs total, 0 dirs full, 0 dirs failed
I20260608 12:58:47.147413 20463 consensus_queue.cc:260] T 83130abd98794093b50d1f9aac2523a8 P 09dd703d6a1648288fb08e55be6138b7 [NON_LEADER]: Queue going to NON_LEADER mode. State: All replicated index: 0, Majority replicated index: 0, Committed index: 2, Last appended: 1.2, Last appended by leader: 2, Current term: 0, Majority size: -1, State: 0, Mode: NON_LEADER, active raft config: opid_index: 2 OBSOLETE_local: false peers { permanent_uuid: "2a51454b20754832a28924c8451d8fcb" member_type: VOTER last_known_addr { host: "127.16.160.66" port: 42329 } } peers { permanent_uuid: "a8e8a7c9eb79443a996bfb7b7c4adf6e" member_type: VOTER last_known_addr { host: "127.16.160.65" port: 37249 } } peers { permanent_uuid: "17d57847577d4dbf840be36e49823d88" member_type: VOTER last_known_addr { host: "127.16.160.67" port: 38201 } attrs { replace: true } } peers { permanent_uuid: "09dd703d6a1648288fb08e55be6138b7" member_type: NON_VOTER last_known_addr { host: "127.16.160.68" port: 40435 } attrs { promote: true } }
I20260608 12:58:47.149945 20463 ts_tablet_manager.cc:1434] T 83130abd98794093b50d1f9aac2523a8 P 09dd703d6a1648288fb08e55be6138b7: Time spent starting tablet: real 0.007s	user 0.008s	sys 0.000s
I20260608 12:58:47.152169 20024 tablet_copy_service.cc:342] P a8e8a7c9eb79443a996bfb7b7c4adf6e: Request end of tablet copy session 09dd703d6a1648288fb08e55be6138b7-83130abd98794093b50d1f9aac2523a8 received from {username='slave'} at 127.0.0.1:45152
I20260608 12:58:47.152604 20024 tablet_copy_service.cc:434] P a8e8a7c9eb79443a996bfb7b7c4adf6e: ending tablet copy session 09dd703d6a1648288fb08e55be6138b7-83130abd98794093b50d1f9aac2523a8 on tablet 83130abd98794093b50d1f9aac2523a8 with peer 09dd703d6a1648288fb08e55be6138b7
I20260608 12:58:47.163566 20468 tablet_copy_client.cc:806] T dca12c2cde03466680367187a713bbbc P 09dd703d6a1648288fb08e55be6138b7: tablet copy: Starting download of 0 data blocks...
I20260608 12:58:47.164192 20468 tablet_copy_client.cc:670] T dca12c2cde03466680367187a713bbbc P 09dd703d6a1648288fb08e55be6138b7: tablet copy: Starting download of 1 WAL segments...
I20260608 12:58:47.168164 20468 tablet_copy_client.cc:538] T dca12c2cde03466680367187a713bbbc P 09dd703d6a1648288fb08e55be6138b7: tablet copy: Tablet Copy complete. Replacing tablet superblock.
I20260608 12:58:47.179880 20468 tablet_bootstrap.cc:492] T dca12c2cde03466680367187a713bbbc P 09dd703d6a1648288fb08e55be6138b7: Bootstrap starting.
I20260608 12:58:47.192421 20463 ts_tablet_manager.cc:933] T ae287194ea65461dae247c366529c9c7 P 09dd703d6a1648288fb08e55be6138b7: Initiating tablet copy from peer a8e8a7c9eb79443a996bfb7b7c4adf6e (127.16.160.65:37249)
I20260608 12:58:47.195781 20463 tablet_copy_client.cc:323] T ae287194ea65461dae247c366529c9c7 P 09dd703d6a1648288fb08e55be6138b7: tablet copy: Beginning tablet copy session from remote peer at address 127.16.160.65:37249
I20260608 12:58:47.198046 20024 tablet_copy_service.cc:140] P a8e8a7c9eb79443a996bfb7b7c4adf6e: Received BeginTabletCopySession request for tablet ae287194ea65461dae247c366529c9c7 from peer 09dd703d6a1648288fb08e55be6138b7 ({username='slave'} at 127.0.0.1:45152)
I20260608 12:58:47.198628 20024 tablet_copy_service.cc:161] P a8e8a7c9eb79443a996bfb7b7c4adf6e: Beginning new tablet copy session on tablet ae287194ea65461dae247c366529c9c7 from peer 09dd703d6a1648288fb08e55be6138b7 at {username='slave'} at 127.0.0.1:45152: session id = 09dd703d6a1648288fb08e55be6138b7-ae287194ea65461dae247c366529c9c7
I20260608 12:58:47.201153 20468 tablet_bootstrap.cc:492] T dca12c2cde03466680367187a713bbbc P 09dd703d6a1648288fb08e55be6138b7: Bootstrap replayed 1/1 log segments. Stats: ops{read=2 overwritten=0 applied=2 ignored=0} inserts{seen=0 ignored=0} mutations{seen=0 ignored=0} orphaned_commits=0. Pending: 0 replicates
I20260608 12:58:47.202150 20468 tablet_bootstrap.cc:492] T dca12c2cde03466680367187a713bbbc P 09dd703d6a1648288fb08e55be6138b7: Bootstrap complete.
I20260608 12:58:47.203217 20468 ts_tablet_manager.cc:1403] T dca12c2cde03466680367187a713bbbc P 09dd703d6a1648288fb08e55be6138b7: Time spent bootstrapping tablet: real 0.024s	user 0.020s	sys 0.004s
I20260608 12:58:47.206825 20024 tablet_copy_source_session.cc:215] T ae287194ea65461dae247c366529c9c7 P a8e8a7c9eb79443a996bfb7b7c4adf6e: Tablet Copy: opened 0 blocks and 1 log segments
I20260608 12:58:47.206553 20468 raft_consensus.cc:359] T dca12c2cde03466680367187a713bbbc P 09dd703d6a1648288fb08e55be6138b7 [term 1 LEARNER]: Replica starting. Triggering 0 pending ops. Active config: opid_index: 2 OBSOLETE_local: false peers { permanent_uuid: "a8e8a7c9eb79443a996bfb7b7c4adf6e" member_type: VOTER last_known_addr { host: "127.16.160.65" port: 37249 } attrs { replace: true } } peers { permanent_uuid: "2a51454b20754832a28924c8451d8fcb" member_type: VOTER last_known_addr { host: "127.16.160.66" port: 42329 } } peers { permanent_uuid: "17d57847577d4dbf840be36e49823d88" member_type: VOTER last_known_addr { host: "127.16.160.67" port: 38201 } } peers { permanent_uuid: "09dd703d6a1648288fb08e55be6138b7" member_type: NON_VOTER last_known_addr { host: "127.16.160.68" port: 40435 } attrs { promote: true } }
I20260608 12:58:47.208088 20468 raft_consensus.cc:740] T dca12c2cde03466680367187a713bbbc P 09dd703d6a1648288fb08e55be6138b7 [term 1 LEARNER]: Becoming Follower/Learner. State: Replica: 09dd703d6a1648288fb08e55be6138b7, State: Initialized, Role: LEARNER
I20260608 12:58:47.208838 20468 consensus_queue.cc:260] T dca12c2cde03466680367187a713bbbc P 09dd703d6a1648288fb08e55be6138b7 [NON_LEADER]: Queue going to NON_LEADER mode. State: All replicated index: 0, Majority replicated index: 0, Committed index: 2, Last appended: 1.2, Last appended by leader: 2, Current term: 0, Majority size: -1, State: 0, Mode: NON_LEADER, active raft config: opid_index: 2 OBSOLETE_local: false peers { permanent_uuid: "a8e8a7c9eb79443a996bfb7b7c4adf6e" member_type: VOTER last_known_addr { host: "127.16.160.65" port: 37249 } attrs { replace: true } } peers { permanent_uuid: "2a51454b20754832a28924c8451d8fcb" member_type: VOTER last_known_addr { host: "127.16.160.66" port: 42329 } } peers { permanent_uuid: "17d57847577d4dbf840be36e49823d88" member_type: VOTER last_known_addr { host: "127.16.160.67" port: 38201 } } peers { permanent_uuid: "09dd703d6a1648288fb08e55be6138b7" member_type: NON_VOTER last_known_addr { host: "127.16.160.68" port: 40435 } attrs { promote: true } }
I20260608 12:58:47.212790 20468 ts_tablet_manager.cc:1434] T dca12c2cde03466680367187a713bbbc P 09dd703d6a1648288fb08e55be6138b7: Time spent starting tablet: real 0.009s	user 0.006s	sys 0.000s
I20260608 12:58:47.217263 20463 data_dirs.cc:400] Could only allocate 1 dirs of requested 3 for tablet ae287194ea65461dae247c366529c9c7. 1 dirs total, 0 dirs full, 0 dirs failed
I20260608 12:58:47.224928 20099 tablet_copy_service.cc:342] P 2a51454b20754832a28924c8451d8fcb: Request end of tablet copy session 09dd703d6a1648288fb08e55be6138b7-dca12c2cde03466680367187a713bbbc received from {username='slave'} at 127.0.0.1:44516
I20260608 12:58:47.225431 20099 tablet_copy_service.cc:434] P 2a51454b20754832a28924c8451d8fcb: ending tablet copy session 09dd703d6a1648288fb08e55be6138b7-dca12c2cde03466680367187a713bbbc on tablet dca12c2cde03466680367187a713bbbc with peer 09dd703d6a1648288fb08e55be6138b7
I20260608 12:58:47.250860 20463 tablet_copy_client.cc:806] T ae287194ea65461dae247c366529c9c7 P 09dd703d6a1648288fb08e55be6138b7: tablet copy: Starting download of 0 data blocks...
I20260608 12:58:47.251590 20463 tablet_copy_client.cc:670] T ae287194ea65461dae247c366529c9c7 P 09dd703d6a1648288fb08e55be6138b7: tablet copy: Starting download of 1 WAL segments...
I20260608 12:58:47.255627 20463 tablet_copy_client.cc:538] T ae287194ea65461dae247c366529c9c7 P 09dd703d6a1648288fb08e55be6138b7: tablet copy: Tablet Copy complete. Replacing tablet superblock.
I20260608 12:58:47.261267 20463 tablet_bootstrap.cc:492] T ae287194ea65461dae247c366529c9c7 P 09dd703d6a1648288fb08e55be6138b7: Bootstrap starting.
I20260608 12:58:47.274763 20463 tablet_bootstrap.cc:492] T ae287194ea65461dae247c366529c9c7 P 09dd703d6a1648288fb08e55be6138b7: Bootstrap replayed 1/1 log segments. Stats: ops{read=2 overwritten=0 applied=2 ignored=0} inserts{seen=0 ignored=0} mutations{seen=0 ignored=0} orphaned_commits=0. Pending: 0 replicates
I20260608 12:58:47.275470 20463 tablet_bootstrap.cc:492] T ae287194ea65461dae247c366529c9c7 P 09dd703d6a1648288fb08e55be6138b7: Bootstrap complete.
I20260608 12:58:47.276001 20463 ts_tablet_manager.cc:1403] T ae287194ea65461dae247c366529c9c7 P 09dd703d6a1648288fb08e55be6138b7: Time spent bootstrapping tablet: real 0.015s	user 0.011s	sys 0.004s
I20260608 12:58:47.278271 20463 raft_consensus.cc:359] T ae287194ea65461dae247c366529c9c7 P 09dd703d6a1648288fb08e55be6138b7 [term 1 LEARNER]: Replica starting. Triggering 0 pending ops. Active config: opid_index: 2 OBSOLETE_local: false peers { permanent_uuid: "2a51454b20754832a28924c8451d8fcb" member_type: VOTER last_known_addr { host: "127.16.160.66" port: 42329 } attrs { replace: true } } peers { permanent_uuid: "a8e8a7c9eb79443a996bfb7b7c4adf6e" member_type: VOTER last_known_addr { host: "127.16.160.65" port: 37249 } } peers { permanent_uuid: "17d57847577d4dbf840be36e49823d88" member_type: VOTER last_known_addr { host: "127.16.160.67" port: 38201 } } peers { permanent_uuid: "09dd703d6a1648288fb08e55be6138b7" member_type: NON_VOTER last_known_addr { host: "127.16.160.68" port: 40435 } attrs { promote: true } }
I20260608 12:58:47.278898 20463 raft_consensus.cc:740] T ae287194ea65461dae247c366529c9c7 P 09dd703d6a1648288fb08e55be6138b7 [term 1 LEARNER]: Becoming Follower/Learner. State: Replica: 09dd703d6a1648288fb08e55be6138b7, State: Initialized, Role: LEARNER
I20260608 12:58:47.279455 20463 consensus_queue.cc:260] T ae287194ea65461dae247c366529c9c7 P 09dd703d6a1648288fb08e55be6138b7 [NON_LEADER]: Queue going to NON_LEADER mode. State: All replicated index: 0, Majority replicated index: 0, Committed index: 2, Last appended: 1.2, Last appended by leader: 2, Current term: 0, Majority size: -1, State: 0, Mode: NON_LEADER, active raft config: opid_index: 2 OBSOLETE_local: false peers { permanent_uuid: "2a51454b20754832a28924c8451d8fcb" member_type: VOTER last_known_addr { host: "127.16.160.66" port: 42329 } attrs { replace: true } } peers { permanent_uuid: "a8e8a7c9eb79443a996bfb7b7c4adf6e" member_type: VOTER last_known_addr { host: "127.16.160.65" port: 37249 } } peers { permanent_uuid: "17d57847577d4dbf840be36e49823d88" member_type: VOTER last_known_addr { host: "127.16.160.67" port: 38201 } } peers { permanent_uuid: "09dd703d6a1648288fb08e55be6138b7" member_type: NON_VOTER last_known_addr { host: "127.16.160.68" port: 40435 } attrs { promote: true } }
I20260608 12:58:47.281100 20463 ts_tablet_manager.cc:1434] T ae287194ea65461dae247c366529c9c7 P 09dd703d6a1648288fb08e55be6138b7: Time spent starting tablet: real 0.005s	user 0.000s	sys 0.004s
I20260608 12:58:47.282963 20024 tablet_copy_service.cc:342] P a8e8a7c9eb79443a996bfb7b7c4adf6e: Request end of tablet copy session 09dd703d6a1648288fb08e55be6138b7-ae287194ea65461dae247c366529c9c7 received from {username='slave'} at 127.0.0.1:45152
I20260608 12:58:47.283505 20024 tablet_copy_service.cc:434] P a8e8a7c9eb79443a996bfb7b7c4adf6e: ending tablet copy session 09dd703d6a1648288fb08e55be6138b7-ae287194ea65461dae247c366529c9c7 on tablet ae287194ea65461dae247c366529c9c7 with peer 09dd703d6a1648288fb08e55be6138b7
I20260608 12:58:47.442863 19965 auto_leader_rebalancer.cc:140] leader rebalance for table range_aware_rebalance_new_range
I20260608 12:58:47.476116 20162 tablet_service.cc:2072] Received LeaderStepDown RPC: tablet_id: "651d1e11b0b747d0b0749c29a92d212b"
dest_uuid: "17d57847577d4dbf840be36e49823d88"
mode: GRACEFUL
new_leader_uuid: "2a51454b20754832a28924c8451d8fcb"
 from {username='slave'} at 127.0.0.1:38242
I20260608 12:58:47.476984 20162 raft_consensus.cc:606] T 651d1e11b0b747d0b0749c29a92d212b P 17d57847577d4dbf840be36e49823d88 [term 1 LEADER]: Received request to transfer leadership to TS 2a51454b20754832a28924c8451d8fcb
I20260608 12:58:47.490093 20014 tablet_service.cc:2072] Received LeaderStepDown RPC: tablet_id: "6f6fb3e9bd834f3e9b84abe6eb5b1b3d"
dest_uuid: "a8e8a7c9eb79443a996bfb7b7c4adf6e"
mode: GRACEFUL
new_leader_uuid: "09dd703d6a1648288fb08e55be6138b7"
 from {username='slave'} at 127.0.0.1:45176
I20260608 12:58:47.490754 20014 raft_consensus.cc:606] T 6f6fb3e9bd834f3e9b84abe6eb5b1b3d P a8e8a7c9eb79443a996bfb7b7c4adf6e [term 1 LEADER]: Received request to transfer leadership to TS 09dd703d6a1648288fb08e55be6138b7
I20260608 12:58:47.494500 20314 raft_consensus.cc:1217] T 83130abd98794093b50d1f9aac2523a8 P 09dd703d6a1648288fb08e55be6138b7 [term 1 LEARNER]: Deduplicated request from leader. Original: 1.1->[1.2-1.2]   Dedup: 1.2->[]
I20260608 12:58:47.494787 20014 tablet_service.cc:2072] Received LeaderStepDown RPC: tablet_id: "83130abd98794093b50d1f9aac2523a8"
dest_uuid: "a8e8a7c9eb79443a996bfb7b7c4adf6e"
mode: GRACEFUL
new_leader_uuid: "2a51454b20754832a28924c8451d8fcb"
 from {username='slave'} at 127.0.0.1:45176
I20260608 12:58:47.495887 20014 raft_consensus.cc:606] T 83130abd98794093b50d1f9aac2523a8 P a8e8a7c9eb79443a996bfb7b7c4adf6e [term 1 LEADER]: Received request to transfer leadership to TS 2a51454b20754832a28924c8451d8fcb
I20260608 12:58:47.499903 20014 tablet_service.cc:2072] Received LeaderStepDown RPC: tablet_id: "b2f4c0af2bbb45ffb8f40d2a7ae509bc"
dest_uuid: "a8e8a7c9eb79443a996bfb7b7c4adf6e"
mode: GRACEFUL
new_leader_uuid: "09dd703d6a1648288fb08e55be6138b7"
 from {username='slave'} at 127.0.0.1:45176
I20260608 12:58:47.500536 20014 raft_consensus.cc:606] T b2f4c0af2bbb45ffb8f40d2a7ae509bc P a8e8a7c9eb79443a996bfb7b7c4adf6e [term 1 LEADER]: Received request to transfer leadership to TS 09dd703d6a1648288fb08e55be6138b7
I20260608 12:58:47.506819 20162 tablet_service.cc:2072] Received LeaderStepDown RPC: tablet_id: "d296bbf48410415ca068c918fd6db364"
dest_uuid: "17d57847577d4dbf840be36e49823d88"
mode: GRACEFUL
new_leader_uuid: "09dd703d6a1648288fb08e55be6138b7"
 from {username='slave'} at 127.0.0.1:38242
