I20260608 12:57:10.338184 18332 consensus_queue.cc:1048] T 2470adbb19b8427ca598d0b6ce92bde7 P 0f7c6f8efb8245a595eb0683d40810a7 [LEADER]: Connected to new peer: Peer: permanent_uuid: "e5f4787853244040a3fa8e09a3e08ae4" member_type: VOTER last_known_addr { host: "127.16.235.131" port: 34933 }, Status: LMP_MISMATCH, Last received: 0.0, Next index: 2, Last known committed idx: 1, Time since last communication: 0.000s
I20260608 12:57:10.350289 18069 raft_consensus.cc:1275] T 2470adbb19b8427ca598d0b6ce92bde7 P d2f1af2e283748a0b50c4b1a9a1c2e05 [term 2 FOLLOWER]: Refusing update from remote peer 0f7c6f8efb8245a595eb0683d40810a7: Log matching property violated. Preceding OpId in replica: term: 1 index: 1. Preceding OpId from leader: term: 2 index: 2. (index mismatch)
I20260608 12:57:10.352561 18350 consensus_queue.cc:1048] T 2470adbb19b8427ca598d0b6ce92bde7 P 0f7c6f8efb8245a595eb0683d40810a7 [LEADER]: Connected to new peer: Peer: permanent_uuid: "d2f1af2e283748a0b50c4b1a9a1c2e05" member_type: VOTER last_known_addr { host: "127.16.235.130" port: 38241 }, Status: LMP_MISMATCH, Last received: 0.0, Next index: 2, Last known committed idx: 1, Time since last communication: 0.001s
W20260608 12:57:11.556098 18090 debug-util.cc:398] Leaking SignalData structure 0x7b0800060a40 after lost signal to thread 17329
W20260608 12:57:11.557238 18090 debug-util.cc:398] Leaking SignalData structure 0x7b0800059120 after lost signal to thread 17926
W20260608 12:57:11.558231 18090 debug-util.cc:398] Leaking SignalData structure 0x7b0800188060 after lost signal to thread 18018
W20260608 12:57:11.559180 18090 debug-util.cc:398] Leaking SignalData structure 0x7b08001b14e0 after lost signal to thread 18093
W20260608 12:57:11.559979 18090 debug-util.cc:398] Leaking SignalData structure 0x7b0800197be0 after lost signal to thread 18167
W20260608 12:57:11.561058 18090 debug-util.cc:398] Leaking SignalData structure 0x7b080003c380 after lost signal to thread 18326
I20260608 12:57:11.593838 17945 auto_leader_rebalancer.cc:140] leader rebalance for table test-workload
I20260608 12:57:11.600443 17945 auto_leader_rebalancer.cc:388] table: test-workload, leader rebalance finish, leader transfer count: 0
I20260608 12:57:11.600981 17945 auto_leader_rebalancer.cc:451] All tables' leader rebalancing finished this round
I20260608 12:57:13.601891 17945 auto_leader_rebalancer.cc:140] leader rebalance for table test-workload
I20260608 12:57:13.607954 17945 auto_leader_rebalancer.cc:388] table: test-workload, leader rebalance finish, leader transfer count: 0
I20260608 12:57:13.608429 17945 auto_leader_rebalancer.cc:451] All tables' leader rebalancing finished this round
I20260608 12:57:13.657320 18068 consensus_queue.cc:237] T 1a1f436aedb247b9a94924c0ea595bfd P d2f1af2e283748a0b50c4b1a9a1c2e05 [LEADER]: Queue going to LEADER mode. State: All replicated index: 0, Majority replicated index: 1, Committed index: 1, Last appended: 1.1, Last appended by leader: 0, Current term: 1, Majority size: 2, State: 0, Mode: LEADER, active raft config: opid_index: 2 OBSOLETE_local: false peers { permanent_uuid: "0f7c6f8efb8245a595eb0683d40810a7" member_type: VOTER last_known_addr { host: "127.16.235.129" port: 38245 } } peers { permanent_uuid: "d2f1af2e283748a0b50c4b1a9a1c2e05" member_type: VOTER last_known_addr { host: "127.16.235.130" port: 38241 } } peers { permanent_uuid: "e5f4787853244040a3fa8e09a3e08ae4" member_type: VOTER last_known_addr { host: "127.16.235.131" port: 34933 } attrs { replace: true } } peers { permanent_uuid: "4ea95336cda74e34ac50b5a7ef8ae56b" member_type: NON_VOTER last_known_addr { host: "127.16.235.132" port: 35661 } attrs { promote: true } }
I20260608 12:57:13.667358 18142 raft_consensus.cc:1275] T 1a1f436aedb247b9a94924c0ea595bfd P e5f4787853244040a3fa8e09a3e08ae4 [term 1 FOLLOWER]: Refusing update from remote peer d2f1af2e283748a0b50c4b1a9a1c2e05: Log matching property violated. Preceding OpId in replica: term: 1 index: 1. Preceding OpId from leader: term: 1 index: 2. (index mismatch)
I20260608 12:57:13.669607 18292 consensus_queue.cc:1048] T 1a1f436aedb247b9a94924c0ea595bfd P d2f1af2e283748a0b50c4b1a9a1c2e05 [LEADER]: Connected to new peer: Peer: permanent_uuid: "e5f4787853244040a3fa8e09a3e08ae4" member_type: VOTER last_known_addr { host: "127.16.235.131" port: 34933 } attrs { replace: true }, Status: LMP_MISMATCH, Last received: 0.0, Next index: 2, Last known committed idx: 1, Time since last communication: 0.001s
I20260608 12:57:13.688012 17994 raft_consensus.cc:1275] T 1a1f436aedb247b9a94924c0ea595bfd P 0f7c6f8efb8245a595eb0683d40810a7 [term 1 FOLLOWER]: Refusing update from remote peer d2f1af2e283748a0b50c4b1a9a1c2e05: Log matching property violated. Preceding OpId in replica: term: 1 index: 1. Preceding OpId from leader: term: 1 index: 2. (index mismatch)
I20260608 12:57:13.688565 18292 raft_consensus.cc:2955] T 1a1f436aedb247b9a94924c0ea595bfd P d2f1af2e283748a0b50c4b1a9a1c2e05 [term 1 LEADER]: Committing config change with OpId 1.2: config changed from index -1 to 2, NON_VOTER 4ea95336cda74e34ac50b5a7ef8ae56b (127.16.235.132) added. New config: { opid_index: 2 OBSOLETE_local: false peers { permanent_uuid: "0f7c6f8efb8245a595eb0683d40810a7" member_type: VOTER last_known_addr { host: "127.16.235.129" port: 38245 } } peers { permanent_uuid: "d2f1af2e283748a0b50c4b1a9a1c2e05" member_type: VOTER last_known_addr { host: "127.16.235.130" port: 38241 } } peers { permanent_uuid: "e5f4787853244040a3fa8e09a3e08ae4" member_type: VOTER last_known_addr { host: "127.16.235.131" port: 34933 } attrs { replace: true } } peers { permanent_uuid: "4ea95336cda74e34ac50b5a7ef8ae56b" member_type: NON_VOTER last_known_addr { host: "127.16.235.132" port: 35661 } attrs { promote: true } } }
I20260608 12:57:13.702122 18369 consensus_queue.cc:1048] T 1a1f436aedb247b9a94924c0ea595bfd P d2f1af2e283748a0b50c4b1a9a1c2e05 [LEADER]: Connected to new peer: Peer: permanent_uuid: "0f7c6f8efb8245a595eb0683d40810a7" member_type: VOTER last_known_addr { host: "127.16.235.129" port: 38245 }, Status: LMP_MISMATCH, Last received: 0.0, Next index: 2, Last known committed idx: 1, Time since last communication: 0.001s
I20260608 12:57:13.703559 18142 raft_consensus.cc:2955] T 1a1f436aedb247b9a94924c0ea595bfd P e5f4787853244040a3fa8e09a3e08ae4 [term 1 FOLLOWER]: Committing config change with OpId 1.2: config changed from index -1 to 2, NON_VOTER 4ea95336cda74e34ac50b5a7ef8ae56b (127.16.235.132) added. New config: { opid_index: 2 OBSOLETE_local: false peers { permanent_uuid: "0f7c6f8efb8245a595eb0683d40810a7" member_type: VOTER last_known_addr { host: "127.16.235.129" port: 38245 } } peers { permanent_uuid: "d2f1af2e283748a0b50c4b1a9a1c2e05" member_type: VOTER last_known_addr { host: "127.16.235.130" port: 38241 } } peers { permanent_uuid: "e5f4787853244040a3fa8e09a3e08ae4" member_type: VOTER last_known_addr { host: "127.16.235.131" port: 34933 } attrs { replace: true } } peers { permanent_uuid: "4ea95336cda74e34ac50b5a7ef8ae56b" member_type: NON_VOTER last_known_addr { host: "127.16.235.132" port: 35661 } attrs { promote: true } } }
W20260608 12:57:13.708519 18035 consensus_peers.cc:597] T 1a1f436aedb247b9a94924c0ea595bfd P d2f1af2e283748a0b50c4b1a9a1c2e05 -> Peer 4ea95336cda74e34ac50b5a7ef8ae56b (127.16.235.132:35661): Couldn't send request to peer 4ea95336cda74e34ac50b5a7ef8ae56b. Error code: TABLET_NOT_FOUND (6). Status: Not found: Tablet not found: 1a1f436aedb247b9a94924c0ea595bfd. This is attempt 1: this message will repeat every 5th retry.
I20260608 12:57:13.722528 17890 catalog_manager.cc:5696] T 1a1f436aedb247b9a94924c0ea595bfd P e5f4787853244040a3fa8e09a3e08ae4 reported cstate change: config changed from index -1 to 2, NON_VOTER 4ea95336cda74e34ac50b5a7ef8ae56b (127.16.235.132) added. New cstate: current_term: 1 leader_uuid: "d2f1af2e283748a0b50c4b1a9a1c2e05" committed_config { opid_index: 2 OBSOLETE_local: false peers { permanent_uuid: "0f7c6f8efb8245a595eb0683d40810a7" member_type: VOTER last_known_addr { host: "127.16.235.129" port: 38245 } } peers { permanent_uuid: "d2f1af2e283748a0b50c4b1a9a1c2e05" member_type: VOTER last_known_addr { host: "127.16.235.130" port: 38241 } } peers { permanent_uuid: "e5f4787853244040a3fa8e09a3e08ae4" member_type: VOTER last_known_addr { host: "127.16.235.131" port: 34933 } attrs { replace: true } } peers { permanent_uuid: "4ea95336cda74e34ac50b5a7ef8ae56b" member_type: NON_VOTER last_known_addr { host: "127.16.235.132" port: 35661 } attrs { promote: true } } }
I20260608 12:57:13.735766 17994 raft_consensus.cc:2955] T 1a1f436aedb247b9a94924c0ea595bfd P 0f7c6f8efb8245a595eb0683d40810a7 [term 1 FOLLOWER]: Committing config change with OpId 1.2: config changed from index -1 to 2, NON_VOTER 4ea95336cda74e34ac50b5a7ef8ae56b (127.16.235.132) added. New config: { opid_index: 2 OBSOLETE_local: false peers { permanent_uuid: "0f7c6f8efb8245a595eb0683d40810a7" member_type: VOTER last_known_addr { host: "127.16.235.129" port: 38245 } } peers { permanent_uuid: "d2f1af2e283748a0b50c4b1a9a1c2e05" member_type: VOTER last_known_addr { host: "127.16.235.130" port: 38241 } } peers { permanent_uuid: "e5f4787853244040a3fa8e09a3e08ae4" member_type: VOTER last_known_addr { host: "127.16.235.131" port: 34933 } attrs { replace: true } } peers { permanent_uuid: "4ea95336cda74e34ac50b5a7ef8ae56b" member_type: NON_VOTER last_known_addr { host: "127.16.235.132" port: 35661 } attrs { promote: true } } }
I20260608 12:57:13.749758 18142 consensus_queue.cc:237] T 3b45ddb2b1d043c5a8d557c2950731a7 P e5f4787853244040a3fa8e09a3e08ae4 [LEADER]: Queue going to LEADER mode. State: All replicated index: 0, Majority replicated index: 1, Committed index: 1, Last appended: 1.1, Last appended by leader: 0, Current term: 1, Majority size: 2, State: 0, Mode: LEADER, active raft config: opid_index: 2 OBSOLETE_local: false peers { permanent_uuid: "0f7c6f8efb8245a595eb0683d40810a7" member_type: VOTER last_known_addr { host: "127.16.235.129" port: 38245 } } peers { permanent_uuid: "d2f1af2e283748a0b50c4b1a9a1c2e05" member_type: VOTER last_known_addr { host: "127.16.235.130" port: 38241 } attrs { replace: true } } peers { permanent_uuid: "e5f4787853244040a3fa8e09a3e08ae4" member_type: VOTER last_known_addr { host: "127.16.235.131" port: 34933 } } peers { permanent_uuid: "4ea95336cda74e34ac50b5a7ef8ae56b" member_type: NON_VOTER last_known_addr { host: "127.16.235.132" port: 35661 } attrs { promote: true } }
I20260608 12:57:13.764608 18068 raft_consensus.cc:1275] T 3b45ddb2b1d043c5a8d557c2950731a7 P d2f1af2e283748a0b50c4b1a9a1c2e05 [term 1 FOLLOWER]: Refusing update from remote peer e5f4787853244040a3fa8e09a3e08ae4: Log matching property violated. Preceding OpId in replica: term: 1 index: 1. Preceding OpId from leader: term: 1 index: 2. (index mismatch)
I20260608 12:57:13.766865 18356 consensus_queue.cc:1048] T 3b45ddb2b1d043c5a8d557c2950731a7 P e5f4787853244040a3fa8e09a3e08ae4 [LEADER]: Connected to new peer: Peer: permanent_uuid: "d2f1af2e283748a0b50c4b1a9a1c2e05" member_type: VOTER last_known_addr { host: "127.16.235.130" port: 38241 } attrs { replace: true }, Status: LMP_MISMATCH, Last received: 0.0, Next index: 2, Last known committed idx: 1, Time since last communication: 0.001s
I20260608 12:57:13.779650 17994 raft_consensus.cc:1275] T 3b45ddb2b1d043c5a8d557c2950731a7 P 0f7c6f8efb8245a595eb0683d40810a7 [term 1 FOLLOWER]: Refusing update from remote peer e5f4787853244040a3fa8e09a3e08ae4: Log matching property violated. Preceding OpId in replica: term: 1 index: 1. Preceding OpId from leader: term: 1 index: 2. (index mismatch)
I20260608 12:57:13.781843 18377 consensus_queue.cc:1048] T 3b45ddb2b1d043c5a8d557c2950731a7 P e5f4787853244040a3fa8e09a3e08ae4 [LEADER]: Connected to new peer: Peer: permanent_uuid: "0f7c6f8efb8245a595eb0683d40810a7" member_type: VOTER last_known_addr { host: "127.16.235.129" port: 38245 }, Status: LMP_MISMATCH, Last received: 0.0, Next index: 2, Last known committed idx: 1, Time since last communication: 0.001s
I20260608 12:57:13.784492 18377 raft_consensus.cc:2955] T 3b45ddb2b1d043c5a8d557c2950731a7 P e5f4787853244040a3fa8e09a3e08ae4 [term 1 LEADER]: Committing config change with OpId 1.2: config changed from index -1 to 2, NON_VOTER 4ea95336cda74e34ac50b5a7ef8ae56b (127.16.235.132) added. New config: { opid_index: 2 OBSOLETE_local: false peers { permanent_uuid: "0f7c6f8efb8245a595eb0683d40810a7" member_type: VOTER last_known_addr { host: "127.16.235.129" port: 38245 } } peers { permanent_uuid: "d2f1af2e283748a0b50c4b1a9a1c2e05" member_type: VOTER last_known_addr { host: "127.16.235.130" port: 38241 } attrs { replace: true } } peers { permanent_uuid: "e5f4787853244040a3fa8e09a3e08ae4" member_type: VOTER last_known_addr { host: "127.16.235.131" port: 34933 } } peers { permanent_uuid: "4ea95336cda74e34ac50b5a7ef8ae56b" member_type: NON_VOTER last_known_addr { host: "127.16.235.132" port: 35661 } attrs { promote: true } } }
W20260608 12:57:13.786890 18109 consensus_peers.cc:597] T 3b45ddb2b1d043c5a8d557c2950731a7 P e5f4787853244040a3fa8e09a3e08ae4 -> Peer 4ea95336cda74e34ac50b5a7ef8ae56b (127.16.235.132:35661): Couldn't send request to peer 4ea95336cda74e34ac50b5a7ef8ae56b. Error code: TABLET_NOT_FOUND (6). Status: Not found: Tablet not found: 3b45ddb2b1d043c5a8d557c2950731a7. This is attempt 1: this message will repeat every 5th retry.
I20260608 12:57:13.807667 18068 consensus_queue.cc:237] T 9424441e7ea54cae982e66299548925b P d2f1af2e283748a0b50c4b1a9a1c2e05 [LEADER]: Queue going to LEADER mode. State: All replicated index: 0, Majority replicated index: 1, Committed index: 1, Last appended: 1.1, Last appended by leader: 0, Current term: 1, Majority size: 2, State: 0, Mode: LEADER, active raft config: opid_index: 2 OBSOLETE_local: false peers { permanent_uuid: "0f7c6f8efb8245a595eb0683d40810a7" member_type: VOTER last_known_addr { host: "127.16.235.129" port: 38245 } attrs { replace: true } } peers { permanent_uuid: "d2f1af2e283748a0b50c4b1a9a1c2e05" member_type: VOTER last_known_addr { host: "127.16.235.130" port: 38241 } } peers { permanent_uuid: "e5f4787853244040a3fa8e09a3e08ae4" member_type: VOTER last_known_addr { host: "127.16.235.131" port: 34933 } } peers { permanent_uuid: "4ea95336cda74e34ac50b5a7ef8ae56b" member_type: NON_VOTER last_known_addr { host: "127.16.235.132" port: 35661 } attrs { promote: true } }
I20260608 12:57:13.809960 17994 raft_consensus.cc:2955] T 3b45ddb2b1d043c5a8d557c2950731a7 P 0f7c6f8efb8245a595eb0683d40810a7 [term 1 FOLLOWER]: Committing config change with OpId 1.2: config changed from index -1 to 2, NON_VOTER 4ea95336cda74e34ac50b5a7ef8ae56b (127.16.235.132) added. New config: { opid_index: 2 OBSOLETE_local: false peers { permanent_uuid: "0f7c6f8efb8245a595eb0683d40810a7" member_type: VOTER last_known_addr { host: "127.16.235.129" port: 38245 } } peers { permanent_uuid: "d2f1af2e283748a0b50c4b1a9a1c2e05" member_type: VOTER last_known_addr { host: "127.16.235.130" port: 38241 } attrs { replace: true } } peers { permanent_uuid: "e5f4787853244040a3fa8e09a3e08ae4" member_type: VOTER last_known_addr { host: "127.16.235.131" port: 34933 } } peers { permanent_uuid: "4ea95336cda74e34ac50b5a7ef8ae56b" member_type: NON_VOTER last_known_addr { host: "127.16.235.132" port: 35661 } attrs { promote: true } } }
I20260608 12:57:13.817973 18069 raft_consensus.cc:2955] T 3b45ddb2b1d043c5a8d557c2950731a7 P d2f1af2e283748a0b50c4b1a9a1c2e05 [term 1 FOLLOWER]: Committing config change with OpId 1.2: config changed from index -1 to 2, NON_VOTER 4ea95336cda74e34ac50b5a7ef8ae56b (127.16.235.132) added. New config: { opid_index: 2 OBSOLETE_local: false peers { permanent_uuid: "0f7c6f8efb8245a595eb0683d40810a7" member_type: VOTER last_known_addr { host: "127.16.235.129" port: 38245 } } peers { permanent_uuid: "d2f1af2e283748a0b50c4b1a9a1c2e05" member_type: VOTER last_known_addr { host: "127.16.235.130" port: 38241 } attrs { replace: true } } peers { permanent_uuid: "e5f4787853244040a3fa8e09a3e08ae4" member_type: VOTER last_known_addr { host: "127.16.235.131" port: 34933 } } peers { permanent_uuid: "4ea95336cda74e34ac50b5a7ef8ae56b" member_type: NON_VOTER last_known_addr { host: "127.16.235.132" port: 35661 } attrs { promote: true } } }
I20260608 12:57:13.826731 17891 catalog_manager.cc:5696] T 3b45ddb2b1d043c5a8d557c2950731a7 P e5f4787853244040a3fa8e09a3e08ae4 reported cstate change: config changed from index -1 to 2, NON_VOTER 4ea95336cda74e34ac50b5a7ef8ae56b (127.16.235.132) added. New cstate: current_term: 1 leader_uuid: "e5f4787853244040a3fa8e09a3e08ae4" committed_config { opid_index: 2 OBSOLETE_local: false peers { permanent_uuid: "0f7c6f8efb8245a595eb0683d40810a7" member_type: VOTER last_known_addr { host: "127.16.235.129" port: 38245 } health_report { overall_health: HEALTHY } } peers { permanent_uuid: "d2f1af2e283748a0b50c4b1a9a1c2e05" member_type: VOTER last_known_addr { host: "127.16.235.130" port: 38241 } attrs { replace: true } health_report { overall_health: HEALTHY } } peers { permanent_uuid: "e5f4787853244040a3fa8e09a3e08ae4" member_type: VOTER last_known_addr { host: "127.16.235.131" port: 34933 } health_report { overall_health: HEALTHY } } peers { permanent_uuid: "4ea95336cda74e34ac50b5a7ef8ae56b" member_type: NON_VOTER last_known_addr { host: "127.16.235.132" port: 35661 } attrs { promote: true } health_report { overall_health: UNKNOWN } } }
I20260608 12:57:13.836344 18142 raft_consensus.cc:1275] T 9424441e7ea54cae982e66299548925b P e5f4787853244040a3fa8e09a3e08ae4 [term 1 FOLLOWER]: Refusing update from remote peer d2f1af2e283748a0b50c4b1a9a1c2e05: Log matching property violated. Preceding OpId in replica: term: 1 index: 1. Preceding OpId from leader: term: 1 index: 2. (index mismatch)
W20260608 12:57:13.837687 18035 consensus_peers.cc:597] T 9424441e7ea54cae982e66299548925b P d2f1af2e283748a0b50c4b1a9a1c2e05 -> Peer 4ea95336cda74e34ac50b5a7ef8ae56b (127.16.235.132:35661): Couldn't send request to peer 4ea95336cda74e34ac50b5a7ef8ae56b. Error code: TABLET_NOT_FOUND (6). Status: Not found: Tablet not found: 9424441e7ea54cae982e66299548925b. This is attempt 1: this message will repeat every 5th retry.
I20260608 12:57:13.839744 18292 consensus_queue.cc:1048] T 9424441e7ea54cae982e66299548925b P d2f1af2e283748a0b50c4b1a9a1c2e05 [LEADER]: Connected to new peer: Peer: permanent_uuid: "e5f4787853244040a3fa8e09a3e08ae4" member_type: VOTER last_known_addr { host: "127.16.235.131" port: 34933 }, Status: LMP_MISMATCH, Last received: 0.0, Next index: 2, Last known committed idx: 1, Time since last communication: 0.000s
I20260608 12:57:13.841698 17994 raft_consensus.cc:1275] T 9424441e7ea54cae982e66299548925b P 0f7c6f8efb8245a595eb0683d40810a7 [term 1 FOLLOWER]: Refusing update from remote peer d2f1af2e283748a0b50c4b1a9a1c2e05: Log matching property violated. Preceding OpId in replica: term: 1 index: 1. Preceding OpId from leader: term: 1 index: 2. (index mismatch)
I20260608 12:57:13.843326 18292 consensus_queue.cc:1048] T 9424441e7ea54cae982e66299548925b P d2f1af2e283748a0b50c4b1a9a1c2e05 [LEADER]: Connected to new peer: Peer: permanent_uuid: "0f7c6f8efb8245a595eb0683d40810a7" member_type: VOTER last_known_addr { host: "127.16.235.129" port: 38245 } attrs { replace: true }, Status: LMP_MISMATCH, Last received: 0.0, Next index: 2, Last known committed idx: 1, Time since last communication: 0.000s
I20260608 12:57:13.859373 18364 raft_consensus.cc:2955] T 9424441e7ea54cae982e66299548925b P d2f1af2e283748a0b50c4b1a9a1c2e05 [term 1 LEADER]: Committing config change with OpId 1.2: config changed from index -1 to 2, NON_VOTER 4ea95336cda74e34ac50b5a7ef8ae56b (127.16.235.132) added. New config: { opid_index: 2 OBSOLETE_local: false peers { permanent_uuid: "0f7c6f8efb8245a595eb0683d40810a7" member_type: VOTER last_known_addr { host: "127.16.235.129" port: 38245 } attrs { replace: true } } peers { permanent_uuid: "d2f1af2e283748a0b50c4b1a9a1c2e05" member_type: VOTER last_known_addr { host: "127.16.235.130" port: 38241 } } peers { permanent_uuid: "e5f4787853244040a3fa8e09a3e08ae4" member_type: VOTER last_known_addr { host: "127.16.235.131" port: 34933 } } peers { permanent_uuid: "4ea95336cda74e34ac50b5a7ef8ae56b" member_type: NON_VOTER last_known_addr { host: "127.16.235.132" port: 35661 } attrs { promote: true } } }
I20260608 12:57:13.860438 18142 raft_consensus.cc:2955] T 9424441e7ea54cae982e66299548925b P e5f4787853244040a3fa8e09a3e08ae4 [term 1 FOLLOWER]: Committing config change with OpId 1.2: config changed from index -1 to 2, NON_VOTER 4ea95336cda74e34ac50b5a7ef8ae56b (127.16.235.132) added. New config: { opid_index: 2 OBSOLETE_local: false peers { permanent_uuid: "0f7c6f8efb8245a595eb0683d40810a7" member_type: VOTER last_known_addr { host: "127.16.235.129" port: 38245 } attrs { replace: true } } peers { permanent_uuid: "d2f1af2e283748a0b50c4b1a9a1c2e05" member_type: VOTER last_known_addr { host: "127.16.235.130" port: 38241 } } peers { permanent_uuid: "e5f4787853244040a3fa8e09a3e08ae4" member_type: VOTER last_known_addr { host: "127.16.235.131" port: 34933 } } peers { permanent_uuid: "4ea95336cda74e34ac50b5a7ef8ae56b" member_type: NON_VOTER last_known_addr { host: "127.16.235.132" port: 35661 } attrs { promote: true } } }
I20260608 12:57:13.873773 17994 raft_consensus.cc:2955] T 9424441e7ea54cae982e66299548925b P 0f7c6f8efb8245a595eb0683d40810a7 [term 1 FOLLOWER]: Committing config change with OpId 1.2: config changed from index -1 to 2, NON_VOTER 4ea95336cda74e34ac50b5a7ef8ae56b (127.16.235.132) added. New config: { opid_index: 2 OBSOLETE_local: false peers { permanent_uuid: "0f7c6f8efb8245a595eb0683d40810a7" member_type: VOTER last_known_addr { host: "127.16.235.129" port: 38245 } attrs { replace: true } } peers { permanent_uuid: "d2f1af2e283748a0b50c4b1a9a1c2e05" member_type: VOTER last_known_addr { host: "127.16.235.130" port: 38241 } } peers { permanent_uuid: "e5f4787853244040a3fa8e09a3e08ae4" member_type: VOTER last_known_addr { host: "127.16.235.131" port: 34933 } } peers { permanent_uuid: "4ea95336cda74e34ac50b5a7ef8ae56b" member_type: NON_VOTER last_known_addr { host: "127.16.235.132" port: 35661 } attrs { promote: true } } }
I20260608 12:57:13.878935 17890 catalog_manager.cc:5696] T 9424441e7ea54cae982e66299548925b P e5f4787853244040a3fa8e09a3e08ae4 reported cstate change: config changed from index -1 to 2, NON_VOTER 4ea95336cda74e34ac50b5a7ef8ae56b (127.16.235.132) added. New cstate: current_term: 1 leader_uuid: "d2f1af2e283748a0b50c4b1a9a1c2e05" committed_config { opid_index: 2 OBSOLETE_local: false peers { permanent_uuid: "0f7c6f8efb8245a595eb0683d40810a7" member_type: VOTER last_known_addr { host: "127.16.235.129" port: 38245 } attrs { replace: true } } peers { permanent_uuid: "d2f1af2e283748a0b50c4b1a9a1c2e05" member_type: VOTER last_known_addr { host: "127.16.235.130" port: 38241 } } peers { permanent_uuid: "e5f4787853244040a3fa8e09a3e08ae4" member_type: VOTER last_known_addr { host: "127.16.235.131" port: 34933 } } peers { permanent_uuid: "4ea95336cda74e34ac50b5a7ef8ae56b" member_type: NON_VOTER last_known_addr { host: "127.16.235.132" port: 35661 } attrs { promote: true } } }
I20260608 12:57:13.907765 17994 consensus_queue.cc:237] T 2470adbb19b8427ca598d0b6ce92bde7 P 0f7c6f8efb8245a595eb0683d40810a7 [LEADER]: Queue going to LEADER mode. State: All replicated index: 0, Majority replicated index: 2, Committed index: 2, Last appended: 2.2, Last appended by leader: 1, Current term: 2, Majority size: 2, State: 0, Mode: LEADER, active raft config: opid_index: 3 OBSOLETE_local: false peers { permanent_uuid: "0f7c6f8efb8245a595eb0683d40810a7" member_type: VOTER last_known_addr { host: "127.16.235.129" port: 38245 } } peers { permanent_uuid: "d2f1af2e283748a0b50c4b1a9a1c2e05" member_type: VOTER last_known_addr { host: "127.16.235.130" port: 38241 } } peers { permanent_uuid: "e5f4787853244040a3fa8e09a3e08ae4" member_type: VOTER last_known_addr { host: "127.16.235.131" port: 34933 } attrs { replace: true } } peers { permanent_uuid: "4ea95336cda74e34ac50b5a7ef8ae56b" member_type: NON_VOTER last_known_addr { host: "127.16.235.132" port: 35661 } attrs { promote: true } }
I20260608 12:57:13.917037 18142 raft_consensus.cc:1275] T 2470adbb19b8427ca598d0b6ce92bde7 P e5f4787853244040a3fa8e09a3e08ae4 [term 2 FOLLOWER]: Refusing update from remote peer 0f7c6f8efb8245a595eb0683d40810a7: Log matching property violated. Preceding OpId in replica: term: 2 index: 2. Preceding OpId from leader: term: 2 index: 3. (index mismatch)
I20260608 12:57:13.917752 18068 raft_consensus.cc:1275] T 2470adbb19b8427ca598d0b6ce92bde7 P d2f1af2e283748a0b50c4b1a9a1c2e05 [term 2 FOLLOWER]: Refusing update from remote peer 0f7c6f8efb8245a595eb0683d40810a7: Log matching property violated. Preceding OpId in replica: term: 2 index: 2. Preceding OpId from leader: term: 2 index: 3. (index mismatch)
I20260608 12:57:13.920809 18360 consensus_queue.cc:1048] T 2470adbb19b8427ca598d0b6ce92bde7 P 0f7c6f8efb8245a595eb0683d40810a7 [LEADER]: Connected to new peer: Peer: permanent_uuid: "e5f4787853244040a3fa8e09a3e08ae4" member_type: VOTER last_known_addr { host: "127.16.235.131" port: 34933 } attrs { replace: true }, Status: LMP_MISMATCH, Last received: 0.0, Next index: 3, Last known committed idx: 2, Time since last communication: 0.001s
I20260608 12:57:13.925280 18389 consensus_queue.cc:1048] T 2470adbb19b8427ca598d0b6ce92bde7 P 0f7c6f8efb8245a595eb0683d40810a7 [LEADER]: Connected to new peer: Peer: permanent_uuid: "d2f1af2e283748a0b50c4b1a9a1c2e05" member_type: VOTER last_known_addr { host: "127.16.235.130" port: 38241 }, Status: LMP_MISMATCH, Last received: 0.0, Next index: 3, Last known committed idx: 2, Time since last communication: 0.001s
I20260608 12:57:13.938282 18360 raft_consensus.cc:2955] T 2470adbb19b8427ca598d0b6ce92bde7 P 0f7c6f8efb8245a595eb0683d40810a7 [term 2 LEADER]: Committing config change with OpId 2.3: config changed from index -1 to 3, NON_VOTER 4ea95336cda74e34ac50b5a7ef8ae56b (127.16.235.132) added. New config: { opid_index: 3 OBSOLETE_local: false peers { permanent_uuid: "0f7c6f8efb8245a595eb0683d40810a7" member_type: VOTER last_known_addr { host: "127.16.235.129" port: 38245 } } peers { permanent_uuid: "d2f1af2e283748a0b50c4b1a9a1c2e05" member_type: VOTER last_known_addr { host: "127.16.235.130" port: 38241 } } peers { permanent_uuid: "e5f4787853244040a3fa8e09a3e08ae4" member_type: VOTER last_known_addr { host: "127.16.235.131" port: 34933 } attrs { replace: true } } peers { permanent_uuid: "4ea95336cda74e34ac50b5a7ef8ae56b" member_type: NON_VOTER last_known_addr { host: "127.16.235.132" port: 35661 } attrs { promote: true } } }
I20260608 12:57:13.940615 18142 raft_consensus.cc:2955] T 2470adbb19b8427ca598d0b6ce92bde7 P e5f4787853244040a3fa8e09a3e08ae4 [term 2 FOLLOWER]: Committing config change with OpId 2.3: config changed from index -1 to 3, NON_VOTER 4ea95336cda74e34ac50b5a7ef8ae56b (127.16.235.132) added. New config: { opid_index: 3 OBSOLETE_local: false peers { permanent_uuid: "0f7c6f8efb8245a595eb0683d40810a7" member_type: VOTER last_known_addr { host: "127.16.235.129" port: 38245 } } peers { permanent_uuid: "d2f1af2e283748a0b50c4b1a9a1c2e05" member_type: VOTER last_known_addr { host: "127.16.235.130" port: 38241 } } peers { permanent_uuid: "e5f4787853244040a3fa8e09a3e08ae4" member_type: VOTER last_known_addr { host: "127.16.235.131" port: 34933 } attrs { replace: true } } peers { permanent_uuid: "4ea95336cda74e34ac50b5a7ef8ae56b" member_type: NON_VOTER last_known_addr { host: "127.16.235.132" port: 35661 } attrs { promote: true } } }
W20260608 12:57:13.947886 17960 consensus_peers.cc:597] T 2470adbb19b8427ca598d0b6ce92bde7 P 0f7c6f8efb8245a595eb0683d40810a7 -> Peer 4ea95336cda74e34ac50b5a7ef8ae56b (127.16.235.132:35661): Couldn't send request to peer 4ea95336cda74e34ac50b5a7ef8ae56b. Error code: TABLET_NOT_FOUND (6). Status: Not found: Tablet not found: 2470adbb19b8427ca598d0b6ce92bde7. This is attempt 1: this message will repeat every 5th retry.
I20260608 12:57:13.960093 17891 catalog_manager.cc:5696] T 2470adbb19b8427ca598d0b6ce92bde7 P e5f4787853244040a3fa8e09a3e08ae4 reported cstate change: config changed from index -1 to 3, NON_VOTER 4ea95336cda74e34ac50b5a7ef8ae56b (127.16.235.132) added. New cstate: current_term: 2 leader_uuid: "0f7c6f8efb8245a595eb0683d40810a7" committed_config { opid_index: 3 OBSOLETE_local: false peers { permanent_uuid: "0f7c6f8efb8245a595eb0683d40810a7" member_type: VOTER last_known_addr { host: "127.16.235.129" port: 38245 } } peers { permanent_uuid: "d2f1af2e283748a0b50c4b1a9a1c2e05" member_type: VOTER last_known_addr { host: "127.16.235.130" port: 38241 } } peers { permanent_uuid: "e5f4787853244040a3fa8e09a3e08ae4" member_type: VOTER last_known_addr { host: "127.16.235.131" port: 34933 } attrs { replace: true } } peers { permanent_uuid: "4ea95336cda74e34ac50b5a7ef8ae56b" member_type: NON_VOTER last_known_addr { host: "127.16.235.132" port: 35661 } attrs { promote: true } } }
I20260608 12:57:13.971164 18068 raft_consensus.cc:2955] T 2470adbb19b8427ca598d0b6ce92bde7 P d2f1af2e283748a0b50c4b1a9a1c2e05 [term 2 FOLLOWER]: Committing config change with OpId 2.3: config changed from index -1 to 3, NON_VOTER 4ea95336cda74e34ac50b5a7ef8ae56b (127.16.235.132) added. New config: { opid_index: 3 OBSOLETE_local: false peers { permanent_uuid: "0f7c6f8efb8245a595eb0683d40810a7" member_type: VOTER last_known_addr { host: "127.16.235.129" port: 38245 } } peers { permanent_uuid: "d2f1af2e283748a0b50c4b1a9a1c2e05" member_type: VOTER last_known_addr { host: "127.16.235.130" port: 38241 } } peers { permanent_uuid: "e5f4787853244040a3fa8e09a3e08ae4" member_type: VOTER last_known_addr { host: "127.16.235.131" port: 34933 } attrs { replace: true } } peers { permanent_uuid: "4ea95336cda74e34ac50b5a7ef8ae56b" member_type: NON_VOTER last_known_addr { host: "127.16.235.132" port: 35661 } attrs { promote: true } } }
I20260608 12:57:14.125766 18395 ts_tablet_manager.cc:933] T 1a1f436aedb247b9a94924c0ea595bfd P 4ea95336cda74e34ac50b5a7ef8ae56b: Initiating tablet copy from peer d2f1af2e283748a0b50c4b1a9a1c2e05 (127.16.235.130:38241)
I20260608 12:57:14.128661 18395 tablet_copy_client.cc:323] T 1a1f436aedb247b9a94924c0ea595bfd P 4ea95336cda74e34ac50b5a7ef8ae56b: tablet copy: Beginning tablet copy session from remote peer at address 127.16.235.130:38241
I20260608 12:57:14.144846 18079 tablet_copy_service.cc:140] P d2f1af2e283748a0b50c4b1a9a1c2e05: Received BeginTabletCopySession request for tablet 1a1f436aedb247b9a94924c0ea595bfd from peer 4ea95336cda74e34ac50b5a7ef8ae56b ({username='slave'} at 127.0.0.1:54238)
I20260608 12:57:14.145597 18079 tablet_copy_service.cc:161] P d2f1af2e283748a0b50c4b1a9a1c2e05: Beginning new tablet copy session on tablet 1a1f436aedb247b9a94924c0ea595bfd from peer 4ea95336cda74e34ac50b5a7ef8ae56b at {username='slave'} at 127.0.0.1:54238: session id = 4ea95336cda74e34ac50b5a7ef8ae56b-1a1f436aedb247b9a94924c0ea595bfd
I20260608 12:57:14.157521 18079 tablet_copy_source_session.cc:215] T 1a1f436aedb247b9a94924c0ea595bfd P d2f1af2e283748a0b50c4b1a9a1c2e05: Tablet Copy: opened 0 blocks and 1 log segments
I20260608 12:57:14.162129 18395 data_dirs.cc:400] Could only allocate 1 dirs of requested 3 for tablet 1a1f436aedb247b9a94924c0ea595bfd. 1 dirs total, 0 dirs full, 0 dirs failed
I20260608 12:57:14.178262 18395 tablet_copy_client.cc:806] T 1a1f436aedb247b9a94924c0ea595bfd P 4ea95336cda74e34ac50b5a7ef8ae56b: tablet copy: Starting download of 0 data blocks...
I20260608 12:57:14.178978 18395 tablet_copy_client.cc:670] T 1a1f436aedb247b9a94924c0ea595bfd P 4ea95336cda74e34ac50b5a7ef8ae56b: tablet copy: Starting download of 1 WAL segments...
I20260608 12:57:14.184352 18395 tablet_copy_client.cc:538] T 1a1f436aedb247b9a94924c0ea595bfd P 4ea95336cda74e34ac50b5a7ef8ae56b: tablet copy: Tablet Copy complete. Replacing tablet superblock.
I20260608 12:57:14.193482 18395 tablet_bootstrap.cc:492] T 1a1f436aedb247b9a94924c0ea595bfd P 4ea95336cda74e34ac50b5a7ef8ae56b: Bootstrap starting.
I20260608 12:57:14.217941 18395 tablet_bootstrap.cc:492] T 1a1f436aedb247b9a94924c0ea595bfd P 4ea95336cda74e34ac50b5a7ef8ae56b: Bootstrap replayed 1/1 log segments. Stats: ops{read=2 overwritten=0 applied=2 ignored=0} inserts{seen=0 ignored=0} mutations{seen=0 ignored=0} orphaned_commits=0. Pending: 0 replicates
I20260608 12:57:14.218986 18395 tablet_bootstrap.cc:492] T 1a1f436aedb247b9a94924c0ea595bfd P 4ea95336cda74e34ac50b5a7ef8ae56b: Bootstrap complete.
I20260608 12:57:14.219717 18395 ts_tablet_manager.cc:1403] T 1a1f436aedb247b9a94924c0ea595bfd P 4ea95336cda74e34ac50b5a7ef8ae56b: Time spent bootstrapping tablet: real 0.027s	user 0.019s	sys 0.008s
I20260608 12:57:14.223354 18395 raft_consensus.cc:359] T 1a1f436aedb247b9a94924c0ea595bfd P 4ea95336cda74e34ac50b5a7ef8ae56b [term 1 LEARNER]: Replica starting. Triggering 0 pending ops. Active config: opid_index: 2 OBSOLETE_local: false peers { permanent_uuid: "0f7c6f8efb8245a595eb0683d40810a7" member_type: VOTER last_known_addr { host: "127.16.235.129" port: 38245 } } peers { permanent_uuid: "d2f1af2e283748a0b50c4b1a9a1c2e05" member_type: VOTER last_known_addr { host: "127.16.235.130" port: 38241 } } peers { permanent_uuid: "e5f4787853244040a3fa8e09a3e08ae4" member_type: VOTER last_known_addr { host: "127.16.235.131" port: 34933 } attrs { replace: true } } peers { permanent_uuid: "4ea95336cda74e34ac50b5a7ef8ae56b" member_type: NON_VOTER last_known_addr { host: "127.16.235.132" port: 35661 } attrs { promote: true } }
I20260608 12:57:14.224217 18395 raft_consensus.cc:740] T 1a1f436aedb247b9a94924c0ea595bfd P 4ea95336cda74e34ac50b5a7ef8ae56b [term 1 LEARNER]: Becoming Follower/Learner. State: Replica: 4ea95336cda74e34ac50b5a7ef8ae56b, State: Initialized, Role: LEARNER
I20260608 12:57:14.224954 18395 consensus_queue.cc:260] T 1a1f436aedb247b9a94924c0ea595bfd P 4ea95336cda74e34ac50b5a7ef8ae56b [NON_LEADER]: Queue going to NON_LEADER mode. State: All replicated index: 0, Majority replicated index: 0, Committed index: 2, Last appended: 1.2, Last appended by leader: 2, Current term: 0, Majority size: -1, State: 0, Mode: NON_LEADER, active raft config: opid_index: 2 OBSOLETE_local: false peers { permanent_uuid: "0f7c6f8efb8245a595eb0683d40810a7" member_type: VOTER last_known_addr { host: "127.16.235.129" port: 38245 } } peers { permanent_uuid: "d2f1af2e283748a0b50c4b1a9a1c2e05" member_type: VOTER last_known_addr { host: "127.16.235.130" port: 38241 } } peers { permanent_uuid: "e5f4787853244040a3fa8e09a3e08ae4" member_type: VOTER last_known_addr { host: "127.16.235.131" port: 34933 } attrs { replace: true } } peers { permanent_uuid: "4ea95336cda74e34ac50b5a7ef8ae56b" member_type: NON_VOTER last_known_addr { host: "127.16.235.132" port: 35661 } attrs { promote: true } }
I20260608 12:57:14.228296 18395 ts_tablet_manager.cc:1434] T 1a1f436aedb247b9a94924c0ea595bfd P 4ea95336cda74e34ac50b5a7ef8ae56b: Time spent starting tablet: real 0.008s	user 0.007s	sys 0.001s
I20260608 12:57:14.230239 18079 tablet_copy_service.cc:342] P d2f1af2e283748a0b50c4b1a9a1c2e05: Request end of tablet copy session 4ea95336cda74e34ac50b5a7ef8ae56b-1a1f436aedb247b9a94924c0ea595bfd received from {username='slave'} at 127.0.0.1:54238
I20260608 12:57:14.230768 18079 tablet_copy_service.cc:434] P d2f1af2e283748a0b50c4b1a9a1c2e05: ending tablet copy session 4ea95336cda74e34ac50b5a7ef8ae56b-1a1f436aedb247b9a94924c0ea595bfd on tablet 1a1f436aedb247b9a94924c0ea595bfd with peer 4ea95336cda74e34ac50b5a7ef8ae56b
I20260608 12:57:14.268651 18395 ts_tablet_manager.cc:933] T 3b45ddb2b1d043c5a8d557c2950731a7 P 4ea95336cda74e34ac50b5a7ef8ae56b: Initiating tablet copy from peer e5f4787853244040a3fa8e09a3e08ae4 (127.16.235.131:34933)
I20260608 12:57:14.270514 18395 tablet_copy_client.cc:323] T 3b45ddb2b1d043c5a8d557c2950731a7 P 4ea95336cda74e34ac50b5a7ef8ae56b: tablet copy: Beginning tablet copy session from remote peer at address 127.16.235.131:34933
I20260608 12:57:14.293959 18402 ts_tablet_manager.cc:933] T 9424441e7ea54cae982e66299548925b P 4ea95336cda74e34ac50b5a7ef8ae56b: Initiating tablet copy from peer d2f1af2e283748a0b50c4b1a9a1c2e05 (127.16.235.130:38241)
I20260608 12:57:14.304287 18153 tablet_copy_service.cc:140] P e5f4787853244040a3fa8e09a3e08ae4: Received BeginTabletCopySession request for tablet 3b45ddb2b1d043c5a8d557c2950731a7 from peer 4ea95336cda74e34ac50b5a7ef8ae56b ({username='slave'} at 127.0.0.1:51544)
I20260608 12:57:14.305109 18153 tablet_copy_service.cc:161] P e5f4787853244040a3fa8e09a3e08ae4: Beginning new tablet copy session on tablet 3b45ddb2b1d043c5a8d557c2950731a7 from peer 4ea95336cda74e34ac50b5a7ef8ae56b at {username='slave'} at 127.0.0.1:51544: session id = 4ea95336cda74e34ac50b5a7ef8ae56b-3b45ddb2b1d043c5a8d557c2950731a7
I20260608 12:57:14.305781 18402 tablet_copy_client.cc:323] T 9424441e7ea54cae982e66299548925b P 4ea95336cda74e34ac50b5a7ef8ae56b: tablet copy: Beginning tablet copy session from remote peer at address 127.16.235.130:38241
I20260608 12:57:14.307936 18079 tablet_copy_service.cc:140] P d2f1af2e283748a0b50c4b1a9a1c2e05: Received BeginTabletCopySession request for tablet 9424441e7ea54cae982e66299548925b from peer 4ea95336cda74e34ac50b5a7ef8ae56b ({username='slave'} at 127.0.0.1:54238)
I20260608 12:57:14.308494 18079 tablet_copy_service.cc:161] P d2f1af2e283748a0b50c4b1a9a1c2e05: Beginning new tablet copy session on tablet 9424441e7ea54cae982e66299548925b from peer 4ea95336cda74e34ac50b5a7ef8ae56b at {username='slave'} at 127.0.0.1:54238: session id = 4ea95336cda74e34ac50b5a7ef8ae56b-9424441e7ea54cae982e66299548925b
I20260608 12:57:14.317651 18153 tablet_copy_source_session.cc:215] T 3b45ddb2b1d043c5a8d557c2950731a7 P e5f4787853244040a3fa8e09a3e08ae4: Tablet Copy: opened 0 blocks and 1 log segments
I20260608 12:57:14.320026 18079 tablet_copy_source_session.cc:215] T 9424441e7ea54cae982e66299548925b P d2f1af2e283748a0b50c4b1a9a1c2e05: Tablet Copy: opened 0 blocks and 1 log segments
I20260608 12:57:14.321280 18395 data_dirs.cc:400] Could only allocate 1 dirs of requested 3 for tablet 3b45ddb2b1d043c5a8d557c2950731a7. 1 dirs total, 0 dirs full, 0 dirs failed
I20260608 12:57:14.323897 18402 data_dirs.cc:400] Could only allocate 1 dirs of requested 3 for tablet 9424441e7ea54cae982e66299548925b. 1 dirs total, 0 dirs full, 0 dirs failed
I20260608 12:57:14.338874 18395 tablet_copy_client.cc:806] T 3b45ddb2b1d043c5a8d557c2950731a7 P 4ea95336cda74e34ac50b5a7ef8ae56b: tablet copy: Starting download of 0 data blocks...
I20260608 12:57:14.339612 18395 tablet_copy_client.cc:670] T 3b45ddb2b1d043c5a8d557c2950731a7 P 4ea95336cda74e34ac50b5a7ef8ae56b: tablet copy: Starting download of 1 WAL segments...
I20260608 12:57:14.340271 18402 tablet_copy_client.cc:806] T 9424441e7ea54cae982e66299548925b P 4ea95336cda74e34ac50b5a7ef8ae56b: tablet copy: Starting download of 0 data blocks...
I20260608 12:57:14.340863 18402 tablet_copy_client.cc:670] T 9424441e7ea54cae982e66299548925b P 4ea95336cda74e34ac50b5a7ef8ae56b: tablet copy: Starting download of 1 WAL segments...
I20260608 12:57:14.346222 18395 tablet_copy_client.cc:538] T 3b45ddb2b1d043c5a8d557c2950731a7 P 4ea95336cda74e34ac50b5a7ef8ae56b: tablet copy: Tablet Copy complete. Replacing tablet superblock.
I20260608 12:57:14.347302 18402 tablet_copy_client.cc:538] T 9424441e7ea54cae982e66299548925b P 4ea95336cda74e34ac50b5a7ef8ae56b: tablet copy: Tablet Copy complete. Replacing tablet superblock.
I20260608 12:57:14.356500 18395 tablet_bootstrap.cc:492] T 3b45ddb2b1d043c5a8d557c2950731a7 P 4ea95336cda74e34ac50b5a7ef8ae56b: Bootstrap starting.
I20260608 12:57:14.356761 18402 tablet_bootstrap.cc:492] T 9424441e7ea54cae982e66299548925b P 4ea95336cda74e34ac50b5a7ef8ae56b: Bootstrap starting.
I20260608 12:57:14.391552 17326 tablet_server.cc:179] TabletServer@127.16.235.129:0 shutting down...
I20260608 12:57:14.396185 18402 tablet_bootstrap.cc:492] T 9424441e7ea54cae982e66299548925b P 4ea95336cda74e34ac50b5a7ef8ae56b: Bootstrap replayed 1/1 log segments. Stats: ops{read=2 overwritten=0 applied=2 ignored=0} inserts{seen=0 ignored=0} mutations{seen=0 ignored=0} orphaned_commits=0. Pending: 0 replicates
I20260608 12:57:14.397701 18402 tablet_bootstrap.cc:492] T 9424441e7ea54cae982e66299548925b P 4ea95336cda74e34ac50b5a7ef8ae56b: Bootstrap complete.
I20260608 12:57:14.399184 18402 ts_tablet_manager.cc:1403] T 9424441e7ea54cae982e66299548925b P 4ea95336cda74e34ac50b5a7ef8ae56b: Time spent bootstrapping tablet: real 0.043s	user 0.025s	sys 0.005s
I20260608 12:57:14.413636 18395 tablet_bootstrap.cc:492] T 3b45ddb2b1d043c5a8d557c2950731a7 P 4ea95336cda74e34ac50b5a7ef8ae56b: Bootstrap replayed 1/1 log segments. Stats: ops{read=2 overwritten=0 applied=2 ignored=0} inserts{seen=0 ignored=0} mutations{seen=0 ignored=0} orphaned_commits=0. Pending: 0 replicates
I20260608 12:57:14.414799 18395 tablet_bootstrap.cc:492] T 3b45ddb2b1d043c5a8d557c2950731a7 P 4ea95336cda74e34ac50b5a7ef8ae56b: Bootstrap complete.
I20260608 12:57:14.415699 18395 ts_tablet_manager.cc:1403] T 3b45ddb2b1d043c5a8d557c2950731a7 P 4ea95336cda74e34ac50b5a7ef8ae56b: Time spent bootstrapping tablet: real 0.059s	user 0.018s	sys 0.021s
I20260608 12:57:14.419196 18395 raft_consensus.cc:359] T 3b45ddb2b1d043c5a8d557c2950731a7 P 4ea95336cda74e34ac50b5a7ef8ae56b [term 1 LEARNER]: Replica starting. Triggering 0 pending ops. Active config: opid_index: 2 OBSOLETE_local: false peers { permanent_uuid: "0f7c6f8efb8245a595eb0683d40810a7" member_type: VOTER last_known_addr { host: "127.16.235.129" port: 38245 } } peers { permanent_uuid: "d2f1af2e283748a0b50c4b1a9a1c2e05" member_type: VOTER last_known_addr { host: "127.16.235.130" port: 38241 } attrs { replace: true } } peers { permanent_uuid: "e5f4787853244040a3fa8e09a3e08ae4" member_type: VOTER last_known_addr { host: "127.16.235.131" port: 34933 } } peers { permanent_uuid: "4ea95336cda74e34ac50b5a7ef8ae56b" member_type: NON_VOTER last_known_addr { host: "127.16.235.132" port: 35661 } attrs { promote: true } }
I20260608 12:57:14.420179 18395 raft_consensus.cc:740] T 3b45ddb2b1d043c5a8d557c2950731a7 P 4ea95336cda74e34ac50b5a7ef8ae56b [term 1 LEARNER]: Becoming Follower/Learner. State: Replica: 4ea95336cda74e34ac50b5a7ef8ae56b, State: Initialized, Role: LEARNER
I20260608 12:57:14.420940 18395 consensus_queue.cc:260] T 3b45ddb2b1d043c5a8d557c2950731a7 P 4ea95336cda74e34ac50b5a7ef8ae56b [NON_LEADER]: Queue going to NON_LEADER mode. State: All replicated index: 0, Majority replicated index: 0, Committed index: 2, Last appended: 1.2, Last appended by leader: 2, Current term: 0, Majority size: -1, State: 0, Mode: NON_LEADER, active raft config: opid_index: 2 OBSOLETE_local: false peers { permanent_uuid: "0f7c6f8efb8245a595eb0683d40810a7" member_type: VOTER last_known_addr { host: "127.16.235.129" port: 38245 } } peers { permanent_uuid: "d2f1af2e283748a0b50c4b1a9a1c2e05" member_type: VOTER last_known_addr { host: "127.16.235.130" port: 38241 } attrs { replace: true } } peers { permanent_uuid: "e5f4787853244040a3fa8e09a3e08ae4" member_type: VOTER last_known_addr { host: "127.16.235.131" port: 34933 } } peers { permanent_uuid: "4ea95336cda74e34ac50b5a7ef8ae56b" member_type: NON_VOTER last_known_addr { host: "127.16.235.132" port: 35661 } attrs { promote: true } }
I20260608 12:57:14.423556 18395 ts_tablet_manager.cc:1434] T 3b45ddb2b1d043c5a8d557c2950731a7 P 4ea95336cda74e34ac50b5a7ef8ae56b: Time spent starting tablet: real 0.007s	user 0.006s	sys 0.001s
I20260608 12:57:14.426740 18153 tablet_copy_service.cc:342] P e5f4787853244040a3fa8e09a3e08ae4: Request end of tablet copy session 4ea95336cda74e34ac50b5a7ef8ae56b-3b45ddb2b1d043c5a8d557c2950731a7 received from {username='slave'} at 127.0.0.1:51544
I20260608 12:57:14.427242 18153 tablet_copy_service.cc:434] P e5f4787853244040a3fa8e09a3e08ae4: ending tablet copy session 4ea95336cda74e34ac50b5a7ef8ae56b-3b45ddb2b1d043c5a8d557c2950731a7 on tablet 3b45ddb2b1d043c5a8d557c2950731a7 with peer 4ea95336cda74e34ac50b5a7ef8ae56b
I20260608 12:57:14.438665 18402 raft_consensus.cc:359] T 9424441e7ea54cae982e66299548925b P 4ea95336cda74e34ac50b5a7ef8ae56b [term 1 LEARNER]: Replica starting. Triggering 0 pending ops. Active config: opid_index: 2 OBSOLETE_local: false peers { permanent_uuid: "0f7c6f8efb8245a595eb0683d40810a7" member_type: VOTER last_known_addr { host: "127.16.235.129" port: 38245 } attrs { replace: true } } peers { permanent_uuid: "d2f1af2e283748a0b50c4b1a9a1c2e05" member_type: VOTER last_known_addr { host: "127.16.235.130" port: 38241 } } peers { permanent_uuid: "e5f4787853244040a3fa8e09a3e08ae4" member_type: VOTER last_known_addr { host: "127.16.235.131" port: 34933 } } peers { permanent_uuid: "4ea95336cda74e34ac50b5a7ef8ae56b" member_type: NON_VOTER last_known_addr { host: "127.16.235.132" port: 35661 } attrs { promote: true } }
I20260608 12:57:14.443580 18402 raft_consensus.cc:740] T 9424441e7ea54cae982e66299548925b P 4ea95336cda74e34ac50b5a7ef8ae56b [term 1 LEARNER]: Becoming Follower/Learner. State: Replica: 4ea95336cda74e34ac50b5a7ef8ae56b, State: Initialized, Role: LEARNER
I20260608 12:57:14.444500 18402 consensus_queue.cc:260] T 9424441e7ea54cae982e66299548925b P 4ea95336cda74e34ac50b5a7ef8ae56b [NON_LEADER]: Queue going to NON_LEADER mode. State: All replicated index: 0, Majority replicated index: 0, Committed index: 2, Last appended: 1.2, Last appended by leader: 2, Current term: 0, Majority size: -1, State: 0, Mode: NON_LEADER, active raft config: opid_index: 2 OBSOLETE_local: false peers { permanent_uuid: "0f7c6f8efb8245a595eb0683d40810a7" member_type: VOTER last_known_addr { host: "127.16.235.129" port: 38245 } attrs { replace: true } } peers { permanent_uuid: "d2f1af2e283748a0b50c4b1a9a1c2e05" member_type: VOTER last_known_addr { host: "127.16.235.130" port: 38241 } } peers { permanent_uuid: "e5f4787853244040a3fa8e09a3e08ae4" member_type: VOTER last_known_addr { host: "127.16.235.131" port: 34933 } } peers { permanent_uuid: "4ea95336cda74e34ac50b5a7ef8ae56b" member_type: NON_VOTER last_known_addr { host: "127.16.235.132" port: 35661 } attrs { promote: true } }
I20260608 12:57:14.452821 18402 ts_tablet_manager.cc:1434] T 9424441e7ea54cae982e66299548925b P 4ea95336cda74e34ac50b5a7ef8ae56b: Time spent starting tablet: real 0.053s	user 0.007s	sys 0.000s
I20260608 12:57:14.453953 18395 ts_tablet_manager.cc:933] T 2470adbb19b8427ca598d0b6ce92bde7 P 4ea95336cda74e34ac50b5a7ef8ae56b: Initiating tablet copy from peer 0f7c6f8efb8245a595eb0683d40810a7 (127.16.235.129:38245)
I20260608 12:57:14.457326 18395 tablet_copy_client.cc:323] T 2470adbb19b8427ca598d0b6ce92bde7 P 4ea95336cda74e34ac50b5a7ef8ae56b: tablet copy: Beginning tablet copy session from remote peer at address 127.16.235.129:38245
I20260608 12:57:14.472500 18079 tablet_copy_service.cc:342] P d2f1af2e283748a0b50c4b1a9a1c2e05: Request end of tablet copy session 4ea95336cda74e34ac50b5a7ef8ae56b-9424441e7ea54cae982e66299548925b received from {username='slave'} at 127.0.0.1:54238
I20260608 12:57:14.473062 18079 tablet_copy_service.cc:434] P d2f1af2e283748a0b50c4b1a9a1c2e05: ending tablet copy session 4ea95336cda74e34ac50b5a7ef8ae56b-9424441e7ea54cae982e66299548925b on tablet 9424441e7ea54cae982e66299548925b with peer 4ea95336cda74e34ac50b5a7ef8ae56b
I20260608 12:57:14.478291 17326 ts_tablet_manager.cc:1507] Shutting down tablet manager...
I20260608 12:57:14.479847 17326 tablet_replica.cc:333] T 9424441e7ea54cae982e66299548925b P 0f7c6f8efb8245a595eb0683d40810a7: stopping tablet replica
I20260608 12:57:14.480757 17326 raft_consensus.cc:2243] T 9424441e7ea54cae982e66299548925b P 0f7c6f8efb8245a595eb0683d40810a7 [term 1 FOLLOWER]: Raft consensus shutting down.
I20260608 12:57:14.481423 17326 raft_consensus.cc:2272] T 9424441e7ea54cae982e66299548925b P 0f7c6f8efb8245a595eb0683d40810a7 [term 1 FOLLOWER]: Raft consensus is shut down!
I20260608 12:57:14.484952 17326 tablet_replica.cc:333] T 3b45ddb2b1d043c5a8d557c2950731a7 P 0f7c6f8efb8245a595eb0683d40810a7: stopping tablet replica
I20260608 12:57:14.485788 17326 raft_consensus.cc:2243] T 3b45ddb2b1d043c5a8d557c2950731a7 P 0f7c6f8efb8245a595eb0683d40810a7 [term 1 FOLLOWER]: Raft consensus shutting down.
I20260608 12:57:14.487236 17326 raft_consensus.cc:2272] T 3b45ddb2b1d043c5a8d557c2950731a7 P 0f7c6f8efb8245a595eb0683d40810a7 [term 1 FOLLOWER]: Raft consensus is shut down!
I20260608 12:57:14.490444 17326 tablet_replica.cc:333] T 37b0c1365e264bbfa2c0b7662cc7453c P 0f7c6f8efb8245a595eb0683d40810a7: stopping tablet replica
I20260608 12:57:14.491295 17326 raft_consensus.cc:2243] T 37b0c1365e264bbfa2c0b7662cc7453c P 0f7c6f8efb8245a595eb0683d40810a7 [term 1 LEADER]: Raft consensus shutting down.
I20260608 12:57:14.492390 17326 raft_consensus.cc:2272] T 37b0c1365e264bbfa2c0b7662cc7453c P 0f7c6f8efb8245a595eb0683d40810a7 [term 1 FOLLOWER]: Raft consensus is shut down!
I20260608 12:57:14.495045 17326 tablet_replica.cc:333] T bf4e71e94f254fc5aca13da61021fc98 P 0f7c6f8efb8245a595eb0683d40810a7: stopping tablet replica
I20260608 12:57:14.495787 17326 raft_consensus.cc:2243] T bf4e71e94f254fc5aca13da61021fc98 P 0f7c6f8efb8245a595eb0683d40810a7 [term 1 FOLLOWER]: Raft consensus shutting down.
I20260608 12:57:14.496336 17326 raft_consensus.cc:2272] T bf4e71e94f254fc5aca13da61021fc98 P 0f7c6f8efb8245a595eb0683d40810a7 [term 1 FOLLOWER]: Raft consensus is shut down!
I20260608 12:57:14.499220 17326 tablet_replica.cc:333] T 2470adbb19b8427ca598d0b6ce92bde7 P 0f7c6f8efb8245a595eb0683d40810a7: stopping tablet replica
I20260608 12:57:14.499941 17326 raft_consensus.cc:2243] T 2470adbb19b8427ca598d0b6ce92bde7 P 0f7c6f8efb8245a595eb0683d40810a7 [term 2 LEADER]: Raft consensus shutting down.
I20260608 12:57:14.501031 17326 raft_consensus.cc:2272] T 2470adbb19b8427ca598d0b6ce92bde7 P 0f7c6f8efb8245a595eb0683d40810a7 [term 2 FOLLOWER]: Raft consensus is shut down!
I20260608 12:57:14.504688 17326 tablet_replica.cc:333] T 1a1f436aedb247b9a94924c0ea595bfd P 0f7c6f8efb8245a595eb0683d40810a7: stopping tablet replica
