I20260608 12:58:32.637840 20644 raft_consensus.cc:2955] T 9a7f8aef8b474f25a09e78c0f645743d P a1efaeb15880450c9542bce2a613c62a [term 2 FOLLOWER]: Committing config change with OpId 2.4: config changed from index 3 to 4, VOTER f69261ab67e548379f321f62d3965fff (127.16.235.129) evicted. New config: { opid_index: 4 OBSOLETE_local: false peers { permanent_uuid: "ec71582a6268491cafff648105505edb" member_type: VOTER last_known_addr { host: "127.16.235.131" port: 41243 } } peers { permanent_uuid: "6d6d90c4c27349a190235e213a0bf045" member_type: VOTER last_known_addr { host: "127.16.235.130" port: 43333 } } peers { permanent_uuid: "a1efaeb15880450c9542bce2a613c62a" member_type: VOTER last_known_addr { host: "127.16.235.132" port: 43083 } attrs { promote: false } } }
I20260608 12:58:32.654454 20393 raft_consensus.cc:2955] T 9a7f8aef8b474f25a09e78c0f645743d P 6d6d90c4c27349a190235e213a0bf045 [term 2 FOLLOWER]: Committing config change with OpId 2.4: config changed from index 3 to 4, VOTER f69261ab67e548379f321f62d3965fff (127.16.235.129) evicted. New config: { opid_index: 4 OBSOLETE_local: false peers { permanent_uuid: "ec71582a6268491cafff648105505edb" member_type: VOTER last_known_addr { host: "127.16.235.131" port: 41243 } } peers { permanent_uuid: "6d6d90c4c27349a190235e213a0bf045" member_type: VOTER last_known_addr { host: "127.16.235.130" port: 43333 } } peers { permanent_uuid: "a1efaeb15880450c9542bce2a613c62a" member_type: VOTER last_known_addr { host: "127.16.235.132" port: 43083 } attrs { promote: false } } }
I20260608 12:58:32.664316 20216 catalog_manager.cc:5696] T 9a7f8aef8b474f25a09e78c0f645743d P a1efaeb15880450c9542bce2a613c62a reported cstate change: config changed from index 3 to 4, VOTER f69261ab67e548379f321f62d3965fff (127.16.235.129) evicted. New cstate: current_term: 2 leader_uuid: "ec71582a6268491cafff648105505edb" committed_config { opid_index: 4 OBSOLETE_local: false peers { permanent_uuid: "ec71582a6268491cafff648105505edb" member_type: VOTER last_known_addr { host: "127.16.235.131" port: 41243 } } peers { permanent_uuid: "6d6d90c4c27349a190235e213a0bf045" member_type: VOTER last_known_addr { host: "127.16.235.130" port: 43333 } } peers { permanent_uuid: "a1efaeb15880450c9542bce2a613c62a" member_type: VOTER last_known_addr { host: "127.16.235.132" port: 43083 } attrs { promote: false } } }
I20260608 12:58:32.680053 20311 tablet_service.cc:1558] Processing DeleteTablet for tablet 9a7f8aef8b474f25a09e78c0f645743d with delete_type TABLET_DATA_TOMBSTONED (TS f69261ab67e548379f321f62d3965fff not found in new config with opid_index 4) from {username='slave'} at 127.0.0.1:34490
I20260608 12:58:32.687456 20869 raft_consensus.cc:2955] T e086d87004fe4f80b0d8cb75d52c8d9e P f69261ab67e548379f321f62d3965fff [term 1 LEADER]: Committing config change with OpId 1.3: config changed from index 2 to 3, a1efaeb15880450c9542bce2a613c62a (127.16.235.132) changed from NON_VOTER to VOTER. New config: { opid_index: 3 OBSOLETE_local: false peers { permanent_uuid: "6d6d90c4c27349a190235e213a0bf045" member_type: VOTER last_known_addr { host: "127.16.235.130" port: 43333 } } peers { permanent_uuid: "f69261ab67e548379f321f62d3965fff" member_type: VOTER last_known_addr { host: "127.16.235.129" port: 43477 } } peers { permanent_uuid: "ec71582a6268491cafff648105505edb" member_type: VOTER last_known_addr { host: "127.16.235.131" port: 41243 } attrs { replace: true } } peers { permanent_uuid: "a1efaeb15880450c9542bce2a613c62a" member_type: VOTER last_known_addr { host: "127.16.235.132" port: 43083 } attrs { promote: false } } }
I20260608 12:58:32.690970 20203 catalog_manager.cc:5209] ChangeConfig:REMOVE_PEER RPC for tablet 9a7f8aef8b474f25a09e78c0f645743d with cas_config_opid_index 3: ChangeConfig:REMOVE_PEER succeeded (attempt 1)
I20260608 12:58:32.691857 20641 raft_consensus.cc:2955] T e086d87004fe4f80b0d8cb75d52c8d9e P a1efaeb15880450c9542bce2a613c62a [term 1 FOLLOWER]: Committing config change with OpId 1.3: config changed from index 2 to 3, a1efaeb15880450c9542bce2a613c62a (127.16.235.132) changed from NON_VOTER to VOTER. New config: { opid_index: 3 OBSOLETE_local: false peers { permanent_uuid: "6d6d90c4c27349a190235e213a0bf045" member_type: VOTER last_known_addr { host: "127.16.235.130" port: 43333 } } peers { permanent_uuid: "f69261ab67e548379f321f62d3965fff" member_type: VOTER last_known_addr { host: "127.16.235.129" port: 43477 } } peers { permanent_uuid: "ec71582a6268491cafff648105505edb" member_type: VOTER last_known_addr { host: "127.16.235.131" port: 41243 } attrs { replace: true } } peers { permanent_uuid: "a1efaeb15880450c9542bce2a613c62a" member_type: VOTER last_known_addr { host: "127.16.235.132" port: 43083 } attrs { promote: false } } }
I20260608 12:58:32.695358 20394 raft_consensus.cc:2955] T e086d87004fe4f80b0d8cb75d52c8d9e P 6d6d90c4c27349a190235e213a0bf045 [term 1 FOLLOWER]: Committing config change with OpId 1.3: config changed from index 2 to 3, a1efaeb15880450c9542bce2a613c62a (127.16.235.132) changed from NON_VOTER to VOTER. New config: { opid_index: 3 OBSOLETE_local: false peers { permanent_uuid: "6d6d90c4c27349a190235e213a0bf045" member_type: VOTER last_known_addr { host: "127.16.235.130" port: 43333 } } peers { permanent_uuid: "f69261ab67e548379f321f62d3965fff" member_type: VOTER last_known_addr { host: "127.16.235.129" port: 43477 } } peers { permanent_uuid: "ec71582a6268491cafff648105505edb" member_type: VOTER last_known_addr { host: "127.16.235.131" port: 41243 } attrs { replace: true } } peers { permanent_uuid: "a1efaeb15880450c9542bce2a613c62a" member_type: VOTER last_known_addr { host: "127.16.235.132" port: 43083 } attrs { promote: false } } }
I20260608 12:58:32.702045 20468 raft_consensus.cc:2955] T e086d87004fe4f80b0d8cb75d52c8d9e P ec71582a6268491cafff648105505edb [term 1 FOLLOWER]: Committing config change with OpId 1.3: config changed from index 2 to 3, a1efaeb15880450c9542bce2a613c62a (127.16.235.132) changed from NON_VOTER to VOTER. New config: { opid_index: 3 OBSOLETE_local: false peers { permanent_uuid: "6d6d90c4c27349a190235e213a0bf045" member_type: VOTER last_known_addr { host: "127.16.235.130" port: 43333 } } peers { permanent_uuid: "f69261ab67e548379f321f62d3965fff" member_type: VOTER last_known_addr { host: "127.16.235.129" port: 43477 } } peers { permanent_uuid: "ec71582a6268491cafff648105505edb" member_type: VOTER last_known_addr { host: "127.16.235.131" port: 41243 } attrs { replace: true } } peers { permanent_uuid: "a1efaeb15880450c9542bce2a613c62a" member_type: VOTER last_known_addr { host: "127.16.235.132" port: 43083 } attrs { promote: false } } }
I20260608 12:58:32.708271 20216 catalog_manager.cc:5696] T e086d87004fe4f80b0d8cb75d52c8d9e P a1efaeb15880450c9542bce2a613c62a reported cstate change: config changed from index 2 to 3, a1efaeb15880450c9542bce2a613c62a (127.16.235.132) changed from NON_VOTER to VOTER. New cstate: current_term: 1 leader_uuid: "f69261ab67e548379f321f62d3965fff" committed_config { opid_index: 3 OBSOLETE_local: false peers { permanent_uuid: "6d6d90c4c27349a190235e213a0bf045" member_type: VOTER last_known_addr { host: "127.16.235.130" port: 43333 } } peers { permanent_uuid: "f69261ab67e548379f321f62d3965fff" member_type: VOTER last_known_addr { host: "127.16.235.129" port: 43477 } } peers { permanent_uuid: "ec71582a6268491cafff648105505edb" member_type: VOTER last_known_addr { host: "127.16.235.131" port: 41243 } attrs { replace: true } } peers { permanent_uuid: "a1efaeb15880450c9542bce2a613c62a" member_type: VOTER last_known_addr { host: "127.16.235.132" port: 43083 } attrs { promote: false } } }
I20260608 12:58:32.710870 20890 tablet_replica.cc:333] T 9a7f8aef8b474f25a09e78c0f645743d P f69261ab67e548379f321f62d3965fff: stopping tablet replica
I20260608 12:58:32.712190 20890 raft_consensus.cc:2243] T 9a7f8aef8b474f25a09e78c0f645743d P f69261ab67e548379f321f62d3965fff [term 2 FOLLOWER]: Raft consensus shutting down.
I20260608 12:58:32.712997 20890 raft_consensus.cc:2272] T 9a7f8aef8b474f25a09e78c0f645743d P f69261ab67e548379f321f62d3965fff [term 2 FOLLOWER]: Raft consensus is shut down!
I20260608 12:58:32.718040 20890 ts_tablet_manager.cc:1916] T 9a7f8aef8b474f25a09e78c0f645743d P f69261ab67e548379f321f62d3965fff: Deleting tablet data with delete state TABLET_DATA_TOMBSTONED
I20260608 12:58:32.723605 20836 raft_consensus.cc:1064] T 9716679460e3486abb0c906f53dfa0a4 P ec71582a6268491cafff648105505edb: attempting to promote NON_VOTER 6d6d90c4c27349a190235e213a0bf045 to VOTER
I20260608 12:58:32.726012 20836 consensus_queue.cc:237] T 9716679460e3486abb0c906f53dfa0a4 P ec71582a6268491cafff648105505edb [LEADER]: Queue going to LEADER mode. State: All replicated index: 0, Majority replicated index: 2, Committed index: 2, Last appended: 1.2, Last appended by leader: 0, Current term: 1, Majority size: 3, State: 0, Mode: LEADER, active raft config: opid_index: 3 OBSOLETE_local: false peers { permanent_uuid: "a1efaeb15880450c9542bce2a613c62a" member_type: VOTER last_known_addr { host: "127.16.235.132" port: 43083 } attrs { replace: true } } peers { permanent_uuid: "ec71582a6268491cafff648105505edb" member_type: VOTER last_known_addr { host: "127.16.235.131" port: 41243 } } peers { permanent_uuid: "f69261ab67e548379f321f62d3965fff" member_type: VOTER last_known_addr { host: "127.16.235.129" port: 43477 } } peers { permanent_uuid: "6d6d90c4c27349a190235e213a0bf045" member_type: VOTER last_known_addr { host: "127.16.235.130" port: 43333 } attrs { promote: false } }
I20260608 12:58:32.734736 20318 consensus_queue.cc:237] T e086d87004fe4f80b0d8cb75d52c8d9e P f69261ab67e548379f321f62d3965fff [LEADER]: Queue going to LEADER mode. State: All replicated index: 0, Majority replicated index: 3, Committed index: 3, Last appended: 1.3, Last appended by leader: 0, Current term: 1, Majority size: 2, State: 0, Mode: LEADER, active raft config: opid_index: 4 OBSOLETE_local: false peers { permanent_uuid: "6d6d90c4c27349a190235e213a0bf045" member_type: VOTER last_known_addr { host: "127.16.235.130" port: 43333 } } peers { permanent_uuid: "f69261ab67e548379f321f62d3965fff" member_type: VOTER last_known_addr { host: "127.16.235.129" port: 43477 } } peers { permanent_uuid: "a1efaeb15880450c9542bce2a613c62a" member_type: VOTER last_known_addr { host: "127.16.235.132" port: 43083 } attrs { promote: false } }
I20260608 12:58:32.740620 20641 raft_consensus.cc:1275] T e086d87004fe4f80b0d8cb75d52c8d9e P a1efaeb15880450c9542bce2a613c62a [term 1 FOLLOWER]: Refusing update from remote peer f69261ab67e548379f321f62d3965fff: Log matching property violated. Preceding OpId in replica: term: 1 index: 3. Preceding OpId from leader: term: 1 index: 4. (index mismatch)
I20260608 12:58:32.743548 20394 raft_consensus.cc:1275] T e086d87004fe4f80b0d8cb75d52c8d9e P 6d6d90c4c27349a190235e213a0bf045 [term 1 FOLLOWER]: Refusing update from remote peer f69261ab67e548379f321f62d3965fff: Log matching property violated. Preceding OpId in replica: term: 1 index: 3. Preceding OpId from leader: term: 1 index: 4. (index mismatch)
I20260608 12:58:32.745325 20869 consensus_queue.cc:1048] T e086d87004fe4f80b0d8cb75d52c8d9e P f69261ab67e548379f321f62d3965fff [LEADER]: Connected to new peer: Peer: permanent_uuid: "6d6d90c4c27349a190235e213a0bf045" member_type: VOTER last_known_addr { host: "127.16.235.130" port: 43333 }, Status: LMP_MISMATCH, Last received: 0.0, Next index: 4, Last known committed idx: 3, Time since last communication: 0.000s
I20260608 12:58:32.747736 20849 consensus_queue.cc:1048] T e086d87004fe4f80b0d8cb75d52c8d9e P f69261ab67e548379f321f62d3965fff [LEADER]: Connected to new peer: Peer: permanent_uuid: "a1efaeb15880450c9542bce2a613c62a" member_type: VOTER last_known_addr { host: "127.16.235.132" port: 43083 } attrs { promote: false }, Status: LMP_MISMATCH, Last received: 0.0, Next index: 4, Last known committed idx: 3, Time since last communication: 0.000s
I20260608 12:58:32.748998 20318 raft_consensus.cc:1275] T 9716679460e3486abb0c906f53dfa0a4 P f69261ab67e548379f321f62d3965fff [term 1 FOLLOWER]: Refusing update from remote peer ec71582a6268491cafff648105505edb: Log matching property violated. Preceding OpId in replica: term: 1 index: 2. Preceding OpId from leader: term: 1 index: 3. (index mismatch)
I20260608 12:58:32.754257 20644 raft_consensus.cc:1275] T 9716679460e3486abb0c906f53dfa0a4 P a1efaeb15880450c9542bce2a613c62a [term 1 FOLLOWER]: Refusing update from remote peer ec71582a6268491cafff648105505edb: Log matching property violated. Preceding OpId in replica: term: 1 index: 2. Preceding OpId from leader: term: 1 index: 3. (index mismatch)
I20260608 12:58:32.756032 20868 consensus_queue.cc:1048] T 9716679460e3486abb0c906f53dfa0a4 P ec71582a6268491cafff648105505edb [LEADER]: Connected to new peer: Peer: permanent_uuid: "f69261ab67e548379f321f62d3965fff" member_type: VOTER last_known_addr { host: "127.16.235.129" port: 43477 }, Status: LMP_MISMATCH, Last received: 0.0, Next index: 3, Last known committed idx: 2, Time since last communication: 0.000s
I20260608 12:58:32.756264 20869 raft_consensus.cc:2955] T e086d87004fe4f80b0d8cb75d52c8d9e P f69261ab67e548379f321f62d3965fff [term 1 LEADER]: Committing config change with OpId 1.4: config changed from index 3 to 4, VOTER ec71582a6268491cafff648105505edb (127.16.235.131) evicted. New config: { opid_index: 4 OBSOLETE_local: false peers { permanent_uuid: "6d6d90c4c27349a190235e213a0bf045" member_type: VOTER last_known_addr { host: "127.16.235.130" port: 43333 } } peers { permanent_uuid: "f69261ab67e548379f321f62d3965fff" member_type: VOTER last_known_addr { host: "127.16.235.129" port: 43477 } } peers { permanent_uuid: "a1efaeb15880450c9542bce2a613c62a" member_type: VOTER last_known_addr { host: "127.16.235.132" port: 43083 } attrs { promote: false } } }
I20260608 12:58:32.747735 20394 raft_consensus.cc:1275] T 9716679460e3486abb0c906f53dfa0a4 P 6d6d90c4c27349a190235e213a0bf045 [term 1 LEARNER]: Refusing update from remote peer ec71582a6268491cafff648105505edb: Log matching property violated. Preceding OpId in replica: term: 1 index: 2. Preceding OpId from leader: term: 1 index: 3. (index mismatch)
I20260608 12:58:32.758638 20642 raft_consensus.cc:2955] T e086d87004fe4f80b0d8cb75d52c8d9e P a1efaeb15880450c9542bce2a613c62a [term 1 FOLLOWER]: Committing config change with OpId 1.4: config changed from index 3 to 4, VOTER ec71582a6268491cafff648105505edb (127.16.235.131) evicted. New config: { opid_index: 4 OBSOLETE_local: false peers { permanent_uuid: "6d6d90c4c27349a190235e213a0bf045" member_type: VOTER last_known_addr { host: "127.16.235.130" port: 43333 } } peers { permanent_uuid: "f69261ab67e548379f321f62d3965fff" member_type: VOTER last_known_addr { host: "127.16.235.129" port: 43477 } } peers { permanent_uuid: "a1efaeb15880450c9542bce2a613c62a" member_type: VOTER last_known_addr { host: "127.16.235.132" port: 43083 } attrs { promote: false } } }
I20260608 12:58:32.761030 20836 consensus_queue.cc:1048] T 9716679460e3486abb0c906f53dfa0a4 P ec71582a6268491cafff648105505edb [LEADER]: Connected to new peer: Peer: permanent_uuid: "a1efaeb15880450c9542bce2a613c62a" member_type: VOTER last_known_addr { host: "127.16.235.132" port: 43083 } attrs { replace: true }, Status: LMP_MISMATCH, Last received: 0.0, Next index: 3, Last known committed idx: 2, Time since last communication: 0.003s
I20260608 12:58:32.764810 20890 ts_tablet_manager.cc:1929] T 9a7f8aef8b474f25a09e78c0f645743d P f69261ab67e548379f321f62d3965fff: tablet deleted with delete type TABLET_DATA_TOMBSTONED: last-logged OpId 2.3
I20260608 12:58:32.766152 20868 consensus_queue.cc:1048] T 9716679460e3486abb0c906f53dfa0a4 P ec71582a6268491cafff648105505edb [LEADER]: Connected to new peer: Peer: permanent_uuid: "6d6d90c4c27349a190235e213a0bf045" member_type: VOTER last_known_addr { host: "127.16.235.130" port: 43333 } attrs { promote: false }, Status: LMP_MISMATCH, Last received: 0.0, Next index: 3, Last known committed idx: 2, Time since last communication: 0.001s
I20260608 12:58:32.766219 20890 log.cc:1199] T 9a7f8aef8b474f25a09e78c0f645743d P f69261ab67e548379f321f62d3965fff: Deleting WAL directory at /tmp/dist-test-taskg8bjpV/test-tmp/auto_rebalancer-test.0.AutoRebalancerTest.RangeAwareRebalancesNewRangeReplicas.1780923420340565-17326-0/minicluster-data/ts-0-root/wals/9a7f8aef8b474f25a09e78c0f645743d
I20260608 12:58:32.772101 20393 raft_consensus.cc:2955] T e086d87004fe4f80b0d8cb75d52c8d9e P 6d6d90c4c27349a190235e213a0bf045 [term 1 FOLLOWER]: Committing config change with OpId 1.4: config changed from index 3 to 4, VOTER ec71582a6268491cafff648105505edb (127.16.235.131) evicted. New config: { opid_index: 4 OBSOLETE_local: false peers { permanent_uuid: "6d6d90c4c27349a190235e213a0bf045" member_type: VOTER last_known_addr { host: "127.16.235.130" port: 43333 } } peers { permanent_uuid: "f69261ab67e548379f321f62d3965fff" member_type: VOTER last_known_addr { host: "127.16.235.129" port: 43477 } } peers { permanent_uuid: "a1efaeb15880450c9542bce2a613c62a" member_type: VOTER last_known_addr { host: "127.16.235.132" port: 43083 } attrs { promote: false } } }
I20260608 12:58:32.778007 20203 catalog_manager.cc:5027] TS f69261ab67e548379f321f62d3965fff (127.16.235.129:43477): tablet 9a7f8aef8b474f25a09e78c0f645743d (table range_aware_rebalance_new_range [id=cacad4e9326346a0b01384e1c3dd70d3]) successfully deleted
I20260608 12:58:32.782965 20203 catalog_manager.cc:5209] ChangeConfig:REMOVE_PEER RPC for tablet e086d87004fe4f80b0d8cb75d52c8d9e with cas_config_opid_index 3: ChangeConfig:REMOVE_PEER succeeded (attempt 1)
I20260608 12:58:32.795773 20215 catalog_manager.cc:5696] T e086d87004fe4f80b0d8cb75d52c8d9e P f69261ab67e548379f321f62d3965fff reported cstate change: config changed from index 3 to 4, VOTER ec71582a6268491cafff648105505edb (127.16.235.131) evicted. New cstate: current_term: 1 leader_uuid: "f69261ab67e548379f321f62d3965fff" committed_config { opid_index: 4 OBSOLETE_local: false peers { permanent_uuid: "6d6d90c4c27349a190235e213a0bf045" member_type: VOTER last_known_addr { host: "127.16.235.130" port: 43333 } health_report { overall_health: HEALTHY } } peers { permanent_uuid: "f69261ab67e548379f321f62d3965fff" member_type: VOTER last_known_addr { host: "127.16.235.129" port: 43477 } health_report { overall_health: HEALTHY } } peers { permanent_uuid: "a1efaeb15880450c9542bce2a613c62a" member_type: VOTER last_known_addr { host: "127.16.235.132" port: 43083 } attrs { promote: false } health_report { overall_health: HEALTHY } } }
I20260608 12:58:32.805126 20836 raft_consensus.cc:2955] T 9716679460e3486abb0c906f53dfa0a4 P ec71582a6268491cafff648105505edb [term 1 LEADER]: Committing config change with OpId 1.3: config changed from index 2 to 3, 6d6d90c4c27349a190235e213a0bf045 (127.16.235.130) changed from NON_VOTER to VOTER. New config: { opid_index: 3 OBSOLETE_local: false peers { permanent_uuid: "a1efaeb15880450c9542bce2a613c62a" member_type: VOTER last_known_addr { host: "127.16.235.132" port: 43083 } attrs { replace: true } } peers { permanent_uuid: "ec71582a6268491cafff648105505edb" member_type: VOTER last_known_addr { host: "127.16.235.131" port: 41243 } } peers { permanent_uuid: "f69261ab67e548379f321f62d3965fff" member_type: VOTER last_known_addr { host: "127.16.235.129" port: 43477 } } peers { permanent_uuid: "6d6d90c4c27349a190235e213a0bf045" member_type: VOTER last_known_addr { host: "127.16.235.130" port: 43333 } attrs { promote: false } } }
I20260608 12:58:32.809528 20644 raft_consensus.cc:2955] T 9716679460e3486abb0c906f53dfa0a4 P a1efaeb15880450c9542bce2a613c62a [term 1 FOLLOWER]: Committing config change with OpId 1.3: config changed from index 2 to 3, 6d6d90c4c27349a190235e213a0bf045 (127.16.235.130) changed from NON_VOTER to VOTER. New config: { opid_index: 3 OBSOLETE_local: false peers { permanent_uuid: "a1efaeb15880450c9542bce2a613c62a" member_type: VOTER last_known_addr { host: "127.16.235.132" port: 43083 } attrs { replace: true } } peers { permanent_uuid: "ec71582a6268491cafff648105505edb" member_type: VOTER last_known_addr { host: "127.16.235.131" port: 41243 } } peers { permanent_uuid: "f69261ab67e548379f321f62d3965fff" member_type: VOTER last_known_addr { host: "127.16.235.129" port: 43477 } } peers { permanent_uuid: "6d6d90c4c27349a190235e213a0bf045" member_type: VOTER last_known_addr { host: "127.16.235.130" port: 43333 } attrs { promote: false } } }
I20260608 12:58:32.811080 20394 raft_consensus.cc:2955] T 9716679460e3486abb0c906f53dfa0a4 P 6d6d90c4c27349a190235e213a0bf045 [term 1 FOLLOWER]: Committing config change with OpId 1.3: config changed from index 2 to 3, 6d6d90c4c27349a190235e213a0bf045 (127.16.235.130) changed from NON_VOTER to VOTER. New config: { opid_index: 3 OBSOLETE_local: false peers { permanent_uuid: "a1efaeb15880450c9542bce2a613c62a" member_type: VOTER last_known_addr { host: "127.16.235.132" port: 43083 } attrs { replace: true } } peers { permanent_uuid: "ec71582a6268491cafff648105505edb" member_type: VOTER last_known_addr { host: "127.16.235.131" port: 41243 } } peers { permanent_uuid: "f69261ab67e548379f321f62d3965fff" member_type: VOTER last_known_addr { host: "127.16.235.129" port: 43477 } } peers { permanent_uuid: "6d6d90c4c27349a190235e213a0bf045" member_type: VOTER last_known_addr { host: "127.16.235.130" port: 43333 } attrs { promote: false } } }
I20260608 12:58:32.818801 20318 raft_consensus.cc:2955] T 9716679460e3486abb0c906f53dfa0a4 P f69261ab67e548379f321f62d3965fff [term 1 FOLLOWER]: Committing config change with OpId 1.3: config changed from index 2 to 3, 6d6d90c4c27349a190235e213a0bf045 (127.16.235.130) changed from NON_VOTER to VOTER. New config: { opid_index: 3 OBSOLETE_local: false peers { permanent_uuid: "a1efaeb15880450c9542bce2a613c62a" member_type: VOTER last_known_addr { host: "127.16.235.132" port: 43083 } attrs { replace: true } } peers { permanent_uuid: "ec71582a6268491cafff648105505edb" member_type: VOTER last_known_addr { host: "127.16.235.131" port: 41243 } } peers { permanent_uuid: "f69261ab67e548379f321f62d3965fff" member_type: VOTER last_known_addr { host: "127.16.235.129" port: 43477 } } peers { permanent_uuid: "6d6d90c4c27349a190235e213a0bf045" member_type: VOTER last_known_addr { host: "127.16.235.130" port: 43333 } attrs { promote: false } } }
I20260608 12:58:32.828776 20460 tablet_service.cc:1558] Processing DeleteTablet for tablet e086d87004fe4f80b0d8cb75d52c8d9e with delete_type TABLET_DATA_TOMBSTONED (TS ec71582a6268491cafff648105505edb not found in new config with opid_index 4) from {username='slave'} at 127.0.0.1:33584
I20260608 12:58:32.834621 20216 catalog_manager.cc:5696] T 9716679460e3486abb0c906f53dfa0a4 P a1efaeb15880450c9542bce2a613c62a reported cstate change: config changed from index 2 to 3, 6d6d90c4c27349a190235e213a0bf045 (127.16.235.130) changed from NON_VOTER to VOTER. New cstate: current_term: 1 leader_uuid: "ec71582a6268491cafff648105505edb" committed_config { opid_index: 3 OBSOLETE_local: false peers { permanent_uuid: "a1efaeb15880450c9542bce2a613c62a" member_type: VOTER last_known_addr { host: "127.16.235.132" port: 43083 } attrs { replace: true } } peers { permanent_uuid: "ec71582a6268491cafff648105505edb" member_type: VOTER last_known_addr { host: "127.16.235.131" port: 41243 } } peers { permanent_uuid: "f69261ab67e548379f321f62d3965fff" member_type: VOTER last_known_addr { host: "127.16.235.129" port: 43477 } } peers { permanent_uuid: "6d6d90c4c27349a190235e213a0bf045" member_type: VOTER last_known_addr { host: "127.16.235.130" port: 43333 } attrs { promote: false } } }
I20260608 12:58:32.846503 20895 tablet_replica.cc:333] T e086d87004fe4f80b0d8cb75d52c8d9e P ec71582a6268491cafff648105505edb: stopping tablet replica
I20260608 12:58:32.847862 20895 raft_consensus.cc:2243] T e086d87004fe4f80b0d8cb75d52c8d9e P ec71582a6268491cafff648105505edb [term 1 FOLLOWER]: Raft consensus shutting down.
I20260608 12:58:32.848858 20895 raft_consensus.cc:2272] T e086d87004fe4f80b0d8cb75d52c8d9e P ec71582a6268491cafff648105505edb [term 1 FOLLOWER]: Raft consensus is shut down!
I20260608 12:58:32.853729 20895 ts_tablet_manager.cc:1916] T e086d87004fe4f80b0d8cb75d52c8d9e P ec71582a6268491cafff648105505edb: Deleting tablet data with delete state TABLET_DATA_TOMBSTONED
I20260608 12:58:32.859301 20468 consensus_queue.cc:237] T 9716679460e3486abb0c906f53dfa0a4 P ec71582a6268491cafff648105505edb [LEADER]: Queue going to LEADER mode. State: All replicated index: 0, Majority replicated index: 3, Committed index: 3, Last appended: 1.3, Last appended by leader: 0, Current term: 1, Majority size: 2, State: 0, Mode: LEADER, active raft config: opid_index: 4 OBSOLETE_local: false peers { permanent_uuid: "ec71582a6268491cafff648105505edb" member_type: VOTER last_known_addr { host: "127.16.235.131" port: 41243 } } peers { permanent_uuid: "f69261ab67e548379f321f62d3965fff" member_type: VOTER last_known_addr { host: "127.16.235.129" port: 43477 } } peers { permanent_uuid: "6d6d90c4c27349a190235e213a0bf045" member_type: VOTER last_known_addr { host: "127.16.235.130" port: 43333 } attrs { promote: false } }
I20260608 12:58:32.865840 20394 raft_consensus.cc:1275] T 9716679460e3486abb0c906f53dfa0a4 P 6d6d90c4c27349a190235e213a0bf045 [term 1 FOLLOWER]: Refusing update from remote peer ec71582a6268491cafff648105505edb: Log matching property violated. Preceding OpId in replica: term: 1 index: 3. Preceding OpId from leader: term: 1 index: 4. (index mismatch)
I20260608 12:58:32.865840 20318 raft_consensus.cc:1275] T 9716679460e3486abb0c906f53dfa0a4 P f69261ab67e548379f321f62d3965fff [term 1 FOLLOWER]: Refusing update from remote peer ec71582a6268491cafff648105505edb: Log matching property violated. Preceding OpId in replica: term: 1 index: 3. Preceding OpId from leader: term: 1 index: 4. (index mismatch)
I20260608 12:58:32.867877 20836 consensus_queue.cc:1048] T 9716679460e3486abb0c906f53dfa0a4 P ec71582a6268491cafff648105505edb [LEADER]: Connected to new peer: Peer: permanent_uuid: "f69261ab67e548379f321f62d3965fff" member_type: VOTER last_known_addr { host: "127.16.235.129" port: 43477 }, Status: LMP_MISMATCH, Last received: 0.0, Next index: 4, Last known committed idx: 3, Time since last communication: 0.000s
I20260608 12:58:32.868829 20870 consensus_queue.cc:1048] T 9716679460e3486abb0c906f53dfa0a4 P ec71582a6268491cafff648105505edb [LEADER]: Connected to new peer: Peer: permanent_uuid: "6d6d90c4c27349a190235e213a0bf045" member_type: VOTER last_known_addr { host: "127.16.235.130" port: 43333 } attrs { promote: false }, Status: LMP_MISMATCH, Last received: 0.0, Next index: 4, Last known committed idx: 3, Time since last communication: 0.000s
I20260608 12:58:32.871357 20895 ts_tablet_manager.cc:1929] T e086d87004fe4f80b0d8cb75d52c8d9e P ec71582a6268491cafff648105505edb: tablet deleted with delete type TABLET_DATA_TOMBSTONED: last-logged OpId 1.3
I20260608 12:58:32.871826 20895 log.cc:1199] T e086d87004fe4f80b0d8cb75d52c8d9e P ec71582a6268491cafff648105505edb: Deleting WAL directory at /tmp/dist-test-taskg8bjpV/test-tmp/auto_rebalancer-test.0.AutoRebalancerTest.RangeAwareRebalancesNewRangeReplicas.1780923420340565-17326-0/minicluster-data/ts-2-root/wals/e086d87004fe4f80b0d8cb75d52c8d9e
I20260608 12:58:32.873852 20203 catalog_manager.cc:5027] TS ec71582a6268491cafff648105505edb (127.16.235.131:41243): tablet e086d87004fe4f80b0d8cb75d52c8d9e (table range_aware_rebalance_new_range [id=cacad4e9326346a0b01384e1c3dd70d3]) successfully deleted
I20260608 12:58:32.878572 20870 raft_consensus.cc:2955] T 9716679460e3486abb0c906f53dfa0a4 P ec71582a6268491cafff648105505edb [term 1 LEADER]: Committing config change with OpId 1.4: config changed from index 3 to 4, VOTER a1efaeb15880450c9542bce2a613c62a (127.16.235.132) evicted. New config: { opid_index: 4 OBSOLETE_local: false peers { permanent_uuid: "ec71582a6268491cafff648105505edb" member_type: VOTER last_known_addr { host: "127.16.235.131" port: 41243 } } peers { permanent_uuid: "f69261ab67e548379f321f62d3965fff" member_type: VOTER last_known_addr { host: "127.16.235.129" port: 43477 } } peers { permanent_uuid: "6d6d90c4c27349a190235e213a0bf045" member_type: VOTER last_known_addr { host: "127.16.235.130" port: 43333 } attrs { promote: false } } }
I20260608 12:58:32.881680 20318 raft_consensus.cc:2955] T 9716679460e3486abb0c906f53dfa0a4 P f69261ab67e548379f321f62d3965fff [term 1 FOLLOWER]: Committing config change with OpId 1.4: config changed from index 3 to 4, VOTER a1efaeb15880450c9542bce2a613c62a (127.16.235.132) evicted. New config: { opid_index: 4 OBSOLETE_local: false peers { permanent_uuid: "ec71582a6268491cafff648105505edb" member_type: VOTER last_known_addr { host: "127.16.235.131" port: 41243 } } peers { permanent_uuid: "f69261ab67e548379f321f62d3965fff" member_type: VOTER last_known_addr { host: "127.16.235.129" port: 43477 } } peers { permanent_uuid: "6d6d90c4c27349a190235e213a0bf045" member_type: VOTER last_known_addr { host: "127.16.235.130" port: 43333 } attrs { promote: false } } }
I20260608 12:58:32.885701 20393 raft_consensus.cc:2955] T 9716679460e3486abb0c906f53dfa0a4 P 6d6d90c4c27349a190235e213a0bf045 [term 1 FOLLOWER]: Committing config change with OpId 1.4: config changed from index 3 to 4, VOTER a1efaeb15880450c9542bce2a613c62a (127.16.235.132) evicted. New config: { opid_index: 4 OBSOLETE_local: false peers { permanent_uuid: "ec71582a6268491cafff648105505edb" member_type: VOTER last_known_addr { host: "127.16.235.131" port: 41243 } } peers { permanent_uuid: "f69261ab67e548379f321f62d3965fff" member_type: VOTER last_known_addr { host: "127.16.235.129" port: 43477 } } peers { permanent_uuid: "6d6d90c4c27349a190235e213a0bf045" member_type: VOTER last_known_addr { host: "127.16.235.130" port: 43333 } attrs { promote: false } } }
I20260608 12:58:32.889225 20203 catalog_manager.cc:5209] ChangeConfig:REMOVE_PEER RPC for tablet 9716679460e3486abb0c906f53dfa0a4 with cas_config_opid_index 3: ChangeConfig:REMOVE_PEER succeeded (attempt 1)
I20260608 12:58:32.894438 20218 catalog_manager.cc:5696] T 9716679460e3486abb0c906f53dfa0a4 P f69261ab67e548379f321f62d3965fff reported cstate change: config changed from index 3 to 4, VOTER a1efaeb15880450c9542bce2a613c62a (127.16.235.132) evicted. New cstate: current_term: 1 leader_uuid: "ec71582a6268491cafff648105505edb" committed_config { opid_index: 4 OBSOLETE_local: false peers { permanent_uuid: "ec71582a6268491cafff648105505edb" member_type: VOTER last_known_addr { host: "127.16.235.131" port: 41243 } } peers { permanent_uuid: "f69261ab67e548379f321f62d3965fff" member_type: VOTER last_known_addr { host: "127.16.235.129" port: 43477 } } peers { permanent_uuid: "6d6d90c4c27349a190235e213a0bf045" member_type: VOTER last_known_addr { host: "127.16.235.130" port: 43333 } attrs { promote: false } } }
I20260608 12:58:32.907837 20627 tablet_service.cc:1558] Processing DeleteTablet for tablet 9716679460e3486abb0c906f53dfa0a4 with delete_type TABLET_DATA_TOMBSTONED (TS a1efaeb15880450c9542bce2a613c62a not found in new config with opid_index 4) from {username='slave'} at 127.0.0.1:48562
I20260608 12:58:32.908842 20880 tablet_replica.cc:333] T 9716679460e3486abb0c906f53dfa0a4 P a1efaeb15880450c9542bce2a613c62a: stopping tablet replica
I20260608 12:58:32.909751 20880 raft_consensus.cc:2243] T 9716679460e3486abb0c906f53dfa0a4 P a1efaeb15880450c9542bce2a613c62a [term 1 FOLLOWER]: Raft consensus shutting down.
I20260608 12:58:32.910588 20880 raft_consensus.cc:2272] T 9716679460e3486abb0c906f53dfa0a4 P a1efaeb15880450c9542bce2a613c62a [term 1 FOLLOWER]: Raft consensus is shut down!
I20260608 12:58:32.913820 20880 ts_tablet_manager.cc:1916] T 9716679460e3486abb0c906f53dfa0a4 P a1efaeb15880450c9542bce2a613c62a: Deleting tablet data with delete state TABLET_DATA_TOMBSTONED
I20260608 12:58:32.925246 20880 ts_tablet_manager.cc:1929] T 9716679460e3486abb0c906f53dfa0a4 P a1efaeb15880450c9542bce2a613c62a: tablet deleted with delete type TABLET_DATA_TOMBSTONED: last-logged OpId 1.3
I20260608 12:58:32.925550 20880 log.cc:1199] T 9716679460e3486abb0c906f53dfa0a4 P a1efaeb15880450c9542bce2a613c62a: Deleting WAL directory at /tmp/dist-test-taskg8bjpV/test-tmp/auto_rebalancer-test.0.AutoRebalancerTest.RangeAwareRebalancesNewRangeReplicas.1780923420340565-17326-0/minicluster-data/ts-3-root/wals/9716679460e3486abb0c906f53dfa0a4
I20260608 12:58:32.926811 20203 catalog_manager.cc:5027] TS a1efaeb15880450c9542bce2a613c62a (127.16.235.132:43083): tablet 9716679460e3486abb0c906f53dfa0a4 (table range_aware_rebalance_new_range [id=cacad4e9326346a0b01384e1c3dd70d3]) successfully deleted
I20260608 12:58:33.929019 20318 consensus_queue.cc:237] T f3bc0e94307f41bea5a19c8d0e1bf03a P f69261ab67e548379f321f62d3965fff [LEADER]: Queue going to LEADER mode. State: All replicated index: 0, Majority replicated index: 2, Committed index: 2, Last appended: 3.2, Last appended by leader: 1, Current term: 3, Majority size: 2, State: 0, Mode: LEADER, active raft config: opid_index: 3 OBSOLETE_local: false peers { permanent_uuid: "f69261ab67e548379f321f62d3965fff" member_type: VOTER last_known_addr { host: "127.16.235.129" port: 43477 } } peers { permanent_uuid: "6d6d90c4c27349a190235e213a0bf045" member_type: VOTER last_known_addr { host: "127.16.235.130" port: 43333 } attrs { replace: true } } peers { permanent_uuid: "ec71582a6268491cafff648105505edb" member_type: VOTER last_known_addr { host: "127.16.235.131" port: 41243 } } peers { permanent_uuid: "a1efaeb15880450c9542bce2a613c62a" member_type: NON_VOTER last_known_addr { host: "127.16.235.132" port: 43083 } attrs { promote: true } }
I20260608 12:58:33.935427 20468 raft_consensus.cc:1275] T f3bc0e94307f41bea5a19c8d0e1bf03a P ec71582a6268491cafff648105505edb [term 3 FOLLOWER]: Refusing update from remote peer f69261ab67e548379f321f62d3965fff: Log matching property violated. Preceding OpId in replica: term: 3 index: 2. Preceding OpId from leader: term: 3 index: 3. (index mismatch)
W20260608 12:58:33.936096 20284 consensus_peers.cc:597] T f3bc0e94307f41bea5a19c8d0e1bf03a P f69261ab67e548379f321f62d3965fff -> Peer a1efaeb15880450c9542bce2a613c62a (127.16.235.132:43083): Couldn't send request to peer a1efaeb15880450c9542bce2a613c62a. Error code: TABLET_NOT_FOUND (6). Status: Not found: Tablet not found: f3bc0e94307f41bea5a19c8d0e1bf03a. This is attempt 1: this message will repeat every 5th retry.
I20260608 12:58:33.936345 20394 raft_consensus.cc:1275] T f3bc0e94307f41bea5a19c8d0e1bf03a P 6d6d90c4c27349a190235e213a0bf045 [term 3 FOLLOWER]: Refusing update from remote peer f69261ab67e548379f321f62d3965fff: Log matching property violated. Preceding OpId in replica: term: 3 index: 2. Preceding OpId from leader: term: 3 index: 3. (index mismatch)
I20260608 12:58:33.937218 20898 consensus_queue.cc:1048] T f3bc0e94307f41bea5a19c8d0e1bf03a P f69261ab67e548379f321f62d3965fff [LEADER]: Connected to new peer: Peer: permanent_uuid: "ec71582a6268491cafff648105505edb" member_type: VOTER last_known_addr { host: "127.16.235.131" port: 41243 }, Status: LMP_MISMATCH, Last received: 0.0, Next index: 3, Last known committed idx: 2, Time since last communication: 0.001s
I20260608 12:58:33.938391 20869 consensus_queue.cc:1048] T f3bc0e94307f41bea5a19c8d0e1bf03a P f69261ab67e548379f321f62d3965fff [LEADER]: Connected to new peer: Peer: permanent_uuid: "6d6d90c4c27349a190235e213a0bf045" member_type: VOTER last_known_addr { host: "127.16.235.130" port: 43333 } attrs { replace: true }, Status: LMP_MISMATCH, Last received: 0.0, Next index: 3, Last known committed idx: 2, Time since last communication: 0.000s
I20260608 12:58:33.946233 20896 raft_consensus.cc:2955] T f3bc0e94307f41bea5a19c8d0e1bf03a P f69261ab67e548379f321f62d3965fff [term 3 LEADER]: Committing config change with OpId 3.3: config changed from index -1 to 3, NON_VOTER a1efaeb15880450c9542bce2a613c62a (127.16.235.132) added. New config: { opid_index: 3 OBSOLETE_local: false peers { permanent_uuid: "f69261ab67e548379f321f62d3965fff" member_type: VOTER last_known_addr { host: "127.16.235.129" port: 43477 } } peers { permanent_uuid: "6d6d90c4c27349a190235e213a0bf045" member_type: VOTER last_known_addr { host: "127.16.235.130" port: 43333 } attrs { replace: true } } peers { permanent_uuid: "ec71582a6268491cafff648105505edb" member_type: VOTER last_known_addr { host: "127.16.235.131" port: 41243 } } peers { permanent_uuid: "a1efaeb15880450c9542bce2a613c62a" member_type: NON_VOTER last_known_addr { host: "127.16.235.132" port: 43083 } attrs { promote: true } } }
I20260608 12:58:33.947989 20468 raft_consensus.cc:2955] T f3bc0e94307f41bea5a19c8d0e1bf03a P ec71582a6268491cafff648105505edb [term 3 FOLLOWER]: Committing config change with OpId 3.3: config changed from index -1 to 3, NON_VOTER a1efaeb15880450c9542bce2a613c62a (127.16.235.132) added. New config: { opid_index: 3 OBSOLETE_local: false peers { permanent_uuid: "f69261ab67e548379f321f62d3965fff" member_type: VOTER last_known_addr { host: "127.16.235.129" port: 43477 } } peers { permanent_uuid: "6d6d90c4c27349a190235e213a0bf045" member_type: VOTER last_known_addr { host: "127.16.235.130" port: 43333 } attrs { replace: true } } peers { permanent_uuid: "ec71582a6268491cafff648105505edb" member_type: VOTER last_known_addr { host: "127.16.235.131" port: 41243 } } peers { permanent_uuid: "a1efaeb15880450c9542bce2a613c62a" member_type: NON_VOTER last_known_addr { host: "127.16.235.132" port: 43083 } attrs { promote: true } } }
I20260608 12:58:33.949069 20394 raft_consensus.cc:2955] T f3bc0e94307f41bea5a19c8d0e1bf03a P 6d6d90c4c27349a190235e213a0bf045 [term 3 FOLLOWER]: Committing config change with OpId 3.3: config changed from index -1 to 3, NON_VOTER a1efaeb15880450c9542bce2a613c62a (127.16.235.132) added. New config: { opid_index: 3 OBSOLETE_local: false peers { permanent_uuid: "f69261ab67e548379f321f62d3965fff" member_type: VOTER last_known_addr { host: "127.16.235.129" port: 43477 } } peers { permanent_uuid: "6d6d90c4c27349a190235e213a0bf045" member_type: VOTER last_known_addr { host: "127.16.235.130" port: 43333 } attrs { replace: true } } peers { permanent_uuid: "ec71582a6268491cafff648105505edb" member_type: VOTER last_known_addr { host: "127.16.235.131" port: 41243 } } peers { permanent_uuid: "a1efaeb15880450c9542bce2a613c62a" member_type: NON_VOTER last_known_addr { host: "127.16.235.132" port: 43083 } attrs { promote: true } } }
I20260608 12:58:33.959806 20219 catalog_manager.cc:5696] T f3bc0e94307f41bea5a19c8d0e1bf03a P ec71582a6268491cafff648105505edb reported cstate change: config changed from index -1 to 3, NON_VOTER a1efaeb15880450c9542bce2a613c62a (127.16.235.132) added. New cstate: current_term: 3 leader_uuid: "f69261ab67e548379f321f62d3965fff" committed_config { opid_index: 3 OBSOLETE_local: false peers { permanent_uuid: "f69261ab67e548379f321f62d3965fff" member_type: VOTER last_known_addr { host: "127.16.235.129" port: 43477 } } peers { permanent_uuid: "6d6d90c4c27349a190235e213a0bf045" member_type: VOTER last_known_addr { host: "127.16.235.130" port: 43333 } attrs { replace: true } } peers { permanent_uuid: "ec71582a6268491cafff648105505edb" member_type: VOTER last_known_addr { host: "127.16.235.131" port: 41243 } } peers { permanent_uuid: "a1efaeb15880450c9542bce2a613c62a" member_type: NON_VOTER last_known_addr { host: "127.16.235.132" port: 43083 } attrs { promote: true } } }
I20260608 12:58:33.981365 20272 auto_leader_rebalancer.cc:140] leader rebalance for table range_aware_rebalance_new_range
I20260608 12:58:33.997352 20272 auto_leader_rebalancer.cc:388] table: range_aware_rebalance_new_range, leader rebalance finish, leader transfer count: 0
I20260608 12:58:33.998091 20272 auto_leader_rebalancer.cc:451] All tables' leader rebalancing finished this round
I20260608 12:58:34.450702 20905 ts_tablet_manager.cc:933] T f3bc0e94307f41bea5a19c8d0e1bf03a P a1efaeb15880450c9542bce2a613c62a: Initiating tablet copy from peer f69261ab67e548379f321f62d3965fff (127.16.235.129:43477)
I20260608 12:58:34.452432 20905 tablet_copy_client.cc:323] T f3bc0e94307f41bea5a19c8d0e1bf03a P a1efaeb15880450c9542bce2a613c62a: tablet copy: Beginning tablet copy session from remote peer at address 127.16.235.129:43477
I20260608 12:58:34.454068 20331 tablet_copy_service.cc:140] P f69261ab67e548379f321f62d3965fff: Received BeginTabletCopySession request for tablet f3bc0e94307f41bea5a19c8d0e1bf03a from peer a1efaeb15880450c9542bce2a613c62a ({username='slave'} at 127.0.0.1:34516)
I20260608 12:58:34.454563 20331 tablet_copy_service.cc:161] P f69261ab67e548379f321f62d3965fff: Beginning new tablet copy session on tablet f3bc0e94307f41bea5a19c8d0e1bf03a from peer a1efaeb15880450c9542bce2a613c62a at {username='slave'} at 127.0.0.1:34516: session id = a1efaeb15880450c9542bce2a613c62a-f3bc0e94307f41bea5a19c8d0e1bf03a
I20260608 12:58:34.459636 20331 tablet_copy_source_session.cc:215] T f3bc0e94307f41bea5a19c8d0e1bf03a P f69261ab67e548379f321f62d3965fff: Tablet Copy: opened 0 blocks and 1 log segments
I20260608 12:58:34.462725 20905 data_dirs.cc:400] Could only allocate 1 dirs of requested 3 for tablet f3bc0e94307f41bea5a19c8d0e1bf03a. 1 dirs total, 0 dirs full, 0 dirs failed
I20260608 12:58:34.480211 20905 tablet_copy_client.cc:806] T f3bc0e94307f41bea5a19c8d0e1bf03a P a1efaeb15880450c9542bce2a613c62a: tablet copy: Starting download of 0 data blocks...
I20260608 12:58:34.480885 20905 tablet_copy_client.cc:670] T f3bc0e94307f41bea5a19c8d0e1bf03a P a1efaeb15880450c9542bce2a613c62a: tablet copy: Starting download of 1 WAL segments...
I20260608 12:58:34.484681 20905 tablet_copy_client.cc:538] T f3bc0e94307f41bea5a19c8d0e1bf03a P a1efaeb15880450c9542bce2a613c62a: tablet copy: Tablet Copy complete. Replacing tablet superblock.
I20260608 12:58:34.494329 20905 tablet_bootstrap.cc:492] T f3bc0e94307f41bea5a19c8d0e1bf03a P a1efaeb15880450c9542bce2a613c62a: Bootstrap starting.
I20260608 12:58:34.518366 20905 tablet_bootstrap.cc:492] T f3bc0e94307f41bea5a19c8d0e1bf03a P a1efaeb15880450c9542bce2a613c62a: Bootstrap replayed 1/1 log segments. Stats: ops{read=3 overwritten=0 applied=3 ignored=0} inserts{seen=0 ignored=0} mutations{seen=0 ignored=0} orphaned_commits=0. Pending: 0 replicates
I20260608 12:58:34.519400 20905 tablet_bootstrap.cc:492] T f3bc0e94307f41bea5a19c8d0e1bf03a P a1efaeb15880450c9542bce2a613c62a: Bootstrap complete.
I20260608 12:58:34.520128 20905 ts_tablet_manager.cc:1403] T f3bc0e94307f41bea5a19c8d0e1bf03a P a1efaeb15880450c9542bce2a613c62a: Time spent bootstrapping tablet: real 0.026s	user 0.019s	sys 0.008s
I20260608 12:58:34.523312 20905 raft_consensus.cc:359] T f3bc0e94307f41bea5a19c8d0e1bf03a P a1efaeb15880450c9542bce2a613c62a [term 3 LEARNER]: Replica starting. Triggering 0 pending ops. Active config: opid_index: 3 OBSOLETE_local: false peers { permanent_uuid: "f69261ab67e548379f321f62d3965fff" member_type: VOTER last_known_addr { host: "127.16.235.129" port: 43477 } } peers { permanent_uuid: "6d6d90c4c27349a190235e213a0bf045" member_type: VOTER last_known_addr { host: "127.16.235.130" port: 43333 } attrs { replace: true } } peers { permanent_uuid: "ec71582a6268491cafff648105505edb" member_type: VOTER last_known_addr { host: "127.16.235.131" port: 41243 } } peers { permanent_uuid: "a1efaeb15880450c9542bce2a613c62a" member_type: NON_VOTER last_known_addr { host: "127.16.235.132" port: 43083 } attrs { promote: true } }
I20260608 12:58:34.524320 20905 raft_consensus.cc:740] T f3bc0e94307f41bea5a19c8d0e1bf03a P a1efaeb15880450c9542bce2a613c62a [term 3 LEARNER]: Becoming Follower/Learner. State: Replica: a1efaeb15880450c9542bce2a613c62a, State: Initialized, Role: LEARNER
I20260608 12:58:34.525070 20905 consensus_queue.cc:260] T f3bc0e94307f41bea5a19c8d0e1bf03a P a1efaeb15880450c9542bce2a613c62a [NON_LEADER]: Queue going to NON_LEADER mode. State: All replicated index: 0, Majority replicated index: 0, Committed index: 3, Last appended: 3.3, Last appended by leader: 3, Current term: 0, Majority size: -1, State: 0, Mode: NON_LEADER, active raft config: opid_index: 3 OBSOLETE_local: false peers { permanent_uuid: "f69261ab67e548379f321f62d3965fff" member_type: VOTER last_known_addr { host: "127.16.235.129" port: 43477 } } peers { permanent_uuid: "6d6d90c4c27349a190235e213a0bf045" member_type: VOTER last_known_addr { host: "127.16.235.130" port: 43333 } attrs { replace: true } } peers { permanent_uuid: "ec71582a6268491cafff648105505edb" member_type: VOTER last_known_addr { host: "127.16.235.131" port: 41243 } } peers { permanent_uuid: "a1efaeb15880450c9542bce2a613c62a" member_type: NON_VOTER last_known_addr { host: "127.16.235.132" port: 43083 } attrs { promote: true } }
I20260608 12:58:34.527662 20905 ts_tablet_manager.cc:1434] T f3bc0e94307f41bea5a19c8d0e1bf03a P a1efaeb15880450c9542bce2a613c62a: Time spent starting tablet: real 0.007s	user 0.003s	sys 0.003s
I20260608 12:58:34.529337 20331 tablet_copy_service.cc:342] P f69261ab67e548379f321f62d3965fff: Request end of tablet copy session a1efaeb15880450c9542bce2a613c62a-f3bc0e94307f41bea5a19c8d0e1bf03a received from {username='slave'} at 127.0.0.1:34516
I20260608 12:58:34.529731 20331 tablet_copy_service.cc:434] P f69261ab67e548379f321f62d3965fff: ending tablet copy session a1efaeb15880450c9542bce2a613c62a-f3bc0e94307f41bea5a19c8d0e1bf03a on tablet f3bc0e94307f41bea5a19c8d0e1bf03a with peer a1efaeb15880450c9542bce2a613c62a
I20260608 12:58:35.058321 20644 raft_consensus.cc:1217] T f3bc0e94307f41bea5a19c8d0e1bf03a P a1efaeb15880450c9542bce2a613c62a [term 3 LEARNER]: Deduplicated request from leader. Original: 3.2->[3.3-3.3]   Dedup: 3.3->[]
I20260608 12:58:35.479408 20908 raft_consensus.cc:1064] T f3bc0e94307f41bea5a19c8d0e1bf03a P f69261ab67e548379f321f62d3965fff: attempting to promote NON_VOTER a1efaeb15880450c9542bce2a613c62a to VOTER
I20260608 12:58:35.482097 20908 consensus_queue.cc:237] T f3bc0e94307f41bea5a19c8d0e1bf03a P f69261ab67e548379f321f62d3965fff [LEADER]: Queue going to LEADER mode. State: All replicated index: 0, Majority replicated index: 3, Committed index: 3, Last appended: 3.3, Last appended by leader: 1, Current term: 3, Majority size: 3, State: 0, Mode: LEADER, active raft config: opid_index: 4 OBSOLETE_local: false peers { permanent_uuid: "f69261ab67e548379f321f62d3965fff" member_type: VOTER last_known_addr { host: "127.16.235.129" port: 43477 } } peers { permanent_uuid: "6d6d90c4c27349a190235e213a0bf045" member_type: VOTER last_known_addr { host: "127.16.235.130" port: 43333 } attrs { replace: true } } peers { permanent_uuid: "ec71582a6268491cafff648105505edb" member_type: VOTER last_known_addr { host: "127.16.235.131" port: 41243 } } peers { permanent_uuid: "a1efaeb15880450c9542bce2a613c62a" member_type: VOTER last_known_addr { host: "127.16.235.132" port: 43083 } attrs { promote: false } }
I20260608 12:58:35.489287 20468 raft_consensus.cc:1275] T f3bc0e94307f41bea5a19c8d0e1bf03a P ec71582a6268491cafff648105505edb [term 3 FOLLOWER]: Refusing update from remote peer f69261ab67e548379f321f62d3965fff: Log matching property violated. Preceding OpId in replica: term: 3 index: 3. Preceding OpId from leader: term: 3 index: 4. (index mismatch)
I20260608 12:58:35.489326 20644 raft_consensus.cc:1275] T f3bc0e94307f41bea5a19c8d0e1bf03a P a1efaeb15880450c9542bce2a613c62a [term 3 LEARNER]: Refusing update from remote peer f69261ab67e548379f321f62d3965fff: Log matching property violated. Preceding OpId in replica: term: 3 index: 3. Preceding OpId from leader: term: 3 index: 4. (index mismatch)
I20260608 12:58:35.490733 20394 raft_consensus.cc:1275] T f3bc0e94307f41bea5a19c8d0e1bf03a P 6d6d90c4c27349a190235e213a0bf045 [term 3 FOLLOWER]: Refusing update from remote peer f69261ab67e548379f321f62d3965fff: Log matching property violated. Preceding OpId in replica: term: 3 index: 3. Preceding OpId from leader: term: 3 index: 4. (index mismatch)
I20260608 12:58:35.492446 20908 consensus_queue.cc:1048] T f3bc0e94307f41bea5a19c8d0e1bf03a P f69261ab67e548379f321f62d3965fff [LEADER]: Connected to new peer: Peer: permanent_uuid: "ec71582a6268491cafff648105505edb" member_type: VOTER last_known_addr { host: "127.16.235.131" port: 41243 }, Status: LMP_MISMATCH, Last received: 0.0, Next index: 4, Last known committed idx: 3, Time since last communication: 0.000s
I20260608 12:58:35.493450 20909 consensus_queue.cc:1048] T f3bc0e94307f41bea5a19c8d0e1bf03a P f69261ab67e548379f321f62d3965fff [LEADER]: Connected to new peer: Peer: permanent_uuid: "6d6d90c4c27349a190235e213a0bf045" member_type: VOTER last_known_addr { host: "127.16.235.130" port: 43333 } attrs { replace: true }, Status: LMP_MISMATCH, Last received: 0.0, Next index: 4, Last known committed idx: 3, Time since last communication: 0.000s
I20260608 12:58:35.494578 20898 consensus_queue.cc:1048] T f3bc0e94307f41bea5a19c8d0e1bf03a P f69261ab67e548379f321f62d3965fff [LEADER]: Connected to new peer: Peer: permanent_uuid: "a1efaeb15880450c9542bce2a613c62a" member_type: VOTER last_known_addr { host: "127.16.235.132" port: 43083 } attrs { promote: false }, Status: LMP_MISMATCH, Last received: 0.0, Next index: 4, Last known committed idx: 3, Time since last communication: 0.000s
I20260608 12:58:35.517985 20908 raft_consensus.cc:2955] T f3bc0e94307f41bea5a19c8d0e1bf03a P f69261ab67e548379f321f62d3965fff [term 3 LEADER]: Committing config change with OpId 3.4: config changed from index 3 to 4, a1efaeb15880450c9542bce2a613c62a (127.16.235.132) changed from NON_VOTER to VOTER. New config: { opid_index: 4 OBSOLETE_local: false peers { permanent_uuid: "f69261ab67e548379f321f62d3965fff" member_type: VOTER last_known_addr { host: "127.16.235.129" port: 43477 } } peers { permanent_uuid: "6d6d90c4c27349a190235e213a0bf045" member_type: VOTER last_known_addr { host: "127.16.235.130" port: 43333 } attrs { replace: true } } peers { permanent_uuid: "ec71582a6268491cafff648105505edb" member_type: VOTER last_known_addr { host: "127.16.235.131" port: 41243 } } peers { permanent_uuid: "a1efaeb15880450c9542bce2a613c62a" member_type: VOTER last_known_addr { host: "127.16.235.132" port: 43083 } attrs { promote: false } } }
