I20260608 12:58:16.964002 20674 consensus_queue.cc:237] T 1b87e10ac0604cf196ca000ffdbbfe3e P 3332ed3c35484a46a30f8fe582731c4e [LEADER]: Queue going to LEADER mode. State: All replicated index: 0, Majority replicated index: 0, Committed index: 0, Last appended: 0.0, Last appended by leader: 0, Current term: 1, Majority size: 2, State: 0, Mode: LEADER, active raft config: opid_index: -1 OBSOLETE_local: false peers { permanent_uuid: "3332ed3c35484a46a30f8fe582731c4e" member_type: VOTER last_known_addr { host: "127.17.100.193" port: 34781 } } peers { permanent_uuid: "ea870437be364fbd903d492d65ffd075" member_type: VOTER last_known_addr { host: "127.17.100.194" port: 37169 } } peers { permanent_uuid: "ef89e5d9518b49d0a884a0377d6fd4b5" member_type: VOTER last_known_addr { host: "127.17.100.195" port: 37493 } }
I20260608 12:58:16.966822 20661 raft_consensus.cc:697] T 681ff6042c0f4d0aaa1c03341bf6c7a1 P ea870437be364fbd903d492d65ffd075 [term 1 LEADER]: Becoming Leader. State: Replica: ea870437be364fbd903d492d65ffd075, State: Running, Role: LEADER
I20260608 12:58:16.967900 20661 consensus_queue.cc:237] T 681ff6042c0f4d0aaa1c03341bf6c7a1 P ea870437be364fbd903d492d65ffd075 [LEADER]: Queue going to LEADER mode. State: All replicated index: 0, Majority replicated index: 0, Committed index: 0, Last appended: 0.0, Last appended by leader: 0, Current term: 1, Majority size: 2, State: 0, Mode: LEADER, active raft config: opid_index: -1 OBSOLETE_local: false peers { permanent_uuid: "3332ed3c35484a46a30f8fe582731c4e" member_type: VOTER last_known_addr { host: "127.17.100.193" port: 34781 } } peers { permanent_uuid: "ea870437be364fbd903d492d65ffd075" member_type: VOTER last_known_addr { host: "127.17.100.194" port: 37169 } } peers { permanent_uuid: "ef89e5d9518b49d0a884a0377d6fd4b5" member_type: VOTER last_known_addr { host: "127.17.100.195" port: 37493 } }
I20260608 12:58:16.968729 20679 raft_consensus.cc:697] T c28994c2280d4d7582c0f8d29d6f01eb P ea870437be364fbd903d492d65ffd075 [term 1 LEADER]: Becoming Leader. State: Replica: ea870437be364fbd903d492d65ffd075, State: Running, Role: LEADER
I20260608 12:58:16.970430 20679 consensus_queue.cc:237] T c28994c2280d4d7582c0f8d29d6f01eb P ea870437be364fbd903d492d65ffd075 [LEADER]: Queue going to LEADER mode. State: All replicated index: 0, Majority replicated index: 0, Committed index: 0, Last appended: 0.0, Last appended by leader: 0, Current term: 1, Majority size: 2, State: 0, Mode: LEADER, active raft config: opid_index: -1 OBSOLETE_local: false peers { permanent_uuid: "ea870437be364fbd903d492d65ffd075" member_type: VOTER last_known_addr { host: "127.17.100.194" port: 37169 } } peers { permanent_uuid: "ef89e5d9518b49d0a884a0377d6fd4b5" member_type: VOTER last_known_addr { host: "127.17.100.195" port: 37493 } } peers { permanent_uuid: "3332ed3c35484a46a30f8fe582731c4e" member_type: VOTER last_known_addr { host: "127.17.100.193" port: 34781 } }
I20260608 12:58:16.979162 20357 catalog_manager.cc:5696] T 1b87e10ac0604cf196ca000ffdbbfe3e P 3332ed3c35484a46a30f8fe582731c4e reported cstate change: term changed from 0 to 1, leader changed from <none> to 3332ed3c35484a46a30f8fe582731c4e (127.17.100.193). New cstate: current_term: 1 leader_uuid: "3332ed3c35484a46a30f8fe582731c4e" committed_config { opid_index: -1 OBSOLETE_local: false peers { permanent_uuid: "3332ed3c35484a46a30f8fe582731c4e" member_type: VOTER last_known_addr { host: "127.17.100.193" port: 34781 } health_report { overall_health: HEALTHY } } peers { permanent_uuid: "ea870437be364fbd903d492d65ffd075" member_type: VOTER last_known_addr { host: "127.17.100.194" port: 37169 } health_report { overall_health: UNKNOWN } } peers { permanent_uuid: "ef89e5d9518b49d0a884a0377d6fd4b5" member_type: VOTER last_known_addr { host: "127.17.100.195" port: 37493 } health_report { overall_health: UNKNOWN } } }
I20260608 12:58:16.980811 20359 catalog_manager.cc:5696] T c28994c2280d4d7582c0f8d29d6f01eb P ea870437be364fbd903d492d65ffd075 reported cstate change: term changed from 0 to 1, leader changed from <none> to ea870437be364fbd903d492d65ffd075 (127.17.100.194). New cstate: current_term: 1 leader_uuid: "ea870437be364fbd903d492d65ffd075" committed_config { opid_index: -1 OBSOLETE_local: false peers { permanent_uuid: "ea870437be364fbd903d492d65ffd075" member_type: VOTER last_known_addr { host: "127.17.100.194" port: 37169 } health_report { overall_health: HEALTHY } } peers { permanent_uuid: "ef89e5d9518b49d0a884a0377d6fd4b5" member_type: VOTER last_known_addr { host: "127.17.100.195" port: 37493 } health_report { overall_health: UNKNOWN } } peers { permanent_uuid: "3332ed3c35484a46a30f8fe582731c4e" member_type: VOTER last_known_addr { host: "127.17.100.193" port: 34781 } health_report { overall_health: UNKNOWN } } }
I20260608 12:58:16.998240 20359 catalog_manager.cc:5696] T 681ff6042c0f4d0aaa1c03341bf6c7a1 P ea870437be364fbd903d492d65ffd075 reported cstate change: term changed from 0 to 1, leader changed from <none> to ea870437be364fbd903d492d65ffd075 (127.17.100.194). New cstate: current_term: 1 leader_uuid: "ea870437be364fbd903d492d65ffd075" committed_config { opid_index: -1 OBSOLETE_local: false peers { permanent_uuid: "3332ed3c35484a46a30f8fe582731c4e" member_type: VOTER last_known_addr { host: "127.17.100.193" port: 34781 } health_report { overall_health: UNKNOWN } } peers { permanent_uuid: "ea870437be364fbd903d492d65ffd075" member_type: VOTER last_known_addr { host: "127.17.100.194" port: 37169 } health_report { overall_health: HEALTHY } } peers { permanent_uuid: "ef89e5d9518b49d0a884a0377d6fd4b5" member_type: VOTER last_known_addr { host: "127.17.100.195" port: 37493 } health_report { overall_health: UNKNOWN } } }
I20260608 12:58:17.206358 20663 raft_consensus.cc:493] T 070a4de7342b4188a0e17ac3e48c9bba P ef89e5d9518b49d0a884a0377d6fd4b5 [term 0 FOLLOWER]: Starting pre-election (no leader contacted us within the election timeout)
I20260608 12:58:17.206979 20663 raft_consensus.cc:515] T 070a4de7342b4188a0e17ac3e48c9bba P ef89e5d9518b49d0a884a0377d6fd4b5 [term 0 FOLLOWER]: Starting pre-election with config: opid_index: -1 OBSOLETE_local: false peers { permanent_uuid: "3332ed3c35484a46a30f8fe582731c4e" member_type: VOTER last_known_addr { host: "127.17.100.193" port: 34781 } } peers { permanent_uuid: "ea870437be364fbd903d492d65ffd075" member_type: VOTER last_known_addr { host: "127.17.100.194" port: 37169 } } peers { permanent_uuid: "ef89e5d9518b49d0a884a0377d6fd4b5" member_type: VOTER last_known_addr { host: "127.17.100.195" port: 37493 } }
I20260608 12:58:17.209228 20663 leader_election.cc:290] T 070a4de7342b4188a0e17ac3e48c9bba P ef89e5d9518b49d0a884a0377d6fd4b5 [CANDIDATE]: Term 1 pre-election: Requested pre-vote from peers 3332ed3c35484a46a30f8fe582731c4e (127.17.100.193:34781), ea870437be364fbd903d492d65ffd075 (127.17.100.194:37169)
I20260608 12:58:17.220587 20460 tablet_service.cc:1917] Received RequestConsensusVote() RPC: tablet_id: "070a4de7342b4188a0e17ac3e48c9bba" candidate_uuid: "ef89e5d9518b49d0a884a0377d6fd4b5" candidate_term: 1 candidate_status { last_received { term: 0 index: 0 } } ignore_live_leader: false dest_uuid: "3332ed3c35484a46a30f8fe582731c4e" is_pre_election: true
I20260608 12:58:17.221316 20460 raft_consensus.cc:2468] T 070a4de7342b4188a0e17ac3e48c9bba P 3332ed3c35484a46a30f8fe582731c4e [term 0 FOLLOWER]: Leader pre-election vote request: Granting yes vote for candidate ef89e5d9518b49d0a884a0377d6fd4b5 in term 0.
I20260608 12:58:17.221771 20536 tablet_service.cc:1917] Received RequestConsensusVote() RPC: tablet_id: "070a4de7342b4188a0e17ac3e48c9bba" candidate_uuid: "ef89e5d9518b49d0a884a0377d6fd4b5" candidate_term: 1 candidate_status { last_received { term: 0 index: 0 } } ignore_live_leader: false dest_uuid: "ea870437be364fbd903d492d65ffd075" is_pre_election: true
I20260608 12:58:17.222704 20536 raft_consensus.cc:2468] T 070a4de7342b4188a0e17ac3e48c9bba P ea870437be364fbd903d492d65ffd075 [term 0 FOLLOWER]: Leader pre-election vote request: Granting yes vote for candidate ef89e5d9518b49d0a884a0377d6fd4b5 in term 0.
I20260608 12:58:17.222702 20574 leader_election.cc:304] T 070a4de7342b4188a0e17ac3e48c9bba P ef89e5d9518b49d0a884a0377d6fd4b5 [CANDIDATE]: Term 1 pre-election: Election decided. Result: candidate won. Election summary: received 2 responses out of 3 voters: 2 yes votes; 0 no votes. yes voters: 3332ed3c35484a46a30f8fe582731c4e, ef89e5d9518b49d0a884a0377d6fd4b5; no voters: 
I20260608 12:58:17.224284 20663 raft_consensus.cc:2804] T 070a4de7342b4188a0e17ac3e48c9bba P ef89e5d9518b49d0a884a0377d6fd4b5 [term 0 FOLLOWER]: Leader pre-election won for term 1
I20260608 12:58:17.225260 20663 raft_consensus.cc:493] T 070a4de7342b4188a0e17ac3e48c9bba P ef89e5d9518b49d0a884a0377d6fd4b5 [term 0 FOLLOWER]: Starting leader election (no leader contacted us within the election timeout)
I20260608 12:58:17.226259 20663 raft_consensus.cc:3060] T 070a4de7342b4188a0e17ac3e48c9bba P ef89e5d9518b49d0a884a0377d6fd4b5 [term 0 FOLLOWER]: Advancing to term 1
I20260608 12:58:17.232452 20663 raft_consensus.cc:515] T 070a4de7342b4188a0e17ac3e48c9bba P ef89e5d9518b49d0a884a0377d6fd4b5 [term 1 FOLLOWER]: Starting leader election with config: opid_index: -1 OBSOLETE_local: false peers { permanent_uuid: "3332ed3c35484a46a30f8fe582731c4e" member_type: VOTER last_known_addr { host: "127.17.100.193" port: 34781 } } peers { permanent_uuid: "ea870437be364fbd903d492d65ffd075" member_type: VOTER last_known_addr { host: "127.17.100.194" port: 37169 } } peers { permanent_uuid: "ef89e5d9518b49d0a884a0377d6fd4b5" member_type: VOTER last_known_addr { host: "127.17.100.195" port: 37493 } }
I20260608 12:58:17.235813 20663 leader_election.cc:290] T 070a4de7342b4188a0e17ac3e48c9bba P ef89e5d9518b49d0a884a0377d6fd4b5 [CANDIDATE]: Term 1 election: Requested vote from peers 3332ed3c35484a46a30f8fe582731c4e (127.17.100.193:34781), ea870437be364fbd903d492d65ffd075 (127.17.100.194:37169)
I20260608 12:58:17.237090 20460 tablet_service.cc:1917] Received RequestConsensusVote() RPC: tablet_id: "070a4de7342b4188a0e17ac3e48c9bba" candidate_uuid: "ef89e5d9518b49d0a884a0377d6fd4b5" candidate_term: 1 candidate_status { last_received { term: 0 index: 0 } } ignore_live_leader: false dest_uuid: "3332ed3c35484a46a30f8fe582731c4e"
I20260608 12:58:17.237149 20536 tablet_service.cc:1917] Received RequestConsensusVote() RPC: tablet_id: "070a4de7342b4188a0e17ac3e48c9bba" candidate_uuid: "ef89e5d9518b49d0a884a0377d6fd4b5" candidate_term: 1 candidate_status { last_received { term: 0 index: 0 } } ignore_live_leader: false dest_uuid: "ea870437be364fbd903d492d65ffd075"
I20260608 12:58:17.238067 20460 raft_consensus.cc:3060] T 070a4de7342b4188a0e17ac3e48c9bba P 3332ed3c35484a46a30f8fe582731c4e [term 0 FOLLOWER]: Advancing to term 1
I20260608 12:58:17.238073 20536 raft_consensus.cc:3060] T 070a4de7342b4188a0e17ac3e48c9bba P ea870437be364fbd903d492d65ffd075 [term 0 FOLLOWER]: Advancing to term 1
I20260608 12:58:17.247572 20460 raft_consensus.cc:2468] T 070a4de7342b4188a0e17ac3e48c9bba P 3332ed3c35484a46a30f8fe582731c4e [term 1 FOLLOWER]: Leader election vote request: Granting yes vote for candidate ef89e5d9518b49d0a884a0377d6fd4b5 in term 1.
I20260608 12:58:17.247141 20536 raft_consensus.cc:2468] T 070a4de7342b4188a0e17ac3e48c9bba P ea870437be364fbd903d492d65ffd075 [term 1 FOLLOWER]: Leader election vote request: Granting yes vote for candidate ef89e5d9518b49d0a884a0377d6fd4b5 in term 1.
I20260608 12:58:17.250772 20576 leader_election.cc:304] T 070a4de7342b4188a0e17ac3e48c9bba P ef89e5d9518b49d0a884a0377d6fd4b5 [CANDIDATE]: Term 1 election: Election decided. Result: candidate won. Election summary: received 2 responses out of 3 voters: 2 yes votes; 0 no votes. yes voters: ea870437be364fbd903d492d65ffd075, ef89e5d9518b49d0a884a0377d6fd4b5; no voters: 
I20260608 12:58:17.251878 20663 raft_consensus.cc:2804] T 070a4de7342b4188a0e17ac3e48c9bba P ef89e5d9518b49d0a884a0377d6fd4b5 [term 1 FOLLOWER]: Leader election won for term 1
I20260608 12:58:17.253185 20663 raft_consensus.cc:697] T 070a4de7342b4188a0e17ac3e48c9bba P ef89e5d9518b49d0a884a0377d6fd4b5 [term 1 LEADER]: Becoming Leader. State: Replica: ef89e5d9518b49d0a884a0377d6fd4b5, State: Running, Role: LEADER
I20260608 12:58:17.254779 20663 consensus_queue.cc:237] T 070a4de7342b4188a0e17ac3e48c9bba P ef89e5d9518b49d0a884a0377d6fd4b5 [LEADER]: Queue going to LEADER mode. State: All replicated index: 0, Majority replicated index: 0, Committed index: 0, Last appended: 0.0, Last appended by leader: 0, Current term: 1, Majority size: 2, State: 0, Mode: LEADER, active raft config: opid_index: -1 OBSOLETE_local: false peers { permanent_uuid: "3332ed3c35484a46a30f8fe582731c4e" member_type: VOTER last_known_addr { host: "127.17.100.193" port: 34781 } } peers { permanent_uuid: "ea870437be364fbd903d492d65ffd075" member_type: VOTER last_known_addr { host: "127.17.100.194" port: 37169 } } peers { permanent_uuid: "ef89e5d9518b49d0a884a0377d6fd4b5" member_type: VOTER last_known_addr { host: "127.17.100.195" port: 37493 } }
I20260608 12:58:17.265650 20359 catalog_manager.cc:5696] T 070a4de7342b4188a0e17ac3e48c9bba P ef89e5d9518b49d0a884a0377d6fd4b5 reported cstate change: term changed from 0 to 1, leader changed from <none> to ef89e5d9518b49d0a884a0377d6fd4b5 (127.17.100.195). New cstate: current_term: 1 leader_uuid: "ef89e5d9518b49d0a884a0377d6fd4b5" committed_config { opid_index: -1 OBSOLETE_local: false peers { permanent_uuid: "3332ed3c35484a46a30f8fe582731c4e" member_type: VOTER last_known_addr { host: "127.17.100.193" port: 34781 } health_report { overall_health: UNKNOWN } } peers { permanent_uuid: "ea870437be364fbd903d492d65ffd075" member_type: VOTER last_known_addr { host: "127.17.100.194" port: 37169 } health_report { overall_health: UNKNOWN } } peers { permanent_uuid: "ef89e5d9518b49d0a884a0377d6fd4b5" member_type: VOTER last_known_addr { host: "127.17.100.195" port: 37493 } health_report { overall_health: HEALTHY } } }
I20260608 12:58:17.337113 17811 tablet_server.cc:179] TabletServer@127.17.100.193:0 shutting down...
I20260608 12:58:17.359580 17811 ts_tablet_manager.cc:1507] Shutting down tablet manager...
I20260608 12:58:17.360535 17811 tablet_replica.cc:333] T 070a4de7342b4188a0e17ac3e48c9bba P 3332ed3c35484a46a30f8fe582731c4e: stopping tablet replica
I20260608 12:58:17.361138 17811 raft_consensus.cc:2243] T 070a4de7342b4188a0e17ac3e48c9bba P 3332ed3c35484a46a30f8fe582731c4e [term 1 FOLLOWER]: Raft consensus shutting down.
I20260608 12:58:17.361534 17811 raft_consensus.cc:2272] T 070a4de7342b4188a0e17ac3e48c9bba P 3332ed3c35484a46a30f8fe582731c4e [term 1 FOLLOWER]: Raft consensus is shut down!
I20260608 12:58:17.363922 17811 tablet_replica.cc:333] T c28994c2280d4d7582c0f8d29d6f01eb P 3332ed3c35484a46a30f8fe582731c4e: stopping tablet replica
I20260608 12:58:17.364481 17811 raft_consensus.cc:2243] T c28994c2280d4d7582c0f8d29d6f01eb P 3332ed3c35484a46a30f8fe582731c4e [term 1 FOLLOWER]: Raft consensus shutting down.
I20260608 12:58:17.364952 17811 raft_consensus.cc:2272] T c28994c2280d4d7582c0f8d29d6f01eb P 3332ed3c35484a46a30f8fe582731c4e [term 1 FOLLOWER]: Raft consensus is shut down!
I20260608 12:58:17.366912 17811 tablet_replica.cc:333] T 681ff6042c0f4d0aaa1c03341bf6c7a1 P 3332ed3c35484a46a30f8fe582731c4e: stopping tablet replica
I20260608 12:58:17.367628 17811 raft_consensus.cc:2243] T 681ff6042c0f4d0aaa1c03341bf6c7a1 P 3332ed3c35484a46a30f8fe582731c4e [term 1 FOLLOWER]: Raft consensus shutting down.
I20260608 12:58:17.368068 17811 raft_consensus.cc:2272] T 681ff6042c0f4d0aaa1c03341bf6c7a1 P 3332ed3c35484a46a30f8fe582731c4e [term 1 FOLLOWER]: Raft consensus is shut down!
I20260608 12:58:17.369191 20412 auto_leader_rebalancer.cc:140] leader rebalance for table range_aware_auto_rebalancer_test
I20260608 12:58:17.370654 17811 tablet_replica.cc:333] T 1b87e10ac0604cf196ca000ffdbbfe3e P 3332ed3c35484a46a30f8fe582731c4e: stopping tablet replica
I20260608 12:58:17.371439 17811 raft_consensus.cc:2243] T 1b87e10ac0604cf196ca000ffdbbfe3e P 3332ed3c35484a46a30f8fe582731c4e [term 1 LEADER]: Raft consensus shutting down.
I20260608 12:58:17.372284 17811 pending_rounds.cc:70] T 1b87e10ac0604cf196ca000ffdbbfe3e P 3332ed3c35484a46a30f8fe582731c4e: Trying to abort 1 pending ops.
I20260608 12:58:17.372823 17811 pending_rounds.cc:77] T 1b87e10ac0604cf196ca000ffdbbfe3e P 3332ed3c35484a46a30f8fe582731c4e: Aborting op as it isn't in flight: id { term: 1 index: 1 } timestamp: 7294662643581169664 op_type: NO_OP noop_request { }
I20260608 12:58:17.373324 17811 raft_consensus.cc:2889] T 1b87e10ac0604cf196ca000ffdbbfe3e P 3332ed3c35484a46a30f8fe582731c4e [term 1 LEADER]: NO_OP replication failed: Aborted: Op aborted
I20260608 12:58:17.373708 17811 raft_consensus.cc:2272] T 1b87e10ac0604cf196ca000ffdbbfe3e P 3332ed3c35484a46a30f8fe582731c4e [term 1 FOLLOWER]: Raft consensus is shut down!
I20260608 12:58:17.374436 20412 auto_leader_rebalancer.cc:388] table: range_aware_auto_rebalancer_test, leader rebalance finish, leader transfer count: 0
I20260608 12:58:17.375137 20412 auto_leader_rebalancer.cc:451] All tables' leader rebalancing finished this round
I20260608 12:58:17.392151 17811 tablet_server.cc:196] TabletServer@127.17.100.193:0 shutdown complete.
I20260608 12:58:17.406509 17811 tablet_server.cc:179] TabletServer@127.17.100.194:0 shutting down...
I20260608 12:58:17.428553 17811 ts_tablet_manager.cc:1507] Shutting down tablet manager...
I20260608 12:58:17.429513 17811 tablet_replica.cc:333] T 1b87e10ac0604cf196ca000ffdbbfe3e P ea870437be364fbd903d492d65ffd075: stopping tablet replica
I20260608 12:58:17.430220 17811 raft_consensus.cc:2243] T 1b87e10ac0604cf196ca000ffdbbfe3e P ea870437be364fbd903d492d65ffd075 [term 1 FOLLOWER]: Raft consensus shutting down.
I20260608 12:58:17.430672 17811 raft_consensus.cc:2272] T 1b87e10ac0604cf196ca000ffdbbfe3e P ea870437be364fbd903d492d65ffd075 [term 1 FOLLOWER]: Raft consensus is shut down!
I20260608 12:58:17.432626 17811 tablet_replica.cc:333] T 070a4de7342b4188a0e17ac3e48c9bba P ea870437be364fbd903d492d65ffd075: stopping tablet replica
I20260608 12:58:17.433215 17811 raft_consensus.cc:2243] T 070a4de7342b4188a0e17ac3e48c9bba P ea870437be364fbd903d492d65ffd075 [term 1 FOLLOWER]: Raft consensus shutting down.
I20260608 12:58:17.433657 17811 raft_consensus.cc:2272] T 070a4de7342b4188a0e17ac3e48c9bba P ea870437be364fbd903d492d65ffd075 [term 1 FOLLOWER]: Raft consensus is shut down!
I20260608 12:58:17.435509 17811 tablet_replica.cc:333] T c28994c2280d4d7582c0f8d29d6f01eb P ea870437be364fbd903d492d65ffd075: stopping tablet replica
I20260608 12:58:17.436024 17811 raft_consensus.cc:2243] T c28994c2280d4d7582c0f8d29d6f01eb P ea870437be364fbd903d492d65ffd075 [term 1 LEADER]: Raft consensus shutting down.
I20260608 12:58:17.436618 17811 pending_rounds.cc:70] T c28994c2280d4d7582c0f8d29d6f01eb P ea870437be364fbd903d492d65ffd075: Trying to abort 1 pending ops.
I20260608 12:58:17.436836 17811 pending_rounds.cc:77] T c28994c2280d4d7582c0f8d29d6f01eb P ea870437be364fbd903d492d65ffd075: Aborting op as it isn't in flight: id { term: 1 index: 1 } timestamp: 7294662643602296832 op_type: NO_OP noop_request { }
I20260608 12:58:17.437129 17811 raft_consensus.cc:2889] T c28994c2280d4d7582c0f8d29d6f01eb P ea870437be364fbd903d492d65ffd075 [term 1 LEADER]: NO_OP replication failed: Aborted: Op aborted
I20260608 12:58:17.437419 17811 raft_consensus.cc:2272] T c28994c2280d4d7582c0f8d29d6f01eb P ea870437be364fbd903d492d65ffd075 [term 1 FOLLOWER]: Raft consensus is shut down!
I20260608 12:58:17.439888 17811 tablet_replica.cc:333] T 681ff6042c0f4d0aaa1c03341bf6c7a1 P ea870437be364fbd903d492d65ffd075: stopping tablet replica
I20260608 12:58:17.440558 17811 raft_consensus.cc:2243] T 681ff6042c0f4d0aaa1c03341bf6c7a1 P ea870437be364fbd903d492d65ffd075 [term 1 LEADER]: Raft consensus shutting down.
I20260608 12:58:17.441197 17811 pending_rounds.cc:70] T 681ff6042c0f4d0aaa1c03341bf6c7a1 P ea870437be364fbd903d492d65ffd075: Trying to abort 1 pending ops.
I20260608 12:58:17.441424 17811 pending_rounds.cc:77] T 681ff6042c0f4d0aaa1c03341bf6c7a1 P ea870437be364fbd903d492d65ffd075: Aborting op as it isn't in flight: id { term: 1 index: 1 } timestamp: 7294662643594379264 op_type: NO_OP noop_request { }
I20260608 12:58:17.441744 17811 raft_consensus.cc:2889] T 681ff6042c0f4d0aaa1c03341bf6c7a1 P ea870437be364fbd903d492d65ffd075 [term 1 LEADER]: NO_OP replication failed: Aborted: Op aborted
I20260608 12:58:17.442065 17811 raft_consensus.cc:2272] T 681ff6042c0f4d0aaa1c03341bf6c7a1 P ea870437be364fbd903d492d65ffd075 [term 1 FOLLOWER]: Raft consensus is shut down!
I20260608 12:58:17.466984 17811 tablet_server.cc:196] TabletServer@127.17.100.194:0 shutdown complete.
I20260608 12:58:17.480175 17811 tablet_server.cc:179] TabletServer@127.17.100.195:0 shutting down...
I20260608 12:58:17.509187 17811 ts_tablet_manager.cc:1507] Shutting down tablet manager...
I20260608 12:58:17.510016 17811 tablet_replica.cc:333] T 070a4de7342b4188a0e17ac3e48c9bba P ef89e5d9518b49d0a884a0377d6fd4b5: stopping tablet replica
I20260608 12:58:17.510753 17811 raft_consensus.cc:2243] T 070a4de7342b4188a0e17ac3e48c9bba P ef89e5d9518b49d0a884a0377d6fd4b5 [term 1 LEADER]: Raft consensus shutting down.
I20260608 12:58:17.511453 17811 pending_rounds.cc:70] T 070a4de7342b4188a0e17ac3e48c9bba P ef89e5d9518b49d0a884a0377d6fd4b5: Trying to abort 1 pending ops.
I20260608 12:58:17.511638 17811 pending_rounds.cc:77] T 070a4de7342b4188a0e17ac3e48c9bba P ef89e5d9518b49d0a884a0377d6fd4b5: Aborting op as it isn't in flight: id { term: 1 index: 1 } timestamp: 7294662644768366592 op_type: NO_OP noop_request { }
I20260608 12:58:17.511976 17811 raft_consensus.cc:2889] T 070a4de7342b4188a0e17ac3e48c9bba P ef89e5d9518b49d0a884a0377d6fd4b5 [term 1 LEADER]: NO_OP replication failed: Aborted: Op aborted
I20260608 12:58:17.512331 17811 raft_consensus.cc:2272] T 070a4de7342b4188a0e17ac3e48c9bba P ef89e5d9518b49d0a884a0377d6fd4b5 [term 1 FOLLOWER]: Raft consensus is shut down!
I20260608 12:58:17.514991 17811 tablet_replica.cc:333] T 1b87e10ac0604cf196ca000ffdbbfe3e P ef89e5d9518b49d0a884a0377d6fd4b5: stopping tablet replica
I20260608 12:58:17.515641 17811 raft_consensus.cc:2243] T 1b87e10ac0604cf196ca000ffdbbfe3e P ef89e5d9518b49d0a884a0377d6fd4b5 [term 0 FOLLOWER]: Raft consensus shutting down.
I20260608 12:58:17.516119 17811 raft_consensus.cc:2272] T 1b87e10ac0604cf196ca000ffdbbfe3e P ef89e5d9518b49d0a884a0377d6fd4b5 [term 0 FOLLOWER]: Raft consensus is shut down!
I20260608 12:58:17.518489 17811 tablet_replica.cc:333] T c28994c2280d4d7582c0f8d29d6f01eb P ef89e5d9518b49d0a884a0377d6fd4b5: stopping tablet replica
I20260608 12:58:17.519101 17811 raft_consensus.cc:2243] T c28994c2280d4d7582c0f8d29d6f01eb P ef89e5d9518b49d0a884a0377d6fd4b5 [term 1 FOLLOWER]: Raft consensus shutting down.
I20260608 12:58:17.519560 17811 raft_consensus.cc:2272] T c28994c2280d4d7582c0f8d29d6f01eb P ef89e5d9518b49d0a884a0377d6fd4b5 [term 1 FOLLOWER]: Raft consensus is shut down!
I20260608 12:58:17.521504 17811 tablet_replica.cc:333] T 681ff6042c0f4d0aaa1c03341bf6c7a1 P ef89e5d9518b49d0a884a0377d6fd4b5: stopping tablet replica
I20260608 12:58:17.522049 17811 raft_consensus.cc:2243] T 681ff6042c0f4d0aaa1c03341bf6c7a1 P ef89e5d9518b49d0a884a0377d6fd4b5 [term 1 FOLLOWER]: Raft consensus shutting down.
I20260608 12:58:17.522548 17811 raft_consensus.cc:2272] T 681ff6042c0f4d0aaa1c03341bf6c7a1 P ef89e5d9518b49d0a884a0377d6fd4b5 [term 1 FOLLOWER]: Raft consensus is shut down!
I20260608 12:58:17.545854 17811 tablet_server.cc:196] TabletServer@127.17.100.195:0 shutdown complete.
I20260608 12:58:17.561832 17811 master.cc:562] Master@127.17.100.254:42683 shutting down...
I20260608 12:58:17.586284 17811 raft_consensus.cc:2243] T 00000000000000000000000000000000 P 17b0f224997945d9bc9382b71dce9d7f [term 1 LEADER]: Raft consensus shutting down.
I20260608 12:58:17.586908 17811 raft_consensus.cc:2272] T 00000000000000000000000000000000 P 17b0f224997945d9bc9382b71dce9d7f [term 1 FOLLOWER]: Raft consensus is shut down!
I20260608 12:58:17.587350 17811 tablet_replica.cc:333] T 00000000000000000000000000000000 P 17b0f224997945d9bc9382b71dce9d7f: stopping tablet replica
I20260608 12:58:17.598183 17811 master.cc:584] Master@127.17.100.254:42683 shutdown complete.
[       OK ] AutoRebalancerTest.RangeAwareBuildClusterInfoGroupsByRange (2447 ms)
[ RUN      ] AutoRebalancerTest.RangeAwareRebalancesNewRangeReplicas
I20260608 12:58:17.639884 17811 internal_mini_cluster.cc:156] Creating distributed mini masters. Addrs: 127.17.100.254:42725
I20260608 12:58:17.641155 17811 file_cache.cc:492] Constructed file cache file cache with capacity 419430
W20260608 12:58:17.648424 20690 instance_detector.cc:116] could not retrieve Azure instance metadata: Network error: curl error: HTTP response code said error: The requested URL returned error: 404
W20260608 12:58:17.648420 20689 instance_detector.cc:116] could not retrieve AWS instance metadata: Network error: curl error: HTTP response code said error: The requested URL returned error: 404
W20260608 12:58:17.649935 20692 instance_detector.cc:116] could not retrieve OpenStack instance metadata: Network error: curl error: HTTP response code said error: The requested URL returned error: 404
I20260608 12:58:17.651746 17811 server_base.cc:1061] running on GCE node
I20260608 12:58:17.652810 17811 hybrid_clock.cc:584] initializing the hybrid clock with 'system_unsync' time source
W20260608 12:58:17.653077 17811 system_unsync_time.cc:38] NTP support is disabled. Clock error bounds will not be accurate. This configuration is not suitable for distributed clusters.
I20260608 12:58:17.653277 17811 hybrid_clock.cc:648] HybridClock initialized: now 1780923497653261 us; error 0 us; skew 500 ppm
I20260608 12:58:17.654368 17811 server_base.cc:861] Flag tcmalloc_max_total_thread_cache_bytes is not working since tcmalloc is not enabled.
I20260608 12:58:17.657665 17811 webserver.cc:533] Webserver started at http://127.17.100.254:40911/ using document root <none> and password file <none>
I20260608 12:58:17.658390 17811 fs_manager.cc:362] Metadata directory not provided
I20260608 12:58:17.658586 17811 fs_manager.cc:368] Using write-ahead log directory (fs_wal_dir) as metadata directory
I20260608 12:58:17.658962 17811 server_base.cc:909] This appears to be a new deployment of Kudu; creating new FS layout
I20260608 12:58:17.660300 17811 fs_manager.cc:1068] Generated new instance metadata in path /tmp/dist-test-task0j8OrB/test-tmp/auto_rebalancer-test.0.AutoRebalancerTest.RangeAwareRebalancesNewRangeReplicas.1780923413240576-17811-0/minicluster-data/master-0-root/instance:
uuid: "0f78c0e0b42d44179ed91a0c56e95bde"
format_stamp: "Formatted at 2026-06-08 12:58:17 on dist-test-slave-hk54"
I20260608 12:58:17.666231 17811 fs_manager.cc:696] Time spent creating directory manager: real 0.005s	user 0.006s	sys 0.001s
I20260608 12:58:17.671264 20697 log_block_manager.cc:4031] Time spent loading block containers with low live blocks: real 0.000s	user 0.000s	sys 0.000s
I20260608 12:58:17.672510 17811 fs_manager.cc:730] Time spent opening block manager: real 0.004s	user 0.003s	sys 0.002s
I20260608 12:58:17.672904 17811 fs_manager.cc:647] Opened local filesystem: /tmp/dist-test-task0j8OrB/test-tmp/auto_rebalancer-test.0.AutoRebalancerTest.RangeAwareRebalancesNewRangeReplicas.1780923413240576-17811-0/minicluster-data/master-0-root
uuid: "0f78c0e0b42d44179ed91a0c56e95bde"
format_stamp: "Formatted at 2026-06-08 12:58:17 on dist-test-slave-hk54"
I20260608 12:58:17.673454 17811 fs_report.cc:389] FS layout report
--------------------
wal directory: /tmp/dist-test-task0j8OrB/test-tmp/auto_rebalancer-test.0.AutoRebalancerTest.RangeAwareRebalancesNewRangeReplicas.1780923413240576-17811-0/minicluster-data/master-0-root
metadata directory: /tmp/dist-test-task0j8OrB/test-tmp/auto_rebalancer-test.0.AutoRebalancerTest.RangeAwareRebalancesNewRangeReplicas.1780923413240576-17811-0/minicluster-data/master-0-root
1 data directories: /tmp/dist-test-task0j8OrB/test-tmp/auto_rebalancer-test.0.AutoRebalancerTest.RangeAwareRebalancesNewRangeReplicas.1780923413240576-17811-0/minicluster-data/master-0-root/data
Total live blocks: 0
Total live bytes: 0
Total live bytes (after alignment): 0
Total number of LBM containers: 0 (0 full)
Did not check for missing blocks
Did not check for orphaned blocks
Total full LBM containers with extra space: 0 (0 repaired)
Total full LBM container extra space in bytes: 0 (0 repaired)
Total incomplete LBM containers: 0 (0 repaired)
Total LBM partial records: 0 (0 repaired)
Total corrupted LBM metadata records in RocksDB: 0 (0 repaired)
I20260608 12:58:17.693145 17811 rpc_server.cc:225] running with OpenSSL 1.1.1  11 Sep 2018
I20260608 12:58:17.694407 17811 kserver.cc:163] Server-wide thread pool size limit: 3276
I20260608 12:58:17.736750 17811 rpc_server.cc:307] RPC server started. Bound to: 127.17.100.254:42725
I20260608 12:58:17.736877 20748 acceptor_pool.cc:272] collecting diagnostics on the listening RPC socket 127.17.100.254:42725 every 8 connection(s)
I20260608 12:58:17.741490 20749 data_dirs.cc:400] Could only allocate 1 dirs of requested 3 for tablet 00000000000000000000000000000000. 1 dirs total, 0 dirs full, 0 dirs failed
I20260608 12:58:17.753894 20749 tablet_bootstrap.cc:492] T 00000000000000000000000000000000 P 0f78c0e0b42d44179ed91a0c56e95bde: Bootstrap starting.
I20260608 12:58:17.760426 20749 tablet_bootstrap.cc:654] T 00000000000000000000000000000000 P 0f78c0e0b42d44179ed91a0c56e95bde: Neither blocks nor log segments found. Creating new log.
I20260608 12:58:17.770387 20749 tablet_bootstrap.cc:492] T 00000000000000000000000000000000 P 0f78c0e0b42d44179ed91a0c56e95bde: No bootstrap required, opened a new log
I20260608 12:58:17.772837 20749 raft_consensus.cc:359] T 00000000000000000000000000000000 P 0f78c0e0b42d44179ed91a0c56e95bde [term 0 FOLLOWER]: Replica starting. Triggering 0 pending ops. Active config: opid_index: -1 OBSOLETE_local: true peers { permanent_uuid: "0f78c0e0b42d44179ed91a0c56e95bde" member_type: VOTER }
I20260608 12:58:17.773837 20749 raft_consensus.cc:385] T 00000000000000000000000000000000 P 0f78c0e0b42d44179ed91a0c56e95bde [term 0 FOLLOWER]: Consensus starting up: Expiring failure detector timer to make a prompt election more likely
I20260608 12:58:17.774204 20749 raft_consensus.cc:740] T 00000000000000000000000000000000 P 0f78c0e0b42d44179ed91a0c56e95bde [term 0 FOLLOWER]: Becoming Follower/Learner. State: Replica: 0f78c0e0b42d44179ed91a0c56e95bde, State: Initialized, Role: FOLLOWER
I20260608 12:58:17.774816 20749 consensus_queue.cc:260] T 00000000000000000000000000000000 P 0f78c0e0b42d44179ed91a0c56e95bde [NON_LEADER]: Queue going to NON_LEADER mode. State: All replicated index: 0, Majority replicated index: 0, Committed index: 0, Last appended: 0.0, Last appended by leader: 0, Current term: 0, Majority size: -1, State: 0, Mode: NON_LEADER, active raft config: opid_index: -1 OBSOLETE_local: true peers { permanent_uuid: "0f78c0e0b42d44179ed91a0c56e95bde" member_type: VOTER }
I20260608 12:58:17.775390 20749 raft_consensus.cc:399] T 00000000000000000000000000000000 P 0f78c0e0b42d44179ed91a0c56e95bde [term 0 FOLLOWER]: Only one voter in the Raft config. Triggering election immediately
I20260608 12:58:17.775687 20749 raft_consensus.cc:493] T 00000000000000000000000000000000 P 0f78c0e0b42d44179ed91a0c56e95bde [term 0 FOLLOWER]: Starting leader election (initial election of a single-replica configuration)
I20260608 12:58:17.775918 20749 raft_consensus.cc:3060] T 00000000000000000000000000000000 P 0f78c0e0b42d44179ed91a0c56e95bde [term 0 FOLLOWER]: Advancing to term 1
I20260608 12:58:17.781793 20749 raft_consensus.cc:515] T 00000000000000000000000000000000 P 0f78c0e0b42d44179ed91a0c56e95bde [term 1 FOLLOWER]: Starting leader election with config: opid_index: -1 OBSOLETE_local: true peers { permanent_uuid: "0f78c0e0b42d44179ed91a0c56e95bde" member_type: VOTER }
I20260608 12:58:17.782980 20749 leader_election.cc:304] T 00000000000000000000000000000000 P 0f78c0e0b42d44179ed91a0c56e95bde [CANDIDATE]: Term 1 election: Election decided. Result: candidate won. Election summary: received 1 responses out of 1 voters: 1 yes votes; 0 no votes. yes voters: 0f78c0e0b42d44179ed91a0c56e95bde; no voters: 
I20260608 12:58:17.786490 20749 leader_election.cc:290] T 00000000000000000000000000000000 P 0f78c0e0b42d44179ed91a0c56e95bde [CANDIDATE]: Term 1 election: Requested vote from peers 
I20260608 12:58:17.786768 20752 raft_consensus.cc:2804] T 00000000000000000000000000000000 P 0f78c0e0b42d44179ed91a0c56e95bde [term 1 FOLLOWER]: Leader election won for term 1
I20260608 12:58:17.788573 20752 raft_consensus.cc:697] T 00000000000000000000000000000000 P 0f78c0e0b42d44179ed91a0c56e95bde [term 1 LEADER]: Becoming Leader. State: Replica: 0f78c0e0b42d44179ed91a0c56e95bde, State: Running, Role: LEADER
I20260608 12:58:17.789474 20752 consensus_queue.cc:237] T 00000000000000000000000000000000 P 0f78c0e0b42d44179ed91a0c56e95bde [LEADER]: Queue going to LEADER mode. State: All replicated index: 0, Majority replicated index: 0, Committed index: 0, Last appended: 0.0, Last appended by leader: 0, Current term: 1, Majority size: 1, State: 0, Mode: LEADER, active raft config: opid_index: -1 OBSOLETE_local: true peers { permanent_uuid: "0f78c0e0b42d44179ed91a0c56e95bde" member_type: VOTER }
I20260608 12:58:17.790616 20749 sys_catalog.cc:565] T 00000000000000000000000000000000 P 0f78c0e0b42d44179ed91a0c56e95bde [sys.catalog]: configured and running, proceeding with master startup.
I20260608 12:58:17.792919 20754 sys_catalog.cc:455] T 00000000000000000000000000000000 P 0f78c0e0b42d44179ed91a0c56e95bde [sys.catalog]: SysCatalogTable state changed. Reason: RaftConsensus started. Latest consensus state: current_term: 1 leader_uuid: "0f78c0e0b42d44179ed91a0c56e95bde" committed_config { opid_index: -1 OBSOLETE_local: true peers { permanent_uuid: "0f78c0e0b42d44179ed91a0c56e95bde" member_type: VOTER } }
I20260608 12:58:17.792896 20753 sys_catalog.cc:455] T 00000000000000000000000000000000 P 0f78c0e0b42d44179ed91a0c56e95bde [sys.catalog]: SysCatalogTable state changed. Reason: New leader 0f78c0e0b42d44179ed91a0c56e95bde. Latest consensus state: current_term: 1 leader_uuid: "0f78c0e0b42d44179ed91a0c56e95bde" committed_config { opid_index: -1 OBSOLETE_local: true peers { permanent_uuid: "0f78c0e0b42d44179ed91a0c56e95bde" member_type: VOTER } }
I20260608 12:58:17.793701 20754 sys_catalog.cc:458] T 00000000000000000000000000000000 P 0f78c0e0b42d44179ed91a0c56e95bde [sys.catalog]: This master's current role is: LEADER
I20260608 12:58:17.793843 20753 sys_catalog.cc:458] T 00000000000000000000000000000000 P 0f78c0e0b42d44179ed91a0c56e95bde [sys.catalog]: This master's current role is: LEADER
I20260608 12:58:17.799218 20757 catalog_manager.cc:1510] Loading table and tablet metadata into memory...
I20260608 12:58:17.809866 20757 catalog_manager.cc:1519] Initializing Kudu cluster ID...
I20260608 12:58:17.811003 17811 internal_mini_cluster.cc:184] Waiting to initialize catalog manager on master 0
I20260608 12:58:17.820622 20757 catalog_manager.cc:1382] Generated new cluster ID: 5231517e22054badb02682be4c4d525b
I20260608 12:58:17.820974 20757 catalog_manager.cc:1530] Initializing Kudu internal certificate authority...
I20260608 12:58:17.850407 20757 catalog_manager.cc:1405] Generated new certificate authority record
I20260608 12:58:17.851894 20757 catalog_manager.cc:1539] Loading token signing keys...
I20260608 12:58:17.869158 20757 catalog_manager.cc:6069] T 00000000000000000000000000000000 P 0f78c0e0b42d44179ed91a0c56e95bde: Generated new TSK 0
I20260608 12:58:17.869892 20757 catalog_manager.cc:1549] Initializing in-progress tserver states...
I20260608 12:58:17.878849 17811 file_cache.cc:492] Constructed file cache file cache with capacity 419430
W20260608 12:58:17.886196 20770 instance_detector.cc:116] could not retrieve AWS instance metadata: Network error: curl error: HTTP response code said error: The requested URL returned error: 404
W20260608 12:58:17.887476 20771 instance_detector.cc:116] could not retrieve Azure instance metadata: Network error: curl error: HTTP response code said error: The requested URL returned error: 404
W20260608 12:58:17.890934 20773 instance_detector.cc:116] could not retrieve OpenStack instance metadata: Network error: curl error: HTTP response code said error: The requested URL returned error: 404
I20260608 12:58:17.891144 17811 server_base.cc:1061] running on GCE node
I20260608 12:58:17.892832 17811 hybrid_clock.cc:584] initializing the hybrid clock with 'system_unsync' time source
W20260608 12:58:17.893083 17811 system_unsync_time.cc:38] NTP support is disabled. Clock error bounds will not be accurate. This configuration is not suitable for distributed clusters.
I20260608 12:58:17.893309 17811 hybrid_clock.cc:648] HybridClock initialized: now 1780923497893292 us; error 0 us; skew 500 ppm
I20260608 12:58:17.894476 17811 server_base.cc:861] Flag tcmalloc_max_total_thread_cache_bytes is not working since tcmalloc is not enabled.
I20260608 12:58:17.897622 17811 webserver.cc:533] Webserver started at http://127.17.100.193:41277/ using document root <none> and password file <none>
I20260608 12:58:17.898345 17811 fs_manager.cc:362] Metadata directory not provided
I20260608 12:58:17.898607 17811 fs_manager.cc:368] Using write-ahead log directory (fs_wal_dir) as metadata directory
I20260608 12:58:17.898952 17811 server_base.cc:909] This appears to be a new deployment of Kudu; creating new FS layout
I20260608 12:58:17.900427 17811 fs_manager.cc:1068] Generated new instance metadata in path /tmp/dist-test-task0j8OrB/test-tmp/auto_rebalancer-test.0.AutoRebalancerTest.RangeAwareRebalancesNewRangeReplicas.1780923413240576-17811-0/minicluster-data/ts-0-root/instance:
uuid: "21043073e12d4e8a8b3718e1417006cb"
format_stamp: "Formatted at 2026-06-08 12:58:17 on dist-test-slave-hk54"
I20260608 12:58:17.906921 17811 fs_manager.cc:696] Time spent creating directory manager: real 0.006s	user 0.007s	sys 0.001s
I20260608 12:58:17.911023 20778 log_block_manager.cc:4031] Time spent loading block containers with low live blocks: real 0.000s	user 0.000s	sys 0.000s
I20260608 12:58:17.912067 17811 fs_manager.cc:730] Time spent opening block manager: real 0.003s	user 0.004s	sys 0.000s
I20260608 12:58:17.912359 17811 fs_manager.cc:647] Opened local filesystem: /tmp/dist-test-task0j8OrB/test-tmp/auto_rebalancer-test.0.AutoRebalancerTest.RangeAwareRebalancesNewRangeReplicas.1780923413240576-17811-0/minicluster-data/ts-0-root
uuid: "21043073e12d4e8a8b3718e1417006cb"
format_stamp: "Formatted at 2026-06-08 12:58:17 on dist-test-slave-hk54"
I20260608 12:58:17.912618 17811 fs_report.cc:389] FS layout report
--------------------
wal directory: /tmp/dist-test-task0j8OrB/test-tmp/auto_rebalancer-test.0.AutoRebalancerTest.RangeAwareRebalancesNewRangeReplicas.1780923413240576-17811-0/minicluster-data/ts-0-root
metadata directory: /tmp/dist-test-task0j8OrB/test-tmp/auto_rebalancer-test.0.AutoRebalancerTest.RangeAwareRebalancesNewRangeReplicas.1780923413240576-17811-0/minicluster-data/ts-0-root
1 data directories: /tmp/dist-test-task0j8OrB/test-tmp/auto_rebalancer-test.0.AutoRebalancerTest.RangeAwareRebalancesNewRangeReplicas.1780923413240576-17811-0/minicluster-data/ts-0-root/data
Total live blocks: 0
Total live bytes: 0
Total live bytes (after alignment): 0
Total number of LBM containers: 0 (0 full)
Did not check for missing blocks
Did not check for orphaned blocks
Total full LBM containers with extra space: 0 (0 repaired)
Total full LBM container extra space in bytes: 0 (0 repaired)
Total incomplete LBM containers: 0 (0 repaired)
Total LBM partial records: 0 (0 repaired)
Total corrupted LBM metadata records in RocksDB: 0 (0 repaired)
I20260608 12:58:17.922787 17811 rpc_server.cc:225] running with OpenSSL 1.1.1  11 Sep 2018
I20260608 12:58:17.924641 17811 kserver.cc:163] Server-wide thread pool size limit: 3276
I20260608 12:58:17.926314 17811 txn_system_client.cc:432] TxnSystemClient initialization is disabled...
I20260608 12:58:17.929123 17811 ts_tablet_manager.cc:585] Loaded tablet metadata (0 total tablets, 0 live tablets)
I20260608 12:58:17.929339 17811 ts_tablet_manager.cc:531] Time spent load tablet metadata: real 0.000s	user 0.000s	sys 0.000s
I20260608 12:58:17.929831 17811 ts_tablet_manager.cc:616] Registered 0 tablets
I20260608 12:58:17.930032 17811 ts_tablet_manager.cc:595] Time spent register tablets: real 0.000s	user 0.000s	sys 0.000s
I20260608 12:58:17.982705 17811 rpc_server.cc:307] RPC server started. Bound to: 127.17.100.193:45777
I20260608 12:58:17.982817 20840 acceptor_pool.cc:272] collecting diagnostics on the listening RPC socket 127.17.100.193:45777 every 8 connection(s)
I20260608 12:58:17.990036 17811 file_cache.cc:492] Constructed file cache file cache with capacity 419430
W20260608 12:58:17.999589 20845 instance_detector.cc:116] could not retrieve AWS instance metadata: Network error: curl error: HTTP response code said error: The requested URL returned error: 404
W20260608 12:58:18.001365 20846 instance_detector.cc:116] could not retrieve Azure instance metadata: Network error: curl error: HTTP response code said error: The requested URL returned error: 404
I20260608 12:58:18.002869 17811 server_base.cc:1061] running on GCE node
W20260608 12:58:18.005089 20849 instance_detector.cc:116] could not retrieve OpenStack instance metadata: Network error: curl error: HTTP response code said error: The requested URL returned error: 404
I20260608 12:58:18.006603 17811 hybrid_clock.cc:584] initializing the hybrid clock with 'system_unsync' time source
W20260608 12:58:18.006872 17811 system_unsync_time.cc:38] NTP support is disabled. Clock error bounds will not be accurate. This configuration is not suitable for distributed clusters.
I20260608 12:58:18.007113 17811 hybrid_clock.cc:648] HybridClock initialized: now 1780923498007093 us; error 0 us; skew 500 ppm
I20260608 12:58:18.007203 20841 heartbeater.cc:344] Connected to a master server at 127.17.100.254:42725
I20260608 12:58:18.007939 17811 server_base.cc:861] Flag tcmalloc_max_total_thread_cache_bytes is not working since tcmalloc is not enabled.
I20260608 12:58:18.007797 20841 heartbeater.cc:461] Registering TS with master...
I20260608 12:58:18.009662 20841 heartbeater.cc:507] Master 127.17.100.254:42725 requested a full tablet report, sending...
I20260608 12:58:18.012281 17811 webserver.cc:533] Webserver started at http://127.17.100.194:45137/ using document root <none> and password file <none>
I20260608 12:58:18.012338 20714 ts_manager.cc:194] Registered new tserver with Master: 21043073e12d4e8a8b3718e1417006cb (127.17.100.193:45777)
I20260608 12:58:18.013031 17811 fs_manager.cc:362] Metadata directory not provided
I20260608 12:58:18.013314 17811 fs_manager.cc:368] Using write-ahead log directory (fs_wal_dir) as metadata directory
I20260608 12:58:18.013621 17811 server_base.cc:909] This appears to be a new deployment of Kudu; creating new FS layout
I20260608 12:58:18.014732 20714 master_service.cc:502] Signed X509 certificate for tserver {username='slave'} at 127.0.0.1:58442
I20260608 12:58:18.015157 17811 fs_manager.cc:1068] Generated new instance metadata in path /tmp/dist-test-task0j8OrB/test-tmp/auto_rebalancer-test.0.AutoRebalancerTest.RangeAwareRebalancesNewRangeReplicas.1780923413240576-17811-0/minicluster-data/ts-1-root/instance:
uuid: "11a76a8eb6b14b71a7a98b48ca544b4a"
format_stamp: "Formatted at 2026-06-08 12:58:18 on dist-test-slave-hk54"
I20260608 12:58:18.020673 17811 fs_manager.cc:696] Time spent creating directory manager: real 0.005s	user 0.001s	sys 0.005s
I20260608 12:58:18.025034 20853 log_block_manager.cc:4031] Time spent loading block containers with low live blocks: real 0.000s	user 0.000s	sys 0.000s
I20260608 12:58:18.026039 17811 fs_manager.cc:730] Time spent opening block manager: real 0.003s	user 0.000s	sys 0.002s
I20260608 12:58:18.026401 17811 fs_manager.cc:647] Opened local filesystem: /tmp/dist-test-task0j8OrB/test-tmp/auto_rebalancer-test.0.AutoRebalancerTest.RangeAwareRebalancesNewRangeReplicas.1780923413240576-17811-0/minicluster-data/ts-1-root
uuid: "11a76a8eb6b14b71a7a98b48ca544b4a"
format_stamp: "Formatted at 2026-06-08 12:58:18 on dist-test-slave-hk54"
I20260608 12:58:18.026665 17811 fs_report.cc:389] FS layout report
--------------------
wal directory: /tmp/dist-test-task0j8OrB/test-tmp/auto_rebalancer-test.0.AutoRebalancerTest.RangeAwareRebalancesNewRangeReplicas.1780923413240576-17811-0/minicluster-data/ts-1-root
metadata directory: /tmp/dist-test-task0j8OrB/test-tmp/auto_rebalancer-test.0.AutoRebalancerTest.RangeAwareRebalancesNewRangeReplicas.1780923413240576-17811-0/minicluster-data/ts-1-root
1 data directories: /tmp/dist-test-task0j8OrB/test-tmp/auto_rebalancer-test.0.AutoRebalancerTest.RangeAwareRebalancesNewRangeReplicas.1780923413240576-17811-0/minicluster-data/ts-1-root/data
Total live blocks: 0
Total live bytes: 0
Total live bytes (after alignment): 0
Total number of LBM containers: 0 (0 full)
Did not check for missing blocks
Did not check for orphaned blocks
Total full LBM containers with extra space: 0 (0 repaired)
Total full LBM container extra space in bytes: 0 (0 repaired)
Total incomplete LBM containers: 0 (0 repaired)
Total LBM partial records: 0 (0 repaired)
Total corrupted LBM metadata records in RocksDB: 0 (0 repaired)
I20260608 12:58:18.051085 17811 rpc_server.cc:225] running with OpenSSL 1.1.1  11 Sep 2018
I20260608 12:58:18.052656 17811 kserver.cc:163] Server-wide thread pool size limit: 3276
I20260608 12:58:18.054678 17811 txn_system_client.cc:432] TxnSystemClient initialization is disabled...
I20260608 12:58:18.057441 17811 ts_tablet_manager.cc:585] Loaded tablet metadata (0 total tablets, 0 live tablets)
I20260608 12:58:18.057665 17811 ts_tablet_manager.cc:531] Time spent load tablet metadata: real 0.000s	user 0.000s	sys 0.000s
I20260608 12:58:18.057984 17811 ts_tablet_manager.cc:616] Registered 0 tablets
I20260608 12:58:18.058192 17811 ts_tablet_manager.cc:595] Time spent register tablets: real 0.000s	user 0.000s	sys 0.001s
I20260608 12:58:18.106788 17811 rpc_server.cc:307] RPC server started. Bound to: 127.17.100.194:41477
I20260608 12:58:18.106931 20915 acceptor_pool.cc:272] collecting diagnostics on the listening RPC socket 127.17.100.194:41477 every 8 connection(s)
I20260608 12:58:18.114312 17811 file_cache.cc:492] Constructed file cache file cache with capacity 419430
W20260608 12:58:18.127185 20919 instance_detector.cc:116] could not retrieve AWS instance metadata: Network error: curl error: HTTP response code said error: The requested URL returned error: 404
W20260608 12:58:18.127663 20920 instance_detector.cc:116] could not retrieve Azure instance metadata: Network error: curl error: HTTP response code said error: The requested URL returned error: 404
W20260608 12:58:18.132361 20922 instance_detector.cc:116] could not retrieve OpenStack instance metadata: Network error: curl error: HTTP response code said error: The requested URL returned error: 404
I20260608 12:58:18.133448 17811 server_base.cc:1061] running on GCE node
I20260608 12:58:18.134286 20916 heartbeater.cc:344] Connected to a master server at 127.17.100.254:42725
I20260608 12:58:18.134662 20916 heartbeater.cc:461] Registering TS with master...
I20260608 12:58:18.135221 17811 hybrid_clock.cc:584] initializing the hybrid clock with 'system_unsync' time source
I20260608 12:58:18.135488 20916 heartbeater.cc:507] Master 127.17.100.254:42725 requested a full tablet report, sending...
W20260608 12:58:18.135599 17811 system_unsync_time.cc:38] NTP support is disabled. Clock error bounds will not be accurate. This configuration is not suitable for distributed clusters.
I20260608 12:58:18.136166 17811 hybrid_clock.cc:648] HybridClock initialized: now 1780923498135964 us; error 0 us; skew 500 ppm
I20260608 12:58:18.137317 17811 server_base.cc:861] Flag tcmalloc_max_total_thread_cache_bytes is not working since tcmalloc is not enabled.
I20260608 12:58:18.138240 20714 ts_manager.cc:194] Registered new tserver with Master: 11a76a8eb6b14b71a7a98b48ca544b4a (127.17.100.194:41477)
I20260608 12:58:18.140187 20714 master_service.cc:502] Signed X509 certificate for tserver {username='slave'} at 127.0.0.1:58444
I20260608 12:58:18.142946 17811 webserver.cc:533] Webserver started at http://127.17.100.195:45193/ using document root <none> and password file <none>
I20260608 12:58:18.143821 17811 fs_manager.cc:362] Metadata directory not provided
I20260608 12:58:18.144085 17811 fs_manager.cc:368] Using write-ahead log directory (fs_wal_dir) as metadata directory
I20260608 12:58:18.144423 17811 server_base.cc:909] This appears to be a new deployment of Kudu; creating new FS layout
I20260608 12:58:18.145707 17811 fs_manager.cc:1068] Generated new instance metadata in path /tmp/dist-test-task0j8OrB/test-tmp/auto_rebalancer-test.0.AutoRebalancerTest.RangeAwareRebalancesNewRangeReplicas.1780923413240576-17811-0/minicluster-data/ts-2-root/instance:
uuid: "46f19cc0efc745a48423b3ad1321a03b"
format_stamp: "Formatted at 2026-06-08 12:58:18 on dist-test-slave-hk54"
I20260608 12:58:18.152040 17811 fs_manager.cc:696] Time spent creating directory manager: real 0.006s	user 0.004s	sys 0.001s
I20260608 12:58:18.157207 20927 log_block_manager.cc:4031] Time spent loading block containers with low live blocks: real 0.000s	user 0.000s	sys 0.000s
I20260608 12:58:18.158799 17811 fs_manager.cc:730] Time spent opening block manager: real 0.004s	user 0.002s	sys 0.001s
I20260608 12:58:18.159291 17811 fs_manager.cc:647] Opened local filesystem: /tmp/dist-test-task0j8OrB/test-tmp/auto_rebalancer-test.0.AutoRebalancerTest.RangeAwareRebalancesNewRangeReplicas.1780923413240576-17811-0/minicluster-data/ts-2-root
uuid: "46f19cc0efc745a48423b3ad1321a03b"
format_stamp: "Formatted at 2026-06-08 12:58:18 on dist-test-slave-hk54"
I20260608 12:58:18.159602 17811 fs_report.cc:389] FS layout report
