I20260608 12:57:14.571214 18712 raft_consensus.cc:2804] T b308378481924831bf716b7d84246776 P f1ed7b0c0bb5423486965e3f72705a67 [term 1 FOLLOWER]: Leader election won for term 1
I20260608 12:57:14.572373 18712 raft_consensus.cc:697] T b308378481924831bf716b7d84246776 P f1ed7b0c0bb5423486965e3f72705a67 [term 1 LEADER]: Becoming Leader. State: Replica: f1ed7b0c0bb5423486965e3f72705a67, State: Running, Role: LEADER
I20260608 12:57:14.573094 18712 consensus_queue.cc:237] T b308378481924831bf716b7d84246776 P f1ed7b0c0bb5423486965e3f72705a67 [LEADER]: Queue going to LEADER mode. State: All replicated index: 0, Majority replicated index: 0, Committed index: 0, Last appended: 0.0, Last appended by leader: 0, Current term: 1, Majority size: 2, State: 0, Mode: LEADER, active raft config: opid_index: -1 OBSOLETE_local: false peers { permanent_uuid: "8b0fdd3f598f4be590edd6eb40e86f7a" member_type: VOTER last_known_addr { host: "127.16.94.193" port: 38715 } } peers { permanent_uuid: "70afae15d5c5455183afacd98dcf6e4f" member_type: VOTER last_known_addr { host: "127.16.94.194" port: 39509 } } peers { permanent_uuid: "f1ed7b0c0bb5423486965e3f72705a67" member_type: VOTER last_known_addr { host: "127.16.94.195" port: 40887 } }
I20260608 12:57:14.580940 18407 catalog_manager.cc:5696] T b308378481924831bf716b7d84246776 P f1ed7b0c0bb5423486965e3f72705a67 reported cstate change: term changed from 0 to 1, leader changed from <none> to f1ed7b0c0bb5423486965e3f72705a67 (127.16.94.195). New cstate: current_term: 1 leader_uuid: "f1ed7b0c0bb5423486965e3f72705a67" committed_config { opid_index: -1 OBSOLETE_local: false peers { permanent_uuid: "8b0fdd3f598f4be590edd6eb40e86f7a" member_type: VOTER last_known_addr { host: "127.16.94.193" port: 38715 } health_report { overall_health: UNKNOWN } } peers { permanent_uuid: "70afae15d5c5455183afacd98dcf6e4f" member_type: VOTER last_known_addr { host: "127.16.94.194" port: 39509 } health_report { overall_health: UNKNOWN } } peers { permanent_uuid: "f1ed7b0c0bb5423486965e3f72705a67" member_type: VOTER last_known_addr { host: "127.16.94.195" port: 40887 } health_report { overall_health: HEALTHY } } }
I20260608 12:57:14.715728 18462 auto_leader_rebalancer.cc:140] leader rebalance for table test-workload
I20260608 12:57:14.717837 18462 auto_leader_rebalancer.cc:388] table: test-workload, leader rebalance finish, leader transfer count: 0
I20260608 12:57:14.718218 18462 auto_leader_rebalancer.cc:451] All tables' leader rebalancing finished this round
I20260608 12:57:14.914247 18714 consensus_queue.cc:1048] T 6e2d113f44bc47f693c18f86f0014ba8 P 8b0fdd3f598f4be590edd6eb40e86f7a [LEADER]: Connected to new peer: Peer: permanent_uuid: "f1ed7b0c0bb5423486965e3f72705a67" member_type: VOTER last_known_addr { host: "127.16.94.195" port: 40887 }, Status: LMP_MISMATCH, Last received: 0.0, Next index: 1, Last known committed idx: 0, Time since last communication: 0.000s
I20260608 12:57:14.926949 18727 consensus_queue.cc:1048] T 6e2d113f44bc47f693c18f86f0014ba8 P 8b0fdd3f598f4be590edd6eb40e86f7a [LEADER]: Connected to new peer: Peer: permanent_uuid: "70afae15d5c5455183afacd98dcf6e4f" member_type: VOTER last_known_addr { host: "127.16.94.194" port: 39509 }, Status: LMP_MISMATCH, Last received: 0.0, Next index: 1, Last known committed idx: 0, Time since last communication: 0.000s
I20260608 12:57:15.055856 18712 consensus_queue.cc:1048] T b308378481924831bf716b7d84246776 P f1ed7b0c0bb5423486965e3f72705a67 [LEADER]: Connected to new peer: Peer: permanent_uuid: "8b0fdd3f598f4be590edd6eb40e86f7a" member_type: VOTER last_known_addr { host: "127.16.94.193" port: 38715 }, Status: LMP_MISMATCH, Last received: 0.0, Next index: 1, Last known committed idx: 0, Time since last communication: 0.000s
I20260608 12:57:15.067459 18733 consensus_queue.cc:1048] T b308378481924831bf716b7d84246776 P f1ed7b0c0bb5423486965e3f72705a67 [LEADER]: Connected to new peer: Peer: permanent_uuid: "70afae15d5c5455183afacd98dcf6e4f" member_type: VOTER last_known_addr { host: "127.16.94.194" port: 39509 }, Status: LMP_MISMATCH, Last received: 0.0, Next index: 1, Last known committed idx: 0, Time since last communication: 0.001s
I20260608 12:57:16.719388 18462 auto_leader_rebalancer.cc:140] leader rebalance for table test-workload
I20260608 12:57:16.721498 18462 auto_leader_rebalancer.cc:388] table: test-workload, leader rebalance finish, leader transfer count: 0
I20260608 12:57:16.721804 18462 auto_leader_rebalancer.cc:451] All tables' leader rebalancing finished this round
I20260608 12:57:18.722837 18462 auto_leader_rebalancer.cc:140] leader rebalance for table test-workload
I20260608 12:57:18.725047 18462 auto_leader_rebalancer.cc:388] table: test-workload, leader rebalance finish, leader transfer count: 0
I20260608 12:57:18.725435 18462 auto_leader_rebalancer.cc:451] All tables' leader rebalancing finished this round
I20260608 12:57:20.726374 18462 auto_leader_rebalancer.cc:140] leader rebalance for table test-workload
I20260608 12:57:20.728551 18462 auto_leader_rebalancer.cc:388] table: test-workload, leader rebalance finish, leader transfer count: 0
I20260608 12:57:20.728883 18462 auto_leader_rebalancer.cc:451] All tables' leader rebalancing finished this round
I20260608 12:57:22.521772 18741 raft_consensus.cc:493] T 6e2d113f44bc47f693c18f86f0014ba8 P f1ed7b0c0bb5423486965e3f72705a67 [term 1 FOLLOWER]: Starting pre-election (detected failure of leader 8b0fdd3f598f4be590edd6eb40e86f7a)
I20260608 12:57:22.523603 18741 raft_consensus.cc:515] T 6e2d113f44bc47f693c18f86f0014ba8 P f1ed7b0c0bb5423486965e3f72705a67 [term 1 FOLLOWER]: Starting pre-election with config: opid_index: -1 OBSOLETE_local: false peers { permanent_uuid: "70afae15d5c5455183afacd98dcf6e4f" member_type: VOTER last_known_addr { host: "127.16.94.194" port: 39509 } } peers { permanent_uuid: "8b0fdd3f598f4be590edd6eb40e86f7a" member_type: VOTER last_known_addr { host: "127.16.94.193" port: 38715 } } peers { permanent_uuid: "f1ed7b0c0bb5423486965e3f72705a67" member_type: VOTER last_known_addr { host: "127.16.94.195" port: 40887 } }
I20260608 12:57:22.528491 18741 leader_election.cc:290] T 6e2d113f44bc47f693c18f86f0014ba8 P f1ed7b0c0bb5423486965e3f72705a67 [CANDIDATE]: Term 2 pre-election: Requested pre-vote from peers 70afae15d5c5455183afacd98dcf6e4f (127.16.94.194:39509), 8b0fdd3f598f4be590edd6eb40e86f7a (127.16.94.193:38715)
I20260608 12:57:22.530237 18511 tablet_service.cc:1917] Received RequestConsensusVote() RPC: tablet_id: "6e2d113f44bc47f693c18f86f0014ba8" candidate_uuid: "f1ed7b0c0bb5423486965e3f72705a67" candidate_term: 2 candidate_status { last_received { term: 1 index: 1 } } ignore_live_leader: false dest_uuid: "8b0fdd3f598f4be590edd6eb40e86f7a" is_pre_election: true
I20260608 12:57:22.548009 18586 tablet_service.cc:1917] Received RequestConsensusVote() RPC: tablet_id: "6e2d113f44bc47f693c18f86f0014ba8" candidate_uuid: "f1ed7b0c0bb5423486965e3f72705a67" candidate_term: 2 candidate_status { last_received { term: 1 index: 1 } } ignore_live_leader: false dest_uuid: "70afae15d5c5455183afacd98dcf6e4f" is_pre_election: true
I20260608 12:57:22.550207 18624 leader_election.cc:304] T 6e2d113f44bc47f693c18f86f0014ba8 P f1ed7b0c0bb5423486965e3f72705a67 [CANDIDATE]: Term 2 pre-election: Election decided. Result: candidate lost. Election summary: received 3 responses out of 3 voters: 1 yes votes; 2 no votes. yes voters: f1ed7b0c0bb5423486965e3f72705a67; no voters: 70afae15d5c5455183afacd98dcf6e4f, 8b0fdd3f598f4be590edd6eb40e86f7a
I20260608 12:57:22.551299 18737 raft_consensus.cc:2749] T 6e2d113f44bc47f693c18f86f0014ba8 P f1ed7b0c0bb5423486965e3f72705a67 [term 1 FOLLOWER]: Leader pre-election lost for term 2. Reason: could not achieve majority
I20260608 12:57:22.730334 18462 auto_leader_rebalancer.cc:140] leader rebalance for table test-workload
I20260608 12:57:22.732817 18462 auto_leader_rebalancer.cc:388] table: test-workload, leader rebalance finish, leader transfer count: 0
I20260608 12:57:22.733212 18462 auto_leader_rebalancer.cc:451] All tables' leader rebalancing finished this round
W20260608 12:57:22.918035 18440 debug-util.cc:398] Leaking SignalData structure 0x7b080015e1c0 after lost signal to thread 16766
W20260608 12:57:22.919081 18440 debug-util.cc:398] Leaking SignalData structure 0x7b0800226be0 after lost signal to thread 18443
W20260608 12:57:22.920076 18440 debug-util.cc:398] Leaking SignalData structure 0x7b0800118a80 after lost signal to thread 18535
W20260608 12:57:22.921017 18440 debug-util.cc:398] Leaking SignalData structure 0x7b08002272c0 after lost signal to thread 18610
W20260608 12:57:22.921885 18440 debug-util.cc:398] Leaking SignalData structure 0x7b0800198f80 after lost signal to thread 18684
I20260608 12:57:24.734149 18462 auto_leader_rebalancer.cc:140] leader rebalance for table test-workload
I20260608 12:57:24.736374 18462 auto_leader_rebalancer.cc:388] table: test-workload, leader rebalance finish, leader transfer count: 0
I20260608 12:57:24.736755 18462 auto_leader_rebalancer.cc:451] All tables' leader rebalancing finished this round
I20260608 12:57:25.136240 16763 file_cache.cc:492] Constructed file cache file cache with capacity 419430
W20260608 12:57:25.145135 18744 instance_detector.cc:116] could not retrieve AWS instance metadata: Network error: curl error: HTTP response code said error: The requested URL returned error: 404
W20260608 12:57:25.147151 18745 instance_detector.cc:116] could not retrieve Azure instance metadata: Network error: curl error: HTTP response code said error: The requested URL returned error: 404
I20260608 12:57:25.150827 16763 server_base.cc:1061] running on GCE node
W20260608 12:57:25.151546 18747 instance_detector.cc:116] could not retrieve OpenStack instance metadata: Network error: curl error: HTTP response code said error: The requested URL returned error: 404
I20260608 12:57:25.152725 16763 hybrid_clock.cc:584] initializing the hybrid clock with 'system_unsync' time source
W20260608 12:57:25.152999 16763 system_unsync_time.cc:38] NTP support is disabled. Clock error bounds will not be accurate. This configuration is not suitable for distributed clusters.
I20260608 12:57:25.153218 16763 hybrid_clock.cc:648] HybridClock initialized: now 1780923445153192 us; error 0 us; skew 500 ppm
I20260608 12:57:25.153802 16763 server_base.cc:861] Flag tcmalloc_max_total_thread_cache_bytes is not working since tcmalloc is not enabled.
I20260608 12:57:25.157341 16763 webserver.cc:533] Webserver started at http://127.16.94.196:35675/ using document root <none> and password file <none>
I20260608 12:57:25.157917 16763 fs_manager.cc:362] Metadata directory not provided
I20260608 12:57:25.158155 16763 fs_manager.cc:368] Using write-ahead log directory (fs_wal_dir) as metadata directory
I20260608 12:57:25.158494 16763 server_base.cc:909] This appears to be a new deployment of Kudu; creating new FS layout
I20260608 12:57:25.160043 16763 fs_manager.cc:1068] Generated new instance metadata in path /tmp/dist-test-taskvSYede/test-tmp/auto_rebalancer-test.0.AutoRebalancerTest.MovesScheduledIfAddTserver.1780923411989334-16763-0/minicluster-data/ts-3-root/instance:
uuid: "0a49729234104cb5b083701d9dc54832"
format_stamp: "Formatted at 2026-06-08 12:57:25 on dist-test-slave-rml8"
I20260608 12:57:25.166090 16763 fs_manager.cc:696] Time spent creating directory manager: real 0.005s	user 0.002s	sys 0.005s
I20260608 12:57:25.170624 18752 log_block_manager.cc:4031] Time spent loading block containers with low live blocks: real 0.000s	user 0.000s	sys 0.000s
I20260608 12:57:25.171607 16763 fs_manager.cc:730] Time spent opening block manager: real 0.003s	user 0.003s	sys 0.000s
I20260608 12:57:25.171931 16763 fs_manager.cc:647] Opened local filesystem: /tmp/dist-test-taskvSYede/test-tmp/auto_rebalancer-test.0.AutoRebalancerTest.MovesScheduledIfAddTserver.1780923411989334-16763-0/minicluster-data/ts-3-root
uuid: "0a49729234104cb5b083701d9dc54832"
format_stamp: "Formatted at 2026-06-08 12:57:25 on dist-test-slave-rml8"
I20260608 12:57:25.172230 16763 fs_report.cc:389] FS layout report
--------------------
wal directory: /tmp/dist-test-taskvSYede/test-tmp/auto_rebalancer-test.0.AutoRebalancerTest.MovesScheduledIfAddTserver.1780923411989334-16763-0/minicluster-data/ts-3-root
metadata directory: /tmp/dist-test-taskvSYede/test-tmp/auto_rebalancer-test.0.AutoRebalancerTest.MovesScheduledIfAddTserver.1780923411989334-16763-0/minicluster-data/ts-3-root
1 data directories: /tmp/dist-test-taskvSYede/test-tmp/auto_rebalancer-test.0.AutoRebalancerTest.MovesScheduledIfAddTserver.1780923411989334-16763-0/minicluster-data/ts-3-root/data
Total live blocks: 0
Total live bytes: 0
Total live bytes (after alignment): 0
Total number of LBM containers: 0 (0 full)
Did not check for missing blocks
Did not check for orphaned blocks
Total full LBM containers with extra space: 0 (0 repaired)
Total full LBM container extra space in bytes: 0 (0 repaired)
Total incomplete LBM containers: 0 (0 repaired)
Total LBM partial records: 0 (0 repaired)
Total corrupted LBM metadata records in RocksDB: 0 (0 repaired)
I20260608 12:57:25.184269 16763 rpc_server.cc:225] running with OpenSSL 1.1.1  11 Sep 2018
I20260608 12:57:25.185672 16763 kserver.cc:163] Server-wide thread pool size limit: 3276
I20260608 12:57:25.187619 16763 txn_system_client.cc:432] TxnSystemClient initialization is disabled...
I20260608 12:57:25.190677 16763 ts_tablet_manager.cc:585] Loaded tablet metadata (0 total tablets, 0 live tablets)
I20260608 12:57:25.190905 16763 ts_tablet_manager.cc:531] Time spent load tablet metadata: real 0.000s	user 0.000s	sys 0.000s
I20260608 12:57:25.191213 16763 ts_tablet_manager.cc:616] Registered 0 tablets
I20260608 12:57:25.191416 16763 ts_tablet_manager.cc:595] Time spent register tablets: real 0.000s	user 0.000s	sys 0.000s
I20260608 12:57:25.254869 16763 rpc_server.cc:307] RPC server started. Bound to: 127.16.94.196:34179
I20260608 12:57:25.254973 18814 acceptor_pool.cc:272] collecting diagnostics on the listening RPC socket 127.16.94.196:34179 every 8 connection(s)
I20260608 12:57:25.281719 18815 heartbeater.cc:344] Connected to a master server at 127.16.94.254:43617
I20260608 12:57:25.282239 18815 heartbeater.cc:461] Registering TS with master...
I20260608 12:57:25.283295 18815 heartbeater.cc:507] Master 127.16.94.254:43617 requested a full tablet report, sending...
I20260608 12:57:25.285915 18407 ts_manager.cc:194] Registered new tserver with Master: 0a49729234104cb5b083701d9dc54832 (127.16.94.196:34179)
I20260608 12:57:25.287604 18407 master_service.cc:502] Signed X509 certificate for tserver {username='slave'} at 127.0.0.1:50312
I20260608 12:57:25.995203 18511 consensus_queue.cc:237] T 6e2d113f44bc47f693c18f86f0014ba8 P 8b0fdd3f598f4be590edd6eb40e86f7a [LEADER]: Queue going to LEADER mode. State: All replicated index: 0, Majority replicated index: 1, Committed index: 1, Last appended: 1.1, Last appended by leader: 0, Current term: 1, Majority size: 2, State: 0, Mode: LEADER, active raft config: opid_index: 2 OBSOLETE_local: false peers { permanent_uuid: "70afae15d5c5455183afacd98dcf6e4f" member_type: VOTER last_known_addr { host: "127.16.94.194" port: 39509 } attrs { replace: true } } peers { permanent_uuid: "8b0fdd3f598f4be590edd6eb40e86f7a" member_type: VOTER last_known_addr { host: "127.16.94.193" port: 38715 } } peers { permanent_uuid: "f1ed7b0c0bb5423486965e3f72705a67" member_type: VOTER last_known_addr { host: "127.16.94.195" port: 40887 } } peers { permanent_uuid: "0a49729234104cb5b083701d9dc54832" member_type: NON_VOTER last_known_addr { host: "127.16.94.196" port: 34179 } attrs { promote: true } }
I20260608 12:57:26.003464 18660 raft_consensus.cc:1275] T 6e2d113f44bc47f693c18f86f0014ba8 P f1ed7b0c0bb5423486965e3f72705a67 [term 1 FOLLOWER]: Refusing update from remote peer 8b0fdd3f598f4be590edd6eb40e86f7a: Log matching property violated. Preceding OpId in replica: term: 1 index: 1. Preceding OpId from leader: term: 1 index: 2. (index mismatch)
I20260608 12:57:26.005421 18586 raft_consensus.cc:1275] T 6e2d113f44bc47f693c18f86f0014ba8 P 70afae15d5c5455183afacd98dcf6e4f [term 1 FOLLOWER]: Refusing update from remote peer 8b0fdd3f598f4be590edd6eb40e86f7a: Log matching property violated. Preceding OpId in replica: term: 1 index: 1. Preceding OpId from leader: term: 1 index: 2. (index mismatch)
I20260608 12:57:26.005421 18822 consensus_queue.cc:1048] T 6e2d113f44bc47f693c18f86f0014ba8 P 8b0fdd3f598f4be590edd6eb40e86f7a [LEADER]: Connected to new peer: Peer: permanent_uuid: "f1ed7b0c0bb5423486965e3f72705a67" member_type: VOTER last_known_addr { host: "127.16.94.195" port: 40887 }, Status: LMP_MISMATCH, Last received: 0.0, Next index: 2, Last known committed idx: 1, Time since last communication: 0.001s
I20260608 12:57:26.007447 18743 consensus_queue.cc:1048] T 6e2d113f44bc47f693c18f86f0014ba8 P 8b0fdd3f598f4be590edd6eb40e86f7a [LEADER]: Connected to new peer: Peer: permanent_uuid: "70afae15d5c5455183afacd98dcf6e4f" member_type: VOTER last_known_addr { host: "127.16.94.194" port: 39509 } attrs { replace: true }, Status: LMP_MISMATCH, Last received: 0.0, Next index: 2, Last known committed idx: 1, Time since last communication: 0.001s
I20260608 12:57:26.016719 18822 raft_consensus.cc:2955] T 6e2d113f44bc47f693c18f86f0014ba8 P 8b0fdd3f598f4be590edd6eb40e86f7a [term 1 LEADER]: Committing config change with OpId 1.2: config changed from index -1 to 2, NON_VOTER 0a49729234104cb5b083701d9dc54832 (127.16.94.196) added. New config: { opid_index: 2 OBSOLETE_local: false peers { permanent_uuid: "70afae15d5c5455183afacd98dcf6e4f" member_type: VOTER last_known_addr { host: "127.16.94.194" port: 39509 } attrs { replace: true } } peers { permanent_uuid: "8b0fdd3f598f4be590edd6eb40e86f7a" member_type: VOTER last_known_addr { host: "127.16.94.193" port: 38715 } } peers { permanent_uuid: "f1ed7b0c0bb5423486965e3f72705a67" member_type: VOTER last_known_addr { host: "127.16.94.195" port: 40887 } } peers { permanent_uuid: "0a49729234104cb5b083701d9dc54832" member_type: NON_VOTER last_known_addr { host: "127.16.94.196" port: 34179 } attrs { promote: true } } }
W20260608 12:57:26.019708 18477 consensus_peers.cc:597] T 6e2d113f44bc47f693c18f86f0014ba8 P 8b0fdd3f598f4be590edd6eb40e86f7a -> Peer 0a49729234104cb5b083701d9dc54832 (127.16.94.196:34179): Couldn't send request to peer 0a49729234104cb5b083701d9dc54832. Error code: TABLET_NOT_FOUND (6). Status: Not found: Tablet not found: 6e2d113f44bc47f693c18f86f0014ba8. This is attempt 1: this message will repeat every 5th retry.
I20260608 12:57:26.019143 18660 raft_consensus.cc:2955] T 6e2d113f44bc47f693c18f86f0014ba8 P f1ed7b0c0bb5423486965e3f72705a67 [term 1 FOLLOWER]: Committing config change with OpId 1.2: config changed from index -1 to 2, NON_VOTER 0a49729234104cb5b083701d9dc54832 (127.16.94.196) added. New config: { opid_index: 2 OBSOLETE_local: false peers { permanent_uuid: "70afae15d5c5455183afacd98dcf6e4f" member_type: VOTER last_known_addr { host: "127.16.94.194" port: 39509 } attrs { replace: true } } peers { permanent_uuid: "8b0fdd3f598f4be590edd6eb40e86f7a" member_type: VOTER last_known_addr { host: "127.16.94.193" port: 38715 } } peers { permanent_uuid: "f1ed7b0c0bb5423486965e3f72705a67" member_type: VOTER last_known_addr { host: "127.16.94.195" port: 40887 } } peers { permanent_uuid: "0a49729234104cb5b083701d9dc54832" member_type: NON_VOTER last_known_addr { host: "127.16.94.196" port: 34179 } attrs { promote: true } } }
I20260608 12:57:26.027276 18586 raft_consensus.cc:2955] T 6e2d113f44bc47f693c18f86f0014ba8 P 70afae15d5c5455183afacd98dcf6e4f [term 1 FOLLOWER]: Committing config change with OpId 1.2: config changed from index -1 to 2, NON_VOTER 0a49729234104cb5b083701d9dc54832 (127.16.94.196) added. New config: { opid_index: 2 OBSOLETE_local: false peers { permanent_uuid: "70afae15d5c5455183afacd98dcf6e4f" member_type: VOTER last_known_addr { host: "127.16.94.194" port: 39509 } attrs { replace: true } } peers { permanent_uuid: "8b0fdd3f598f4be590edd6eb40e86f7a" member_type: VOTER last_known_addr { host: "127.16.94.193" port: 38715 } } peers { permanent_uuid: "f1ed7b0c0bb5423486965e3f72705a67" member_type: VOTER last_known_addr { host: "127.16.94.195" port: 40887 } } peers { permanent_uuid: "0a49729234104cb5b083701d9dc54832" member_type: NON_VOTER last_known_addr { host: "127.16.94.196" port: 34179 } attrs { promote: true } } }
I20260608 12:57:26.036360 18409 catalog_manager.cc:5696] T 6e2d113f44bc47f693c18f86f0014ba8 P 8b0fdd3f598f4be590edd6eb40e86f7a reported cstate change: config changed from index -1 to 2, NON_VOTER 0a49729234104cb5b083701d9dc54832 (127.16.94.196) added. New cstate: current_term: 1 leader_uuid: "8b0fdd3f598f4be590edd6eb40e86f7a" committed_config { opid_index: 2 OBSOLETE_local: false peers { permanent_uuid: "70afae15d5c5455183afacd98dcf6e4f" member_type: VOTER last_known_addr { host: "127.16.94.194" port: 39509 } attrs { replace: true } health_report { overall_health: HEALTHY } } peers { permanent_uuid: "8b0fdd3f598f4be590edd6eb40e86f7a" member_type: VOTER last_known_addr { host: "127.16.94.193" port: 38715 } health_report { overall_health: HEALTHY } } peers { permanent_uuid: "f1ed7b0c0bb5423486965e3f72705a67" member_type: VOTER last_known_addr { host: "127.16.94.195" port: 40887 } health_report { overall_health: HEALTHY } } peers { permanent_uuid: "0a49729234104cb5b083701d9dc54832" member_type: NON_VOTER last_known_addr { host: "127.16.94.196" port: 34179 } attrs { promote: true } health_report { overall_health: UNKNOWN } } }
I20260608 12:57:26.290992 18815 heartbeater.cc:499] Master 127.16.94.254:43617 was elected leader, sending a full tablet report...
I20260608 12:57:26.400830 18833 ts_tablet_manager.cc:933] T 6e2d113f44bc47f693c18f86f0014ba8 P 0a49729234104cb5b083701d9dc54832: Initiating tablet copy from peer 8b0fdd3f598f4be590edd6eb40e86f7a (127.16.94.193:38715)
I20260608 12:57:26.402979 18833 tablet_copy_client.cc:323] T 6e2d113f44bc47f693c18f86f0014ba8 P 0a49729234104cb5b083701d9dc54832: tablet copy: Beginning tablet copy session from remote peer at address 127.16.94.193:38715
I20260608 12:57:26.414638 18521 tablet_copy_service.cc:140] P 8b0fdd3f598f4be590edd6eb40e86f7a: Received BeginTabletCopySession request for tablet 6e2d113f44bc47f693c18f86f0014ba8 from peer 0a49729234104cb5b083701d9dc54832 ({username='slave'} at 127.0.0.1:49094)
I20260608 12:57:26.415192 18521 tablet_copy_service.cc:161] P 8b0fdd3f598f4be590edd6eb40e86f7a: Beginning new tablet copy session on tablet 6e2d113f44bc47f693c18f86f0014ba8 from peer 0a49729234104cb5b083701d9dc54832 at {username='slave'} at 127.0.0.1:49094: session id = 0a49729234104cb5b083701d9dc54832-6e2d113f44bc47f693c18f86f0014ba8
I20260608 12:57:26.420889 18521 tablet_copy_source_session.cc:215] T 6e2d113f44bc47f693c18f86f0014ba8 P 8b0fdd3f598f4be590edd6eb40e86f7a: Tablet Copy: opened 0 blocks and 1 log segments
I20260608 12:57:26.423954 18833 data_dirs.cc:400] Could only allocate 1 dirs of requested 3 for tablet 6e2d113f44bc47f693c18f86f0014ba8. 1 dirs total, 0 dirs full, 0 dirs failed
I20260608 12:57:26.434948 18833 tablet_copy_client.cc:806] T 6e2d113f44bc47f693c18f86f0014ba8 P 0a49729234104cb5b083701d9dc54832: tablet copy: Starting download of 0 data blocks...
I20260608 12:57:26.435612 18833 tablet_copy_client.cc:670] T 6e2d113f44bc47f693c18f86f0014ba8 P 0a49729234104cb5b083701d9dc54832: tablet copy: Starting download of 1 WAL segments...
I20260608 12:57:26.439596 18833 tablet_copy_client.cc:538] T 6e2d113f44bc47f693c18f86f0014ba8 P 0a49729234104cb5b083701d9dc54832: tablet copy: Tablet Copy complete. Replacing tablet superblock.
I20260608 12:57:26.445700 18833 tablet_bootstrap.cc:492] T 6e2d113f44bc47f693c18f86f0014ba8 P 0a49729234104cb5b083701d9dc54832: Bootstrap starting.
I20260608 12:57:26.463276 18833 tablet_bootstrap.cc:492] T 6e2d113f44bc47f693c18f86f0014ba8 P 0a49729234104cb5b083701d9dc54832: Bootstrap replayed 1/1 log segments. Stats: ops{read=2 overwritten=0 applied=2 ignored=0} inserts{seen=0 ignored=0} mutations{seen=0 ignored=0} orphaned_commits=0. Pending: 0 replicates
I20260608 12:57:26.463989 18833 tablet_bootstrap.cc:492] T 6e2d113f44bc47f693c18f86f0014ba8 P 0a49729234104cb5b083701d9dc54832: Bootstrap complete.
I20260608 12:57:26.464570 18833 ts_tablet_manager.cc:1403] T 6e2d113f44bc47f693c18f86f0014ba8 P 0a49729234104cb5b083701d9dc54832: Time spent bootstrapping tablet: real 0.019s	user 0.019s	sys 0.000s
I20260608 12:57:26.466960 18833 raft_consensus.cc:359] T 6e2d113f44bc47f693c18f86f0014ba8 P 0a49729234104cb5b083701d9dc54832 [term 1 LEARNER]: Replica starting. Triggering 0 pending ops. Active config: opid_index: 2 OBSOLETE_local: false peers { permanent_uuid: "70afae15d5c5455183afacd98dcf6e4f" member_type: VOTER last_known_addr { host: "127.16.94.194" port: 39509 } attrs { replace: true } } peers { permanent_uuid: "8b0fdd3f598f4be590edd6eb40e86f7a" member_type: VOTER last_known_addr { host: "127.16.94.193" port: 38715 } } peers { permanent_uuid: "f1ed7b0c0bb5423486965e3f72705a67" member_type: VOTER last_known_addr { host: "127.16.94.195" port: 40887 } } peers { permanent_uuid: "0a49729234104cb5b083701d9dc54832" member_type: NON_VOTER last_known_addr { host: "127.16.94.196" port: 34179 } attrs { promote: true } }
I20260608 12:57:26.467584 18833 raft_consensus.cc:740] T 6e2d113f44bc47f693c18f86f0014ba8 P 0a49729234104cb5b083701d9dc54832 [term 1 LEARNER]: Becoming Follower/Learner. State: Replica: 0a49729234104cb5b083701d9dc54832, State: Initialized, Role: LEARNER
I20260608 12:57:26.468130 18833 consensus_queue.cc:260] T 6e2d113f44bc47f693c18f86f0014ba8 P 0a49729234104cb5b083701d9dc54832 [NON_LEADER]: Queue going to NON_LEADER mode. State: All replicated index: 0, Majority replicated index: 0, Committed index: 2, Last appended: 1.2, Last appended by leader: 2, Current term: 0, Majority size: -1, State: 0, Mode: NON_LEADER, active raft config: opid_index: 2 OBSOLETE_local: false peers { permanent_uuid: "70afae15d5c5455183afacd98dcf6e4f" member_type: VOTER last_known_addr { host: "127.16.94.194" port: 39509 } attrs { replace: true } } peers { permanent_uuid: "8b0fdd3f598f4be590edd6eb40e86f7a" member_type: VOTER last_known_addr { host: "127.16.94.193" port: 38715 } } peers { permanent_uuid: "f1ed7b0c0bb5423486965e3f72705a67" member_type: VOTER last_known_addr { host: "127.16.94.195" port: 40887 } } peers { permanent_uuid: "0a49729234104cb5b083701d9dc54832" member_type: NON_VOTER last_known_addr { host: "127.16.94.196" port: 34179 } attrs { promote: true } }
I20260608 12:57:26.470955 18833 ts_tablet_manager.cc:1434] T 6e2d113f44bc47f693c18f86f0014ba8 P 0a49729234104cb5b083701d9dc54832: Time spent starting tablet: real 0.006s	user 0.008s	sys 0.000s
I20260608 12:57:26.472801 18521 tablet_copy_service.cc:342] P 8b0fdd3f598f4be590edd6eb40e86f7a: Request end of tablet copy session 0a49729234104cb5b083701d9dc54832-6e2d113f44bc47f693c18f86f0014ba8 received from {username='slave'} at 127.0.0.1:49094
I20260608 12:57:26.473196 18521 tablet_copy_service.cc:434] P 8b0fdd3f598f4be590edd6eb40e86f7a: ending tablet copy session 0a49729234104cb5b083701d9dc54832-6e2d113f44bc47f693c18f86f0014ba8 on tablet 6e2d113f44bc47f693c18f86f0014ba8 with peer 0a49729234104cb5b083701d9dc54832
I20260608 12:57:26.737809 18462 auto_leader_rebalancer.cc:140] leader rebalance for table test-workload
I20260608 12:57:26.740712 18462 auto_leader_rebalancer.cc:388] table: test-workload, leader rebalance finish, leader transfer count: 0
I20260608 12:57:26.741163 18462 auto_leader_rebalancer.cc:451] All tables' leader rebalancing finished this round
I20260608 12:57:26.970956 18790 raft_consensus.cc:1217] T 6e2d113f44bc47f693c18f86f0014ba8 P 0a49729234104cb5b083701d9dc54832 [term 1 LEARNER]: Deduplicated request from leader. Original: 1.1->[1.2-1.2]   Dedup: 1.2->[]
I20260608 12:57:27.409658 18838 raft_consensus.cc:1064] T 6e2d113f44bc47f693c18f86f0014ba8 P 8b0fdd3f598f4be590edd6eb40e86f7a: attempting to promote NON_VOTER 0a49729234104cb5b083701d9dc54832 to VOTER
I20260608 12:57:27.412559 18838 consensus_queue.cc:237] T 6e2d113f44bc47f693c18f86f0014ba8 P 8b0fdd3f598f4be590edd6eb40e86f7a [LEADER]: Queue going to LEADER mode. State: All replicated index: 0, Majority replicated index: 2, Committed index: 2, Last appended: 1.2, Last appended by leader: 0, Current term: 1, Majority size: 3, State: 0, Mode: LEADER, active raft config: opid_index: 3 OBSOLETE_local: false peers { permanent_uuid: "70afae15d5c5455183afacd98dcf6e4f" member_type: VOTER last_known_addr { host: "127.16.94.194" port: 39509 } attrs { replace: true } } peers { permanent_uuid: "8b0fdd3f598f4be590edd6eb40e86f7a" member_type: VOTER last_known_addr { host: "127.16.94.193" port: 38715 } } peers { permanent_uuid: "f1ed7b0c0bb5423486965e3f72705a67" member_type: VOTER last_known_addr { host: "127.16.94.195" port: 40887 } } peers { permanent_uuid: "0a49729234104cb5b083701d9dc54832" member_type: VOTER last_known_addr { host: "127.16.94.196" port: 34179 } attrs { promote: false } }
I20260608 12:57:27.420136 18660 raft_consensus.cc:1275] T 6e2d113f44bc47f693c18f86f0014ba8 P f1ed7b0c0bb5423486965e3f72705a67 [term 1 FOLLOWER]: Refusing update from remote peer 8b0fdd3f598f4be590edd6eb40e86f7a: Log matching property violated. Preceding OpId in replica: term: 1 index: 2. Preceding OpId from leader: term: 1 index: 3. (index mismatch)
I20260608 12:57:27.420392 18790 raft_consensus.cc:1275] T 6e2d113f44bc47f693c18f86f0014ba8 P 0a49729234104cb5b083701d9dc54832 [term 1 LEARNER]: Refusing update from remote peer 8b0fdd3f598f4be590edd6eb40e86f7a: Log matching property violated. Preceding OpId in replica: term: 1 index: 2. Preceding OpId from leader: term: 1 index: 3. (index mismatch)
I20260608 12:57:27.421074 18586 raft_consensus.cc:1275] T 6e2d113f44bc47f693c18f86f0014ba8 P 70afae15d5c5455183afacd98dcf6e4f [term 1 FOLLOWER]: Refusing update from remote peer 8b0fdd3f598f4be590edd6eb40e86f7a: Log matching property violated. Preceding OpId in replica: term: 1 index: 2. Preceding OpId from leader: term: 1 index: 3. (index mismatch)
I20260608 12:57:27.422163 18839 consensus_queue.cc:1048] T 6e2d113f44bc47f693c18f86f0014ba8 P 8b0fdd3f598f4be590edd6eb40e86f7a [LEADER]: Connected to new peer: Peer: permanent_uuid: "f1ed7b0c0bb5423486965e3f72705a67" member_type: VOTER last_known_addr { host: "127.16.94.195" port: 40887 }, Status: LMP_MISMATCH, Last received: 0.0, Next index: 3, Last known committed idx: 2, Time since last communication: 0.001s
I20260608 12:57:27.423152 18838 consensus_queue.cc:1048] T 6e2d113f44bc47f693c18f86f0014ba8 P 8b0fdd3f598f4be590edd6eb40e86f7a [LEADER]: Connected to new peer: Peer: permanent_uuid: "0a49729234104cb5b083701d9dc54832" member_type: VOTER last_known_addr { host: "127.16.94.196" port: 34179 } attrs { promote: false }, Status: LMP_MISMATCH, Last received: 0.0, Next index: 3, Last known committed idx: 2, Time since last communication: 0.000s
I20260608 12:57:27.424016 18822 consensus_queue.cc:1048] T 6e2d113f44bc47f693c18f86f0014ba8 P 8b0fdd3f598f4be590edd6eb40e86f7a [LEADER]: Connected to new peer: Peer: permanent_uuid: "70afae15d5c5455183afacd98dcf6e4f" member_type: VOTER last_known_addr { host: "127.16.94.194" port: 39509 } attrs { replace: true }, Status: LMP_MISMATCH, Last received: 0.0, Next index: 3, Last known committed idx: 2, Time since last communication: 0.000s
I20260608 12:57:27.435797 18822 raft_consensus.cc:2955] T 6e2d113f44bc47f693c18f86f0014ba8 P 8b0fdd3f598f4be590edd6eb40e86f7a [term 1 LEADER]: Committing config change with OpId 1.3: config changed from index 2 to 3, 0a49729234104cb5b083701d9dc54832 (127.16.94.196) changed from NON_VOTER to VOTER. New config: { opid_index: 3 OBSOLETE_local: false peers { permanent_uuid: "70afae15d5c5455183afacd98dcf6e4f" member_type: VOTER last_known_addr { host: "127.16.94.194" port: 39509 } attrs { replace: true } } peers { permanent_uuid: "8b0fdd3f598f4be590edd6eb40e86f7a" member_type: VOTER last_known_addr { host: "127.16.94.193" port: 38715 } } peers { permanent_uuid: "f1ed7b0c0bb5423486965e3f72705a67" member_type: VOTER last_known_addr { host: "127.16.94.195" port: 40887 } } peers { permanent_uuid: "0a49729234104cb5b083701d9dc54832" member_type: VOTER last_known_addr { host: "127.16.94.196" port: 34179 } attrs { promote: false } } }
I20260608 12:57:27.437862 18660 raft_consensus.cc:2955] T 6e2d113f44bc47f693c18f86f0014ba8 P f1ed7b0c0bb5423486965e3f72705a67 [term 1 FOLLOWER]: Committing config change with OpId 1.3: config changed from index 2 to 3, 0a49729234104cb5b083701d9dc54832 (127.16.94.196) changed from NON_VOTER to VOTER. New config: { opid_index: 3 OBSOLETE_local: false peers { permanent_uuid: "70afae15d5c5455183afacd98dcf6e4f" member_type: VOTER last_known_addr { host: "127.16.94.194" port: 39509 } attrs { replace: true } } peers { permanent_uuid: "8b0fdd3f598f4be590edd6eb40e86f7a" member_type: VOTER last_known_addr { host: "127.16.94.193" port: 38715 } } peers { permanent_uuid: "f1ed7b0c0bb5423486965e3f72705a67" member_type: VOTER last_known_addr { host: "127.16.94.195" port: 40887 } } peers { permanent_uuid: "0a49729234104cb5b083701d9dc54832" member_type: VOTER last_known_addr { host: "127.16.94.196" port: 34179 } attrs { promote: false } } }
I20260608 12:57:27.446666 18585 raft_consensus.cc:2955] T 6e2d113f44bc47f693c18f86f0014ba8 P 70afae15d5c5455183afacd98dcf6e4f [term 1 FOLLOWER]: Committing config change with OpId 1.3: config changed from index 2 to 3, 0a49729234104cb5b083701d9dc54832 (127.16.94.196) changed from NON_VOTER to VOTER. New config: { opid_index: 3 OBSOLETE_local: false peers { permanent_uuid: "70afae15d5c5455183afacd98dcf6e4f" member_type: VOTER last_known_addr { host: "127.16.94.194" port: 39509 } attrs { replace: true } } peers { permanent_uuid: "8b0fdd3f598f4be590edd6eb40e86f7a" member_type: VOTER last_known_addr { host: "127.16.94.193" port: 38715 } } peers { permanent_uuid: "f1ed7b0c0bb5423486965e3f72705a67" member_type: VOTER last_known_addr { host: "127.16.94.195" port: 40887 } } peers { permanent_uuid: "0a49729234104cb5b083701d9dc54832" member_type: VOTER last_known_addr { host: "127.16.94.196" port: 34179 } attrs { promote: false } } }
I20260608 12:57:27.451974 18790 raft_consensus.cc:2955] T 6e2d113f44bc47f693c18f86f0014ba8 P 0a49729234104cb5b083701d9dc54832 [term 1 FOLLOWER]: Committing config change with OpId 1.3: config changed from index 2 to 3, 0a49729234104cb5b083701d9dc54832 (127.16.94.196) changed from NON_VOTER to VOTER. New config: { opid_index: 3 OBSOLETE_local: false peers { permanent_uuid: "70afae15d5c5455183afacd98dcf6e4f" member_type: VOTER last_known_addr { host: "127.16.94.194" port: 39509 } attrs { replace: true } } peers { permanent_uuid: "8b0fdd3f598f4be590edd6eb40e86f7a" member_type: VOTER last_known_addr { host: "127.16.94.193" port: 38715 } } peers { permanent_uuid: "f1ed7b0c0bb5423486965e3f72705a67" member_type: VOTER last_known_addr { host: "127.16.94.195" port: 40887 } } peers { permanent_uuid: "0a49729234104cb5b083701d9dc54832" member_type: VOTER last_known_addr { host: "127.16.94.196" port: 34179 } attrs { promote: false } } }
I20260608 12:57:27.455194 18408 catalog_manager.cc:5696] T 6e2d113f44bc47f693c18f86f0014ba8 P f1ed7b0c0bb5423486965e3f72705a67 reported cstate change: config changed from index 2 to 3, 0a49729234104cb5b083701d9dc54832 (127.16.94.196) changed from NON_VOTER to VOTER. New cstate: current_term: 1 leader_uuid: "8b0fdd3f598f4be590edd6eb40e86f7a" committed_config { opid_index: 3 OBSOLETE_local: false peers { permanent_uuid: "70afae15d5c5455183afacd98dcf6e4f" member_type: VOTER last_known_addr { host: "127.16.94.194" port: 39509 } attrs { replace: true } } peers { permanent_uuid: "8b0fdd3f598f4be590edd6eb40e86f7a" member_type: VOTER last_known_addr { host: "127.16.94.193" port: 38715 } } peers { permanent_uuid: "f1ed7b0c0bb5423486965e3f72705a67" member_type: VOTER last_known_addr { host: "127.16.94.195" port: 40887 } } peers { permanent_uuid: "0a49729234104cb5b083701d9dc54832" member_type: VOTER last_known_addr { host: "127.16.94.196" port: 34179 } attrs { promote: false } } }
I20260608 12:57:27.489887 18511 consensus_queue.cc:237] T 6e2d113f44bc47f693c18f86f0014ba8 P 8b0fdd3f598f4be590edd6eb40e86f7a [LEADER]: Queue going to LEADER mode. State: All replicated index: 0, Majority replicated index: 3, Committed index: 3, Last appended: 1.3, Last appended by leader: 0, Current term: 1, Majority size: 2, State: 0, Mode: LEADER, active raft config: opid_index: 4 OBSOLETE_local: false peers { permanent_uuid: "8b0fdd3f598f4be590edd6eb40e86f7a" member_type: VOTER last_known_addr { host: "127.16.94.193" port: 38715 } } peers { permanent_uuid: "f1ed7b0c0bb5423486965e3f72705a67" member_type: VOTER last_known_addr { host: "127.16.94.195" port: 40887 } } peers { permanent_uuid: "0a49729234104cb5b083701d9dc54832" member_type: VOTER last_known_addr { host: "127.16.94.196" port: 34179 } attrs { promote: false } }
I20260608 12:57:27.496181 18790 raft_consensus.cc:1275] T 6e2d113f44bc47f693c18f86f0014ba8 P 0a49729234104cb5b083701d9dc54832 [term 1 FOLLOWER]: Refusing update from remote peer 8b0fdd3f598f4be590edd6eb40e86f7a: Log matching property violated. Preceding OpId in replica: term: 1 index: 3. Preceding OpId from leader: term: 1 index: 4. (index mismatch)
I20260608 12:57:27.496840 18660 raft_consensus.cc:1275] T 6e2d113f44bc47f693c18f86f0014ba8 P f1ed7b0c0bb5423486965e3f72705a67 [term 1 FOLLOWER]: Refusing update from remote peer 8b0fdd3f598f4be590edd6eb40e86f7a: Log matching property violated. Preceding OpId in replica: term: 1 index: 3. Preceding OpId from leader: term: 1 index: 4. (index mismatch)
I20260608 12:57:27.498333 18838 consensus_queue.cc:1048] T 6e2d113f44bc47f693c18f86f0014ba8 P 8b0fdd3f598f4be590edd6eb40e86f7a [LEADER]: Connected to new peer: Peer: permanent_uuid: "0a49729234104cb5b083701d9dc54832" member_type: VOTER last_known_addr { host: "127.16.94.196" port: 34179 } attrs { promote: false }, Status: LMP_MISMATCH, Last received: 0.0, Next index: 4, Last known committed idx: 3, Time since last communication: 0.000s
I20260608 12:57:27.499271 18839 consensus_queue.cc:1048] T 6e2d113f44bc47f693c18f86f0014ba8 P 8b0fdd3f598f4be590edd6eb40e86f7a [LEADER]: Connected to new peer: Peer: permanent_uuid: "f1ed7b0c0bb5423486965e3f72705a67" member_type: VOTER last_known_addr { host: "127.16.94.195" port: 40887 }, Status: LMP_MISMATCH, Last received: 0.0, Next index: 4, Last known committed idx: 3, Time since last communication: 0.000s
I20260608 12:57:27.506265 18838 raft_consensus.cc:2955] T 6e2d113f44bc47f693c18f86f0014ba8 P 8b0fdd3f598f4be590edd6eb40e86f7a [term 1 LEADER]: Committing config change with OpId 1.4: config changed from index 3 to 4, VOTER 70afae15d5c5455183afacd98dcf6e4f (127.16.94.194) evicted. New config: { opid_index: 4 OBSOLETE_local: false peers { permanent_uuid: "8b0fdd3f598f4be590edd6eb40e86f7a" member_type: VOTER last_known_addr { host: "127.16.94.193" port: 38715 } } peers { permanent_uuid: "f1ed7b0c0bb5423486965e3f72705a67" member_type: VOTER last_known_addr { host: "127.16.94.195" port: 40887 } } peers { permanent_uuid: "0a49729234104cb5b083701d9dc54832" member_type: VOTER last_known_addr { host: "127.16.94.196" port: 34179 } attrs { promote: false } } }
I20260608 12:57:27.508270 18790 raft_consensus.cc:2955] T 6e2d113f44bc47f693c18f86f0014ba8 P 0a49729234104cb5b083701d9dc54832 [term 1 FOLLOWER]: Committing config change with OpId 1.4: config changed from index 3 to 4, VOTER 70afae15d5c5455183afacd98dcf6e4f (127.16.94.194) evicted. New config: { opid_index: 4 OBSOLETE_local: false peers { permanent_uuid: "8b0fdd3f598f4be590edd6eb40e86f7a" member_type: VOTER last_known_addr { host: "127.16.94.193" port: 38715 } } peers { permanent_uuid: "f1ed7b0c0bb5423486965e3f72705a67" member_type: VOTER last_known_addr { host: "127.16.94.195" port: 40887 } } peers { permanent_uuid: "0a49729234104cb5b083701d9dc54832" member_type: VOTER last_known_addr { host: "127.16.94.196" port: 34179 } attrs { promote: false } } }
I20260608 12:57:27.508874 18660 raft_consensus.cc:2955] T 6e2d113f44bc47f693c18f86f0014ba8 P f1ed7b0c0bb5423486965e3f72705a67 [term 1 FOLLOWER]: Committing config change with OpId 1.4: config changed from index 3 to 4, VOTER 70afae15d5c5455183afacd98dcf6e4f (127.16.94.194) evicted. New config: { opid_index: 4 OBSOLETE_local: false peers { permanent_uuid: "8b0fdd3f598f4be590edd6eb40e86f7a" member_type: VOTER last_known_addr { host: "127.16.94.193" port: 38715 } } peers { permanent_uuid: "f1ed7b0c0bb5423486965e3f72705a67" member_type: VOTER last_known_addr { host: "127.16.94.195" port: 40887 } } peers { permanent_uuid: "0a49729234104cb5b083701d9dc54832" member_type: VOTER last_known_addr { host: "127.16.94.196" port: 34179 } attrs { promote: false } } }
I20260608 12:57:27.518596 18393 catalog_manager.cc:5209] ChangeConfig:REMOVE_PEER RPC for tablet 6e2d113f44bc47f693c18f86f0014ba8 with cas_config_opid_index 3: ChangeConfig:REMOVE_PEER succeeded (attempt 1)
I20260608 12:57:27.523262 18407 catalog_manager.cc:5696] T 6e2d113f44bc47f693c18f86f0014ba8 P 8b0fdd3f598f4be590edd6eb40e86f7a reported cstate change: config changed from index 3 to 4, VOTER 70afae15d5c5455183afacd98dcf6e4f (127.16.94.194) evicted. New cstate: current_term: 1 leader_uuid: "8b0fdd3f598f4be590edd6eb40e86f7a" committed_config { opid_index: 4 OBSOLETE_local: false peers { permanent_uuid: "8b0fdd3f598f4be590edd6eb40e86f7a" member_type: VOTER last_known_addr { host: "127.16.94.193" port: 38715 } health_report { overall_health: HEALTHY } } peers { permanent_uuid: "f1ed7b0c0bb5423486965e3f72705a67" member_type: VOTER last_known_addr { host: "127.16.94.195" port: 40887 } health_report { overall_health: HEALTHY } } peers { permanent_uuid: "0a49729234104cb5b083701d9dc54832" member_type: VOTER last_known_addr { host: "127.16.94.196" port: 34179 } attrs { promote: false } health_report { overall_health: HEALTHY } } }
I20260608 12:57:27.534632 18575 tablet_service.cc:1558] Processing DeleteTablet for tablet 6e2d113f44bc47f693c18f86f0014ba8 with delete_type TABLET_DATA_TOMBSTONED (TS 70afae15d5c5455183afacd98dcf6e4f not found in new config with opid_index 4) from {username='slave'} at 127.0.0.1:60208
I20260608 12:57:27.537319 18850 tablet_replica.cc:333] T 6e2d113f44bc47f693c18f86f0014ba8 P 70afae15d5c5455183afacd98dcf6e4f: stopping tablet replica
I20260608 12:57:27.538066 18850 raft_consensus.cc:2243] T 6e2d113f44bc47f693c18f86f0014ba8 P 70afae15d5c5455183afacd98dcf6e4f [term 1 FOLLOWER]: Raft consensus shutting down.
I20260608 12:57:27.538766 18850 raft_consensus.cc:2272] T 6e2d113f44bc47f693c18f86f0014ba8 P 70afae15d5c5455183afacd98dcf6e4f [term 1 FOLLOWER]: Raft consensus is shut down!
I20260608 12:57:27.541669 18850 ts_tablet_manager.cc:1916] T 6e2d113f44bc47f693c18f86f0014ba8 P 70afae15d5c5455183afacd98dcf6e4f: Deleting tablet data with delete state TABLET_DATA_TOMBSTONED
I20260608 12:57:27.552260 18850 ts_tablet_manager.cc:1929] T 6e2d113f44bc47f693c18f86f0014ba8 P 70afae15d5c5455183afacd98dcf6e4f: tablet deleted with delete type TABLET_DATA_TOMBSTONED: last-logged OpId 1.3
I20260608 12:57:27.552657 18850 log.cc:1199] T 6e2d113f44bc47f693c18f86f0014ba8 P 70afae15d5c5455183afacd98dcf6e4f: Deleting WAL directory at /tmp/dist-test-taskvSYede/test-tmp/auto_rebalancer-test.0.AutoRebalancerTest.MovesScheduledIfAddTserver.1780923411989334-16763-0/minicluster-data/ts-1-root/wals/6e2d113f44bc47f693c18f86f0014ba8
I20260608 12:57:27.554243 18394 catalog_manager.cc:5027] TS 70afae15d5c5455183afacd98dcf6e4f (127.16.94.194:39509): tablet 6e2d113f44bc47f693c18f86f0014ba8 (table test-workload [id=6ddee9a77cd141f989a04b157e2d8342]) successfully deleted
I20260608 12:57:28.742194 18462 auto_leader_rebalancer.cc:140] leader rebalance for table test-workload
I20260608 12:57:28.744433 18462 auto_leader_rebalancer.cc:388] table: test-workload, leader rebalance finish, leader transfer count: 0
I20260608 12:57:28.744812 18462 auto_leader_rebalancer.cc:451] All tables' leader rebalancing finished this round
I20260608 12:57:30.745770 18462 auto_leader_rebalancer.cc:140] leader rebalance for table test-workload
I20260608 12:57:30.748112 18462 auto_leader_rebalancer.cc:388] table: test-workload, leader rebalance finish, leader transfer count: 0
I20260608 12:57:30.748478 18462 auto_leader_rebalancer.cc:451] All tables' leader rebalancing finished this round
I20260608 12:57:32.749614 18462 auto_leader_rebalancer.cc:140] leader rebalance for table test-workload
I20260608 12:57:32.752188 18462 auto_leader_rebalancer.cc:388] table: test-workload, leader rebalance finish, leader transfer count: 0
I20260608 12:57:32.752604 18462 auto_leader_rebalancer.cc:451] All tables' leader rebalancing finished this round
I20260608 12:57:34.753553 18462 auto_leader_rebalancer.cc:140] leader rebalance for table test-workload
I20260608 12:57:34.755843 18462 auto_leader_rebalancer.cc:388] table: test-workload, leader rebalance finish, leader transfer count: 0
I20260608 12:57:34.756227 18462 auto_leader_rebalancer.cc:451] All tables' leader rebalancing finished this round
I20260608 12:57:36.757170 18462 auto_leader_rebalancer.cc:140] leader rebalance for table test-workload
I20260608 12:57:36.759409 18462 auto_leader_rebalancer.cc:388] table: test-workload, leader rebalance finish, leader transfer count: 0
I20260608 12:57:36.759783 18462 auto_leader_rebalancer.cc:451] All tables' leader rebalancing finished this round
I20260608 12:57:38.760730 18462 auto_leader_rebalancer.cc:140] leader rebalance for table test-workload
I20260608 12:57:38.762925 18462 auto_leader_rebalancer.cc:388] table: test-workload, leader rebalance finish, leader transfer count: 0
I20260608 12:57:38.763309 18462 auto_leader_rebalancer.cc:451] All tables' leader rebalancing finished this round
I20260608 12:57:39.619969 16763 tablet_server.cc:179] TabletServer@127.16.94.193:0 shutting down...
I20260608 12:57:39.643692 16763 ts_tablet_manager.cc:1507] Shutting down tablet manager...
I20260608 12:57:39.644517 16763 tablet_replica.cc:333] T 6e2d113f44bc47f693c18f86f0014ba8 P 8b0fdd3f598f4be590edd6eb40e86f7a: stopping tablet replica
I20260608 12:57:39.645151 16763 raft_consensus.cc:2243] T 6e2d113f44bc47f693c18f86f0014ba8 P 8b0fdd3f598f4be590edd6eb40e86f7a [term 1 LEADER]: Raft consensus shutting down.
I20260608 12:57:39.646230 16763 raft_consensus.cc:2272] T 6e2d113f44bc47f693c18f86f0014ba8 P 8b0fdd3f598f4be590edd6eb40e86f7a [term 1 FOLLOWER]: Raft consensus is shut down!
I20260608 12:57:39.648591 16763 tablet_replica.cc:333] T b308378481924831bf716b7d84246776 P 8b0fdd3f598f4be590edd6eb40e86f7a: stopping tablet replica
I20260608 12:57:39.649111 16763 raft_consensus.cc:2243] T b308378481924831bf716b7d84246776 P 8b0fdd3f598f4be590edd6eb40e86f7a [term 1 FOLLOWER]: Raft consensus shutting down.
I20260608 12:57:39.649583 16763 raft_consensus.cc:2272] T b308378481924831bf716b7d84246776 P 8b0fdd3f598f4be590edd6eb40e86f7a [term 1 FOLLOWER]: Raft consensus is shut down!
I20260608 12:57:39.672581 16763 tablet_server.cc:196] TabletServer@127.16.94.193:0 shutdown complete.
I20260608 12:57:39.686265 16763 tablet_server.cc:179] TabletServer@127.16.94.194:0 shutting down...
I20260608 12:57:39.711234 16763 ts_tablet_manager.cc:1507] Shutting down tablet manager...
I20260608 12:57:39.712085 16763 tablet_replica.cc:333] T b308378481924831bf716b7d84246776 P 70afae15d5c5455183afacd98dcf6e4f: stopping tablet replica
I20260608 12:57:39.712728 16763 raft_consensus.cc:2243] T b308378481924831bf716b7d84246776 P 70afae15d5c5455183afacd98dcf6e4f [term 1 FOLLOWER]: Raft consensus shutting down.
I20260608 12:57:39.713223 16763 raft_consensus.cc:2272] T b308378481924831bf716b7d84246776 P 70afae15d5c5455183afacd98dcf6e4f [term 1 FOLLOWER]: Raft consensus is shut down!
I20260608 12:57:39.735585 16763 tablet_server.cc:196] TabletServer@127.16.94.194:0 shutdown complete.
I20260608 12:57:39.748871 16763 tablet_server.cc:179] TabletServer@127.16.94.195:0 shutting down...
I20260608 12:57:39.773451 16763 ts_tablet_manager.cc:1507] Shutting down tablet manager...
I20260608 12:57:39.774312 16763 tablet_replica.cc:333] T 6e2d113f44bc47f693c18f86f0014ba8 P f1ed7b0c0bb5423486965e3f72705a67: stopping tablet replica
I20260608 12:57:39.775035 16763 raft_consensus.cc:2243] T 6e2d113f44bc47f693c18f86f0014ba8 P f1ed7b0c0bb5423486965e3f72705a67 [term 1 FOLLOWER]: Raft consensus shutting down.
I20260608 12:57:39.775945 16763 raft_consensus.cc:2272] T 6e2d113f44bc47f693c18f86f0014ba8 P f1ed7b0c0bb5423486965e3f72705a67 [term 1 FOLLOWER]: Raft consensus is shut down!
I20260608 12:57:39.778208 16763 tablet_replica.cc:333] T b308378481924831bf716b7d84246776 P f1ed7b0c0bb5423486965e3f72705a67: stopping tablet replica
I20260608 12:57:39.778774 16763 raft_consensus.cc:2243] T b308378481924831bf716b7d84246776 P f1ed7b0c0bb5423486965e3f72705a67 [term 1 LEADER]: Raft consensus shutting down.
I20260608 12:57:39.779620 16763 raft_consensus.cc:2272] T b308378481924831bf716b7d84246776 P f1ed7b0c0bb5423486965e3f72705a67 [term 1 FOLLOWER]: Raft consensus is shut down!
I20260608 12:57:39.801030 16763 tablet_server.cc:196] TabletServer@127.16.94.195:0 shutdown complete.
I20260608 12:57:39.813618 16763 tablet_server.cc:179] TabletServer@127.16.94.196:0 shutting down...
I20260608 12:57:39.840732 16763 ts_tablet_manager.cc:1507] Shutting down tablet manager...
I20260608 12:57:39.841475 16763 tablet_replica.cc:333] T 6e2d113f44bc47f693c18f86f0014ba8 P 0a49729234104cb5b083701d9dc54832: stopping tablet replica
I20260608 12:57:39.841952 16763 raft_consensus.cc:2243] T 6e2d113f44bc47f693c18f86f0014ba8 P 0a49729234104cb5b083701d9dc54832 [term 1 FOLLOWER]: Raft consensus shutting down.
I20260608 12:57:39.842653 16763 raft_consensus.cc:2272] T 6e2d113f44bc47f693c18f86f0014ba8 P 0a49729234104cb5b083701d9dc54832 [term 1 FOLLOWER]: Raft consensus is shut down!
I20260608 12:57:39.861900 16763 tablet_server.cc:196] TabletServer@127.16.94.196:0 shutdown complete.
