I20260608 12:57:12.524451 30336 ts_tablet_manager.cc:1434] T 99fa4847e0d9494881f9bbbf6e0a4444 P b39c51e0abcc487baa7a4511d56de4f8: Time spent starting tablet: real 0.024s	user 0.011s	sys 0.012s
I20260608 12:57:12.524997 30335 leader_election.cc:290] T 47ba9cb588f54983b2179fe27b82b6de P 7c5498d70a6b4283808c69b4e9765b12 [CANDIDATE]: Term 1 election: Requested vote from peers 
I20260608 12:57:12.525589 30343 raft_consensus.cc:2804] T 47ba9cb588f54983b2179fe27b82b6de P 7c5498d70a6b4283808c69b4e9765b12 [term 1 FOLLOWER]: Leader election won for term 1
I20260608 12:57:12.525802 30341 raft_consensus.cc:697] T 99fa4847e0d9494881f9bbbf6e0a4444 P b39c51e0abcc487baa7a4511d56de4f8 [term 1 LEADER]: Becoming Leader. State: Replica: b39c51e0abcc487baa7a4511d56de4f8, State: Running, Role: LEADER
I20260608 12:57:12.524479 30337 raft_consensus.cc:493] T 541ffd4a15c04600877e36d9b0311775 P e18ebb1a40ad487cbe548ef68c365799 [term 0 FOLLOWER]: Starting leader election (initial election of a single-replica configuration)
I20260608 12:57:12.527623 30337 raft_consensus.cc:3060] T 541ffd4a15c04600877e36d9b0311775 P e18ebb1a40ad487cbe548ef68c365799 [term 0 FOLLOWER]: Advancing to term 1
I20260608 12:57:12.527791 30341 consensus_queue.cc:237] T 99fa4847e0d9494881f9bbbf6e0a4444 P b39c51e0abcc487baa7a4511d56de4f8 [LEADER]: Queue going to LEADER mode. State: All replicated index: 0, Majority replicated index: 0, Committed index: 0, Last appended: 0.0, Last appended by leader: 0, Current term: 1, Majority size: 1, State: 0, Mode: LEADER, active raft config: opid_index: -1 OBSOLETE_local: true peers { permanent_uuid: "b39c51e0abcc487baa7a4511d56de4f8" member_type: VOTER last_known_addr { host: "127.28.16.194" port: 34015 } }
I20260608 12:57:12.534070 30335 ts_tablet_manager.cc:1434] T 47ba9cb588f54983b2179fe27b82b6de P 7c5498d70a6b4283808c69b4e9765b12: Time spent starting tablet: real 0.037s	user 0.027s	sys 0.009s
I20260608 12:57:12.537228 30337 raft_consensus.cc:515] T 541ffd4a15c04600877e36d9b0311775 P e18ebb1a40ad487cbe548ef68c365799 [term 1 FOLLOWER]: Starting leader election with config: opid_index: -1 OBSOLETE_local: true peers { permanent_uuid: "e18ebb1a40ad487cbe548ef68c365799" member_type: VOTER last_known_addr { host: "127.28.16.193" port: 36489 } }
I20260608 12:57:12.537768 30343 raft_consensus.cc:697] T 47ba9cb588f54983b2179fe27b82b6de P 7c5498d70a6b4283808c69b4e9765b12 [term 1 LEADER]: Becoming Leader. State: Replica: 7c5498d70a6b4283808c69b4e9765b12, State: Running, Role: LEADER
I20260608 12:57:12.538316 30337 leader_election.cc:304] T 541ffd4a15c04600877e36d9b0311775 P e18ebb1a40ad487cbe548ef68c365799 [CANDIDATE]: Term 1 election: Election decided. Result: candidate won. Election summary: received 1 responses out of 1 voters: 1 yes votes; 0 no votes. yes voters: e18ebb1a40ad487cbe548ef68c365799; no voters: 
I20260608 12:57:12.538715 30343 consensus_queue.cc:237] T 47ba9cb588f54983b2179fe27b82b6de P 7c5498d70a6b4283808c69b4e9765b12 [LEADER]: Queue going to LEADER mode. State: All replicated index: 0, Majority replicated index: 0, Committed index: 0, Last appended: 0.0, Last appended by leader: 0, Current term: 1, Majority size: 1, State: 0, Mode: LEADER, active raft config: opid_index: -1 OBSOLETE_local: true peers { permanent_uuid: "7c5498d70a6b4283808c69b4e9765b12" member_type: VOTER last_known_addr { host: "127.28.16.195" port: 35929 } }
I20260608 12:57:12.540968 30348 raft_consensus.cc:2804] T 541ffd4a15c04600877e36d9b0311775 P e18ebb1a40ad487cbe548ef68c365799 [term 1 FOLLOWER]: Leader election won for term 1
I20260608 12:57:12.550575 29982 catalog_manager.cc:5696] T 99fa4847e0d9494881f9bbbf6e0a4444 P b39c51e0abcc487baa7a4511d56de4f8 reported cstate change: term changed from 0 to 1, leader changed from <none> to b39c51e0abcc487baa7a4511d56de4f8 (127.28.16.194). New cstate: current_term: 1 leader_uuid: "b39c51e0abcc487baa7a4511d56de4f8" committed_config { opid_index: -1 OBSOLETE_local: true peers { permanent_uuid: "b39c51e0abcc487baa7a4511d56de4f8" member_type: VOTER last_known_addr { host: "127.28.16.194" port: 34015 } health_report { overall_health: HEALTHY } } }
I20260608 12:57:12.556381 30337 leader_election.cc:290] T 541ffd4a15c04600877e36d9b0311775 P e18ebb1a40ad487cbe548ef68c365799 [CANDIDATE]: Term 1 election: Requested vote from peers 
I20260608 12:57:12.565542 30348 raft_consensus.cc:697] T 541ffd4a15c04600877e36d9b0311775 P e18ebb1a40ad487cbe548ef68c365799 [term 1 LEADER]: Becoming Leader. State: Replica: e18ebb1a40ad487cbe548ef68c365799, State: Running, Role: LEADER
I20260608 12:57:12.566519 30348 consensus_queue.cc:237] T 541ffd4a15c04600877e36d9b0311775 P e18ebb1a40ad487cbe548ef68c365799 [LEADER]: Queue going to LEADER mode. State: All replicated index: 0, Majority replicated index: 0, Committed index: 0, Last appended: 0.0, Last appended by leader: 0, Current term: 1, Majority size: 1, State: 0, Mode: LEADER, active raft config: opid_index: -1 OBSOLETE_local: true peers { permanent_uuid: "e18ebb1a40ad487cbe548ef68c365799" member_type: VOTER last_known_addr { host: "127.28.16.193" port: 36489 } }
I20260608 12:57:12.588245 29981 catalog_manager.cc:5696] T 47ba9cb588f54983b2179fe27b82b6de P 7c5498d70a6b4283808c69b4e9765b12 reported cstate change: term changed from 0 to 1, leader changed from <none> to 7c5498d70a6b4283808c69b4e9765b12 (127.28.16.195). New cstate: current_term: 1 leader_uuid: "7c5498d70a6b4283808c69b4e9765b12" committed_config { opid_index: -1 OBSOLETE_local: true peers { permanent_uuid: "7c5498d70a6b4283808c69b4e9765b12" member_type: VOTER last_known_addr { host: "127.28.16.195" port: 35929 } health_report { overall_health: HEALTHY } } }
I20260608 12:57:12.610970 30337 ts_tablet_manager.cc:1434] T 541ffd4a15c04600877e36d9b0311775 P e18ebb1a40ad487cbe548ef68c365799: Time spent starting tablet: real 0.094s	user 0.019s	sys 0.034s
I20260608 12:57:12.636262 29982 catalog_manager.cc:5696] T 541ffd4a15c04600877e36d9b0311775 P e18ebb1a40ad487cbe548ef68c365799 reported cstate change: term changed from 0 to 1, leader changed from <none> to e18ebb1a40ad487cbe548ef68c365799 (127.28.16.193). New cstate: current_term: 1 leader_uuid: "e18ebb1a40ad487cbe548ef68c365799" committed_config { opid_index: -1 OBSOLETE_local: true peers { permanent_uuid: "e18ebb1a40ad487cbe548ef68c365799" member_type: VOTER last_known_addr { host: "127.28.16.193" port: 36489 } health_report { overall_health: HEALTHY } } }
I20260608 12:57:12.666507 28739 master.cc:562] Master@127.28.16.252:40673 shutting down...
I20260608 12:57:12.689821 28739 raft_consensus.cc:2243] T 00000000000000000000000000000000 P 673296c24b2c48d3bcfc388556cebc5f [term 1 LEADER]: Raft consensus shutting down.
I20260608 12:57:12.690753 28739 raft_consensus.cc:2272] T 00000000000000000000000000000000 P 673296c24b2c48d3bcfc388556cebc5f [term 1 FOLLOWER]: Raft consensus is shut down!
I20260608 12:57:12.691100 28739 tablet_replica.cc:333] T 00000000000000000000000000000000 P 673296c24b2c48d3bcfc388556cebc5f: stopping tablet replica
I20260608 12:57:12.713966 28739 master.cc:584] Master@127.28.16.252:40673 shutdown complete.
W20260608 12:57:13.616755 30223 heartbeater.cc:646] Failed to heartbeat to 127.28.16.252:40673 (0 consecutive failures): Network error: Failed to send heartbeat to master: Client connection negotiation failed: client connection to 127.28.16.252:40673: connect: Connection refused (error 111)
I20260608 12:57:14.150816 30360 raft_consensus.cc:493] T 00000000000000000000000000000000 P a5c4e795c59249789a9aba149b4af979 [term 1 FOLLOWER]: Starting pre-election (detected failure of leader 673296c24b2c48d3bcfc388556cebc5f)
I20260608 12:57:14.151310 30360 raft_consensus.cc:515] T 00000000000000000000000000000000 P a5c4e795c59249789a9aba149b4af979 [term 1 FOLLOWER]: Starting pre-election with config: opid_index: -1 OBSOLETE_local: false peers { permanent_uuid: "01dfae79a0db4cc0a3c79e6cb264bb12" member_type: VOTER last_known_addr { host: "127.28.16.254" port: 37395 } } peers { permanent_uuid: "a5c4e795c59249789a9aba149b4af979" member_type: VOTER last_known_addr { host: "127.28.16.253" port: 39613 } } peers { permanent_uuid: "673296c24b2c48d3bcfc388556cebc5f" member_type: VOTER last_known_addr { host: "127.28.16.252" port: 40673 } }
I20260608 12:57:14.153218 30360 leader_election.cc:290] T 00000000000000000000000000000000 P a5c4e795c59249789a9aba149b4af979 [CANDIDATE]: Term 2 pre-election: Requested pre-vote from peers 01dfae79a0db4cc0a3c79e6cb264bb12 (127.28.16.254:37395), 673296c24b2c48d3bcfc388556cebc5f (127.28.16.252:40673)
I20260608 12:57:14.154189 29861 tablet_service.cc:1917] Received RequestConsensusVote() RPC: tablet_id: "00000000000000000000000000000000" candidate_uuid: "a5c4e795c59249789a9aba149b4af979" candidate_term: 2 candidate_status { last_received { term: 1 index: 9 } } ignore_live_leader: false dest_uuid: "01dfae79a0db4cc0a3c79e6cb264bb12" is_pre_election: true
I20260608 12:57:14.155016 29861 raft_consensus.cc:2468] T 00000000000000000000000000000000 P 01dfae79a0db4cc0a3c79e6cb264bb12 [term 1 FOLLOWER]: Leader pre-election vote request: Granting yes vote for candidate a5c4e795c59249789a9aba149b4af979 in term 1.
I20260608 12:57:14.155530 30361 raft_consensus.cc:493] T 00000000000000000000000000000000 P 01dfae79a0db4cc0a3c79e6cb264bb12 [term 1 FOLLOWER]: Starting pre-election (detected failure of leader 673296c24b2c48d3bcfc388556cebc5f)
I20260608 12:57:14.156090 30361 raft_consensus.cc:515] T 00000000000000000000000000000000 P 01dfae79a0db4cc0a3c79e6cb264bb12 [term 1 FOLLOWER]: Starting pre-election with config: opid_index: -1 OBSOLETE_local: false peers { permanent_uuid: "01dfae79a0db4cc0a3c79e6cb264bb12" member_type: VOTER last_known_addr { host: "127.28.16.254" port: 37395 } } peers { permanent_uuid: "a5c4e795c59249789a9aba149b4af979" member_type: VOTER last_known_addr { host: "127.28.16.253" port: 39613 } } peers { permanent_uuid: "673296c24b2c48d3bcfc388556cebc5f" member_type: VOTER last_known_addr { host: "127.28.16.252" port: 40673 } }
I20260608 12:57:14.156553 29903 leader_election.cc:304] T 00000000000000000000000000000000 P a5c4e795c59249789a9aba149b4af979 [CANDIDATE]: Term 2 pre-election: Election decided. Result: candidate won. Election summary: received 2 responses out of 3 voters: 2 yes votes; 0 no votes. yes voters: 01dfae79a0db4cc0a3c79e6cb264bb12, a5c4e795c59249789a9aba149b4af979; no voters: 
W20260608 12:57:14.156951 29902 proxy.cc:239] Call had error, refreshing address and retrying: Network error: Client connection negotiation failed: client connection to 127.28.16.252:40673: connect: Connection refused (error 111) [suppressed 10 similar messages]
I20260608 12:57:14.157542 30360 raft_consensus.cc:2804] T 00000000000000000000000000000000 P a5c4e795c59249789a9aba149b4af979 [term 1 FOLLOWER]: Leader pre-election won for term 2
I20260608 12:57:14.157876 30360 raft_consensus.cc:493] T 00000000000000000000000000000000 P a5c4e795c59249789a9aba149b4af979 [term 1 FOLLOWER]: Starting leader election (detected failure of leader 673296c24b2c48d3bcfc388556cebc5f)
I20260608 12:57:14.158193 30360 raft_consensus.cc:3060] T 00000000000000000000000000000000 P a5c4e795c59249789a9aba149b4af979 [term 1 FOLLOWER]: Advancing to term 2
I20260608 12:57:14.158537 30361 leader_election.cc:290] T 00000000000000000000000000000000 P 01dfae79a0db4cc0a3c79e6cb264bb12 [CANDIDATE]: Term 2 pre-election: Requested pre-vote from peers a5c4e795c59249789a9aba149b4af979 (127.28.16.253:39613), 673296c24b2c48d3bcfc388556cebc5f (127.28.16.252:40673)
I20260608 12:57:14.160483 29927 tablet_service.cc:1917] Received RequestConsensusVote() RPC: tablet_id: "00000000000000000000000000000000" candidate_uuid: "01dfae79a0db4cc0a3c79e6cb264bb12" candidate_term: 2 candidate_status { last_received { term: 1 index: 9 } } ignore_live_leader: false dest_uuid: "a5c4e795c59249789a9aba149b4af979" is_pre_election: true
W20260608 12:57:14.161906 29902 leader_election.cc:336] T 00000000000000000000000000000000 P a5c4e795c59249789a9aba149b4af979 [CANDIDATE]: Term 2 pre-election: RPC error from VoteRequest() call to peer 673296c24b2c48d3bcfc388556cebc5f (127.28.16.252:40673): Network error: Client connection negotiation failed: client connection to 127.28.16.252:40673: connect: Connection refused (error 111)
I20260608 12:57:14.165331 30360 raft_consensus.cc:515] T 00000000000000000000000000000000 P a5c4e795c59249789a9aba149b4af979 [term 2 FOLLOWER]: Starting leader election with config: opid_index: -1 OBSOLETE_local: false peers { permanent_uuid: "01dfae79a0db4cc0a3c79e6cb264bb12" member_type: VOTER last_known_addr { host: "127.28.16.254" port: 37395 } } peers { permanent_uuid: "a5c4e795c59249789a9aba149b4af979" member_type: VOTER last_known_addr { host: "127.28.16.253" port: 39613 } } peers { permanent_uuid: "673296c24b2c48d3bcfc388556cebc5f" member_type: VOTER last_known_addr { host: "127.28.16.252" port: 40673 } }
I20260608 12:57:14.166376 29927 raft_consensus.cc:2393] T 00000000000000000000000000000000 P a5c4e795c59249789a9aba149b4af979 [term 2 FOLLOWER]: Leader pre-election vote request: Denying vote to candidate 01dfae79a0db4cc0a3c79e6cb264bb12 in current term 2: Already voted for candidate a5c4e795c59249789a9aba149b4af979 in this term.
W20260608 12:57:14.166836 29837 leader_election.cc:336] T 00000000000000000000000000000000 P 01dfae79a0db4cc0a3c79e6cb264bb12 [CANDIDATE]: Term 2 pre-election: RPC error from VoteRequest() call to peer 673296c24b2c48d3bcfc388556cebc5f (127.28.16.252:40673): Network error: Client connection negotiation failed: client connection to 127.28.16.252:40673: connect: Connection refused (error 111)
I20260608 12:57:14.168076 30360 leader_election.cc:290] T 00000000000000000000000000000000 P a5c4e795c59249789a9aba149b4af979 [CANDIDATE]: Term 2 election: Requested vote from peers 01dfae79a0db4cc0a3c79e6cb264bb12 (127.28.16.254:37395), 673296c24b2c48d3bcfc388556cebc5f (127.28.16.252:40673)
I20260608 12:57:14.168251 29861 tablet_service.cc:1917] Received RequestConsensusVote() RPC: tablet_id: "00000000000000000000000000000000" candidate_uuid: "a5c4e795c59249789a9aba149b4af979" candidate_term: 2 candidate_status { last_received { term: 1 index: 9 } } ignore_live_leader: false dest_uuid: "01dfae79a0db4cc0a3c79e6cb264bb12"
I20260608 12:57:14.168809 29861 raft_consensus.cc:3060] T 00000000000000000000000000000000 P 01dfae79a0db4cc0a3c79e6cb264bb12 [term 1 FOLLOWER]: Advancing to term 2
I20260608 12:57:14.169902 29837 leader_election.cc:304] T 00000000000000000000000000000000 P 01dfae79a0db4cc0a3c79e6cb264bb12 [CANDIDATE]: Term 2 pre-election: Election decided. Result: candidate lost. Election summary: received 3 responses out of 3 voters: 1 yes votes; 2 no votes. yes voters: 01dfae79a0db4cc0a3c79e6cb264bb12; no voters: 673296c24b2c48d3bcfc388556cebc5f, a5c4e795c59249789a9aba149b4af979
W20260608 12:57:14.172115 29902 leader_election.cc:336] T 00000000000000000000000000000000 P a5c4e795c59249789a9aba149b4af979 [CANDIDATE]: Term 2 election: RPC error from VoteRequest() call to peer 673296c24b2c48d3bcfc388556cebc5f (127.28.16.252:40673): Network error: Client connection negotiation failed: client connection to 127.28.16.252:40673: connect: Connection refused (error 111)
I20260608 12:57:14.174441 29861 raft_consensus.cc:2468] T 00000000000000000000000000000000 P 01dfae79a0db4cc0a3c79e6cb264bb12 [term 2 FOLLOWER]: Leader election vote request: Granting yes vote for candidate a5c4e795c59249789a9aba149b4af979 in term 2.
I20260608 12:57:14.174883 30361 raft_consensus.cc:2749] T 00000000000000000000000000000000 P 01dfae79a0db4cc0a3c79e6cb264bb12 [term 2 FOLLOWER]: Leader pre-election lost for term 2. Reason: could not achieve majority
I20260608 12:57:14.175472 29903 leader_election.cc:304] T 00000000000000000000000000000000 P a5c4e795c59249789a9aba149b4af979 [CANDIDATE]: Term 2 election: Election decided. Result: candidate won. Election summary: received 3 responses out of 3 voters: 2 yes votes; 1 no votes. yes voters: 01dfae79a0db4cc0a3c79e6cb264bb12, a5c4e795c59249789a9aba149b4af979; no voters: 673296c24b2c48d3bcfc388556cebc5f
I20260608 12:57:14.176270 30360 raft_consensus.cc:2804] T 00000000000000000000000000000000 P a5c4e795c59249789a9aba149b4af979 [term 2 FOLLOWER]: Leader election won for term 2
I20260608 12:57:14.177670 30360 raft_consensus.cc:697] T 00000000000000000000000000000000 P a5c4e795c59249789a9aba149b4af979 [term 2 LEADER]: Becoming Leader. State: Replica: a5c4e795c59249789a9aba149b4af979, State: Running, Role: LEADER
I20260608 12:57:14.178406 30360 consensus_queue.cc:237] T 00000000000000000000000000000000 P a5c4e795c59249789a9aba149b4af979 [LEADER]: Queue going to LEADER mode. State: All replicated index: 0, Majority replicated index: 9, Committed index: 9, Last appended: 1.9, Last appended by leader: 9, Current term: 2, Majority size: 2, State: 0, Mode: LEADER, active raft config: opid_index: -1 OBSOLETE_local: false peers { permanent_uuid: "01dfae79a0db4cc0a3c79e6cb264bb12" member_type: VOTER last_known_addr { host: "127.28.16.254" port: 37395 } } peers { permanent_uuid: "a5c4e795c59249789a9aba149b4af979" member_type: VOTER last_known_addr { host: "127.28.16.253" port: 39613 } } peers { permanent_uuid: "673296c24b2c48d3bcfc388556cebc5f" member_type: VOTER last_known_addr { host: "127.28.16.252" port: 40673 } }
I20260608 12:57:14.182269 30366 sys_catalog.cc:455] T 00000000000000000000000000000000 P a5c4e795c59249789a9aba149b4af979 [sys.catalog]: SysCatalogTable state changed. Reason: New leader a5c4e795c59249789a9aba149b4af979. Latest consensus state: current_term: 2 leader_uuid: "a5c4e795c59249789a9aba149b4af979" committed_config { opid_index: -1 OBSOLETE_local: false peers { permanent_uuid: "01dfae79a0db4cc0a3c79e6cb264bb12" member_type: VOTER last_known_addr { host: "127.28.16.254" port: 37395 } } peers { permanent_uuid: "a5c4e795c59249789a9aba149b4af979" member_type: VOTER last_known_addr { host: "127.28.16.253" port: 39613 } } peers { permanent_uuid: "673296c24b2c48d3bcfc388556cebc5f" member_type: VOTER last_known_addr { host: "127.28.16.252" port: 40673 } } }
I20260608 12:57:14.182864 30366 sys_catalog.cc:458] T 00000000000000000000000000000000 P a5c4e795c59249789a9aba149b4af979 [sys.catalog]: This master's current role is: LEADER
I20260608 12:57:14.184329 30368 catalog_manager.cc:1510] Loading table and tablet metadata into memory...
I20260608 12:57:14.189776 30368 catalog_manager.cc:679] Loaded metadata for table test-workload [id=405ecb633f4044afb864c53a8049f961]
I20260608 12:57:14.194753 30368 tablet_loader.cc:96] loaded metadata for tablet 47ba9cb588f54983b2179fe27b82b6de (table test-workload [id=405ecb633f4044afb864c53a8049f961])
I20260608 12:57:14.195864 30368 tablet_loader.cc:96] loaded metadata for tablet 541ffd4a15c04600877e36d9b0311775 (table test-workload [id=405ecb633f4044afb864c53a8049f961])
I20260608 12:57:14.196825 30368 tablet_loader.cc:96] loaded metadata for tablet 99fa4847e0d9494881f9bbbf6e0a4444 (table test-workload [id=405ecb633f4044afb864c53a8049f961])
I20260608 12:57:14.198027 30368 catalog_manager.cc:1519] Initializing Kudu cluster ID...
I20260608 12:57:14.201083 30368 catalog_manager.cc:1294] Loaded cluster ID: c4fd781cdb524603b7eec069904d866e
I20260608 12:57:14.201289 30368 catalog_manager.cc:1530] Initializing Kudu internal certificate authority...
I20260608 12:57:14.204939 30368 catalog_manager.cc:1539] Loading token signing keys...
I20260608 12:57:14.208168 30368 catalog_manager.cc:6080] T 00000000000000000000000000000000 P a5c4e795c59249789a9aba149b4af979: Loaded TSK: 0
I20260608 12:57:14.209041 30368 catalog_manager.cc:1549] Initializing in-progress tserver states...
I20260608 12:57:14.246688 30058 auto_leader_rebalancer.cc:140] leader rebalance for table test-workload
I20260608 12:57:14.246690 28739 tablet_server.cc:179] TabletServer@127.28.16.193:0 shutting down...
I20260608 12:57:14.247092 30058 auto_leader_rebalancer.cc:451] All tables' leader rebalancing finished this round
I20260608 12:57:14.275827 28739 ts_tablet_manager.cc:1507] Shutting down tablet manager...
I20260608 12:57:14.276768 28739 tablet_replica.cc:333] T 541ffd4a15c04600877e36d9b0311775 P e18ebb1a40ad487cbe548ef68c365799: stopping tablet replica
I20260608 12:57:14.277462 28739 raft_consensus.cc:2243] T 541ffd4a15c04600877e36d9b0311775 P e18ebb1a40ad487cbe548ef68c365799 [term 1 LEADER]: Raft consensus shutting down.
I20260608 12:57:14.277962 28739 raft_consensus.cc:2272] T 541ffd4a15c04600877e36d9b0311775 P e18ebb1a40ad487cbe548ef68c365799 [term 1 FOLLOWER]: Raft consensus is shut down!
I20260608 12:57:14.296622 28739 tablet_server.cc:196] TabletServer@127.28.16.193:0 shutdown complete.
I20260608 12:57:14.306067 28739 tablet_server.cc:179] TabletServer@127.28.16.194:0 shutting down...
I20260608 12:57:14.324958 28739 ts_tablet_manager.cc:1507] Shutting down tablet manager...
I20260608 12:57:14.325631 28739 tablet_replica.cc:333] T 99fa4847e0d9494881f9bbbf6e0a4444 P b39c51e0abcc487baa7a4511d56de4f8: stopping tablet replica
I20260608 12:57:14.326162 28739 raft_consensus.cc:2243] T 99fa4847e0d9494881f9bbbf6e0a4444 P b39c51e0abcc487baa7a4511d56de4f8 [term 1 LEADER]: Raft consensus shutting down.
I20260608 12:57:14.326558 28739 raft_consensus.cc:2272] T 99fa4847e0d9494881f9bbbf6e0a4444 P b39c51e0abcc487baa7a4511d56de4f8 [term 1 FOLLOWER]: Raft consensus is shut down!
I20260608 12:57:14.344672 28739 tablet_server.cc:196] TabletServer@127.28.16.194:0 shutdown complete.
I20260608 12:57:14.353101 28739 tablet_server.cc:179] TabletServer@127.28.16.195:0 shutting down...
I20260608 12:57:14.372278 28739 ts_tablet_manager.cc:1507] Shutting down tablet manager...
I20260608 12:57:14.372996 28739 tablet_replica.cc:333] T 47ba9cb588f54983b2179fe27b82b6de P 7c5498d70a6b4283808c69b4e9765b12: stopping tablet replica
I20260608 12:57:14.373561 28739 raft_consensus.cc:2243] T 47ba9cb588f54983b2179fe27b82b6de P 7c5498d70a6b4283808c69b4e9765b12 [term 1 LEADER]: Raft consensus shutting down.
I20260608 12:57:14.374027 28739 raft_consensus.cc:2272] T 47ba9cb588f54983b2179fe27b82b6de P 7c5498d70a6b4283808c69b4e9765b12 [term 1 FOLLOWER]: Raft consensus is shut down!
I20260608 12:57:14.391930 28739 tablet_server.cc:196] TabletServer@127.28.16.195:0 shutdown complete.
I20260608 12:57:14.400719 28739 master.cc:562] Master@127.28.16.254:37395 shutting down...
I20260608 12:57:14.422412 28739 raft_consensus.cc:2243] T 00000000000000000000000000000000 P 01dfae79a0db4cc0a3c79e6cb264bb12 [term 2 FOLLOWER]: Raft consensus shutting down.
I20260608 12:57:14.422979 28739 raft_consensus.cc:2272] T 00000000000000000000000000000000 P 01dfae79a0db4cc0a3c79e6cb264bb12 [term 2 FOLLOWER]: Raft consensus is shut down!
I20260608 12:57:14.423337 28739 tablet_replica.cc:333] T 00000000000000000000000000000000 P 01dfae79a0db4cc0a3c79e6cb264bb12: stopping tablet replica
I20260608 12:57:14.442481 28739 master.cc:584] Master@127.28.16.254:37395 shutdown complete.
I20260608 12:57:14.455719 28739 master.cc:562] Master@127.28.16.253:39613 shutting down...
I20260608 12:57:14.473030 28739 raft_consensus.cc:2243] T 00000000000000000000000000000000 P a5c4e795c59249789a9aba149b4af979 [term 2 LEADER]: Raft consensus shutting down.
I20260608 12:57:14.473726 28739 pending_rounds.cc:70] T 00000000000000000000000000000000 P a5c4e795c59249789a9aba149b4af979: Trying to abort 1 pending ops.
I20260608 12:57:14.474020 28739 pending_rounds.cc:77] T 00000000000000000000000000000000 P a5c4e795c59249789a9aba149b4af979: Aborting op as it isn't in flight: id { term: 2 index: 10 } timestamp: 7294662386402312192 op_type: NO_OP noop_request { }
I20260608 12:57:14.474349 28739 raft_consensus.cc:2889] T 00000000000000000000000000000000 P a5c4e795c59249789a9aba149b4af979 [term 2 LEADER]: NO_OP replication failed: Aborted: Op aborted
I20260608 12:57:14.474644 28739 raft_consensus.cc:2272] T 00000000000000000000000000000000 P a5c4e795c59249789a9aba149b4af979 [term 2 FOLLOWER]: Raft consensus is shut down!
I20260608 12:57:14.475040 28739 tablet_replica.cc:333] T 00000000000000000000000000000000 P a5c4e795c59249789a9aba149b4af979: stopping tablet replica
I20260608 12:57:14.494148 28739 master.cc:584] Master@127.28.16.253:39613 shutdown complete.
[       OK ] AutoRebalancerTest.NextLeaderResumesAutoRebalancing (4692 ms)
[ RUN      ] AutoRebalancerTest.MovesScheduledIfAddTserver
I20260608 12:57:14.525122 28739 internal_mini_cluster.cc:156] Creating distributed mini masters. Addrs: 127.28.16.254:41253
I20260608 12:57:14.526265 28739 file_cache.cc:492] Constructed file cache file cache with capacity 419430
W20260608 12:57:14.531091 30369 instance_detector.cc:116] could not retrieve AWS instance metadata: Network error: curl error: HTTP response code said error: The requested URL returned error: 404
W20260608 12:57:14.532095 30370 instance_detector.cc:116] could not retrieve Azure instance metadata: Network error: curl error: HTTP response code said error: The requested URL returned error: 404
I20260608 12:57:14.538779 28739 server_base.cc:1061] running on GCE node
W20260608 12:57:14.539152 30372 instance_detector.cc:116] could not retrieve OpenStack instance metadata: Network error: curl error: HTTP response code said error: The requested URL returned error: 404
I20260608 12:57:14.539960 28739 hybrid_clock.cc:584] initializing the hybrid clock with 'system_unsync' time source
W20260608 12:57:14.540169 28739 system_unsync_time.cc:38] NTP support is disabled. Clock error bounds will not be accurate. This configuration is not suitable for distributed clusters.
I20260608 12:57:14.540336 28739 hybrid_clock.cc:648] HybridClock initialized: now 1780923434540302 us; error 0 us; skew 500 ppm
I20260608 12:57:14.541028 28739 server_base.cc:861] Flag tcmalloc_max_total_thread_cache_bytes is not working since tcmalloc is not enabled.
I20260608 12:57:14.543316 28739 webserver.cc:533] Webserver started at http://127.28.16.254:38119/ using document root <none> and password file <none>
I20260608 12:57:14.543845 28739 fs_manager.cc:362] Metadata directory not provided
I20260608 12:57:14.544045 28739 fs_manager.cc:368] Using write-ahead log directory (fs_wal_dir) as metadata directory
I20260608 12:57:14.544332 28739 server_base.cc:909] This appears to be a new deployment of Kudu; creating new FS layout
I20260608 12:57:14.545567 28739 fs_manager.cc:1068] Generated new instance metadata in path /tmp/dist-test-taskfNql5J/test-tmp/auto_rebalancer-test.0.AutoRebalancerTest.MovesScheduledIfAddTserver.1780923410181668-28739-0/minicluster-data/master-0-root/instance:
uuid: "90a0f2c495044a3e84e35dcfd40c89cc"
format_stamp: "Formatted at 2026-06-08 12:57:14 on dist-test-slave-9zcl"
I20260608 12:57:14.550100 28739 fs_manager.cc:696] Time spent creating directory manager: real 0.004s	user 0.004s	sys 0.000s
I20260608 12:57:14.553587 30377 log_block_manager.cc:4031] Time spent loading block containers with low live blocks: real 0.000s	user 0.000s	sys 0.000s
I20260608 12:57:14.554297 28739 fs_manager.cc:730] Time spent opening block manager: real 0.002s	user 0.002s	sys 0.001s
I20260608 12:57:14.554626 28739 fs_manager.cc:647] Opened local filesystem: /tmp/dist-test-taskfNql5J/test-tmp/auto_rebalancer-test.0.AutoRebalancerTest.MovesScheduledIfAddTserver.1780923410181668-28739-0/minicluster-data/master-0-root
uuid: "90a0f2c495044a3e84e35dcfd40c89cc"
format_stamp: "Formatted at 2026-06-08 12:57:14 on dist-test-slave-9zcl"
I20260608 12:57:14.555016 28739 fs_report.cc:389] FS layout report
--------------------
wal directory: /tmp/dist-test-taskfNql5J/test-tmp/auto_rebalancer-test.0.AutoRebalancerTest.MovesScheduledIfAddTserver.1780923410181668-28739-0/minicluster-data/master-0-root
metadata directory: /tmp/dist-test-taskfNql5J/test-tmp/auto_rebalancer-test.0.AutoRebalancerTest.MovesScheduledIfAddTserver.1780923410181668-28739-0/minicluster-data/master-0-root
1 data directories: /tmp/dist-test-taskfNql5J/test-tmp/auto_rebalancer-test.0.AutoRebalancerTest.MovesScheduledIfAddTserver.1780923410181668-28739-0/minicluster-data/master-0-root/data
Total live blocks: 0
Total live bytes: 0
Total live bytes (after alignment): 0
Total number of LBM containers: 0 (0 full)
Did not check for missing blocks
Did not check for orphaned blocks
Total full LBM containers with extra space: 0 (0 repaired)
Total full LBM container extra space in bytes: 0 (0 repaired)
Total incomplete LBM containers: 0 (0 repaired)
Total LBM partial records: 0 (0 repaired)
Total corrupted LBM metadata records in RocksDB: 0 (0 repaired)
I20260608 12:57:14.572374 28739 rpc_server.cc:225] running with OpenSSL 1.1.1  11 Sep 2018
I20260608 12:57:14.573637 28739 kserver.cc:163] Server-wide thread pool size limit: 3276
I20260608 12:57:14.611528 28739 rpc_server.cc:307] RPC server started. Bound to: 127.28.16.254:41253
I20260608 12:57:14.611660 30428 acceptor_pool.cc:272] collecting diagnostics on the listening RPC socket 127.28.16.254:41253 every 8 connection(s)
I20260608 12:57:14.615577 30429 data_dirs.cc:400] Could only allocate 1 dirs of requested 3 for tablet 00000000000000000000000000000000. 1 dirs total, 0 dirs full, 0 dirs failed
I20260608 12:57:14.625486 30429 tablet_bootstrap.cc:492] T 00000000000000000000000000000000 P 90a0f2c495044a3e84e35dcfd40c89cc: Bootstrap starting.
I20260608 12:57:14.630172 30429 tablet_bootstrap.cc:654] T 00000000000000000000000000000000 P 90a0f2c495044a3e84e35dcfd40c89cc: Neither blocks nor log segments found. Creating new log.
I20260608 12:57:14.634236 30429 tablet_bootstrap.cc:492] T 00000000000000000000000000000000 P 90a0f2c495044a3e84e35dcfd40c89cc: No bootstrap required, opened a new log
I20260608 12:57:14.636271 30429 raft_consensus.cc:359] T 00000000000000000000000000000000 P 90a0f2c495044a3e84e35dcfd40c89cc [term 0 FOLLOWER]: Replica starting. Triggering 0 pending ops. Active config: opid_index: -1 OBSOLETE_local: true peers { permanent_uuid: "90a0f2c495044a3e84e35dcfd40c89cc" member_type: VOTER }
I20260608 12:57:14.636652 30429 raft_consensus.cc:385] T 00000000000000000000000000000000 P 90a0f2c495044a3e84e35dcfd40c89cc [term 0 FOLLOWER]: Consensus starting up: Expiring failure detector timer to make a prompt election more likely
I20260608 12:57:14.636838 30429 raft_consensus.cc:740] T 00000000000000000000000000000000 P 90a0f2c495044a3e84e35dcfd40c89cc [term 0 FOLLOWER]: Becoming Follower/Learner. State: Replica: 90a0f2c495044a3e84e35dcfd40c89cc, State: Initialized, Role: FOLLOWER
I20260608 12:57:14.637447 30429 consensus_queue.cc:260] T 00000000000000000000000000000000 P 90a0f2c495044a3e84e35dcfd40c89cc [NON_LEADER]: Queue going to NON_LEADER mode. State: All replicated index: 0, Majority replicated index: 0, Committed index: 0, Last appended: 0.0, Last appended by leader: 0, Current term: 0, Majority size: -1, State: 0, Mode: NON_LEADER, active raft config: opid_index: -1 OBSOLETE_local: true peers { permanent_uuid: "90a0f2c495044a3e84e35dcfd40c89cc" member_type: VOTER }
I20260608 12:57:14.637872 30429 raft_consensus.cc:399] T 00000000000000000000000000000000 P 90a0f2c495044a3e84e35dcfd40c89cc [term 0 FOLLOWER]: Only one voter in the Raft config. Triggering election immediately
I20260608 12:57:14.638059 30429 raft_consensus.cc:493] T 00000000000000000000000000000000 P 90a0f2c495044a3e84e35dcfd40c89cc [term 0 FOLLOWER]: Starting leader election (initial election of a single-replica configuration)
I20260608 12:57:14.638271 30429 raft_consensus.cc:3060] T 00000000000000000000000000000000 P 90a0f2c495044a3e84e35dcfd40c89cc [term 0 FOLLOWER]: Advancing to term 1
I20260608 12:57:14.642508 30429 raft_consensus.cc:515] T 00000000000000000000000000000000 P 90a0f2c495044a3e84e35dcfd40c89cc [term 1 FOLLOWER]: Starting leader election with config: opid_index: -1 OBSOLETE_local: true peers { permanent_uuid: "90a0f2c495044a3e84e35dcfd40c89cc" member_type: VOTER }
I20260608 12:57:14.642995 30429 leader_election.cc:304] T 00000000000000000000000000000000 P 90a0f2c495044a3e84e35dcfd40c89cc [CANDIDATE]: Term 1 election: Election decided. Result: candidate won. Election summary: received 1 responses out of 1 voters: 1 yes votes; 0 no votes. yes voters: 90a0f2c495044a3e84e35dcfd40c89cc; no voters: 
I20260608 12:57:14.644133 30429 leader_election.cc:290] T 00000000000000000000000000000000 P 90a0f2c495044a3e84e35dcfd40c89cc [CANDIDATE]: Term 1 election: Requested vote from peers 
I20260608 12:57:14.644580 30432 raft_consensus.cc:2804] T 00000000000000000000000000000000 P 90a0f2c495044a3e84e35dcfd40c89cc [term 1 FOLLOWER]: Leader election won for term 1
I20260608 12:57:14.646076 30432 raft_consensus.cc:697] T 00000000000000000000000000000000 P 90a0f2c495044a3e84e35dcfd40c89cc [term 1 LEADER]: Becoming Leader. State: Replica: 90a0f2c495044a3e84e35dcfd40c89cc, State: Running, Role: LEADER
I20260608 12:57:14.646685 30432 consensus_queue.cc:237] T 00000000000000000000000000000000 P 90a0f2c495044a3e84e35dcfd40c89cc [LEADER]: Queue going to LEADER mode. State: All replicated index: 0, Majority replicated index: 0, Committed index: 0, Last appended: 0.0, Last appended by leader: 0, Current term: 1, Majority size: 1, State: 0, Mode: LEADER, active raft config: opid_index: -1 OBSOLETE_local: true peers { permanent_uuid: "90a0f2c495044a3e84e35dcfd40c89cc" member_type: VOTER }
I20260608 12:57:14.647190 30429 sys_catalog.cc:565] T 00000000000000000000000000000000 P 90a0f2c495044a3e84e35dcfd40c89cc [sys.catalog]: configured and running, proceeding with master startup.
I20260608 12:57:14.649591 30434 sys_catalog.cc:455] T 00000000000000000000000000000000 P 90a0f2c495044a3e84e35dcfd40c89cc [sys.catalog]: SysCatalogTable state changed. Reason: New leader 90a0f2c495044a3e84e35dcfd40c89cc. Latest consensus state: current_term: 1 leader_uuid: "90a0f2c495044a3e84e35dcfd40c89cc" committed_config { opid_index: -1 OBSOLETE_local: true peers { permanent_uuid: "90a0f2c495044a3e84e35dcfd40c89cc" member_type: VOTER } }
I20260608 12:57:14.649688 30433 sys_catalog.cc:455] T 00000000000000000000000000000000 P 90a0f2c495044a3e84e35dcfd40c89cc [sys.catalog]: SysCatalogTable state changed. Reason: RaftConsensus started. Latest consensus state: current_term: 1 leader_uuid: "90a0f2c495044a3e84e35dcfd40c89cc" committed_config { opid_index: -1 OBSOLETE_local: true peers { permanent_uuid: "90a0f2c495044a3e84e35dcfd40c89cc" member_type: VOTER } }
I20260608 12:57:14.650271 30434 sys_catalog.cc:458] T 00000000000000000000000000000000 P 90a0f2c495044a3e84e35dcfd40c89cc [sys.catalog]: This master's current role is: LEADER
I20260608 12:57:14.650348 30433 sys_catalog.cc:458] T 00000000000000000000000000000000 P 90a0f2c495044a3e84e35dcfd40c89cc [sys.catalog]: This master's current role is: LEADER
I20260608 12:57:14.653167 30437 catalog_manager.cc:1510] Loading table and tablet metadata into memory...
I20260608 12:57:14.661556 30437 catalog_manager.cc:1519] Initializing Kudu cluster ID...
I20260608 12:57:14.662484 28739 internal_mini_cluster.cc:184] Waiting to initialize catalog manager on master 0
I20260608 12:57:14.670743 30437 catalog_manager.cc:1382] Generated new cluster ID: f0506ecae00445c4ac6d294e329aa2b9
I20260608 12:57:14.671018 30437 catalog_manager.cc:1530] Initializing Kudu internal certificate authority...
I20260608 12:57:14.702061 30437 catalog_manager.cc:1405] Generated new certificate authority record
I20260608 12:57:14.703344 30437 catalog_manager.cc:1539] Loading token signing keys...
I20260608 12:57:14.716471 30437 catalog_manager.cc:6069] T 00000000000000000000000000000000 P 90a0f2c495044a3e84e35dcfd40c89cc: Generated new TSK 0
I20260608 12:57:14.717146 30437 catalog_manager.cc:1549] Initializing in-progress tserver states...
I20260608 12:57:14.728593 28739 file_cache.cc:492] Constructed file cache file cache with capacity 419430
W20260608 12:57:14.735857 30450 instance_detector.cc:116] could not retrieve AWS instance metadata: Network error: curl error: HTTP response code said error: The requested URL returned error: 404
W20260608 12:57:14.737141 30451 instance_detector.cc:116] could not retrieve Azure instance metadata: Network error: curl error: HTTP response code said error: The requested URL returned error: 404
I20260608 12:57:14.741248 28739 server_base.cc:1061] running on GCE node
W20260608 12:57:14.742770 30453 instance_detector.cc:116] could not retrieve OpenStack instance metadata: Network error: curl error: HTTP response code said error: The requested URL returned error: 404
I20260608 12:57:14.743603 28739 hybrid_clock.cc:584] initializing the hybrid clock with 'system_unsync' time source
W20260608 12:57:14.743817 28739 system_unsync_time.cc:38] NTP support is disabled. Clock error bounds will not be accurate. This configuration is not suitable for distributed clusters.
I20260608 12:57:14.744028 28739 hybrid_clock.cc:648] HybridClock initialized: now 1780923434744007 us; error 0 us; skew 500 ppm
I20260608 12:57:14.744623 28739 server_base.cc:861] Flag tcmalloc_max_total_thread_cache_bytes is not working since tcmalloc is not enabled.
I20260608 12:57:14.746981 28739 webserver.cc:533] Webserver started at http://127.28.16.193:42883/ using document root <none> and password file <none>
I20260608 12:57:14.747499 28739 fs_manager.cc:362] Metadata directory not provided
I20260608 12:57:14.747702 28739 fs_manager.cc:368] Using write-ahead log directory (fs_wal_dir) as metadata directory
I20260608 12:57:14.748001 28739 server_base.cc:909] This appears to be a new deployment of Kudu; creating new FS layout
I20260608 12:57:14.749293 28739 fs_manager.cc:1068] Generated new instance metadata in path /tmp/dist-test-taskfNql5J/test-tmp/auto_rebalancer-test.0.AutoRebalancerTest.MovesScheduledIfAddTserver.1780923410181668-28739-0/minicluster-data/ts-0-root/instance:
uuid: "985a3165380248afaa4e24a887065e0b"
format_stamp: "Formatted at 2026-06-08 12:57:14 on dist-test-slave-9zcl"
I20260608 12:57:14.753829 28739 fs_manager.cc:696] Time spent creating directory manager: real 0.004s	user 0.000s	sys 0.004s
I20260608 12:57:14.757655 30458 log_block_manager.cc:4031] Time spent loading block containers with low live blocks: real 0.000s	user 0.000s	sys 0.000s
I20260608 12:57:14.758503 28739 fs_manager.cc:730] Time spent opening block manager: real 0.003s	user 0.003s	sys 0.001s
I20260608 12:57:14.758740 28739 fs_manager.cc:647] Opened local filesystem: /tmp/dist-test-taskfNql5J/test-tmp/auto_rebalancer-test.0.AutoRebalancerTest.MovesScheduledIfAddTserver.1780923410181668-28739-0/minicluster-data/ts-0-root
uuid: "985a3165380248afaa4e24a887065e0b"
format_stamp: "Formatted at 2026-06-08 12:57:14 on dist-test-slave-9zcl"
I20260608 12:57:14.758968 28739 fs_report.cc:389] FS layout report
--------------------
wal directory: /tmp/dist-test-taskfNql5J/test-tmp/auto_rebalancer-test.0.AutoRebalancerTest.MovesScheduledIfAddTserver.1780923410181668-28739-0/minicluster-data/ts-0-root
metadata directory: /tmp/dist-test-taskfNql5J/test-tmp/auto_rebalancer-test.0.AutoRebalancerTest.MovesScheduledIfAddTserver.1780923410181668-28739-0/minicluster-data/ts-0-root
1 data directories: /tmp/dist-test-taskfNql5J/test-tmp/auto_rebalancer-test.0.AutoRebalancerTest.MovesScheduledIfAddTserver.1780923410181668-28739-0/minicluster-data/ts-0-root/data
Total live blocks: 0
Total live bytes: 0
Total live bytes (after alignment): 0
Total number of LBM containers: 0 (0 full)
Did not check for missing blocks
Did not check for orphaned blocks
Total full LBM containers with extra space: 0 (0 repaired)
Total full LBM container extra space in bytes: 0 (0 repaired)
Total incomplete LBM containers: 0 (0 repaired)
Total LBM partial records: 0 (0 repaired)
Total corrupted LBM metadata records in RocksDB: 0 (0 repaired)
I20260608 12:57:14.769698 28739 rpc_server.cc:225] running with OpenSSL 1.1.1  11 Sep 2018
I20260608 12:57:14.770799 28739 kserver.cc:163] Server-wide thread pool size limit: 3276
I20260608 12:57:14.772167 28739 txn_system_client.cc:432] TxnSystemClient initialization is disabled...
I20260608 12:57:14.774500 28739 ts_tablet_manager.cc:585] Loaded tablet metadata (0 total tablets, 0 live tablets)
I20260608 12:57:14.774709 28739 ts_tablet_manager.cc:531] Time spent load tablet metadata: real 0.000s	user 0.000s	sys 0.000s
I20260608 12:57:14.774966 28739 ts_tablet_manager.cc:616] Registered 0 tablets
I20260608 12:57:14.775120 28739 ts_tablet_manager.cc:595] Time spent register tablets: real 0.000s	user 0.000s	sys 0.000s
I20260608 12:57:14.815342 28739 rpc_server.cc:307] RPC server started. Bound to: 127.28.16.193:44647
I20260608 12:57:14.815457 30520 acceptor_pool.cc:272] collecting diagnostics on the listening RPC socket 127.28.16.193:44647 every 8 connection(s)
I20260608 12:57:14.820418 28739 file_cache.cc:492] Constructed file cache file cache with capacity 419430
W20260608 12:57:14.828414 30525 instance_detector.cc:116] could not retrieve AWS instance metadata: Network error: curl error: HTTP response code said error: The requested URL returned error: 404
W20260608 12:57:14.830090 30526 instance_detector.cc:116] could not retrieve Azure instance metadata: Network error: curl error: HTTP response code said error: The requested URL returned error: 404
I20260608 12:57:14.833214 28739 server_base.cc:1061] running on GCE node
W20260608 12:57:14.833616 30528 instance_detector.cc:116] could not retrieve OpenStack instance metadata: Network error: curl error: HTTP response code said error: The requested URL returned error: 404
I20260608 12:57:14.834710 28739 hybrid_clock.cc:584] initializing the hybrid clock with 'system_unsync' time source
W20260608 12:57:14.834986 28739 system_unsync_time.cc:38] NTP support is disabled. Clock error bounds will not be accurate. This configuration is not suitable for distributed clusters.
I20260608 12:57:14.835186 28739 hybrid_clock.cc:648] HybridClock initialized: now 1780923434835170 us; error 0 us; skew 500 ppm
I20260608 12:57:14.835781 28739 server_base.cc:861] Flag tcmalloc_max_total_thread_cache_bytes is not working since tcmalloc is not enabled.
I20260608 12:57:14.835829 30521 heartbeater.cc:344] Connected to a master server at 127.28.16.254:41253
I20260608 12:57:14.836275 30521 heartbeater.cc:461] Registering TS with master...
I20260608 12:57:14.837308 30521 heartbeater.cc:507] Master 127.28.16.254:41253 requested a full tablet report, sending...
I20260608 12:57:14.838487 28739 webserver.cc:533] Webserver started at http://127.28.16.194:44071/ using document root <none> and password file <none>
I20260608 12:57:14.839082 28739 fs_manager.cc:362] Metadata directory not provided
I20260608 12:57:14.839310 28739 fs_manager.cc:368] Using write-ahead log directory (fs_wal_dir) as metadata directory
I20260608 12:57:14.839668 28739 server_base.cc:909] This appears to be a new deployment of Kudu; creating new FS layout
I20260608 12:57:14.839804 30394 ts_manager.cc:194] Registered new tserver with Master: 985a3165380248afaa4e24a887065e0b (127.28.16.193:44647)
I20260608 12:57:14.841358 28739 fs_manager.cc:1068] Generated new instance metadata in path /tmp/dist-test-taskfNql5J/test-tmp/auto_rebalancer-test.0.AutoRebalancerTest.MovesScheduledIfAddTserver.1780923410181668-28739-0/minicluster-data/ts-1-root/instance:
uuid: "36c1ac4c37044e02b853977ff1ce7af3"
format_stamp: "Formatted at 2026-06-08 12:57:14 on dist-test-slave-9zcl"
I20260608 12:57:14.841850 30394 master_service.cc:502] Signed X509 certificate for tserver {username='slave'} at 127.0.0.1:41386
I20260608 12:57:14.846167 28739 fs_manager.cc:696] Time spent creating directory manager: real 0.004s	user 0.005s	sys 0.000s
I20260608 12:57:14.849677 30533 log_block_manager.cc:4031] Time spent loading block containers with low live blocks: real 0.000s	user 0.000s	sys 0.000s
I20260608 12:57:14.850452 28739 fs_manager.cc:730] Time spent opening block manager: real 0.002s	user 0.003s	sys 0.000s
I20260608 12:57:14.850749 28739 fs_manager.cc:647] Opened local filesystem: /tmp/dist-test-taskfNql5J/test-tmp/auto_rebalancer-test.0.AutoRebalancerTest.MovesScheduledIfAddTserver.1780923410181668-28739-0/minicluster-data/ts-1-root
uuid: "36c1ac4c37044e02b853977ff1ce7af3"
format_stamp: "Formatted at 2026-06-08 12:57:14 on dist-test-slave-9zcl"
I20260608 12:57:14.851029 28739 fs_report.cc:389] FS layout report
--------------------
wal directory: /tmp/dist-test-taskfNql5J/test-tmp/auto_rebalancer-test.0.AutoRebalancerTest.MovesScheduledIfAddTserver.1780923410181668-28739-0/minicluster-data/ts-1-root
metadata directory: /tmp/dist-test-taskfNql5J/test-tmp/auto_rebalancer-test.0.AutoRebalancerTest.MovesScheduledIfAddTserver.1780923410181668-28739-0/minicluster-data/ts-1-root
1 data directories: /tmp/dist-test-taskfNql5J/test-tmp/auto_rebalancer-test.0.AutoRebalancerTest.MovesScheduledIfAddTserver.1780923410181668-28739-0/minicluster-data/ts-1-root/data
Total live blocks: 0
Total live bytes: 0
Total live bytes (after alignment): 0
Total number of LBM containers: 0 (0 full)
Did not check for missing blocks
Did not check for orphaned blocks
Total full LBM containers with extra space: 0 (0 repaired)
Total full LBM container extra space in bytes: 0 (0 repaired)
Total incomplete LBM containers: 0 (0 repaired)
Total LBM partial records: 0 (0 repaired)
Total corrupted LBM metadata records in RocksDB: 0 (0 repaired)
I20260608 12:57:14.875284 28739 rpc_server.cc:225] running with OpenSSL 1.1.1  11 Sep 2018
I20260608 12:57:14.876540 28739 kserver.cc:163] Server-wide thread pool size limit: 3276
I20260608 12:57:14.878105 28739 txn_system_client.cc:432] TxnSystemClient initialization is disabled...
I20260608 12:57:14.880471 28739 ts_tablet_manager.cc:585] Loaded tablet metadata (0 total tablets, 0 live tablets)
I20260608 12:57:14.880702 28739 ts_tablet_manager.cc:531] Time spent load tablet metadata: real 0.000s	user 0.000s	sys 0.000s
I20260608 12:57:14.880971 28739 ts_tablet_manager.cc:616] Registered 0 tablets
I20260608 12:57:14.881160 28739 ts_tablet_manager.cc:595] Time spent register tablets: real 0.000s	user 0.000s	sys 0.000s
I20260608 12:57:14.919365 28739 rpc_server.cc:307] RPC server started. Bound to: 127.28.16.194:38893
I20260608 12:57:14.919472 30595 acceptor_pool.cc:272] collecting diagnostics on the listening RPC socket 127.28.16.194:38893 every 8 connection(s)
I20260608 12:57:14.924530 28739 file_cache.cc:492] Constructed file cache file cache with capacity 419430
W20260608 12:57:14.931218 30599 instance_detector.cc:116] could not retrieve AWS instance metadata: Network error: curl error: HTTP response code said error: The requested URL returned error: 404
W20260608 12:57:14.932269 30600 instance_detector.cc:116] could not retrieve Azure instance metadata: Network error: curl error: HTTP response code said error: The requested URL returned error: 404
W20260608 12:57:14.934650 30602 instance_detector.cc:116] could not retrieve OpenStack instance metadata: Network error: curl error: HTTP response code said error: The requested URL returned error: 404
I20260608 12:57:14.936214 30596 heartbeater.cc:344] Connected to a master server at 127.28.16.254:41253
I20260608 12:57:14.936328 28739 server_base.cc:1061] running on GCE node
I20260608 12:57:14.936659 30596 heartbeater.cc:461] Registering TS with master...
I20260608 12:57:14.937372 28739 hybrid_clock.cc:584] initializing the hybrid clock with 'system_unsync' time source
W20260608 12:57:14.937577 28739 system_unsync_time.cc:38] NTP support is disabled. Clock error bounds will not be accurate. This configuration is not suitable for distributed clusters.
I20260608 12:57:14.937510 30596 heartbeater.cc:507] Master 127.28.16.254:41253 requested a full tablet report, sending...
I20260608 12:57:14.937928 28739 hybrid_clock.cc:648] HybridClock initialized: now 1780923434937908 us; error 0 us; skew 500 ppm
I20260608 12:57:14.938581 28739 server_base.cc:861] Flag tcmalloc_max_total_thread_cache_bytes is not working since tcmalloc is not enabled.
I20260608 12:57:14.939986 30394 ts_manager.cc:194] Registered new tserver with Master: 36c1ac4c37044e02b853977ff1ce7af3 (127.28.16.194:38893)
I20260608 12:57:14.941160 28739 webserver.cc:533] Webserver started at http://127.28.16.195:35335/ using document root <none> and password file <none>
I20260608 12:57:14.941560 30394 master_service.cc:502] Signed X509 certificate for tserver {username='slave'} at 127.0.0.1:41396
I20260608 12:57:14.941716 28739 fs_manager.cc:362] Metadata directory not provided
I20260608 12:57:14.942028 28739 fs_manager.cc:368] Using write-ahead log directory (fs_wal_dir) as metadata directory
I20260608 12:57:14.942305 28739 server_base.cc:909] This appears to be a new deployment of Kudu; creating new FS layout
I20260608 12:57:14.943508 28739 fs_manager.cc:1068] Generated new instance metadata in path /tmp/dist-test-taskfNql5J/test-tmp/auto_rebalancer-test.0.AutoRebalancerTest.MovesScheduledIfAddTserver.1780923410181668-28739-0/minicluster-data/ts-2-root/instance:
uuid: "48f8f7d9df59488890aee4ae5668aa37"
format_stamp: "Formatted at 2026-06-08 12:57:14 on dist-test-slave-9zcl"
I20260608 12:57:14.947896 28739 fs_manager.cc:696] Time spent creating directory manager: real 0.004s	user 0.002s	sys 0.002s
I20260608 12:57:14.951232 30607 log_block_manager.cc:4031] Time spent loading block containers with low live blocks: real 0.000s	user 0.000s	sys 0.000s
I20260608 12:57:14.952003 28739 fs_manager.cc:730] Time spent opening block manager: real 0.002s	user 0.002s	sys 0.000s
I20260608 12:57:14.952282 28739 fs_manager.cc:647] Opened local filesystem: /tmp/dist-test-taskfNql5J/test-tmp/auto_rebalancer-test.0.AutoRebalancerTest.MovesScheduledIfAddTserver.1780923410181668-28739-0/minicluster-data/ts-2-root
uuid: "48f8f7d9df59488890aee4ae5668aa37"
format_stamp: "Formatted at 2026-06-08 12:57:14 on dist-test-slave-9zcl"
I20260608 12:57:14.952577 28739 fs_report.cc:389] FS layout report
--------------------
wal directory: /tmp/dist-test-taskfNql5J/test-tmp/auto_rebalancer-test.0.AutoRebalancerTest.MovesScheduledIfAddTserver.1780923410181668-28739-0/minicluster-data/ts-2-root
