I20260608 12:58:09.427455 20398 leader_election.cc:304] T 70e28e8852004aa9ba43c0211f792165 P ec2eb41813b5469aa43b09938fb99679 [CANDIDATE]: Term 2 pre-election: Election decided. Result: candidate won. Election summary: received 3 responses out of 3 voters: 2 yes votes; 1 no votes. yes voters: 5391502bc49d4ec39202739be17b41c6, ec2eb41813b5469aa43b09938fb99679; no voters: 47cffba923934f1aab96b3e0f02b5a3f
I20260608 12:58:09.426143 20789 raft_consensus.cc:515] T 70e28e8852004aa9ba43c0211f792165 P 5391502bc49d4ec39202739be17b41c6 [term 2 FOLLOWER]: Starting leader election with config: opid_index: 2 OBSOLETE_local: false peers { permanent_uuid: "ec2eb41813b5469aa43b09938fb99679" member_type: VOTER last_known_addr { host: "127.16.214.67" port: 34351 } } peers { permanent_uuid: "5391502bc49d4ec39202739be17b41c6" member_type: VOTER last_known_addr { host: "127.16.214.65" port: 42109 } attrs { replace: true } } peers { permanent_uuid: "47cffba923934f1aab96b3e0f02b5a3f" member_type: VOTER last_known_addr { host: "127.16.214.66" port: 39303 } } peers { permanent_uuid: "7bb77dc1298840ffa4139f43722fa327" member_type: NON_VOTER last_known_addr { host: "127.16.214.68" port: 40951 } attrs { promote: true } }
I20260608 12:58:09.436281 20791 consensus_queue.cc:1048] T 70e28e8852004aa9ba43c0211f792165 P 47cffba923934f1aab96b3e0f02b5a3f [LEADER]: Connected to new peer: Peer: permanent_uuid: "5391502bc49d4ec39202739be17b41c6" member_type: VOTER last_known_addr { host: "127.16.214.65" port: 42109 } attrs { replace: true }, Status: LMP_MISMATCH, Last received: 0.0, Next index: 3, Last known committed idx: 2, Time since last communication: 0.001s
I20260608 12:58:09.436542 20355 tablet_service.cc:1917] Received RequestConsensusVote() RPC: tablet_id: "8de2b9e01016427d8a4ba825896ad05b" candidate_uuid: "7bb77dc1298840ffa4139f43722fa327" candidate_term: 2 candidate_status { last_received { term: 1 index: 3 } } ignore_live_leader: false dest_uuid: "47cffba923934f1aab96b3e0f02b5a3f" is_pre_election: true
I20260608 12:58:09.443621 20432 tablet_service.cc:1917] Received RequestConsensusVote() RPC: tablet_id: "69c3e0d3370e48709bfca92d22c6e5c6" candidate_uuid: "47cffba923934f1aab96b3e0f02b5a3f" candidate_term: 2 candidate_status { last_received { term: 1 index: 3 } } ignore_live_leader: false dest_uuid: "ec2eb41813b5469aa43b09938fb99679" is_pre_election: true
I20260608 12:58:09.448727 20398 leader_election.cc:304] T fe96a00c49924962a9c8dd51559afafc P ec2eb41813b5469aa43b09938fb99679 [CANDIDATE]: Term 2 pre-election: Election decided. Result: candidate won. Election summary: received 3 responses out of 3 voters: 2 yes votes; 1 no votes. yes voters: 5391502bc49d4ec39202739be17b41c6, ec2eb41813b5469aa43b09938fb99679; no voters: 47cffba923934f1aab96b3e0f02b5a3f
I20260608 12:58:09.449416 20355 tablet_service.cc:1917] Received RequestConsensusVote() RPC: tablet_id: "1225c4cb17e24cf5a57a443f6a2eff3b" candidate_uuid: "ec2eb41813b5469aa43b09938fb99679" candidate_term: 2 candidate_status { last_received { term: 1 index: 1 } } ignore_live_leader: false dest_uuid: "47cffba923934f1aab96b3e0f02b5a3f"
I20260608 12:58:09.449709 20799 raft_consensus.cc:2804] T fe96a00c49924962a9c8dd51559afafc P ec2eb41813b5469aa43b09938fb99679 [term 1 FOLLOWER]: Leader pre-election won for term 2
I20260608 12:58:09.450433 20799 raft_consensus.cc:493] T fe96a00c49924962a9c8dd51559afafc P ec2eb41813b5469aa43b09938fb99679 [term 1 FOLLOWER]: Starting leader election (detected failure of leader 47cffba923934f1aab96b3e0f02b5a3f)
I20260608 12:58:09.450938 20799 raft_consensus.cc:3060] T fe96a00c49924962a9c8dd51559afafc P ec2eb41813b5469aa43b09938fb99679 [term 1 FOLLOWER]: Advancing to term 2
I20260608 12:58:09.450389 20324 leader_election.cc:304] T 1ea7562dbfcc4d1ea2b2a829ab97cc80 P 47cffba923934f1aab96b3e0f02b5a3f [CANDIDATE]: Term 3 pre-election: Election decided. Result: candidate lost. Election summary: received 3 responses out of 3 voters: 1 yes votes; 2 no votes. yes voters: 47cffba923934f1aab96b3e0f02b5a3f; no voters: 5391502bc49d4ec39202739be17b41c6, ec2eb41813b5469aa43b09938fb99679
I20260608 12:58:09.453028 20355 tablet_service.cc:1917] Received RequestConsensusVote() RPC: tablet_id: "1ea7562dbfcc4d1ea2b2a829ab97cc80" candidate_uuid: "ec2eb41813b5469aa43b09938fb99679" candidate_term: 3 candidate_status { last_received { term: 2 index: 2 } } ignore_live_leader: false dest_uuid: "47cffba923934f1aab96b3e0f02b5a3f"
I20260608 12:58:09.453642 20281 tablet_service.cc:1917] Received RequestConsensusVote() RPC: tablet_id: "1225c4cb17e24cf5a57a443f6a2eff3b" candidate_uuid: "ec2eb41813b5469aa43b09938fb99679" candidate_term: 2 candidate_status { last_received { term: 1 index: 1 } } ignore_live_leader: false dest_uuid: "5391502bc49d4ec39202739be17b41c6"
I20260608 12:58:09.421111 20780 leader_election.cc:290] T 1ea7562dbfcc4d1ea2b2a829ab97cc80 P ec2eb41813b5469aa43b09938fb99679 [CANDIDATE]: Term 3 election: Requested vote from peers 5391502bc49d4ec39202739be17b41c6 (127.16.214.65:42109), 47cffba923934f1aab96b3e0f02b5a3f (127.16.214.66:39303)
I20260608 12:58:09.459365 20284 tablet_service.cc:1917] Received RequestConsensusVote() RPC: tablet_id: "1ea7562dbfcc4d1ea2b2a829ab97cc80" candidate_uuid: "ec2eb41813b5469aa43b09938fb99679" candidate_term: 3 candidate_status { last_received { term: 2 index: 2 } } ignore_live_leader: false dest_uuid: "5391502bc49d4ec39202739be17b41c6"
I20260608 12:58:09.464754 20325 leader_election.cc:304] T 69c3e0d3370e48709bfca92d22c6e5c6 P 47cffba923934f1aab96b3e0f02b5a3f [CANDIDATE]: Term 2 pre-election: Election decided. Result: candidate lost. Election summary: received 3 responses out of 4 voters: 1 yes votes; 2 no votes. yes voters: 47cffba923934f1aab96b3e0f02b5a3f; no voters: 7bb77dc1298840ffa4139f43722fa327, ec2eb41813b5469aa43b09938fb99679
I20260608 12:58:09.457419 20791 raft_consensus.cc:2749] T 1ea7562dbfcc4d1ea2b2a829ab97cc80 P 47cffba923934f1aab96b3e0f02b5a3f [term 2 FOLLOWER]: Leader pre-election lost for term 3. Reason: could not achieve majority
I20260608 12:58:09.449342 20781 raft_consensus.cc:515] T ea4007c7837646fab031a84aebe50d0f P 5391502bc49d4ec39202739be17b41c6 [term 2 FOLLOWER]: Starting leader election with config: opid_index: -1 OBSOLETE_local: false peers { permanent_uuid: "7bb77dc1298840ffa4139f43722fa327" member_type: VOTER last_known_addr { host: "127.16.214.68" port: 40951 } } peers { permanent_uuid: "ec2eb41813b5469aa43b09938fb99679" member_type: VOTER last_known_addr { host: "127.16.214.67" port: 34351 } } peers { permanent_uuid: "5391502bc49d4ec39202739be17b41c6" member_type: VOTER last_known_addr { host: "127.16.214.65" port: 42109 } }
W20260608 12:58:09.511741 20325 raft_consensus.cc:2686] T 69c3e0d3370e48709bfca92d22c6e5c6 P 47cffba923934f1aab96b3e0f02b5a3f: unable to run election callback: Service unavailable: Thread pool token was shut down
W20260608 12:58:09.513295 20325 outbound_call.cc:321] RPC callback for RPC call kudu.consensus.ConsensusService.RequestConsensusVote -> {remote=127.16.214.67:34351, user_credentials={real_user=slave}} blocked reactor thread for 48698.9us
I20260608 12:58:09.469842 20431 tablet_service.cc:1917] Received RequestConsensusVote() RPC: tablet_id: "69c3e0d3370e48709bfca92d22c6e5c6" candidate_uuid: "7bb77dc1298840ffa4139f43722fa327" candidate_term: 2 candidate_status { last_received { term: 1 index: 4 } } ignore_live_leader: false dest_uuid: "ec2eb41813b5469aa43b09938fb99679" is_pre_election: true
I20260608 12:58:09.467458 20430 tablet_service.cc:1917] Received RequestConsensusVote() RPC: tablet_id: "41d0635193a44119a82be3d33952f51f" candidate_uuid: "47cffba923934f1aab96b3e0f02b5a3f" candidate_term: 4 candidate_status { last_received { term: 3 index: 2 } } ignore_live_leader: false dest_uuid: "ec2eb41813b5469aa43b09938fb99679"
I20260608 12:58:09.470963 20580 tablet_service.cc:1917] Received RequestConsensusVote() RPC: tablet_id: "41d0635193a44119a82be3d33952f51f" candidate_uuid: "47cffba923934f1aab96b3e0f02b5a3f" candidate_term: 4 candidate_status { last_received { term: 3 index: 2 } } ignore_live_leader: false dest_uuid: "7bb77dc1298840ffa4139f43722fa327"
I20260608 12:58:09.509837 20789 leader_election.cc:290] T 70e28e8852004aa9ba43c0211f792165 P 5391502bc49d4ec39202739be17b41c6 [CANDIDATE]: Term 2 election: Requested vote from peers ec2eb41813b5469aa43b09938fb99679 (127.16.214.67:34351), 47cffba923934f1aab96b3e0f02b5a3f (127.16.214.66:39303)
I20260608 12:58:09.529243 20799 raft_consensus.cc:515] T fe96a00c49924962a9c8dd51559afafc P ec2eb41813b5469aa43b09938fb99679 [term 2 FOLLOWER]: Starting leader election with config: opid_index: -1 OBSOLETE_local: false peers { permanent_uuid: "47cffba923934f1aab96b3e0f02b5a3f" member_type: VOTER last_known_addr { host: "127.16.214.66" port: 39303 } } peers { permanent_uuid: "5391502bc49d4ec39202739be17b41c6" member_type: VOTER last_known_addr { host: "127.16.214.65" port: 42109 } } peers { permanent_uuid: "ec2eb41813b5469aa43b09938fb99679" member_type: VOTER last_known_addr { host: "127.16.214.67" port: 34351 } }
I20260608 12:58:09.478899 20784 raft_consensus.cc:2804] T 70e28e8852004aa9ba43c0211f792165 P ec2eb41813b5469aa43b09938fb99679 [term 1 FOLLOWER]: Leader pre-election won for term 2
I20260608 12:58:09.472481 20776 raft_consensus.cc:3055] T 1ea7562dbfcc4d1ea2b2a829ab97cc80 P 5391502bc49d4ec39202739be17b41c6 [term 2 LEADER]: Stepping down as leader of term 2
I20260608 12:58:09.533746 20776 raft_consensus.cc:740] T 1ea7562dbfcc4d1ea2b2a829ab97cc80 P 5391502bc49d4ec39202739be17b41c6 [term 2 LEADER]: Becoming Follower/Learner. State: Replica: 5391502bc49d4ec39202739be17b41c6, State: Running, Role: LEADER
I20260608 12:58:09.479408 20550 leader_election.cc:304] T a056e667cec14e53865dd90df4d6aa22 P 7bb77dc1298840ffa4139f43722fa327 [CANDIDATE]: Term 2 pre-election: Election decided. Result: candidate lost. Election summary: received 3 responses out of 3 voters: 1 yes votes; 2 no votes. yes voters: 7bb77dc1298840ffa4139f43722fa327; no voters: 47cffba923934f1aab96b3e0f02b5a3f, 5391502bc49d4ec39202739be17b41c6
I20260608 12:58:09.463174 20250 leader_election.cc:304] T fe96a00c49924962a9c8dd51559afafc P 5391502bc49d4ec39202739be17b41c6 [CANDIDATE]: Term 2 pre-election: Election decided. Result: candidate lost. Election summary: received 3 responses out of 3 voters: 1 yes votes; 2 no votes. yes voters: 5391502bc49d4ec39202739be17b41c6; no voters: 47cffba923934f1aab96b3e0f02b5a3f, ec2eb41813b5469aa43b09938fb99679
I20260608 12:58:09.535015 20785 raft_consensus.cc:2749] T a056e667cec14e53865dd90df4d6aa22 P 7bb77dc1298840ffa4139f43722fa327 [term 1 FOLLOWER]: Leader pre-election lost for term 2. Reason: could not achieve majority
W20260608 12:58:09.535264 20250 outbound_call.cc:321] RPC callback for RPC call kudu.consensus.ConsensusService.RequestConsensusVote -> {remote=127.16.214.66:39303, user_credentials={real_user=slave}} blocked reactor thread for 76957.1us
W20260608 12:58:09.536335 20550 outbound_call.cc:321] RPC callback for RPC call kudu.consensus.ConsensusService.RequestConsensusVote -> {remote=127.16.214.66:39303, user_credentials={real_user=slave}} blocked reactor thread for 57277us
I20260608 12:58:09.537837 20784 raft_consensus.cc:493] T 70e28e8852004aa9ba43c0211f792165 P ec2eb41813b5469aa43b09938fb99679 [term 1 FOLLOWER]: Starting leader election (detected failure of leader 47cffba923934f1aab96b3e0f02b5a3f)
I20260608 12:58:09.535554 20789 raft_consensus.cc:2749] T fe96a00c49924962a9c8dd51559afafc P 5391502bc49d4ec39202739be17b41c6 [term 1 FOLLOWER]: Leader pre-election lost for term 2. Reason: could not achieve majority
I20260608 12:58:09.541640 20282 tablet_service.cc:1917] Received RequestConsensusVote() RPC: tablet_id: "fe96a00c49924962a9c8dd51559afafc" candidate_uuid: "ec2eb41813b5469aa43b09938fb99679" candidate_term: 2 candidate_status { last_received { term: 1 index: 1 } } ignore_live_leader: false dest_uuid: "5391502bc49d4ec39202739be17b41c6"
I20260608 12:58:09.536466 20250 leader_election.cc:304] T b3b6aef5751143a8a1632edf2a891347 P 5391502bc49d4ec39202739be17b41c6 [CANDIDATE]: Term 2 pre-election: Election decided. Result: candidate lost. Election summary: received 3 responses out of 3 voters: 1 yes votes; 2 no votes. yes voters: 5391502bc49d4ec39202739be17b41c6; no voters: 47cffba923934f1aab96b3e0f02b5a3f, ec2eb41813b5469aa43b09938fb99679
I20260608 12:58:09.470997 20796 ts_tablet_manager.cc:1916] T 69c3e0d3370e48709bfca92d22c6e5c6 P 47cffba923934f1aab96b3e0f02b5a3f: Deleting tablet data with delete state TABLET_DATA_TOMBSTONED
I20260608 12:58:09.477682 20324 leader_election.cc:304] T a056e667cec14e53865dd90df4d6aa22 P 47cffba923934f1aab96b3e0f02b5a3f [CANDIDATE]: Term 2 pre-election: Election decided. Result: candidate lost. Election summary: received 3 responses out of 3 voters: 1 yes votes; 2 no votes. yes voters: 47cffba923934f1aab96b3e0f02b5a3f; no voters: 5391502bc49d4ec39202739be17b41c6, 7bb77dc1298840ffa4139f43722fa327
I20260608 12:58:09.538650 20776 consensus_queue.cc:260] T 1ea7562dbfcc4d1ea2b2a829ab97cc80 P 5391502bc49d4ec39202739be17b41c6 [NON_LEADER]: Queue going to NON_LEADER mode. State: All replicated index: 0, Majority replicated index: 2, Committed index: 2, Last appended: 2.2, Last appended by leader: 2, Current term: 2, Majority size: -1, State: 0, Mode: NON_LEADER, active raft config: opid_index: -1 OBSOLETE_local: false peers { permanent_uuid: "5391502bc49d4ec39202739be17b41c6" member_type: VOTER last_known_addr { host: "127.16.214.65" port: 42109 } } peers { permanent_uuid: "47cffba923934f1aab96b3e0f02b5a3f" member_type: VOTER last_known_addr { host: "127.16.214.66" port: 39303 } } peers { permanent_uuid: "ec2eb41813b5469aa43b09938fb99679" member_type: VOTER last_known_addr { host: "127.16.214.67" port: 34351 } }
I20260608 12:58:09.541185 20584 tablet_service.cc:1917] Received RequestConsensusVote() RPC: tablet_id: "41d0635193a44119a82be3d33952f51f" candidate_uuid: "ec2eb41813b5469aa43b09938fb99679" candidate_term: 4 candidate_status { last_received { term: 3 index: 2 } } ignore_live_leader: false dest_uuid: "7bb77dc1298840ffa4139f43722fa327" is_pre_election: true
I20260608 12:58:09.545089 20791 raft_consensus.cc:2749] T a056e667cec14e53865dd90df4d6aa22 P 47cffba923934f1aab96b3e0f02b5a3f [term 1 FOLLOWER]: Leader pre-election lost for term 2. Reason: could not achieve majority
I20260608 12:58:09.541317 20799 leader_election.cc:290] T fe96a00c49924962a9c8dd51559afafc P ec2eb41813b5469aa43b09938fb99679 [CANDIDATE]: Term 2 election: Requested vote from peers 47cffba923934f1aab96b3e0f02b5a3f (127.16.214.66:39303), 5391502bc49d4ec39202739be17b41c6 (127.16.214.65:42109)
W20260608 12:58:09.546208 20324 outbound_call.cc:321] RPC callback for RPC call kudu.consensus.ConsensusService.RequestConsensusVote -> {remote=127.16.214.65:42109, user_credentials={real_user=slave}} blocked reactor thread for 68675.4us
I20260608 12:58:09.543797 20784 raft_consensus.cc:3060] T 70e28e8852004aa9ba43c0211f792165 P ec2eb41813b5469aa43b09938fb99679 [term 1 FOLLOWER]: Advancing to term 2
I20260608 12:58:09.543933 20789 raft_consensus.cc:2749] T b3b6aef5751143a8a1632edf2a891347 P 5391502bc49d4ec39202739be17b41c6 [term 1 FOLLOWER]: Leader pre-election lost for term 2. Reason: could not achieve majority
I20260608 12:58:09.548324 20584 tablet_service.cc:1917] Received RequestConsensusVote() RPC: tablet_id: "19b6d44488ac42c5924529ee9523bf41" candidate_uuid: "ec2eb41813b5469aa43b09938fb99679" candidate_term: 3 candidate_status { last_received { term: 2 index: 2 } } ignore_live_leader: false dest_uuid: "7bb77dc1298840ffa4139f43722fa327" is_pre_election: true
I20260608 12:58:09.546846 20776 raft_consensus.cc:3060] T 1ea7562dbfcc4d1ea2b2a829ab97cc80 P 5391502bc49d4ec39202739be17b41c6 [term 2 FOLLOWER]: Advancing to term 3
I20260608 12:58:09.543244 20399 leader_election.cc:304] T 1225c4cb17e24cf5a57a443f6a2eff3b P ec2eb41813b5469aa43b09938fb99679 [CANDIDATE]: Term 2 election: Election decided. Result: candidate lost. Election summary: received 3 responses out of 3 voters: 1 yes votes; 2 no votes. yes voters: ec2eb41813b5469aa43b09938fb99679; no voters: 47cffba923934f1aab96b3e0f02b5a3f, 5391502bc49d4ec39202739be17b41c6
I20260608 12:58:09.548046 20283 raft_consensus.cc:1240] T ea4007c7837646fab031a84aebe50d0f P 5391502bc49d4ec39202739be17b41c6 [term 2 FOLLOWER]: Rejecting Update request from peer 7bb77dc1298840ffa4139f43722fa327 for earlier term 1. Current term is 2. Ops: []
W20260608 12:58:09.551256 20399 outbound_call.cc:321] RPC callback for RPC call kudu.consensus.ConsensusService.RequestConsensusVote -> {remote=127.16.214.66:39303, user_credentials={real_user=slave}} blocked reactor thread for 84234.4us
I20260608 12:58:09.551964 20399 leader_election.cc:304] T 1ea7562dbfcc4d1ea2b2a829ab97cc80 P ec2eb41813b5469aa43b09938fb99679 [CANDIDATE]: Term 3 election: Election decided. Result: candidate lost. Election summary: received 3 responses out of 3 voters: 1 yes votes; 2 no votes. yes voters: ec2eb41813b5469aa43b09938fb99679; no voters: 47cffba923934f1aab96b3e0f02b5a3f, 5391502bc49d4ec39202739be17b41c6
I20260608 12:58:09.552724 20774 raft_consensus.cc:2749] T 1225c4cb17e24cf5a57a443f6a2eff3b P ec2eb41813b5469aa43b09938fb99679 [term 2 FOLLOWER]: Leader election lost for term 2. Reason: could not achieve majority
I20260608 12:58:09.553295 20799 raft_consensus.cc:2749] T 1ea7562dbfcc4d1ea2b2a829ab97cc80 P ec2eb41813b5469aa43b09938fb99679 [term 3 FOLLOWER]: Leader election lost for term 3. Reason: could not achieve majority
I20260608 12:58:09.548344 20324 leader_election.cc:304] T d9b01391d2994556b03b9caf9525db72 P 47cffba923934f1aab96b3e0f02b5a3f [CANDIDATE]: Term 2 pre-election: Election decided. Result: candidate lost. Election summary: received 3 responses out of 3 voters: 1 yes votes; 2 no votes. yes voters: 47cffba923934f1aab96b3e0f02b5a3f; no voters: 5391502bc49d4ec39202739be17b41c6, 7bb77dc1298840ffa4139f43722fa327
I20260608 12:58:09.554261 20785 consensus_queue.cc:1059] T ea4007c7837646fab031a84aebe50d0f P 7bb77dc1298840ffa4139f43722fa327 [LEADER]: Peer responded invalid term: Peer: permanent_uuid: "5391502bc49d4ec39202739be17b41c6" member_type: VOTER last_known_addr { host: "127.16.214.65" port: 42109 }, Status: INVALID_TERM, Last received: 1.1, Next index: 2, Last known committed idx: 1, Time since last communication: 0.000s
I20260608 12:58:09.555338 20785 raft_consensus.cc:3055] T ea4007c7837646fab031a84aebe50d0f P 7bb77dc1298840ffa4139f43722fa327 [term 1 LEADER]: Stepping down as leader of term 1
I20260608 12:58:09.555920 20785 raft_consensus.cc:740] T ea4007c7837646fab031a84aebe50d0f P 7bb77dc1298840ffa4139f43722fa327 [term 1 LEADER]: Becoming Follower/Learner. State: Replica: 7bb77dc1298840ffa4139f43722fa327, State: Running, Role: LEADER
I20260608 12:58:09.555987 20431 tablet_service.cc:1917] Received RequestConsensusVote() RPC: tablet_id: "8de2b9e01016427d8a4ba825896ad05b" candidate_uuid: "7bb77dc1298840ffa4139f43722fa327" candidate_term: 2 candidate_status { last_received { term: 1 index: 3 } } ignore_live_leader: false dest_uuid: "ec2eb41813b5469aa43b09938fb99679" is_pre_election: true
I20260608 12:58:09.557044 20785 consensus_queue.cc:260] T ea4007c7837646fab031a84aebe50d0f P 7bb77dc1298840ffa4139f43722fa327 [NON_LEADER]: Queue going to NON_LEADER mode. State: All replicated index: 0, Majority replicated index: 1, Committed index: 1, Last appended: 1.1, Last appended by leader: 1, Current term: 1, Majority size: -1, State: 0, Mode: NON_LEADER, active raft config: opid_index: -1 OBSOLETE_local: false peers { permanent_uuid: "7bb77dc1298840ffa4139f43722fa327" member_type: VOTER last_known_addr { host: "127.16.214.68" port: 40951 } } peers { permanent_uuid: "ec2eb41813b5469aa43b09938fb99679" member_type: VOTER last_known_addr { host: "127.16.214.67" port: 34351 } } peers { permanent_uuid: "5391502bc49d4ec39202739be17b41c6" member_type: VOTER last_known_addr { host: "127.16.214.65" port: 42109 } }
I20260608 12:58:09.557463 20584 tablet_service.cc:1917] Received RequestConsensusVote() RPC: tablet_id: "be72deb42afb4d2790ca0c4138dbb14e" candidate_uuid: "ec2eb41813b5469aa43b09938fb99679" candidate_term: 3 candidate_status { last_received { term: 2 index: 1 } } ignore_live_leader: false dest_uuid: "7bb77dc1298840ffa4139f43722fa327" is_pre_election: true
I20260608 12:58:09.558276 20785 raft_consensus.cc:3060] T ea4007c7837646fab031a84aebe50d0f P 7bb77dc1298840ffa4139f43722fa327 [term 1 FOLLOWER]: Advancing to term 2
I20260608 12:58:09.559968 20773 raft_consensus.cc:2749] T d9b01391d2994556b03b9caf9525db72 P 47cffba923934f1aab96b3e0f02b5a3f [term 1 FOLLOWER]: Leader pre-election lost for term 2. Reason: could not achieve majority
I20260608 12:58:09.547395 20250 leader_election.cc:304] T 1225c4cb17e24cf5a57a443f6a2eff3b P 5391502bc49d4ec39202739be17b41c6 [CANDIDATE]: Term 2 pre-election: Election decided. Result: candidate lost. Election summary: received 3 responses out of 3 voters: 1 yes votes; 2 no votes. yes voters: 5391502bc49d4ec39202739be17b41c6; no voters: 47cffba923934f1aab96b3e0f02b5a3f, ec2eb41813b5469aa43b09938fb99679
I20260608 12:58:09.563992 20325 leader_election.cc:304] T 41d0635193a44119a82be3d33952f51f P 47cffba923934f1aab96b3e0f02b5a3f [CANDIDATE]: Term 4 election: Election decided. Result: candidate lost. Election summary: received 3 responses out of 3 voters: 1 yes votes; 2 no votes. yes voters: 47cffba923934f1aab96b3e0f02b5a3f; no voters: 7bb77dc1298840ffa4139f43722fa327, ec2eb41813b5469aa43b09938fb99679
I20260608 12:58:09.565109 20773 raft_consensus.cc:2955] T 70e28e8852004aa9ba43c0211f792165 P 47cffba923934f1aab96b3e0f02b5a3f [term 1 LEADER]: Committing config change with OpId 1.3: config changed from index 2 to 3, 7bb77dc1298840ffa4139f43722fa327 (127.16.214.68) changed from NON_VOTER to VOTER. New config: { opid_index: 3 OBSOLETE_local: false peers { permanent_uuid: "ec2eb41813b5469aa43b09938fb99679" member_type: VOTER last_known_addr { host: "127.16.214.67" port: 34351 } } peers { permanent_uuid: "5391502bc49d4ec39202739be17b41c6" member_type: VOTER last_known_addr { host: "127.16.214.65" port: 42109 } attrs { replace: true } } peers { permanent_uuid: "47cffba923934f1aab96b3e0f02b5a3f" member_type: VOTER last_known_addr { host: "127.16.214.66" port: 39303 } } peers { permanent_uuid: "7bb77dc1298840ffa4139f43722fa327" member_type: VOTER last_known_addr { host: "127.16.214.68" port: 40951 } attrs { promote: false } } }
I20260608 12:58:09.571110 20791 raft_consensus.cc:2749] T 41d0635193a44119a82be3d33952f51f P 47cffba923934f1aab96b3e0f02b5a3f [term 4 FOLLOWER]: Leader election lost for term 4. Reason: could not achieve majority
I20260608 12:58:09.574312 20358 tablet_service.cc:1917] Received RequestConsensusVote() RPC: tablet_id: "fe96a00c49924962a9c8dd51559afafc" candidate_uuid: "ec2eb41813b5469aa43b09938fb99679" candidate_term: 2 candidate_status { last_received { term: 1 index: 1 } } ignore_live_leader: false dest_uuid: "47cffba923934f1aab96b3e0f02b5a3f"
I20260608 12:58:09.575809 20789 raft_consensus.cc:2749] T 1225c4cb17e24cf5a57a443f6a2eff3b P 5391502bc49d4ec39202739be17b41c6 [term 1 FOLLOWER]: Leader pre-election lost for term 2. Reason: could not achieve majority
I20260608 12:58:09.576244 20250 leader_election.cc:304] T d9b01391d2994556b03b9caf9525db72 P 5391502bc49d4ec39202739be17b41c6 [CANDIDATE]: Term 2 pre-election: Election decided. Result: candidate won. Election summary: received 3 responses out of 3 voters: 2 yes votes; 1 no votes. yes voters: 47cffba923934f1aab96b3e0f02b5a3f, 5391502bc49d4ec39202739be17b41c6; no voters: 7bb77dc1298840ffa4139f43722fa327
I20260608 12:58:09.577342 20789 raft_consensus.cc:2804] T d9b01391d2994556b03b9caf9525db72 P 5391502bc49d4ec39202739be17b41c6 [term 1 FOLLOWER]: Leader pre-election won for term 2
I20260608 12:58:09.577745 20789 raft_consensus.cc:493] T d9b01391d2994556b03b9caf9525db72 P 5391502bc49d4ec39202739be17b41c6 [term 1 FOLLOWER]: Starting leader election (detected failure of leader 7bb77dc1298840ffa4139f43722fa327)
I20260608 12:58:09.577776 20250 leader_election.cc:304] T cf759e2701d247f5985e7feebd7648c1 P 5391502bc49d4ec39202739be17b41c6 [CANDIDATE]: Term 2 pre-election: Election decided. Result: candidate lost. Election summary: received 3 responses out of 3 voters: 1 yes votes; 2 no votes. yes voters: 5391502bc49d4ec39202739be17b41c6; no voters: 47cffba923934f1aab96b3e0f02b5a3f, ec2eb41813b5469aa43b09938fb99679
I20260608 12:58:09.578289 20789 raft_consensus.cc:3060] T d9b01391d2994556b03b9caf9525db72 P 5391502bc49d4ec39202739be17b41c6 [term 1 FOLLOWER]: Advancing to term 2
I20260608 12:58:09.568542 20550 leader_election.cc:304] T 82ff9da097ba4cdb983447434206b92e P 7bb77dc1298840ffa4139f43722fa327 [CANDIDATE]: Term 3 pre-election: Election decided. Result: candidate lost. Election summary: received 3 responses out of 3 voters: 1 yes votes; 2 no votes. yes voters: 7bb77dc1298840ffa4139f43722fa327; no voters: 5391502bc49d4ec39202739be17b41c6, ec2eb41813b5469aa43b09938fb99679
I20260608 12:58:09.569233 20781 leader_election.cc:290] T ea4007c7837646fab031a84aebe50d0f P 5391502bc49d4ec39202739be17b41c6 [CANDIDATE]: Term 2 election: Requested vote from peers 7bb77dc1298840ffa4139f43722fa327 (127.16.214.68:40951), ec2eb41813b5469aa43b09938fb99679 (127.16.214.67:34351)
I20260608 12:58:09.570032 20399 leader_election.cc:304] T 41d0635193a44119a82be3d33952f51f P ec2eb41813b5469aa43b09938fb99679 [CANDIDATE]: Term 4 pre-election: Election decided. Result: candidate lost. Election summary: received 3 responses out of 3 voters: 1 yes votes; 2 no votes. yes voters: ec2eb41813b5469aa43b09938fb99679; no voters: 47cffba923934f1aab96b3e0f02b5a3f, 7bb77dc1298840ffa4139f43722fa327
I20260608 12:58:09.581336 20799 raft_consensus.cc:2749] T 41d0635193a44119a82be3d33952f51f P ec2eb41813b5469aa43b09938fb99679 [term 3 FOLLOWER]: Leader pre-election lost for term 4. Reason: could not achieve majority
I20260608 12:58:09.585161 20399 leader_election.cc:304] T 19b6d44488ac42c5924529ee9523bf41 P ec2eb41813b5469aa43b09938fb99679 [CANDIDATE]: Term 3 pre-election: Election decided. Result: candidate lost. Election summary: received 3 responses out of 3 voters: 1 yes votes; 2 no votes. yes voters: ec2eb41813b5469aa43b09938fb99679; no voters: 5391502bc49d4ec39202739be17b41c6, 7bb77dc1298840ffa4139f43722fa327
I20260608 12:58:09.586730 20774 raft_consensus.cc:2749] T 19b6d44488ac42c5924529ee9523bf41 P ec2eb41813b5469aa43b09938fb99679 [term 2 FOLLOWER]: Leader pre-election lost for term 3. Reason: could not achieve majority
I20260608 12:58:09.579181 20324 leader_election.cc:304] T cf759e2701d247f5985e7feebd7648c1 P 47cffba923934f1aab96b3e0f02b5a3f [CANDIDATE]: Term 2 pre-election: Election decided. Result: candidate won. Election summary: received 3 responses out of 3 voters: 2 yes votes; 1 no votes. yes voters: 47cffba923934f1aab96b3e0f02b5a3f, 5391502bc49d4ec39202739be17b41c6; no voters: ec2eb41813b5469aa43b09938fb99679
I20260608 12:58:09.580169 20806 raft_consensus.cc:2749] T cf759e2701d247f5985e7feebd7648c1 P 5391502bc49d4ec39202739be17b41c6 [term 1 FOLLOWER]: Leader pre-election lost for term 2. Reason: could not achieve majority
I20260608 12:58:09.591136 20550 leader_election.cc:304] T 69c3e0d3370e48709bfca92d22c6e5c6 P 7bb77dc1298840ffa4139f43722fa327 [CANDIDATE]: Term 2 pre-election: Election decided. Result: candidate lost. Election summary: received 3 responses out of 3 voters: 1 yes votes; 2 no votes. yes voters: 7bb77dc1298840ffa4139f43722fa327; no voters: 5391502bc49d4ec39202739be17b41c6, ec2eb41813b5469aa43b09938fb99679
I20260608 12:58:09.587162 20399 leader_election.cc:304] T fe96a00c49924962a9c8dd51559afafc P ec2eb41813b5469aa43b09938fb99679 [CANDIDATE]: Term 2 election: Election decided. Result: candidate lost. Election summary: received 3 responses out of 3 voters: 1 yes votes; 2 no votes. yes voters: ec2eb41813b5469aa43b09938fb99679; no voters: 47cffba923934f1aab96b3e0f02b5a3f, 5391502bc49d4ec39202739be17b41c6
I20260608 12:58:09.592613 20791 raft_consensus.cc:2804] T cf759e2701d247f5985e7feebd7648c1 P 47cffba923934f1aab96b3e0f02b5a3f [term 1 FOLLOWER]: Leader pre-election won for term 2
I20260608 12:58:09.597832 20782 raft_consensus.cc:2749] T fe96a00c49924962a9c8dd51559afafc P ec2eb41813b5469aa43b09938fb99679 [term 2 FOLLOWER]: Leader election lost for term 2. Reason: could not achieve majority
I20260608 12:58:09.602779 20791 raft_consensus.cc:493] T cf759e2701d247f5985e7feebd7648c1 P 47cffba923934f1aab96b3e0f02b5a3f [term 1 FOLLOWER]: Starting leader election (detected failure of leader ec2eb41813b5469aa43b09938fb99679)
I20260608 12:58:09.603417 20791 raft_consensus.cc:3060] T cf759e2701d247f5985e7feebd7648c1 P 47cffba923934f1aab96b3e0f02b5a3f [term 1 FOLLOWER]: Advancing to term 2
I20260608 12:58:09.602721 20283 raft_consensus.cc:1240] T 70e28e8852004aa9ba43c0211f792165 P 5391502bc49d4ec39202739be17b41c6 [term 2 FOLLOWER]: Rejecting Update request from peer 47cffba923934f1aab96b3e0f02b5a3f for earlier term 1. Current term is 2. Ops: [1.3-1.3]
I20260608 12:58:09.607810 20785 raft_consensus.cc:2749] T 82ff9da097ba4cdb983447434206b92e P 7bb77dc1298840ffa4139f43722fa327 [term 2 FOLLOWER]: Leader pre-election lost for term 3. Reason: could not achieve majority
I20260608 12:58:09.607985 20800 raft_consensus.cc:2749] T 69c3e0d3370e48709bfca92d22c6e5c6 P 7bb77dc1298840ffa4139f43722fa327 [term 1 FOLLOWER]: Leader pre-election lost for term 2. Reason: could not achieve majority
I20260608 12:58:09.602671 20784 raft_consensus.cc:515] T 70e28e8852004aa9ba43c0211f792165 P ec2eb41813b5469aa43b09938fb99679 [term 2 FOLLOWER]: Starting leader election with config: opid_index: 3 OBSOLETE_local: false peers { permanent_uuid: "ec2eb41813b5469aa43b09938fb99679" member_type: VOTER last_known_addr { host: "127.16.214.67" port: 34351 } } peers { permanent_uuid: "5391502bc49d4ec39202739be17b41c6" member_type: VOTER last_known_addr { host: "127.16.214.65" port: 42109 } attrs { replace: true } } peers { permanent_uuid: "47cffba923934f1aab96b3e0f02b5a3f" member_type: VOTER last_known_addr { host: "127.16.214.66" port: 39303 } } peers { permanent_uuid: "7bb77dc1298840ffa4139f43722fa327" member_type: VOTER last_known_addr { host: "127.16.214.68" port: 40951 } attrs { promote: false } }
I20260608 12:58:09.610627 20777 consensus_queue.cc:1059] T 70e28e8852004aa9ba43c0211f792165 P 47cffba923934f1aab96b3e0f02b5a3f [LEADER]: Peer responded invalid term: Peer: permanent_uuid: "5391502bc49d4ec39202739be17b41c6" member_type: VOTER last_known_addr { host: "127.16.214.65" port: 42109 } attrs { replace: true }, Status: INVALID_TERM, Last received: 1.2, Next index: 3, Last known committed idx: 2, Time since last communication: 0.000s
I20260608 12:58:09.621713 20431 raft_consensus.cc:1240] T 70e28e8852004aa9ba43c0211f792165 P ec2eb41813b5469aa43b09938fb99679 [term 2 FOLLOWER]: Rejecting Update request from peer 47cffba923934f1aab96b3e0f02b5a3f for earlier term 1. Current term is 2. Ops: []
I20260608 12:58:09.622139 20789 raft_consensus.cc:515] T d9b01391d2994556b03b9caf9525db72 P 5391502bc49d4ec39202739be17b41c6 [term 2 FOLLOWER]: Starting leader election with config: opid_index: -1 OBSOLETE_local: false peers { permanent_uuid: "5391502bc49d4ec39202739be17b41c6" member_type: VOTER last_known_addr { host: "127.16.214.65" port: 42109 } } peers { permanent_uuid: "47cffba923934f1aab96b3e0f02b5a3f" member_type: VOTER last_known_addr { host: "127.16.214.66" port: 39303 } } peers { permanent_uuid: "7bb77dc1298840ffa4139f43722fa327" member_type: VOTER last_known_addr { host: "127.16.214.68" port: 40951 } }
I20260608 12:58:09.613405 20550 leader_election.cc:304] T 8de2b9e01016427d8a4ba825896ad05b P 7bb77dc1298840ffa4139f43722fa327 [CANDIDATE]: Term 2 pre-election: Election decided. Result: candidate lost. Election summary: received 4 responses out of 4 voters: 2 yes votes; 2 no votes. yes voters: 5391502bc49d4ec39202739be17b41c6, 7bb77dc1298840ffa4139f43722fa327; no voters: 47cffba923934f1aab96b3e0f02b5a3f, ec2eb41813b5469aa43b09938fb99679
I20260608 12:58:09.624063 20775 consensus_queue.cc:1059] T 70e28e8852004aa9ba43c0211f792165 P 47cffba923934f1aab96b3e0f02b5a3f [LEADER]: Peer responded invalid term: Peer: permanent_uuid: "ec2eb41813b5469aa43b09938fb99679" member_type: VOTER last_known_addr { host: "127.16.214.67" port: 34351 }, Status: INVALID_TERM, Last received: 1.3, Next index: 4, Last known committed idx: 2, Time since last communication: 0.001s
I20260608 12:58:09.624814 20800 raft_consensus.cc:2749] T 8de2b9e01016427d8a4ba825896ad05b P 7bb77dc1298840ffa4139f43722fa327 [term 1 FOLLOWER]: Leader pre-election lost for term 2. Reason: could not achieve majority
I20260608 12:58:09.628316 20789 leader_election.cc:290] T d9b01391d2994556b03b9caf9525db72 P 5391502bc49d4ec39202739be17b41c6 [CANDIDATE]: Term 2 election: Requested vote from peers 47cffba923934f1aab96b3e0f02b5a3f (127.16.214.66:39303), 7bb77dc1298840ffa4139f43722fa327 (127.16.214.68:40951)
I20260608 12:58:09.614045 20250 leader_election.cc:304] T 7e3a280fd73b498d96181d2ba2eb9960 P 5391502bc49d4ec39202739be17b41c6 [CANDIDATE]: Term 2 pre-election: Election decided. Result: candidate lost. Election summary: received 3 responses out of 3 voters: 1 yes votes; 2 no votes. yes voters: 5391502bc49d4ec39202739be17b41c6; no voters: 47cffba923934f1aab96b3e0f02b5a3f, 7bb77dc1298840ffa4139f43722fa327
I20260608 12:58:09.618671 20430 raft_consensus.cc:1240] T 1225c4cb17e24cf5a57a443f6a2eff3b P ec2eb41813b5469aa43b09938fb99679 [term 2 FOLLOWER]: Rejecting Update request from peer 47cffba923934f1aab96b3e0f02b5a3f for earlier term 1. Current term is 2. Ops: []
I20260608 12:58:09.638689 20584 raft_consensus.cc:2955] T 70e28e8852004aa9ba43c0211f792165 P 7bb77dc1298840ffa4139f43722fa327 [term 1 FOLLOWER]: Committing config change with OpId 1.3: config changed from index 2 to 3, 7bb77dc1298840ffa4139f43722fa327 (127.16.214.68) changed from NON_VOTER to VOTER. New config: { opid_index: 3 OBSOLETE_local: false peers { permanent_uuid: "ec2eb41813b5469aa43b09938fb99679" member_type: VOTER last_known_addr { host: "127.16.214.67" port: 34351 } } peers { permanent_uuid: "5391502bc49d4ec39202739be17b41c6" member_type: VOTER last_known_addr { host: "127.16.214.65" port: 42109 } attrs { replace: true } } peers { permanent_uuid: "47cffba923934f1aab96b3e0f02b5a3f" member_type: VOTER last_known_addr { host: "127.16.214.66" port: 39303 } } peers { permanent_uuid: "7bb77dc1298840ffa4139f43722fa327" member_type: VOTER last_known_addr { host: "127.16.214.68" port: 40951 } attrs { promote: false } } }
I20260608 12:58:09.640431 20250 leader_election.cc:304] T 8de2b9e01016427d8a4ba825896ad05b P 5391502bc49d4ec39202739be17b41c6 [CANDIDATE]: Term 2 pre-election: Election decided. Result: candidate lost. Election summary: received 4 responses out of 4 voters: 2 yes votes; 2 no votes. yes voters: 5391502bc49d4ec39202739be17b41c6, 7bb77dc1298840ffa4139f43722fa327; no voters: 47cffba923934f1aab96b3e0f02b5a3f, ec2eb41813b5469aa43b09938fb99679
I20260608 12:58:09.641244 20806 raft_consensus.cc:2749] T 7e3a280fd73b498d96181d2ba2eb9960 P 5391502bc49d4ec39202739be17b41c6 [term 1 FOLLOWER]: Leader pre-election lost for term 2. Reason: could not achieve majority
I20260608 12:58:09.620167 20791 raft_consensus.cc:515] T cf759e2701d247f5985e7feebd7648c1 P 47cffba923934f1aab96b3e0f02b5a3f [term 2 FOLLOWER]: Starting leader election with config: opid_index: -1 OBSOLETE_local: false peers { permanent_uuid: "5391502bc49d4ec39202739be17b41c6" member_type: VOTER last_known_addr { host: "127.16.214.65" port: 42109 } } peers { permanent_uuid: "47cffba923934f1aab96b3e0f02b5a3f" member_type: VOTER last_known_addr { host: "127.16.214.66" port: 39303 } } peers { permanent_uuid: "ec2eb41813b5469aa43b09938fb99679" member_type: VOTER last_known_addr { host: "127.16.214.67" port: 34351 } }
I20260608 12:58:09.613905 20796 ts_tablet_manager.cc:1929] T 69c3e0d3370e48709bfca92d22c6e5c6 P 47cffba923934f1aab96b3e0f02b5a3f: tablet deleted with delete type TABLET_DATA_TOMBSTONED: last-logged OpId 1.3
I20260608 12:58:09.633297 20283 tablet_service.cc:1917] Received RequestConsensusVote() RPC: tablet_id: "70e28e8852004aa9ba43c0211f792165" candidate_uuid: "ec2eb41813b5469aa43b09938fb99679" candidate_term: 2 candidate_status { last_received { term: 1 index: 3 } } ignore_live_leader: false dest_uuid: "5391502bc49d4ec39202739be17b41c6"
I20260608 12:58:09.655114 20796 log.cc:1199] T 69c3e0d3370e48709bfca92d22c6e5c6 P 47cffba923934f1aab96b3e0f02b5a3f: Deleting WAL directory at /tmp/dist-test-taskGx6BPE/test-tmp/auto_rebalancer-test.0.AutoRebalancerTest.RangeAwareRebalancesNewRangeReplicas.1780923397095858-17241-0/minicluster-data/ts-1-root/wals/69c3e0d3370e48709bfca92d22c6e5c6
I20260608 12:58:09.635313 20358 tablet_service.cc:1917] Received RequestConsensusVote() RPC: tablet_id: "70e28e8852004aa9ba43c0211f792165" candidate_uuid: "ec2eb41813b5469aa43b09938fb99679" candidate_term: 2 candidate_status { last_received { term: 1 index: 3 } } ignore_live_leader: false dest_uuid: "47cffba923934f1aab96b3e0f02b5a3f"
I20260608 12:58:09.637931 20784 leader_election.cc:290] T 70e28e8852004aa9ba43c0211f792165 P ec2eb41813b5469aa43b09938fb99679 [CANDIDATE]: Term 2 election: Requested vote from peers 5391502bc49d4ec39202739be17b41c6 (127.16.214.65:42109), 47cffba923934f1aab96b3e0f02b5a3f (127.16.214.66:39303), 7bb77dc1298840ffa4139f43722fa327 (127.16.214.68:40951)
I20260608 12:58:09.639122 20773 raft_consensus.cc:3055] T 70e28e8852004aa9ba43c0211f792165 P 47cffba923934f1aab96b3e0f02b5a3f [term 1 LEADER]: Stepping down as leader of term 1
I20260608 12:58:09.656598 20773 raft_consensus.cc:740] T 70e28e8852004aa9ba43c0211f792165 P 47cffba923934f1aab96b3e0f02b5a3f [term 1 LEADER]: Becoming Follower/Learner. State: Replica: 47cffba923934f1aab96b3e0f02b5a3f, State: Running, Role: LEADER
I20260608 12:58:09.657593 20773 consensus_queue.cc:260] T 70e28e8852004aa9ba43c0211f792165 P 47cffba923934f1aab96b3e0f02b5a3f [NON_LEADER]: Queue going to NON_LEADER mode. State: All replicated index: 0, Majority replicated index: 3, Committed index: 3, Last appended: 1.3, Last appended by leader: 3, Current term: 1, Majority size: -1, State: 0, Mode: NON_LEADER, active raft config: opid_index: 3 OBSOLETE_local: false peers { permanent_uuid: "ec2eb41813b5469aa43b09938fb99679" member_type: VOTER last_known_addr { host: "127.16.214.67" port: 34351 } } peers { permanent_uuid: "5391502bc49d4ec39202739be17b41c6" member_type: VOTER last_known_addr { host: "127.16.214.65" port: 42109 } attrs { replace: true } } peers { permanent_uuid: "47cffba923934f1aab96b3e0f02b5a3f" member_type: VOTER last_known_addr { host: "127.16.214.66" port: 39303 } } peers { permanent_uuid: "7bb77dc1298840ffa4139f43722fa327" member_type: VOTER last_known_addr { host: "127.16.214.68" port: 40951 } attrs { promote: false } }
I20260608 12:58:09.659160 20773 raft_consensus.cc:3060] T 70e28e8852004aa9ba43c0211f792165 P 47cffba923934f1aab96b3e0f02b5a3f [term 1 FOLLOWER]: Advancing to term 2
I20260608 12:58:09.641178 20779 consensus_queue.cc:1059] T 1225c4cb17e24cf5a57a443f6a2eff3b P 47cffba923934f1aab96b3e0f02b5a3f [LEADER]: Peer responded invalid term: Peer: permanent_uuid: "ec2eb41813b5469aa43b09938fb99679" member_type: VOTER last_known_addr { host: "127.16.214.67" port: 34351 }, Status: INVALID_TERM, Last received: 1.1, Next index: 2, Last known committed idx: 1, Time since last communication: 0.001s
I20260608 12:58:09.637883 20282 raft_consensus.cc:1240] T 70e28e8852004aa9ba43c0211f792165 P 5391502bc49d4ec39202739be17b41c6 [term 2 FOLLOWER]: Rejecting Update request from peer 47cffba923934f1aab96b3e0f02b5a3f for earlier term 1. Current term is 2. Ops: [1.3-1.3]
I20260608 12:58:09.641690 20181 catalog_manager.cc:5696] T 70e28e8852004aa9ba43c0211f792165 P 47cffba923934f1aab96b3e0f02b5a3f reported cstate change: config changed from index 2 to 3, 7bb77dc1298840ffa4139f43722fa327 (127.16.214.68) changed from NON_VOTER to VOTER. New cstate: current_term: 1 leader_uuid: "47cffba923934f1aab96b3e0f02b5a3f" committed_config { opid_index: 3 OBSOLETE_local: false peers { permanent_uuid: "ec2eb41813b5469aa43b09938fb99679" member_type: VOTER last_known_addr { host: "127.16.214.67" port: 34351 } health_report { overall_health: HEALTHY } } peers { permanent_uuid: "5391502bc49d4ec39202739be17b41c6" member_type: VOTER last_known_addr { host: "127.16.214.65" port: 42109 } attrs { replace: true } health_report { overall_health: UNKNOWN } } peers { permanent_uuid: "47cffba923934f1aab96b3e0f02b5a3f" member_type: VOTER last_known_addr { host: "127.16.214.66" port: 39303 } health_report { overall_health: HEALTHY } } peers { permanent_uuid: "7bb77dc1298840ffa4139f43722fa327" member_type: VOTER last_known_addr { host: "127.16.214.68" port: 40951 } attrs { promote: false } health_report { overall_health: HEALTHY } } }
I20260608 12:58:09.660169 20779 raft_consensus.cc:3055] T 1225c4cb17e24cf5a57a443f6a2eff3b P 47cffba923934f1aab96b3e0f02b5a3f [term 1 LEADER]: Stepping down as leader of term 1
I20260608 12:58:09.660590 20779 raft_consensus.cc:740] T 1225c4cb17e24cf5a57a443f6a2eff3b P 47cffba923934f1aab96b3e0f02b5a3f [term 1 LEADER]: Becoming Follower/Learner. State: Replica: 47cffba923934f1aab96b3e0f02b5a3f, State: Running, Role: LEADER
I20260608 12:58:09.661609 20779 consensus_queue.cc:260] T 1225c4cb17e24cf5a57a443f6a2eff3b P 47cffba923934f1aab96b3e0f02b5a3f [NON_LEADER]: Queue going to NON_LEADER mode. State: All replicated index: 0, Majority replicated index: 1, Committed index: 1, Last appended: 1.1, Last appended by leader: 1, Current term: 1, Majority size: -1, State: 0, Mode: NON_LEADER, active raft config: opid_index: -1 OBSOLETE_local: false peers { permanent_uuid: "47cffba923934f1aab96b3e0f02b5a3f" member_type: VOTER last_known_addr { host: "127.16.214.66" port: 39303 } } peers { permanent_uuid: "5391502bc49d4ec39202739be17b41c6" member_type: VOTER last_known_addr { host: "127.16.214.65" port: 42109 } } peers { permanent_uuid: "ec2eb41813b5469aa43b09938fb99679" member_type: VOTER last_known_addr { host: "127.16.214.67" port: 34351 } }
I20260608 12:58:09.663053 20779 raft_consensus.cc:3060] T 1225c4cb17e24cf5a57a443f6a2eff3b P 47cffba923934f1aab96b3e0f02b5a3f [term 1 FOLLOWER]: Advancing to term 2
I20260608 12:58:09.641448 20776 raft_consensus.cc:2749] T 8de2b9e01016427d8a4ba825896ad05b P 5391502bc49d4ec39202739be17b41c6 [term 1 FOLLOWER]: Leader pre-election lost for term 2. Reason: could not achieve majority
I20260608 12:58:09.632537 20431 consensus_queue.cc:237] T 8de2b9e01016427d8a4ba825896ad05b P ec2eb41813b5469aa43b09938fb99679 [LEADER]: Queue going to LEADER mode. State: All replicated index: 0, Majority replicated index: 3, Committed index: 3, Last appended: 1.3, Last appended by leader: 0, Current term: 1, Majority size: 2, State: 0, Mode: LEADER, active raft config: opid_index: 4 OBSOLETE_local: false peers { permanent_uuid: "47cffba923934f1aab96b3e0f02b5a3f" member_type: VOTER last_known_addr { host: "127.16.214.66" port: 39303 } } peers { permanent_uuid: "ec2eb41813b5469aa43b09938fb99679" member_type: VOTER last_known_addr { host: "127.16.214.67" port: 34351 } } peers { permanent_uuid: "7bb77dc1298840ffa4139f43722fa327" member_type: VOTER last_known_addr { host: "127.16.214.68" port: 40951 } attrs { promote: false } }
I20260608 12:58:09.643944 20399 leader_election.cc:304] T be72deb42afb4d2790ca0c4138dbb14e P ec2eb41813b5469aa43b09938fb99679 [CANDIDATE]: Term 3 pre-election: Election decided. Result: candidate lost. Election summary: received 3 responses out of 3 voters: 1 yes votes; 2 no votes. yes voters: ec2eb41813b5469aa43b09938fb99679; no voters: 47cffba923934f1aab96b3e0f02b5a3f, 7bb77dc1298840ffa4139f43722fa327
I20260608 12:58:09.645282 20580 tablet_service.cc:1917] Received RequestConsensusVote() RPC: tablet_id: "ea4007c7837646fab031a84aebe50d0f" candidate_uuid: "5391502bc49d4ec39202739be17b41c6" candidate_term: 2 candidate_status { last_received { term: 1 index: 1 } } ignore_live_leader: false dest_uuid: "7bb77dc1298840ffa4139f43722fa327"
I20260608 12:58:09.646433 20432 tablet_service.cc:1917] Received RequestConsensusVote() RPC: tablet_id: "ea4007c7837646fab031a84aebe50d0f" candidate_uuid: "5391502bc49d4ec39202739be17b41c6" candidate_term: 2 candidate_status { last_received { term: 1 index: 1 } } ignore_live_leader: false dest_uuid: "ec2eb41813b5469aa43b09938fb99679"
I20260608 12:58:09.646745 20430 tablet_service.cc:1917] Received RequestConsensusVote() RPC: tablet_id: "70e28e8852004aa9ba43c0211f792165" candidate_uuid: "5391502bc49d4ec39202739be17b41c6" candidate_term: 2 candidate_status { last_received { term: 1 index: 2 } } ignore_live_leader: false dest_uuid: "ec2eb41813b5469aa43b09938fb99679"
I20260608 12:58:09.680323 20399 leader_election.cc:304] T 70e28e8852004aa9ba43c0211f792165 P ec2eb41813b5469aa43b09938fb99679 [CANDIDATE]: Term 2 election: Election decided. Result: candidate lost. Election summary: received 3 responses out of 4 voters: 1 yes votes; 2 no votes. yes voters: ec2eb41813b5469aa43b09938fb99679; no voters: 47cffba923934f1aab96b3e0f02b5a3f, 5391502bc49d4ec39202739be17b41c6
I20260608 12:58:09.647183 20355 tablet_service.cc:1917] Received RequestConsensusVote() RPC: tablet_id: "70e28e8852004aa9ba43c0211f792165" candidate_uuid: "5391502bc49d4ec39202739be17b41c6" candidate_term: 2 candidate_status { last_received { term: 1 index: 2 } } ignore_live_leader: false dest_uuid: "47cffba923934f1aab96b3e0f02b5a3f"
I20260608 12:58:09.647287 20353 tablet_service.cc:1917] Received RequestConsensusVote() RPC: tablet_id: "d9b01391d2994556b03b9caf9525db72" candidate_uuid: "5391502bc49d4ec39202739be17b41c6" candidate_term: 2 candidate_status { last_received { term: 1 index: 1 } } ignore_live_leader: false dest_uuid: "47cffba923934f1aab96b3e0f02b5a3f"
I20260608 12:58:09.646993 20583 raft_consensus.cc:2955] T 8de2b9e01016427d8a4ba825896ad05b P 7bb77dc1298840ffa4139f43722fa327 [term 1 FOLLOWER]: Committing config change with OpId 1.3: config changed from index 2 to 3, 7bb77dc1298840ffa4139f43722fa327 (127.16.214.68) changed from NON_VOTER to VOTER. New config: { opid_index: 3 OBSOLETE_local: false peers { permanent_uuid: "47cffba923934f1aab96b3e0f02b5a3f" member_type: VOTER last_known_addr { host: "127.16.214.66" port: 39303 } } peers { permanent_uuid: "5391502bc49d4ec39202739be17b41c6" member_type: VOTER last_known_addr { host: "127.16.214.65" port: 42109 } attrs { replace: true } } peers { permanent_uuid: "ec2eb41813b5469aa43b09938fb99679" member_type: VOTER last_known_addr { host: "127.16.214.67" port: 34351 } } peers { permanent_uuid: "7bb77dc1298840ffa4139f43722fa327" member_type: VOTER last_known_addr { host: "127.16.214.68" port: 40951 } attrs { promote: false } } }
I20260608 12:58:09.682720 20358 raft_consensus.cc:1275] T 8de2b9e01016427d8a4ba825896ad05b P 47cffba923934f1aab96b3e0f02b5a3f [term 1 FOLLOWER]: Refusing update from remote peer ec2eb41813b5469aa43b09938fb99679: Log matching property violated. Preceding OpId in replica: term: 1 index: 3. Preceding OpId from leader: term: 1 index: 4. (index mismatch)
I20260608 12:58:09.649331 20582 tablet_service.cc:1917] Received RequestConsensusVote() RPC: tablet_id: "70e28e8852004aa9ba43c0211f792165" candidate_uuid: "ec2eb41813b5469aa43b09938fb99679" candidate_term: 2 candidate_status { last_received { term: 1 index: 3 } } ignore_live_leader: false dest_uuid: "7bb77dc1298840ffa4139f43722fa327"
I20260608 12:58:09.683805 20784 raft_consensus.cc:2749] T be72deb42afb4d2790ca0c4138dbb14e P ec2eb41813b5469aa43b09938fb99679 [term 2 FOLLOWER]: Leader pre-election lost for term 3. Reason: could not achieve majority
I20260608 12:58:09.649443 20581 tablet_service.cc:1917] Received RequestConsensusVote() RPC: tablet_id: "d9b01391d2994556b03b9caf9525db72" candidate_uuid: "5391502bc49d4ec39202739be17b41c6" candidate_term: 2 candidate_status { last_received { term: 1 index: 1 } } ignore_live_leader: false dest_uuid: "7bb77dc1298840ffa4139f43722fa327"
I20260608 12:58:09.684562 20784 raft_consensus.cc:2749] T 70e28e8852004aa9ba43c0211f792165 P ec2eb41813b5469aa43b09938fb99679 [term 2 FOLLOWER]: Leader election lost for term 2. Reason: could not achieve majority
I20260608 12:58:09.650118 20791 leader_election.cc:290] T cf759e2701d247f5985e7feebd7648c1 P 47cffba923934f1aab96b3e0f02b5a3f [CANDIDATE]: Term 2 election: Requested vote from peers 5391502bc49d4ec39202739be17b41c6 (127.16.214.65:42109), ec2eb41813b5469aa43b09938fb99679 (127.16.214.67:34351)
I20260608 12:58:09.650703 20284 tablet_service.cc:1917] Received RequestConsensusVote() RPC: tablet_id: "cf759e2701d247f5985e7feebd7648c1" candidate_uuid: "47cffba923934f1aab96b3e0f02b5a3f" candidate_term: 2 candidate_status { last_received { term: 1 index: 1 } } ignore_live_leader: false dest_uuid: "5391502bc49d4ec39202739be17b41c6"
I20260608 12:58:09.653621 20281 raft_consensus.cc:1240] T d9b01391d2994556b03b9caf9525db72 P 5391502bc49d4ec39202739be17b41c6 [term 2 FOLLOWER]: Rejecting Update request from peer 7bb77dc1298840ffa4139f43722fa327 for earlier term 1. Current term is 2. Ops: []
I20260608 12:58:09.634725 20433 raft_consensus.cc:1240] T fe96a00c49924962a9c8dd51559afafc P ec2eb41813b5469aa43b09938fb99679 [term 2 FOLLOWER]: Rejecting Update request from peer 47cffba923934f1aab96b3e0f02b5a3f for earlier term 1. Current term is 2. Ops: []
I20260608 12:58:09.685631 20250 leader_election.cc:304] T d9b01391d2994556b03b9caf9525db72 P 5391502bc49d4ec39202739be17b41c6 [CANDIDATE]: Term 2 election: Election decided. Result: candidate lost. Election summary: received 3 responses out of 3 voters: 1 yes votes; 2 no votes. yes voters: 5391502bc49d4ec39202739be17b41c6; no voters: 47cffba923934f1aab96b3e0f02b5a3f, 7bb77dc1298840ffa4139f43722fa327
I20260608 12:58:09.686880 20776 raft_consensus.cc:2749] T d9b01391d2994556b03b9caf9525db72 P 5391502bc49d4ec39202739be17b41c6 [term 2 FOLLOWER]: Leader election lost for term 2. Reason: could not achieve majority
