I20260608 12:57:55.231829 32184 consensus_queue.cc:260] T ba008bdacc4247a1bdf7a9e4f1e956ae P e5dda724dece4ec4bf2679e7a60fec47 [NON_LEADER]: Queue going to NON_LEADER mode. State: All replicated index: 0, Majority replicated index: 0, Committed index: 0, Last appended: 0.0, Last appended by leader: 0, Current term: 0, Majority size: -1, State: 0, Mode: NON_LEADER, active raft config: opid_index: -1 OBSOLETE_local: false peers { permanent_uuid: "e5dda724dece4ec4bf2679e7a60fec47" member_type: VOTER last_known_addr { host: "127.28.46.66" port: 45373 } } peers { permanent_uuid: "32c2d3ae9c584d2690b7c9038a74f23a" member_type: VOTER last_known_addr { host: "127.28.46.65" port: 45757 } } peers { permanent_uuid: "3497a7d9ca2e4744a0b575961a19f871" member_type: VOTER last_known_addr { host: "127.28.46.68" port: 44891 } }
I20260608 12:57:55.234283 32184 ts_tablet_manager.cc:1434] T ba008bdacc4247a1bdf7a9e4f1e956ae P e5dda724dece4ec4bf2679e7a60fec47: Time spent starting tablet: real 0.024s	user 0.000s	sys 0.005s
I20260608 12:57:55.235298 32184 tablet_bootstrap.cc:492] T 43c098846a4b40ceb1431f08ab2fd214 P e5dda724dece4ec4bf2679e7a60fec47: Bootstrap starting.
I20260608 12:57:55.241571 32195 tablet_bootstrap.cc:492] T eec64a714d2148cbac317385c6776490 P 3497a7d9ca2e4744a0b575961a19f871: No bootstrap required, opened a new log
I20260608 12:57:55.242121 32195 ts_tablet_manager.cc:1403] T eec64a714d2148cbac317385c6776490 P 3497a7d9ca2e4744a0b575961a19f871: Time spent bootstrapping tablet: real 0.046s	user 0.011s	sys 0.004s
I20260608 12:57:55.241883 32181 raft_consensus.cc:359] T 6ec5dd7baca845d6a805f9099c802320 P 32c2d3ae9c584d2690b7c9038a74f23a [term 0 FOLLOWER]: Replica starting. Triggering 0 pending ops. Active config: opid_index: -1 OBSOLETE_local: false peers { permanent_uuid: "e5dda724dece4ec4bf2679e7a60fec47" member_type: VOTER last_known_addr { host: "127.28.46.66" port: 45373 } } peers { permanent_uuid: "32c2d3ae9c584d2690b7c9038a74f23a" member_type: VOTER last_known_addr { host: "127.28.46.65" port: 45757 } } peers { permanent_uuid: "3497a7d9ca2e4744a0b575961a19f871" member_type: VOTER last_known_addr { host: "127.28.46.68" port: 44891 } }
I20260608 12:57:55.242583 32181 raft_consensus.cc:385] T 6ec5dd7baca845d6a805f9099c802320 P 32c2d3ae9c584d2690b7c9038a74f23a [term 0 FOLLOWER]: Consensus starting up: Expiring failure detector timer to make a prompt election more likely
I20260608 12:57:55.242955 32181 raft_consensus.cc:740] T 6ec5dd7baca845d6a805f9099c802320 P 32c2d3ae9c584d2690b7c9038a74f23a [term 0 FOLLOWER]: Becoming Follower/Learner. State: Replica: 32c2d3ae9c584d2690b7c9038a74f23a, State: Initialized, Role: FOLLOWER
I20260608 12:57:55.243834 32181 consensus_queue.cc:260] T 6ec5dd7baca845d6a805f9099c802320 P 32c2d3ae9c584d2690b7c9038a74f23a [NON_LEADER]: Queue going to NON_LEADER mode. State: All replicated index: 0, Majority replicated index: 0, Committed index: 0, Last appended: 0.0, Last appended by leader: 0, Current term: 0, Majority size: -1, State: 0, Mode: NON_LEADER, active raft config: opid_index: -1 OBSOLETE_local: false peers { permanent_uuid: "e5dda724dece4ec4bf2679e7a60fec47" member_type: VOTER last_known_addr { host: "127.28.46.66" port: 45373 } } peers { permanent_uuid: "32c2d3ae9c584d2690b7c9038a74f23a" member_type: VOTER last_known_addr { host: "127.28.46.65" port: 45757 } } peers { permanent_uuid: "3497a7d9ca2e4744a0b575961a19f871" member_type: VOTER last_known_addr { host: "127.28.46.68" port: 44891 } }
I20260608 12:57:55.245398 32184 tablet_bootstrap.cc:654] T 43c098846a4b40ceb1431f08ab2fd214 P e5dda724dece4ec4bf2679e7a60fec47: Neither blocks nor log segments found. Creating new log.
I20260608 12:57:55.245431 32195 raft_consensus.cc:359] T eec64a714d2148cbac317385c6776490 P 3497a7d9ca2e4744a0b575961a19f871 [term 0 FOLLOWER]: Replica starting. Triggering 0 pending ops. Active config: opid_index: -1 OBSOLETE_local: false peers { permanent_uuid: "3497a7d9ca2e4744a0b575961a19f871" member_type: VOTER last_known_addr { host: "127.28.46.68" port: 44891 } } peers { permanent_uuid: "e5dda724dece4ec4bf2679e7a60fec47" member_type: VOTER last_known_addr { host: "127.28.46.66" port: 45373 } } peers { permanent_uuid: "32c2d3ae9c584d2690b7c9038a74f23a" member_type: VOTER last_known_addr { host: "127.28.46.65" port: 45757 } }
I20260608 12:57:55.246898 32195 raft_consensus.cc:385] T eec64a714d2148cbac317385c6776490 P 3497a7d9ca2e4744a0b575961a19f871 [term 0 FOLLOWER]: Consensus starting up: Expiring failure detector timer to make a prompt election more likely
I20260608 12:57:55.247232 32195 raft_consensus.cc:740] T eec64a714d2148cbac317385c6776490 P 3497a7d9ca2e4744a0b575961a19f871 [term 0 FOLLOWER]: Becoming Follower/Learner. State: Replica: 3497a7d9ca2e4744a0b575961a19f871, State: Initialized, Role: FOLLOWER
I20260608 12:57:55.248245 32195 consensus_queue.cc:260] T eec64a714d2148cbac317385c6776490 P 3497a7d9ca2e4744a0b575961a19f871 [NON_LEADER]: Queue going to NON_LEADER mode. State: All replicated index: 0, Majority replicated index: 0, Committed index: 0, Last appended: 0.0, Last appended by leader: 0, Current term: 0, Majority size: -1, State: 0, Mode: NON_LEADER, active raft config: opid_index: -1 OBSOLETE_local: false peers { permanent_uuid: "3497a7d9ca2e4744a0b575961a19f871" member_type: VOTER last_known_addr { host: "127.28.46.68" port: 44891 } } peers { permanent_uuid: "e5dda724dece4ec4bf2679e7a60fec47" member_type: VOTER last_known_addr { host: "127.28.46.66" port: 45373 } } peers { permanent_uuid: "32c2d3ae9c584d2690b7c9038a74f23a" member_type: VOTER last_known_addr { host: "127.28.46.65" port: 45757 } }
I20260608 12:57:55.249451 32181 ts_tablet_manager.cc:1434] T 6ec5dd7baca845d6a805f9099c802320 P 32c2d3ae9c584d2690b7c9038a74f23a: Time spent starting tablet: real 0.018s	user 0.006s	sys 0.000s
I20260608 12:57:55.250434 32195 ts_tablet_manager.cc:1434] T eec64a714d2148cbac317385c6776490 P 3497a7d9ca2e4744a0b575961a19f871: Time spent starting tablet: real 0.008s	user 0.006s	sys 0.001s
I20260608 12:57:55.250495 32181 tablet_bootstrap.cc:492] T e7739d7f292d482093a2b9ad68e17ed1 P 32c2d3ae9c584d2690b7c9038a74f23a: Bootstrap starting.
I20260608 12:57:55.251631 32195 tablet_bootstrap.cc:492] T 623c994eb087485ba628f86deee46ebb P 3497a7d9ca2e4744a0b575961a19f871: Bootstrap starting.
I20260608 12:57:55.261284 32195 tablet_bootstrap.cc:654] T 623c994eb087485ba628f86deee46ebb P 3497a7d9ca2e4744a0b575961a19f871: Neither blocks nor log segments found. Creating new log.
I20260608 12:57:55.271117 32065 raft_consensus.cc:493] T 623c994eb087485ba628f86deee46ebb P e5dda724dece4ec4bf2679e7a60fec47 [term 0 FOLLOWER]: Starting pre-election (no leader contacted us within the election timeout)
I20260608 12:57:55.271636 32065 raft_consensus.cc:515] T 623c994eb087485ba628f86deee46ebb P e5dda724dece4ec4bf2679e7a60fec47 [term 0 FOLLOWER]: Starting pre-election with config: opid_index: -1 OBSOLETE_local: false peers { permanent_uuid: "e5dda724dece4ec4bf2679e7a60fec47" member_type: VOTER last_known_addr { host: "127.28.46.66" port: 45373 } } peers { permanent_uuid: "3497a7d9ca2e4744a0b575961a19f871" member_type: VOTER last_known_addr { host: "127.28.46.68" port: 44891 } } peers { permanent_uuid: "45ebeffd12fb42a6a291c092575500de" member_type: VOTER last_known_addr { host: "127.28.46.67" port: 36557 } }
I20260608 12:57:55.278393 32193 tablet_bootstrap.cc:492] T e7739d7f292d482093a2b9ad68e17ed1 P 45ebeffd12fb42a6a291c092575500de: No bootstrap required, opened a new log
I20260608 12:57:55.279086 32193 ts_tablet_manager.cc:1403] T e7739d7f292d482093a2b9ad68e17ed1 P 45ebeffd12fb42a6a291c092575500de: Time spent bootstrapping tablet: real 0.080s	user 0.015s	sys 0.000s
I20260608 12:57:55.279623 32079 raft_consensus.cc:493] T ba008bdacc4247a1bdf7a9e4f1e956ae P e5dda724dece4ec4bf2679e7a60fec47 [term 0 FOLLOWER]: Starting pre-election (no leader contacted us within the election timeout)
I20260608 12:57:55.280141 32079 raft_consensus.cc:515] T ba008bdacc4247a1bdf7a9e4f1e956ae P e5dda724dece4ec4bf2679e7a60fec47 [term 0 FOLLOWER]: Starting pre-election with config: opid_index: -1 OBSOLETE_local: false peers { permanent_uuid: "e5dda724dece4ec4bf2679e7a60fec47" member_type: VOTER last_known_addr { host: "127.28.46.66" port: 45373 } } peers { permanent_uuid: "32c2d3ae9c584d2690b7c9038a74f23a" member_type: VOTER last_known_addr { host: "127.28.46.65" port: 45757 } } peers { permanent_uuid: "3497a7d9ca2e4744a0b575961a19f871" member_type: VOTER last_known_addr { host: "127.28.46.68" port: 44891 } }
I20260608 12:57:55.284062 31837 tablet_service.cc:1917] Received RequestConsensusVote() RPC: tablet_id: "ba008bdacc4247a1bdf7a9e4f1e956ae" candidate_uuid: "e5dda724dece4ec4bf2679e7a60fec47" candidate_term: 1 candidate_status { last_received { term: 0 index: 0 } } ignore_live_leader: false dest_uuid: "32c2d3ae9c584d2690b7c9038a74f23a" is_pre_election: true
I20260608 12:57:55.284878 31837 raft_consensus.cc:2468] T ba008bdacc4247a1bdf7a9e4f1e956ae P 32c2d3ae9c584d2690b7c9038a74f23a [term 0 FOLLOWER]: Leader pre-election vote request: Granting yes vote for candidate e5dda724dece4ec4bf2679e7a60fec47 in term 0.
I20260608 12:57:55.287016 31880 leader_election.cc:304] T ba008bdacc4247a1bdf7a9e4f1e956ae P e5dda724dece4ec4bf2679e7a60fec47 [CANDIDATE]: Term 1 pre-election: Election decided. Result: candidate won. Election summary: received 2 responses out of 3 voters: 2 yes votes; 0 no votes. yes voters: 32c2d3ae9c584d2690b7c9038a74f23a, e5dda724dece4ec4bf2679e7a60fec47; no voters: 
I20260608 12:57:55.287973 32191 raft_consensus.cc:2804] T ba008bdacc4247a1bdf7a9e4f1e956ae P e5dda724dece4ec4bf2679e7a60fec47 [term 0 FOLLOWER]: Leader pre-election won for term 1
I20260608 12:57:55.288359 32191 raft_consensus.cc:493] T ba008bdacc4247a1bdf7a9e4f1e956ae P e5dda724dece4ec4bf2679e7a60fec47 [term 0 FOLLOWER]: Starting leader election (no leader contacted us within the election timeout)
I20260608 12:57:55.288690 32191 raft_consensus.cc:3060] T ba008bdacc4247a1bdf7a9e4f1e956ae P e5dda724dece4ec4bf2679e7a60fec47 [term 0 FOLLOWER]: Advancing to term 1
I20260608 12:57:55.289332 32184 tablet_bootstrap.cc:492] T 43c098846a4b40ceb1431f08ab2fd214 P e5dda724dece4ec4bf2679e7a60fec47: No bootstrap required, opened a new log
I20260608 12:57:55.289842 32184 ts_tablet_manager.cc:1403] T 43c098846a4b40ceb1431f08ab2fd214 P e5dda724dece4ec4bf2679e7a60fec47: Time spent bootstrapping tablet: real 0.055s	user 0.021s	sys 0.028s
I20260608 12:57:55.282498 32079 leader_election.cc:290] T ba008bdacc4247a1bdf7a9e4f1e956ae P e5dda724dece4ec4bf2679e7a60fec47 [CANDIDATE]: Term 1 pre-election: Requested pre-vote from peers 32c2d3ae9c584d2690b7c9038a74f23a (127.28.46.65:45757), 3497a7d9ca2e4744a0b575961a19f871 (127.28.46.68:44891)
I20260608 12:57:55.274577 32065 leader_election.cc:290] T 623c994eb087485ba628f86deee46ebb P e5dda724dece4ec4bf2679e7a60fec47 [CANDIDATE]: Term 1 pre-election: Requested pre-vote from peers 3497a7d9ca2e4744a0b575961a19f871 (127.28.46.68:44891), 45ebeffd12fb42a6a291c092575500de (127.28.46.67:36557)
I20260608 12:57:55.292846 32195 tablet_bootstrap.cc:492] T 623c994eb087485ba628f86deee46ebb P 3497a7d9ca2e4744a0b575961a19f871: No bootstrap required, opened a new log
I20260608 12:57:55.293386 32195 ts_tablet_manager.cc:1403] T 623c994eb087485ba628f86deee46ebb P 3497a7d9ca2e4744a0b575961a19f871: Time spent bootstrapping tablet: real 0.042s	user 0.011s	sys 0.008s
I20260608 12:57:55.293726 31986 tablet_service.cc:1917] Received RequestConsensusVote() RPC: tablet_id: "623c994eb087485ba628f86deee46ebb" candidate_uuid: "e5dda724dece4ec4bf2679e7a60fec47" candidate_term: 1 candidate_status { last_received { term: 0 index: 0 } } ignore_live_leader: false dest_uuid: "45ebeffd12fb42a6a291c092575500de" is_pre_election: true
I20260608 12:57:55.294337 31986 raft_consensus.cc:2468] T 623c994eb087485ba628f86deee46ebb P 45ebeffd12fb42a6a291c092575500de [term 0 FOLLOWER]: Leader pre-election vote request: Granting yes vote for candidate e5dda724dece4ec4bf2679e7a60fec47 in term 0.
I20260608 12:57:55.294826 32191 raft_consensus.cc:515] T ba008bdacc4247a1bdf7a9e4f1e956ae P e5dda724dece4ec4bf2679e7a60fec47 [term 1 FOLLOWER]: Starting leader election with config: opid_index: -1 OBSOLETE_local: false peers { permanent_uuid: "e5dda724dece4ec4bf2679e7a60fec47" member_type: VOTER last_known_addr { host: "127.28.46.66" port: 45373 } } peers { permanent_uuid: "32c2d3ae9c584d2690b7c9038a74f23a" member_type: VOTER last_known_addr { host: "127.28.46.65" port: 45757 } } peers { permanent_uuid: "3497a7d9ca2e4744a0b575961a19f871" member_type: VOTER last_known_addr { host: "127.28.46.68" port: 44891 } }
I20260608 12:57:55.295670 31879 leader_election.cc:304] T 623c994eb087485ba628f86deee46ebb P e5dda724dece4ec4bf2679e7a60fec47 [CANDIDATE]: Term 1 pre-election: Election decided. Result: candidate won. Election summary: received 2 responses out of 3 voters: 2 yes votes; 0 no votes. yes voters: 45ebeffd12fb42a6a291c092575500de, e5dda724dece4ec4bf2679e7a60fec47; no voters: 
I20260608 12:57:55.296146 32193 raft_consensus.cc:359] T e7739d7f292d482093a2b9ad68e17ed1 P 45ebeffd12fb42a6a291c092575500de [term 0 FOLLOWER]: Replica starting. Triggering 0 pending ops. Active config: opid_index: -1 OBSOLETE_local: false peers { permanent_uuid: "45ebeffd12fb42a6a291c092575500de" member_type: VOTER last_known_addr { host: "127.28.46.67" port: 36557 } } peers { permanent_uuid: "3497a7d9ca2e4744a0b575961a19f871" member_type: VOTER last_known_addr { host: "127.28.46.68" port: 44891 } } peers { permanent_uuid: "32c2d3ae9c584d2690b7c9038a74f23a" member_type: VOTER last_known_addr { host: "127.28.46.65" port: 45757 } }
I20260608 12:57:55.296576 32065 raft_consensus.cc:2804] T 623c994eb087485ba628f86deee46ebb P e5dda724dece4ec4bf2679e7a60fec47 [term 0 FOLLOWER]: Leader pre-election won for term 1
I20260608 12:57:55.296653 32203 raft_consensus.cc:493] T eec64a714d2148cbac317385c6776490 P 3497a7d9ca2e4744a0b575961a19f871 [term 0 FOLLOWER]: Starting pre-election (no leader contacted us within the election timeout)
I20260608 12:57:55.297180 32065 raft_consensus.cc:493] T 623c994eb087485ba628f86deee46ebb P e5dda724dece4ec4bf2679e7a60fec47 [term 0 FOLLOWER]: Starting leader election (no leader contacted us within the election timeout)
I20260608 12:57:55.297585 32065 raft_consensus.cc:3060] T 623c994eb087485ba628f86deee46ebb P e5dda724dece4ec4bf2679e7a60fec47 [term 0 FOLLOWER]: Advancing to term 1
I20260608 12:57:55.297318 32203 raft_consensus.cc:515] T eec64a714d2148cbac317385c6776490 P 3497a7d9ca2e4744a0b575961a19f871 [term 0 FOLLOWER]: Starting pre-election with config: opid_index: -1 OBSOLETE_local: false peers { permanent_uuid: "3497a7d9ca2e4744a0b575961a19f871" member_type: VOTER last_known_addr { host: "127.28.46.68" port: 44891 } } peers { permanent_uuid: "e5dda724dece4ec4bf2679e7a60fec47" member_type: VOTER last_known_addr { host: "127.28.46.66" port: 45373 } } peers { permanent_uuid: "32c2d3ae9c584d2690b7c9038a74f23a" member_type: VOTER last_known_addr { host: "127.28.46.65" port: 45757 } }
I20260608 12:57:55.300257 32181 tablet_bootstrap.cc:654] T e7739d7f292d482093a2b9ad68e17ed1 P 32c2d3ae9c584d2690b7c9038a74f23a: Neither blocks nor log segments found. Creating new log.
I20260608 12:57:55.301781 32193 raft_consensus.cc:385] T e7739d7f292d482093a2b9ad68e17ed1 P 45ebeffd12fb42a6a291c092575500de [term 0 FOLLOWER]: Consensus starting up: Expiring failure detector timer to make a prompt election more likely
I20260608 12:57:55.302139 32193 raft_consensus.cc:740] T e7739d7f292d482093a2b9ad68e17ed1 P 45ebeffd12fb42a6a291c092575500de [term 0 FOLLOWER]: Becoming Follower/Learner. State: Replica: 45ebeffd12fb42a6a291c092575500de, State: Initialized, Role: FOLLOWER
I20260608 12:57:55.303025 32193 consensus_queue.cc:260] T e7739d7f292d482093a2b9ad68e17ed1 P 45ebeffd12fb42a6a291c092575500de [NON_LEADER]: Queue going to NON_LEADER mode. State: All replicated index: 0, Majority replicated index: 0, Committed index: 0, Last appended: 0.0, Last appended by leader: 0, Current term: 0, Majority size: -1, State: 0, Mode: NON_LEADER, active raft config: opid_index: -1 OBSOLETE_local: false peers { permanent_uuid: "45ebeffd12fb42a6a291c092575500de" member_type: VOTER last_known_addr { host: "127.28.46.67" port: 36557 } } peers { permanent_uuid: "3497a7d9ca2e4744a0b575961a19f871" member_type: VOTER last_known_addr { host: "127.28.46.68" port: 44891 } } peers { permanent_uuid: "32c2d3ae9c584d2690b7c9038a74f23a" member_type: VOTER last_known_addr { host: "127.28.46.65" port: 45757 } }
I20260608 12:57:55.303866 32203 leader_election.cc:290] T eec64a714d2148cbac317385c6776490 P 3497a7d9ca2e4744a0b575961a19f871 [CANDIDATE]: Term 1 pre-election: Requested pre-vote from peers e5dda724dece4ec4bf2679e7a60fec47 (127.28.46.66:45373), 32c2d3ae9c584d2690b7c9038a74f23a (127.28.46.65:45757)
I20260608 12:57:55.304762 32065 raft_consensus.cc:515] T 623c994eb087485ba628f86deee46ebb P e5dda724dece4ec4bf2679e7a60fec47 [term 1 FOLLOWER]: Starting leader election with config: opid_index: -1 OBSOLETE_local: false peers { permanent_uuid: "e5dda724dece4ec4bf2679e7a60fec47" member_type: VOTER last_known_addr { host: "127.28.46.66" port: 45373 } } peers { permanent_uuid: "3497a7d9ca2e4744a0b575961a19f871" member_type: VOTER last_known_addr { host: "127.28.46.68" port: 44891 } } peers { permanent_uuid: "45ebeffd12fb42a6a291c092575500de" member_type: VOTER last_known_addr { host: "127.28.46.67" port: 36557 } }
I20260608 12:57:55.307739 32139 tablet_service.cc:1917] Received RequestConsensusVote() RPC: tablet_id: "ba008bdacc4247a1bdf7a9e4f1e956ae" candidate_uuid: "e5dda724dece4ec4bf2679e7a60fec47" candidate_term: 1 candidate_status { last_received { term: 0 index: 0 } } ignore_live_leader: false dest_uuid: "3497a7d9ca2e4744a0b575961a19f871" is_pre_election: true
I20260608 12:57:55.307957 32138 tablet_service.cc:1917] Received RequestConsensusVote() RPC: tablet_id: "623c994eb087485ba628f86deee46ebb" candidate_uuid: "e5dda724dece4ec4bf2679e7a60fec47" candidate_term: 1 candidate_status { last_received { term: 0 index: 0 } } ignore_live_leader: false dest_uuid: "3497a7d9ca2e4744a0b575961a19f871" is_pre_election: true
I20260608 12:57:55.305403 32195 raft_consensus.cc:359] T 623c994eb087485ba628f86deee46ebb P 3497a7d9ca2e4744a0b575961a19f871 [term 0 FOLLOWER]: Replica starting. Triggering 0 pending ops. Active config: opid_index: -1 OBSOLETE_local: false peers { permanent_uuid: "e5dda724dece4ec4bf2679e7a60fec47" member_type: VOTER last_known_addr { host: "127.28.46.66" port: 45373 } } peers { permanent_uuid: "3497a7d9ca2e4744a0b575961a19f871" member_type: VOTER last_known_addr { host: "127.28.46.68" port: 44891 } } peers { permanent_uuid: "45ebeffd12fb42a6a291c092575500de" member_type: VOTER last_known_addr { host: "127.28.46.67" port: 36557 } }
I20260608 12:57:55.308776 32195 raft_consensus.cc:385] T 623c994eb087485ba628f86deee46ebb P 3497a7d9ca2e4744a0b575961a19f871 [term 0 FOLLOWER]: Consensus starting up: Expiring failure detector timer to make a prompt election more likely
I20260608 12:57:55.309190 32195 raft_consensus.cc:740] T 623c994eb087485ba628f86deee46ebb P 3497a7d9ca2e4744a0b575961a19f871 [term 0 FOLLOWER]: Becoming Follower/Learner. State: Replica: 3497a7d9ca2e4744a0b575961a19f871, State: Initialized, Role: FOLLOWER
I20260608 12:57:55.308992 32137 tablet_service.cc:1917] Received RequestConsensusVote() RPC: tablet_id: "623c994eb087485ba628f86deee46ebb" candidate_uuid: "e5dda724dece4ec4bf2679e7a60fec47" candidate_term: 1 candidate_status { last_received { term: 0 index: 0 } } ignore_live_leader: false dest_uuid: "3497a7d9ca2e4744a0b575961a19f871"
I20260608 12:57:55.310149 32184 raft_consensus.cc:359] T 43c098846a4b40ceb1431f08ab2fd214 P e5dda724dece4ec4bf2679e7a60fec47 [term 0 FOLLOWER]: Replica starting. Triggering 0 pending ops. Active config: opid_index: -1 OBSOLETE_local: false peers { permanent_uuid: "45ebeffd12fb42a6a291c092575500de" member_type: VOTER last_known_addr { host: "127.28.46.67" port: 36557 } } peers { permanent_uuid: "e5dda724dece4ec4bf2679e7a60fec47" member_type: VOTER last_known_addr { host: "127.28.46.66" port: 45373 } } peers { permanent_uuid: "3497a7d9ca2e4744a0b575961a19f871" member_type: VOTER last_known_addr { host: "127.28.46.68" port: 44891 } }
I20260608 12:57:55.311017 32184 raft_consensus.cc:385] T 43c098846a4b40ceb1431f08ab2fd214 P e5dda724dece4ec4bf2679e7a60fec47 [term 0 FOLLOWER]: Consensus starting up: Expiring failure detector timer to make a prompt election more likely
I20260608 12:57:55.311414 32184 raft_consensus.cc:740] T 43c098846a4b40ceb1431f08ab2fd214 P e5dda724dece4ec4bf2679e7a60fec47 [term 0 FOLLOWER]: Becoming Follower/Learner. State: Replica: e5dda724dece4ec4bf2679e7a60fec47, State: Initialized, Role: FOLLOWER
I20260608 12:57:55.312233 32184 consensus_queue.cc:260] T 43c098846a4b40ceb1431f08ab2fd214 P e5dda724dece4ec4bf2679e7a60fec47 [NON_LEADER]: Queue going to NON_LEADER mode. State: All replicated index: 0, Majority replicated index: 0, Committed index: 0, Last appended: 0.0, Last appended by leader: 0, Current term: 0, Majority size: -1, State: 0, Mode: NON_LEADER, active raft config: opid_index: -1 OBSOLETE_local: false peers { permanent_uuid: "45ebeffd12fb42a6a291c092575500de" member_type: VOTER last_known_addr { host: "127.28.46.67" port: 36557 } } peers { permanent_uuid: "e5dda724dece4ec4bf2679e7a60fec47" member_type: VOTER last_known_addr { host: "127.28.46.66" port: 45373 } } peers { permanent_uuid: "3497a7d9ca2e4744a0b575961a19f871" member_type: VOTER last_known_addr { host: "127.28.46.68" port: 44891 } }
I20260608 12:57:55.313541 32195 consensus_queue.cc:260] T 623c994eb087485ba628f86deee46ebb P 3497a7d9ca2e4744a0b575961a19f871 [NON_LEADER]: Queue going to NON_LEADER mode. State: All replicated index: 0, Majority replicated index: 0, Committed index: 0, Last appended: 0.0, Last appended by leader: 0, Current term: 0, Majority size: -1, State: 0, Mode: NON_LEADER, active raft config: opid_index: -1 OBSOLETE_local: false peers { permanent_uuid: "e5dda724dece4ec4bf2679e7a60fec47" member_type: VOTER last_known_addr { host: "127.28.46.66" port: 45373 } } peers { permanent_uuid: "3497a7d9ca2e4744a0b575961a19f871" member_type: VOTER last_known_addr { host: "127.28.46.68" port: 44891 } } peers { permanent_uuid: "45ebeffd12fb42a6a291c092575500de" member_type: VOTER last_known_addr { host: "127.28.46.67" port: 36557 } }
I20260608 12:57:55.314885 32138 raft_consensus.cc:2468] T 623c994eb087485ba628f86deee46ebb P 3497a7d9ca2e4744a0b575961a19f871 [term 0 FOLLOWER]: Leader pre-election vote request: Granting yes vote for candidate e5dda724dece4ec4bf2679e7a60fec47 in term 0.
I20260608 12:57:55.316311 32195 ts_tablet_manager.cc:1434] T 623c994eb087485ba628f86deee46ebb P 3497a7d9ca2e4744a0b575961a19f871: Time spent starting tablet: real 0.023s	user 0.003s	sys 0.003s
I20260608 12:57:55.316476 32042 raft_consensus.cc:493] T acfe55ab3c3544a49cbba337baf3aa25 P 32c2d3ae9c584d2690b7c9038a74f23a [term 0 FOLLOWER]: Starting pre-election (no leader contacted us within the election timeout)
I20260608 12:57:55.317107 32042 raft_consensus.cc:515] T acfe55ab3c3544a49cbba337baf3aa25 P 32c2d3ae9c584d2690b7c9038a74f23a [term 0 FOLLOWER]: Starting pre-election with config: opid_index: -1 OBSOLETE_local: false peers { permanent_uuid: "45ebeffd12fb42a6a291c092575500de" member_type: VOTER last_known_addr { host: "127.28.46.67" port: 36557 } } peers { permanent_uuid: "3497a7d9ca2e4744a0b575961a19f871" member_type: VOTER last_known_addr { host: "127.28.46.68" port: 44891 } } peers { permanent_uuid: "32c2d3ae9c584d2690b7c9038a74f23a" member_type: VOTER last_known_addr { host: "127.28.46.65" port: 45757 } }
I20260608 12:57:55.318218 32193 ts_tablet_manager.cc:1434] T e7739d7f292d482093a2b9ad68e17ed1 P 45ebeffd12fb42a6a291c092575500de: Time spent starting tablet: real 0.039s	user 0.007s	sys 0.001s
I20260608 12:57:55.319130 32195 tablet_bootstrap.cc:492] T acfe55ab3c3544a49cbba337baf3aa25 P 3497a7d9ca2e4744a0b575961a19f871: Bootstrap starting.
I20260608 12:57:55.333494 32085 raft_consensus.cc:493] T e7739d7f292d482093a2b9ad68e17ed1 P 45ebeffd12fb42a6a291c092575500de [term 0 FOLLOWER]: Starting pre-election (no leader contacted us within the election timeout)
I20260608 12:57:55.334125 32085 raft_consensus.cc:515] T e7739d7f292d482093a2b9ad68e17ed1 P 45ebeffd12fb42a6a291c092575500de [term 0 FOLLOWER]: Starting pre-election with config: opid_index: -1 OBSOLETE_local: false peers { permanent_uuid: "45ebeffd12fb42a6a291c092575500de" member_type: VOTER last_known_addr { host: "127.28.46.67" port: 36557 } } peers { permanent_uuid: "3497a7d9ca2e4744a0b575961a19f871" member_type: VOTER last_known_addr { host: "127.28.46.68" port: 44891 } } peers { permanent_uuid: "32c2d3ae9c584d2690b7c9038a74f23a" member_type: VOTER last_known_addr { host: "127.28.46.65" port: 45757 } }
I20260608 12:57:55.336719 32184 ts_tablet_manager.cc:1434] T 43c098846a4b40ceb1431f08ab2fd214 P e5dda724dece4ec4bf2679e7a60fec47: Time spent starting tablet: real 0.047s	user 0.008s	sys 0.000s
I20260608 12:57:55.319650 32042 leader_election.cc:290] T acfe55ab3c3544a49cbba337baf3aa25 P 32c2d3ae9c584d2690b7c9038a74f23a [CANDIDATE]: Term 1 pre-election: Requested pre-vote from peers 45ebeffd12fb42a6a291c092575500de (127.28.46.67:36557), 3497a7d9ca2e4744a0b575961a19f871 (127.28.46.68:44891)
I20260608 12:57:55.319859 32067 raft_consensus.cc:493] T 6ec5dd7baca845d6a805f9099c802320 P e5dda724dece4ec4bf2679e7a60fec47 [term 0 FOLLOWER]: Starting pre-election (no leader contacted us within the election timeout)
I20260608 12:57:55.322021 31986 tablet_service.cc:1917] Received RequestConsensusVote() RPC: tablet_id: "acfe55ab3c3544a49cbba337baf3aa25" candidate_uuid: "32c2d3ae9c584d2690b7c9038a74f23a" candidate_term: 1 candidate_status { last_received { term: 0 index: 0 } } ignore_live_leader: false dest_uuid: "45ebeffd12fb42a6a291c092575500de" is_pre_election: true
I20260608 12:57:55.324560 32138 tablet_service.cc:1917] Received RequestConsensusVote() RPC: tablet_id: "acfe55ab3c3544a49cbba337baf3aa25" candidate_uuid: "32c2d3ae9c584d2690b7c9038a74f23a" candidate_term: 1 candidate_status { last_received { term: 0 index: 0 } } ignore_live_leader: false dest_uuid: "3497a7d9ca2e4744a0b575961a19f871" is_pre_election: true
W20260608 12:57:55.326165 31879 leader_election.cc:343] T ba008bdacc4247a1bdf7a9e4f1e956ae P e5dda724dece4ec4bf2679e7a60fec47 [CANDIDATE]: Term 1 pre-election: Tablet error from VoteRequest() call to peer 3497a7d9ca2e4744a0b575961a19f871 (127.28.46.68:44891): Illegal state: must be running to vote when last-logged opid is not known
I20260608 12:57:55.328521 32193 tablet_bootstrap.cc:492] T 43c098846a4b40ceb1431f08ab2fd214 P 45ebeffd12fb42a6a291c092575500de: Bootstrap starting.
I20260608 12:57:55.340016 31837 tablet_service.cc:1917] Received RequestConsensusVote() RPC: tablet_id: "e7739d7f292d482093a2b9ad68e17ed1" candidate_uuid: "45ebeffd12fb42a6a291c092575500de" candidate_term: 1 candidate_status { last_received { term: 0 index: 0 } } ignore_live_leader: false dest_uuid: "32c2d3ae9c584d2690b7c9038a74f23a" is_pre_election: true
I20260608 12:57:55.343127 31836 tablet_service.cc:1917] Received RequestConsensusVote() RPC: tablet_id: "ba008bdacc4247a1bdf7a9e4f1e956ae" candidate_uuid: "e5dda724dece4ec4bf2679e7a60fec47" candidate_term: 1 candidate_status { last_received { term: 0 index: 0 } } ignore_live_leader: false dest_uuid: "32c2d3ae9c584d2690b7c9038a74f23a"
I20260608 12:57:55.343420 32191 leader_election.cc:290] T ba008bdacc4247a1bdf7a9e4f1e956ae P e5dda724dece4ec4bf2679e7a60fec47 [CANDIDATE]: Term 1 election: Requested vote from peers 32c2d3ae9c584d2690b7c9038a74f23a (127.28.46.65:45757), 3497a7d9ca2e4744a0b575961a19f871 (127.28.46.68:44891)
I20260608 12:57:55.341198 32067 raft_consensus.cc:515] T 6ec5dd7baca845d6a805f9099c802320 P e5dda724dece4ec4bf2679e7a60fec47 [term 0 FOLLOWER]: Starting pre-election with config: opid_index: -1 OBSOLETE_local: false peers { permanent_uuid: "e5dda724dece4ec4bf2679e7a60fec47" member_type: VOTER last_known_addr { host: "127.28.46.66" port: 45373 } } peers { permanent_uuid: "32c2d3ae9c584d2690b7c9038a74f23a" member_type: VOTER last_known_addr { host: "127.28.46.65" port: 45757 } } peers { permanent_uuid: "3497a7d9ca2e4744a0b575961a19f871" member_type: VOTER last_known_addr { host: "127.28.46.68" port: 44891 } }
I20260608 12:57:55.341558 32085 leader_election.cc:290] T e7739d7f292d482093a2b9ad68e17ed1 P 45ebeffd12fb42a6a291c092575500de [CANDIDATE]: Term 1 pre-election: Requested pre-vote from peers 3497a7d9ca2e4744a0b575961a19f871 (127.28.46.68:44891), 32c2d3ae9c584d2690b7c9038a74f23a (127.28.46.65:45757)
I20260608 12:57:55.355297 32139 tablet_service.cc:1917] Received RequestConsensusVote() RPC: tablet_id: "ba008bdacc4247a1bdf7a9e4f1e956ae" candidate_uuid: "e5dda724dece4ec4bf2679e7a60fec47" candidate_term: 1 candidate_status { last_received { term: 0 index: 0 } } ignore_live_leader: false dest_uuid: "3497a7d9ca2e4744a0b575961a19f871"
I20260608 12:57:55.356805 32067 leader_election.cc:290] T 6ec5dd7baca845d6a805f9099c802320 P e5dda724dece4ec4bf2679e7a60fec47 [CANDIDATE]: Term 1 pre-election: Requested pre-vote from peers 32c2d3ae9c584d2690b7c9038a74f23a (127.28.46.65:45757), 3497a7d9ca2e4744a0b575961a19f871 (127.28.46.68:44891)
W20260608 12:57:55.357476 31879 leader_election.cc:343] T ba008bdacc4247a1bdf7a9e4f1e956ae P e5dda724dece4ec4bf2679e7a60fec47 [CANDIDATE]: Term 1 election: Tablet error from VoteRequest() call to peer 3497a7d9ca2e4744a0b575961a19f871 (127.28.46.68:44891): Illegal state: must be running to vote when last-logged opid is not known
I20260608 12:57:55.358675 31838 tablet_service.cc:1917] Received RequestConsensusVote() RPC: tablet_id: "6ec5dd7baca845d6a805f9099c802320" candidate_uuid: "e5dda724dece4ec4bf2679e7a60fec47" candidate_term: 1 candidate_status { last_received { term: 0 index: 0 } } ignore_live_leader: false dest_uuid: "32c2d3ae9c584d2690b7c9038a74f23a" is_pre_election: true
I20260608 12:57:55.358716 31836 raft_consensus.cc:3060] T ba008bdacc4247a1bdf7a9e4f1e956ae P 32c2d3ae9c584d2690b7c9038a74f23a [term 0 FOLLOWER]: Advancing to term 1
W20260608 12:57:55.358956 31954 leader_election.cc:343] T e7739d7f292d482093a2b9ad68e17ed1 P 45ebeffd12fb42a6a291c092575500de [CANDIDATE]: Term 1 pre-election: Tablet error from VoteRequest() call to peer 32c2d3ae9c584d2690b7c9038a74f23a (127.28.46.65:45757): Illegal state: must be running to vote when last-logged opid is not known
I20260608 12:57:55.359454 31838 raft_consensus.cc:2468] T 6ec5dd7baca845d6a805f9099c802320 P 32c2d3ae9c584d2690b7c9038a74f23a [term 0 FOLLOWER]: Leader pre-election vote request: Granting yes vote for candidate e5dda724dece4ec4bf2679e7a60fec47 in term 0.
I20260608 12:57:55.343766 31986 raft_consensus.cc:2468] T acfe55ab3c3544a49cbba337baf3aa25 P 45ebeffd12fb42a6a291c092575500de [term 0 FOLLOWER]: Leader pre-election vote request: Granting yes vote for candidate 32c2d3ae9c584d2690b7c9038a74f23a in term 0.
I20260608 12:57:55.363058 31880 leader_election.cc:304] T 6ec5dd7baca845d6a805f9099c802320 P e5dda724dece4ec4bf2679e7a60fec47 [CANDIDATE]: Term 1 pre-election: Election decided. Result: candidate won. Election summary: received 2 responses out of 3 voters: 2 yes votes; 0 no votes. yes voters: 32c2d3ae9c584d2690b7c9038a74f23a, e5dda724dece4ec4bf2679e7a60fec47; no voters: 
W20260608 12:57:55.363288 31804 leader_election.cc:343] T acfe55ab3c3544a49cbba337baf3aa25 P 32c2d3ae9c584d2690b7c9038a74f23a [CANDIDATE]: Term 1 pre-election: Tablet error from VoteRequest() call to peer 3497a7d9ca2e4744a0b575961a19f871 (127.28.46.68:44891): Illegal state: must be running to vote when last-logged opid is not known
I20260608 12:57:55.363935 32067 raft_consensus.cc:2804] T 6ec5dd7baca845d6a805f9099c802320 P e5dda724dece4ec4bf2679e7a60fec47 [term 0 FOLLOWER]: Leader pre-election won for term 1
I20260608 12:57:55.364319 32067 raft_consensus.cc:493] T 6ec5dd7baca845d6a805f9099c802320 P e5dda724dece4ec4bf2679e7a60fec47 [term 0 FOLLOWER]: Starting leader election (no leader contacted us within the election timeout)
I20260608 12:57:55.364665 32067 raft_consensus.cc:3060] T 6ec5dd7baca845d6a805f9099c802320 P e5dda724dece4ec4bf2679e7a60fec47 [term 0 FOLLOWER]: Advancing to term 1
I20260608 12:57:55.364513 32065 leader_election.cc:290] T 623c994eb087485ba628f86deee46ebb P e5dda724dece4ec4bf2679e7a60fec47 [CANDIDATE]: Term 1 election: Requested vote from peers 3497a7d9ca2e4744a0b575961a19f871 (127.28.46.68:44891), 45ebeffd12fb42a6a291c092575500de (127.28.46.67:36557)
I20260608 12:57:55.360009 32139 tablet_service.cc:1917] Received RequestConsensusVote() RPC: tablet_id: "6ec5dd7baca845d6a805f9099c802320" candidate_uuid: "e5dda724dece4ec4bf2679e7a60fec47" candidate_term: 1 candidate_status { last_received { term: 0 index: 0 } } ignore_live_leader: false dest_uuid: "3497a7d9ca2e4744a0b575961a19f871" is_pre_election: true
I20260608 12:57:55.368552 32139 raft_consensus.cc:2468] T 6ec5dd7baca845d6a805f9099c802320 P 3497a7d9ca2e4744a0b575961a19f871 [term 0 FOLLOWER]: Leader pre-election vote request: Granting yes vote for candidate e5dda724dece4ec4bf2679e7a60fec47 in term 0.
I20260608 12:57:55.375877 32195 tablet_bootstrap.cc:654] T acfe55ab3c3544a49cbba337baf3aa25 P 3497a7d9ca2e4744a0b575961a19f871: Neither blocks nor log segments found. Creating new log.
I20260608 12:57:55.395747 32042 raft_consensus.cc:493] T eec64a714d2148cbac317385c6776490 P 32c2d3ae9c584d2690b7c9038a74f23a [term 0 FOLLOWER]: Starting pre-election (no leader contacted us within the election timeout)
I20260608 12:57:55.396248 32042 raft_consensus.cc:515] T eec64a714d2148cbac317385c6776490 P 32c2d3ae9c584d2690b7c9038a74f23a [term 0 FOLLOWER]: Starting pre-election with config: opid_index: -1 OBSOLETE_local: false peers { permanent_uuid: "3497a7d9ca2e4744a0b575961a19f871" member_type: VOTER last_known_addr { host: "127.28.46.68" port: 44891 } } peers { permanent_uuid: "e5dda724dece4ec4bf2679e7a60fec47" member_type: VOTER last_known_addr { host: "127.28.46.66" port: 45373 } } peers { permanent_uuid: "32c2d3ae9c584d2690b7c9038a74f23a" member_type: VOTER last_known_addr { host: "127.28.46.65" port: 45757 } }
I20260608 12:57:55.398487 32042 leader_election.cc:290] T eec64a714d2148cbac317385c6776490 P 32c2d3ae9c584d2690b7c9038a74f23a [CANDIDATE]: Term 1 pre-election: Requested pre-vote from peers 3497a7d9ca2e4744a0b575961a19f871 (127.28.46.68:44891), e5dda724dece4ec4bf2679e7a60fec47 (127.28.46.66:45373)
I20260608 12:57:55.400484 32139 tablet_service.cc:1917] Received RequestConsensusVote() RPC: tablet_id: "eec64a714d2148cbac317385c6776490" candidate_uuid: "32c2d3ae9c584d2690b7c9038a74f23a" candidate_term: 1 candidate_status { last_received { term: 0 index: 0 } } ignore_live_leader: false dest_uuid: "3497a7d9ca2e4744a0b575961a19f871" is_pre_election: true
I20260608 12:57:55.401398 32139 raft_consensus.cc:2468] T eec64a714d2148cbac317385c6776490 P 3497a7d9ca2e4744a0b575961a19f871 [term 0 FOLLOWER]: Leader pre-election vote request: Granting yes vote for candidate 32c2d3ae9c584d2690b7c9038a74f23a in term 0.
I20260608 12:57:55.403362 31804 leader_election.cc:304] T eec64a714d2148cbac317385c6776490 P 32c2d3ae9c584d2690b7c9038a74f23a [CANDIDATE]: Term 1 pre-election: Election decided. Result: candidate won. Election summary: received 2 responses out of 3 voters: 2 yes votes; 0 no votes. yes voters: 32c2d3ae9c584d2690b7c9038a74f23a, 3497a7d9ca2e4744a0b575961a19f871; no voters: 
I20260608 12:57:55.403641 31913 tablet_service.cc:1917] Received RequestConsensusVote() RPC: tablet_id: "eec64a714d2148cbac317385c6776490" candidate_uuid: "32c2d3ae9c584d2690b7c9038a74f23a" candidate_term: 1 candidate_status { last_received { term: 0 index: 0 } } ignore_live_leader: false dest_uuid: "e5dda724dece4ec4bf2679e7a60fec47" is_pre_election: true
I20260608 12:57:55.405426 32042 raft_consensus.cc:2804] T eec64a714d2148cbac317385c6776490 P 32c2d3ae9c584d2690b7c9038a74f23a [term 0 FOLLOWER]: Leader pre-election won for term 1
I20260608 12:57:55.409669 32042 raft_consensus.cc:493] T eec64a714d2148cbac317385c6776490 P 32c2d3ae9c584d2690b7c9038a74f23a [term 0 FOLLOWER]: Starting leader election (no leader contacted us within the election timeout)
I20260608 12:57:55.405696 31804 leader_election.cc:304] T acfe55ab3c3544a49cbba337baf3aa25 P 32c2d3ae9c584d2690b7c9038a74f23a [CANDIDATE]: Term 1 pre-election: Election decided. Result: candidate won. Election summary: received 3 responses out of 3 voters: 2 yes votes; 1 no votes. yes voters: 32c2d3ae9c584d2690b7c9038a74f23a, 45ebeffd12fb42a6a291c092575500de; no voters: 3497a7d9ca2e4744a0b575961a19f871
I20260608 12:57:55.411137 32042 raft_consensus.cc:3060] T eec64a714d2148cbac317385c6776490 P 32c2d3ae9c584d2690b7c9038a74f23a [term 0 FOLLOWER]: Advancing to term 1
I20260608 12:57:55.411262 31986 tablet_service.cc:1917] Received RequestConsensusVote() RPC: tablet_id: "623c994eb087485ba628f86deee46ebb" candidate_uuid: "e5dda724dece4ec4bf2679e7a60fec47" candidate_term: 1 candidate_status { last_received { term: 0 index: 0 } } ignore_live_leader: false dest_uuid: "45ebeffd12fb42a6a291c092575500de"
I20260608 12:57:55.412866 32193 tablet_bootstrap.cc:654] T 43c098846a4b40ceb1431f08ab2fd214 P 45ebeffd12fb42a6a291c092575500de: Neither blocks nor log segments found. Creating new log.
I20260608 12:57:55.413184 31986 raft_consensus.cc:3060] T 623c994eb087485ba628f86deee46ebb P 45ebeffd12fb42a6a291c092575500de [term 0 FOLLOWER]: Advancing to term 1
I20260608 12:57:55.415597 32068 raft_consensus.cc:2804] T acfe55ab3c3544a49cbba337baf3aa25 P 32c2d3ae9c584d2690b7c9038a74f23a [term 0 FOLLOWER]: Leader pre-election won for term 1
I20260608 12:57:55.415974 32068 raft_consensus.cc:493] T acfe55ab3c3544a49cbba337baf3aa25 P 32c2d3ae9c584d2690b7c9038a74f23a [term 0 FOLLOWER]: Starting leader election (no leader contacted us within the election timeout)
I20260608 12:57:55.416296 32068 raft_consensus.cc:3060] T acfe55ab3c3544a49cbba337baf3aa25 P 32c2d3ae9c584d2690b7c9038a74f23a [term 0 FOLLOWER]: Advancing to term 1
I20260608 12:57:55.405486 31913 raft_consensus.cc:2468] T eec64a714d2148cbac317385c6776490 P e5dda724dece4ec4bf2679e7a60fec47 [term 0 FOLLOWER]: Leader pre-election vote request: Granting yes vote for candidate 32c2d3ae9c584d2690b7c9038a74f23a in term 0.
I20260608 12:57:55.403276 31836 raft_consensus.cc:2468] T ba008bdacc4247a1bdf7a9e4f1e956ae P 32c2d3ae9c584d2690b7c9038a74f23a [term 1 FOLLOWER]: Leader election vote request: Granting yes vote for candidate e5dda724dece4ec4bf2679e7a60fec47 in term 1.
I20260608 12:57:55.399178 32067 raft_consensus.cc:515] T 6ec5dd7baca845d6a805f9099c802320 P e5dda724dece4ec4bf2679e7a60fec47 [term 1 FOLLOWER]: Starting leader election with config: opid_index: -1 OBSOLETE_local: false peers { permanent_uuid: "e5dda724dece4ec4bf2679e7a60fec47" member_type: VOTER last_known_addr { host: "127.28.46.66" port: 45373 } } peers { permanent_uuid: "32c2d3ae9c584d2690b7c9038a74f23a" member_type: VOTER last_known_addr { host: "127.28.46.65" port: 45757 } } peers { permanent_uuid: "3497a7d9ca2e4744a0b575961a19f871" member_type: VOTER last_known_addr { host: "127.28.46.68" port: 44891 } }
I20260608 12:57:55.423827 31880 leader_election.cc:304] T ba008bdacc4247a1bdf7a9e4f1e956ae P e5dda724dece4ec4bf2679e7a60fec47 [CANDIDATE]: Term 1 election: Election decided. Result: candidate won. Election summary: received 3 responses out of 3 voters: 2 yes votes; 1 no votes. yes voters: 32c2d3ae9c584d2690b7c9038a74f23a, e5dda724dece4ec4bf2679e7a60fec47; no voters: 3497a7d9ca2e4744a0b575961a19f871
I20260608 12:57:55.424373 32068 raft_consensus.cc:515] T acfe55ab3c3544a49cbba337baf3aa25 P 32c2d3ae9c584d2690b7c9038a74f23a [term 1 FOLLOWER]: Starting leader election with config: opid_index: -1 OBSOLETE_local: false peers { permanent_uuid: "45ebeffd12fb42a6a291c092575500de" member_type: VOTER last_known_addr { host: "127.28.46.67" port: 36557 } } peers { permanent_uuid: "3497a7d9ca2e4744a0b575961a19f871" member_type: VOTER last_known_addr { host: "127.28.46.68" port: 44891 } } peers { permanent_uuid: "32c2d3ae9c584d2690b7c9038a74f23a" member_type: VOTER last_known_addr { host: "127.28.46.65" port: 45757 } }
I20260608 12:57:55.430362 32068 leader_election.cc:290] T acfe55ab3c3544a49cbba337baf3aa25 P 32c2d3ae9c584d2690b7c9038a74f23a [CANDIDATE]: Term 1 election: Requested vote from peers 45ebeffd12fb42a6a291c092575500de (127.28.46.67:36557), 3497a7d9ca2e4744a0b575961a19f871 (127.28.46.68:44891)
I20260608 12:57:55.427104 32223 raft_consensus.cc:2804] T ba008bdacc4247a1bdf7a9e4f1e956ae P e5dda724dece4ec4bf2679e7a60fec47 [term 1 FOLLOWER]: Leader election won for term 1
I20260608 12:57:55.431366 32139 tablet_service.cc:1917] Received RequestConsensusVote() RPC: tablet_id: "acfe55ab3c3544a49cbba337baf3aa25" candidate_uuid: "32c2d3ae9c584d2690b7c9038a74f23a" candidate_term: 1 candidate_status { last_received { term: 0 index: 0 } } ignore_live_leader: false dest_uuid: "3497a7d9ca2e4744a0b575961a19f871"
I20260608 12:57:55.432019 32223 raft_consensus.cc:697] T ba008bdacc4247a1bdf7a9e4f1e956ae P e5dda724dece4ec4bf2679e7a60fec47 [term 1 LEADER]: Becoming Leader. State: Replica: e5dda724dece4ec4bf2679e7a60fec47, State: Running, Role: LEADER
I20260608 12:57:55.433959 31838 tablet_service.cc:1917] Received RequestConsensusVote() RPC: tablet_id: "6ec5dd7baca845d6a805f9099c802320" candidate_uuid: "e5dda724dece4ec4bf2679e7a60fec47" candidate_term: 1 candidate_status { last_received { term: 0 index: 0 } } ignore_live_leader: false dest_uuid: "32c2d3ae9c584d2690b7c9038a74f23a"
W20260608 12:57:55.434079 31804 leader_election.cc:343] T acfe55ab3c3544a49cbba337baf3aa25 P 32c2d3ae9c584d2690b7c9038a74f23a [CANDIDATE]: Term 1 election: Tablet error from VoteRequest() call to peer 3497a7d9ca2e4744a0b575961a19f871 (127.28.46.68:44891): Illegal state: must be running to vote when last-logged opid is not known
I20260608 12:57:55.435350 31838 raft_consensus.cc:3060] T 6ec5dd7baca845d6a805f9099c802320 P 32c2d3ae9c584d2690b7c9038a74f23a [term 0 FOLLOWER]: Advancing to term 1
I20260608 12:57:55.439355 31986 raft_consensus.cc:2468] T 623c994eb087485ba628f86deee46ebb P 45ebeffd12fb42a6a291c092575500de [term 1 FOLLOWER]: Leader election vote request: Granting yes vote for candidate e5dda724dece4ec4bf2679e7a60fec47 in term 1.
I20260608 12:57:55.440718 31879 leader_election.cc:304] T 623c994eb087485ba628f86deee46ebb P e5dda724dece4ec4bf2679e7a60fec47 [CANDIDATE]: Term 1 election: Election decided. Result: candidate won. Election summary: received 3 responses out of 3 voters: 2 yes votes; 1 no votes. yes voters: 45ebeffd12fb42a6a291c092575500de, e5dda724dece4ec4bf2679e7a60fec47; no voters: 3497a7d9ca2e4744a0b575961a19f871
I20260608 12:57:55.441509 32079 raft_consensus.cc:2804] T 623c994eb087485ba628f86deee46ebb P e5dda724dece4ec4bf2679e7a60fec47 [term 1 FOLLOWER]: Leader election won for term 1
I20260608 12:57:55.442006 32079 raft_consensus.cc:697] T 623c994eb087485ba628f86deee46ebb P e5dda724dece4ec4bf2679e7a60fec47 [term 1 LEADER]: Becoming Leader. State: Replica: e5dda724dece4ec4bf2679e7a60fec47, State: Running, Role: LEADER
I20260608 12:57:55.442974 31985 tablet_service.cc:1917] Received RequestConsensusVote() RPC: tablet_id: "acfe55ab3c3544a49cbba337baf3aa25" candidate_uuid: "32c2d3ae9c584d2690b7c9038a74f23a" candidate_term: 1 candidate_status { last_received { term: 0 index: 0 } } ignore_live_leader: false dest_uuid: "45ebeffd12fb42a6a291c092575500de"
I20260608 12:57:55.442818 32079 consensus_queue.cc:237] T 623c994eb087485ba628f86deee46ebb P e5dda724dece4ec4bf2679e7a60fec47 [LEADER]: Queue going to LEADER mode. State: All replicated index: 0, Majority replicated index: 0, Committed index: 0, Last appended: 0.0, Last appended by leader: 0, Current term: 1, Majority size: 2, State: 0, Mode: LEADER, active raft config: opid_index: -1 OBSOLETE_local: false peers { permanent_uuid: "e5dda724dece4ec4bf2679e7a60fec47" member_type: VOTER last_known_addr { host: "127.28.46.66" port: 45373 } } peers { permanent_uuid: "3497a7d9ca2e4744a0b575961a19f871" member_type: VOTER last_known_addr { host: "127.28.46.68" port: 44891 } } peers { permanent_uuid: "45ebeffd12fb42a6a291c092575500de" member_type: VOTER last_known_addr { host: "127.28.46.67" port: 36557 } }
I20260608 12:57:55.443534 31985 raft_consensus.cc:3060] T acfe55ab3c3544a49cbba337baf3aa25 P 45ebeffd12fb42a6a291c092575500de [term 0 FOLLOWER]: Advancing to term 1
I20260608 12:57:55.443807 32181 tablet_bootstrap.cc:492] T e7739d7f292d482093a2b9ad68e17ed1 P 32c2d3ae9c584d2690b7c9038a74f23a: No bootstrap required, opened a new log
I20260608 12:57:55.446023 32181 ts_tablet_manager.cc:1403] T e7739d7f292d482093a2b9ad68e17ed1 P 32c2d3ae9c584d2690b7c9038a74f23a: Time spent bootstrapping tablet: real 0.196s	user 0.024s	sys 0.016s
I20260608 12:57:55.451418 31838 raft_consensus.cc:2468] T 6ec5dd7baca845d6a805f9099c802320 P 32c2d3ae9c584d2690b7c9038a74f23a [term 1 FOLLOWER]: Leader election vote request: Granting yes vote for candidate e5dda724dece4ec4bf2679e7a60fec47 in term 1.
I20260608 12:57:55.452946 31880 leader_election.cc:304] T 6ec5dd7baca845d6a805f9099c802320 P e5dda724dece4ec4bf2679e7a60fec47 [CANDIDATE]: Term 1 election: Election decided. Result: candidate won. Election summary: received 2 responses out of 3 voters: 2 yes votes; 0 no votes. yes voters: 32c2d3ae9c584d2690b7c9038a74f23a, e5dda724dece4ec4bf2679e7a60fec47; no voters: 
I20260608 12:57:55.452899 32181 raft_consensus.cc:359] T e7739d7f292d482093a2b9ad68e17ed1 P 32c2d3ae9c584d2690b7c9038a74f23a [term 0 FOLLOWER]: Replica starting. Triggering 0 pending ops. Active config: opid_index: -1 OBSOLETE_local: false peers { permanent_uuid: "45ebeffd12fb42a6a291c092575500de" member_type: VOTER last_known_addr { host: "127.28.46.67" port: 36557 } } peers { permanent_uuid: "3497a7d9ca2e4744a0b575961a19f871" member_type: VOTER last_known_addr { host: "127.28.46.68" port: 44891 } } peers { permanent_uuid: "32c2d3ae9c584d2690b7c9038a74f23a" member_type: VOTER last_known_addr { host: "127.28.46.65" port: 45757 } }
I20260608 12:57:55.454077 32181 raft_consensus.cc:385] T e7739d7f292d482093a2b9ad68e17ed1 P 32c2d3ae9c584d2690b7c9038a74f23a [term 0 FOLLOWER]: Consensus starting up: Expiring failure detector timer to make a prompt election more likely
I20260608 12:57:55.454051 32065 raft_consensus.cc:2804] T 6ec5dd7baca845d6a805f9099c802320 P e5dda724dece4ec4bf2679e7a60fec47 [term 1 FOLLOWER]: Leader election won for term 1
I20260608 12:57:55.433034 32223 consensus_queue.cc:237] T ba008bdacc4247a1bdf7a9e4f1e956ae P e5dda724dece4ec4bf2679e7a60fec47 [LEADER]: Queue going to LEADER mode. State: All replicated index: 0, Majority replicated index: 0, Committed index: 0, Last appended: 0.0, Last appended by leader: 0, Current term: 1, Majority size: 2, State: 0, Mode: LEADER, active raft config: opid_index: -1 OBSOLETE_local: false peers { permanent_uuid: "e5dda724dece4ec4bf2679e7a60fec47" member_type: VOTER last_known_addr { host: "127.28.46.66" port: 45373 } } peers { permanent_uuid: "32c2d3ae9c584d2690b7c9038a74f23a" member_type: VOTER last_known_addr { host: "127.28.46.65" port: 45757 } } peers { permanent_uuid: "3497a7d9ca2e4744a0b575961a19f871" member_type: VOTER last_known_addr { host: "127.28.46.68" port: 44891 } }
I20260608 12:57:55.455437 32181 raft_consensus.cc:740] T e7739d7f292d482093a2b9ad68e17ed1 P 32c2d3ae9c584d2690b7c9038a74f23a [term 0 FOLLOWER]: Becoming Follower/Learner. State: Replica: 32c2d3ae9c584d2690b7c9038a74f23a, State: Initialized, Role: FOLLOWER
I20260608 12:57:55.469231 32181 consensus_queue.cc:260] T e7739d7f292d482093a2b9ad68e17ed1 P 32c2d3ae9c584d2690b7c9038a74f23a [NON_LEADER]: Queue going to NON_LEADER mode. State: All replicated index: 0, Majority replicated index: 0, Committed index: 0, Last appended: 0.0, Last appended by leader: 0, Current term: 0, Majority size: -1, State: 0, Mode: NON_LEADER, active raft config: opid_index: -1 OBSOLETE_local: false peers { permanent_uuid: "45ebeffd12fb42a6a291c092575500de" member_type: VOTER last_known_addr { host: "127.28.46.67" port: 36557 } } peers { permanent_uuid: "3497a7d9ca2e4744a0b575961a19f871" member_type: VOTER last_known_addr { host: "127.28.46.68" port: 44891 } } peers { permanent_uuid: "32c2d3ae9c584d2690b7c9038a74f23a" member_type: VOTER last_known_addr { host: "127.28.46.65" port: 45757 } }
I20260608 12:57:55.474406 31836 tablet_service.cc:1917] Received RequestConsensusVote() RPC: tablet_id: "eec64a714d2148cbac317385c6776490" candidate_uuid: "3497a7d9ca2e4744a0b575961a19f871" candidate_term: 1 candidate_status { last_received { term: 0 index: 0 } } ignore_live_leader: false dest_uuid: "32c2d3ae9c584d2690b7c9038a74f23a" is_pre_election: true
I20260608 12:57:55.478127 32067 leader_election.cc:290] T 6ec5dd7baca845d6a805f9099c802320 P e5dda724dece4ec4bf2679e7a60fec47 [CANDIDATE]: Term 1 election: Requested vote from peers 32c2d3ae9c584d2690b7c9038a74f23a (127.28.46.65:45757), 3497a7d9ca2e4744a0b575961a19f871 (127.28.46.68:44891)
I20260608 12:57:55.479875 32065 raft_consensus.cc:697] T 6ec5dd7baca845d6a805f9099c802320 P e5dda724dece4ec4bf2679e7a60fec47 [term 1 LEADER]: Becoming Leader. State: Replica: e5dda724dece4ec4bf2679e7a60fec47, State: Running, Role: LEADER
