I20260608 12:38:09.380970   431 raft_consensus.cc:2243] T c4bfa58f07aa4570a3c14491fa9ae958 P 3d11825f58db41fea175666156b19f54 [term 1 LEADER]: Raft consensus shutting down.
I20260608 12:38:09.381508   431 raft_consensus.cc:2272] T c4bfa58f07aa4570a3c14491fa9ae958 P 3d11825f58db41fea175666156b19f54 [term 1 FOLLOWER]: Raft consensus is shut down!
I20260608 12:38:09.384284   431 tablet_replica.cc:333] T e63067c3f0204078b1580911b879f3ce P 3d11825f58db41fea175666156b19f54: stopping tablet replica
I20260608 12:38:09.384750   431 raft_consensus.cc:2243] T e63067c3f0204078b1580911b879f3ce P 3d11825f58db41fea175666156b19f54 [term 1 LEADER]: Raft consensus shutting down.
I20260608 12:38:09.385151   431 raft_consensus.cc:2272] T e63067c3f0204078b1580911b879f3ce P 3d11825f58db41fea175666156b19f54 [term 1 FOLLOWER]: Raft consensus is shut down!
I20260608 12:38:09.524420   431 tablet_server.cc:196] TabletServer@127.0.107.193:0 shutdown complete.
I20260608 12:38:09.533932   431 tablet_server.cc:179] TabletServer@127.0.107.194:0 shutting down...
I20260608 12:38:09.549661   431 ts_tablet_manager.cc:1507] Shutting down tablet manager...
I20260608 12:38:09.550487   431 tablet_replica.cc:333] T 967f1bf492374d0498ebb9ce77c5d651 P fc8859b79db9416fa56af17e838cc9f5: stopping tablet replica
I20260608 12:38:09.551083   431 raft_consensus.cc:2243] T 967f1bf492374d0498ebb9ce77c5d651 P fc8859b79db9416fa56af17e838cc9f5 [term 1 LEADER]: Raft consensus shutting down.
I20260608 12:38:09.551537   431 raft_consensus.cc:2272] T 967f1bf492374d0498ebb9ce77c5d651 P fc8859b79db9416fa56af17e838cc9f5 [term 1 FOLLOWER]: Raft consensus is shut down!
I20260608 12:38:09.561048   431 tablet_server.cc:196] TabletServer@127.0.107.194:0 shutdown complete.
I20260608 12:38:09.568732   431 tablet_server.cc:179] TabletServer@127.0.107.195:0 shutting down...
I20260608 12:38:09.582577   431 ts_tablet_manager.cc:1507] Shutting down tablet manager...
I20260608 12:38:09.583333   431 tablet_replica.cc:333] T 708125bf897648f5a82df8e85db16cbc P ea9b867f4470446f8b419952269705fe: stopping tablet replica
I20260608 12:38:09.583830   431 raft_consensus.cc:2243] T 708125bf897648f5a82df8e85db16cbc P ea9b867f4470446f8b419952269705fe [term 1 LEADER]: Raft consensus shutting down.
I20260608 12:38:09.584256   431 raft_consensus.cc:2272] T 708125bf897648f5a82df8e85db16cbc P ea9b867f4470446f8b419952269705fe [term 1 FOLLOWER]: Raft consensus is shut down!
I20260608 12:38:09.602576   431 tablet_server.cc:196] TabletServer@127.0.107.195:0 shutdown complete.
I20260608 12:38:09.610499   431 master.cc:562] Master@127.0.107.254:41061 shutting down...
I20260608 12:38:09.706657   431 raft_consensus.cc:2243] T 00000000000000000000000000000000 P b1515a10c7634586ba24d6185851cfb9 [term 1 FOLLOWER]: Raft consensus shutting down.
I20260608 12:38:09.707237   431 raft_consensus.cc:2272] T 00000000000000000000000000000000 P b1515a10c7634586ba24d6185851cfb9 [term 1 FOLLOWER]: Raft consensus is shut down!
I20260608 12:38:09.707587   431 tablet_replica.cc:333] T 00000000000000000000000000000000 P b1515a10c7634586ba24d6185851cfb9: stopping tablet replica
I20260608 12:38:09.733804   431 master.cc:584] Master@127.0.107.254:41061 shutdown complete.
I20260608 12:38:09.743841   431 master.cc:562] Master@127.0.107.253:39905 shutting down...
I20260608 12:38:09.757614   431 raft_consensus.cc:2243] T 00000000000000000000000000000000 P a04d326d6207491680d27c478d9b79c0 [term 1 LEADER]: Raft consensus shutting down.
I20260608 12:38:09.758435   431 raft_consensus.cc:2272] T 00000000000000000000000000000000 P a04d326d6207491680d27c478d9b79c0 [term 1 FOLLOWER]: Raft consensus is shut down!
I20260608 12:38:09.758774   431 tablet_replica.cc:333] T 00000000000000000000000000000000 P a04d326d6207491680d27c478d9b79c0: stopping tablet replica
I20260608 12:38:09.791651   431 master.cc:584] Master@127.0.107.253:39905 shutdown complete.
I20260608 12:38:09.802166   431 master.cc:562] Master@127.0.107.252:38139 shutting down...
I20260608 12:38:09.814358   431 raft_consensus.cc:2243] T 00000000000000000000000000000000 P fa7768975b8041e4b0840eb1c17561d2 [term 1 FOLLOWER]: Raft consensus shutting down.
I20260608 12:38:09.814921   431 raft_consensus.cc:2272] T 00000000000000000000000000000000 P fa7768975b8041e4b0840eb1c17561d2 [term 1 FOLLOWER]: Raft consensus is shut down!
I20260608 12:38:09.815214   431 tablet_replica.cc:333] T 00000000000000000000000000000000 P fa7768975b8041e4b0840eb1c17561d2: stopping tablet replica
I20260608 12:38:09.832955   431 master.cc:584] Master@127.0.107.252:38139 shutdown complete.
[       OK ] AutoRebalancerTest.OnlyLeaderDoesAutoRebalancing (4749 ms)
[ RUN      ] AutoRebalancerTest.AutoRebalancingTurnOffAndOn
I20260608 12:38:09.856719   431 internal_mini_cluster.cc:156] Creating distributed mini masters. Addrs: 127.0.107.254:46261
I20260608 12:38:09.857781   431 file_cache.cc:492] Constructed file cache file cache with capacity 419430
W20260608 12:38:09.862836   971 instance_detector.cc:116] could not retrieve AWS instance metadata: Network error: curl error: HTTP response code said error: The requested URL returned error: 404
W20260608 12:38:09.863528   972 instance_detector.cc:116] could not retrieve Azure instance metadata: Network error: curl error: HTTP response code said error: The requested URL returned error: 404
W20260608 12:38:09.864457   974 instance_detector.cc:116] could not retrieve OpenStack instance metadata: Network error: curl error: HTTP response code said error: The requested URL returned error: 404
I20260608 12:38:09.870018   431 server_base.cc:1061] running on GCE node
I20260608 12:38:09.870718   431 hybrid_clock.cc:584] initializing the hybrid clock with 'system_unsync' time source
W20260608 12:38:09.871017   431 system_unsync_time.cc:38] NTP support is disabled. Clock error bounds will not be accurate. This configuration is not suitable for distributed clusters.
I20260608 12:38:09.871165   431 hybrid_clock.cc:648] HybridClock initialized: now 1780922289871151 us; error 0 us; skew 500 ppm
I20260608 12:38:09.871702   431 server_base.cc:861] Flag tcmalloc_max_total_thread_cache_bytes is not working since tcmalloc is not enabled.
I20260608 12:38:09.874024   431 webserver.cc:533] Webserver started at http://127.0.107.254:44659/ using document root <none> and password file <none>
I20260608 12:38:09.874518   431 fs_manager.cc:362] Metadata directory not provided
I20260608 12:38:09.874676   431 fs_manager.cc:368] Using write-ahead log directory (fs_wal_dir) as metadata directory
I20260608 12:38:09.874945   431 server_base.cc:909] This appears to be a new deployment of Kudu; creating new FS layout
I20260608 12:38:09.876000   431 fs_manager.cc:1068] Generated new instance metadata in path /tmp/dist-test-tasku7AmaX/test-tmp/auto_rebalancer-test.0.AutoRebalancerTest.AutoRebalancingTurnOffAndOn.1780922284938354-431-0/minicluster-data/master-0-root/instance:
uuid: "8090f5d3f4c64f98b64c93f1d77e9e1e"
format_stamp: "Formatted at 2026-06-08 12:38:09 on dist-test-slave-8k8t"
I20260608 12:38:09.880470   431 fs_manager.cc:696] Time spent creating directory manager: real 0.004s	user 0.005s	sys 0.000s
I20260608 12:38:09.883793   979 log_block_manager.cc:4031] Time spent loading block containers with low live blocks: real 0.000s	user 0.000s	sys 0.000s
I20260608 12:38:09.884523   431 fs_manager.cc:730] Time spent opening block manager: real 0.002s	user 0.003s	sys 0.000s
I20260608 12:38:09.884783   431 fs_manager.cc:647] Opened local filesystem: /tmp/dist-test-tasku7AmaX/test-tmp/auto_rebalancer-test.0.AutoRebalancerTest.AutoRebalancingTurnOffAndOn.1780922284938354-431-0/minicluster-data/master-0-root
uuid: "8090f5d3f4c64f98b64c93f1d77e9e1e"
format_stamp: "Formatted at 2026-06-08 12:38:09 on dist-test-slave-8k8t"
I20260608 12:38:09.885062   431 fs_report.cc:389] FS layout report
--------------------
wal directory: /tmp/dist-test-tasku7AmaX/test-tmp/auto_rebalancer-test.0.AutoRebalancerTest.AutoRebalancingTurnOffAndOn.1780922284938354-431-0/minicluster-data/master-0-root
metadata directory: /tmp/dist-test-tasku7AmaX/test-tmp/auto_rebalancer-test.0.AutoRebalancerTest.AutoRebalancingTurnOffAndOn.1780922284938354-431-0/minicluster-data/master-0-root
1 data directories: /tmp/dist-test-tasku7AmaX/test-tmp/auto_rebalancer-test.0.AutoRebalancerTest.AutoRebalancingTurnOffAndOn.1780922284938354-431-0/minicluster-data/master-0-root/data
Total live blocks: 0
Total live bytes: 0
Total live bytes (after alignment): 0
Total number of LBM containers: 0 (0 full)
Did not check for missing blocks
Did not check for orphaned blocks
Total full LBM containers with extra space: 0 (0 repaired)
Total full LBM container extra space in bytes: 0 (0 repaired)
Total incomplete LBM containers: 0 (0 repaired)
Total LBM partial records: 0 (0 repaired)
Total corrupted LBM metadata records in RocksDB: 0 (0 repaired)
I20260608 12:38:09.910439   431 rpc_server.cc:225] running with OpenSSL 1.1.1  11 Sep 2018
I20260608 12:38:09.911521   431 kserver.cc:163] Server-wide thread pool size limit: 3276
I20260608 12:38:09.945709   431 rpc_server.cc:307] RPC server started. Bound to: 127.0.107.254:46261
I20260608 12:38:09.945811  1030 acceptor_pool.cc:272] collecting diagnostics on the listening RPC socket 127.0.107.254:46261 every 8 connection(s)
I20260608 12:38:09.949608  1031 data_dirs.cc:400] Could only allocate 1 dirs of requested 3 for tablet 00000000000000000000000000000000. 1 dirs total, 0 dirs full, 0 dirs failed
I20260608 12:38:09.960016  1031 tablet_bootstrap.cc:492] T 00000000000000000000000000000000 P 8090f5d3f4c64f98b64c93f1d77e9e1e: Bootstrap starting.
I20260608 12:38:09.964294  1031 tablet_bootstrap.cc:654] T 00000000000000000000000000000000 P 8090f5d3f4c64f98b64c93f1d77e9e1e: Neither blocks nor log segments found. Creating new log.
I20260608 12:38:09.968372  1031 tablet_bootstrap.cc:492] T 00000000000000000000000000000000 P 8090f5d3f4c64f98b64c93f1d77e9e1e: No bootstrap required, opened a new log
I20260608 12:38:09.970395  1031 raft_consensus.cc:359] T 00000000000000000000000000000000 P 8090f5d3f4c64f98b64c93f1d77e9e1e [term 0 FOLLOWER]: Replica starting. Triggering 0 pending ops. Active config: opid_index: -1 OBSOLETE_local: true peers { permanent_uuid: "8090f5d3f4c64f98b64c93f1d77e9e1e" member_type: VOTER }
I20260608 12:38:09.970777  1031 raft_consensus.cc:385] T 00000000000000000000000000000000 P 8090f5d3f4c64f98b64c93f1d77e9e1e [term 0 FOLLOWER]: Consensus starting up: Expiring failure detector timer to make a prompt election more likely
I20260608 12:38:09.971026  1031 raft_consensus.cc:740] T 00000000000000000000000000000000 P 8090f5d3f4c64f98b64c93f1d77e9e1e [term 0 FOLLOWER]: Becoming Follower/Learner. State: Replica: 8090f5d3f4c64f98b64c93f1d77e9e1e, State: Initialized, Role: FOLLOWER
I20260608 12:38:09.971724  1031 consensus_queue.cc:260] T 00000000000000000000000000000000 P 8090f5d3f4c64f98b64c93f1d77e9e1e [NON_LEADER]: Queue going to NON_LEADER mode. State: All replicated index: 0, Majority replicated index: 0, Committed index: 0, Last appended: 0.0, Last appended by leader: 0, Current term: 0, Majority size: -1, State: 0, Mode: NON_LEADER, active raft config: opid_index: -1 OBSOLETE_local: true peers { permanent_uuid: "8090f5d3f4c64f98b64c93f1d77e9e1e" member_type: VOTER }
I20260608 12:38:09.972175  1031 raft_consensus.cc:399] T 00000000000000000000000000000000 P 8090f5d3f4c64f98b64c93f1d77e9e1e [term 0 FOLLOWER]: Only one voter in the Raft config. Triggering election immediately
I20260608 12:38:09.972445  1031 raft_consensus.cc:493] T 00000000000000000000000000000000 P 8090f5d3f4c64f98b64c93f1d77e9e1e [term 0 FOLLOWER]: Starting leader election (initial election of a single-replica configuration)
I20260608 12:38:09.972713  1031 raft_consensus.cc:3060] T 00000000000000000000000000000000 P 8090f5d3f4c64f98b64c93f1d77e9e1e [term 0 FOLLOWER]: Advancing to term 1
I20260608 12:38:09.977461  1031 raft_consensus.cc:515] T 00000000000000000000000000000000 P 8090f5d3f4c64f98b64c93f1d77e9e1e [term 1 FOLLOWER]: Starting leader election with config: opid_index: -1 OBSOLETE_local: true peers { permanent_uuid: "8090f5d3f4c64f98b64c93f1d77e9e1e" member_type: VOTER }
I20260608 12:38:09.978018  1031 leader_election.cc:304] T 00000000000000000000000000000000 P 8090f5d3f4c64f98b64c93f1d77e9e1e [CANDIDATE]: Term 1 election: Election decided. Result: candidate won. Election summary: received 1 responses out of 1 voters: 1 yes votes; 0 no votes. yes voters: 8090f5d3f4c64f98b64c93f1d77e9e1e; no voters: 
I20260608 12:38:09.979161  1031 leader_election.cc:290] T 00000000000000000000000000000000 P 8090f5d3f4c64f98b64c93f1d77e9e1e [CANDIDATE]: Term 1 election: Requested vote from peers 
I20260608 12:38:09.979524  1034 raft_consensus.cc:2804] T 00000000000000000000000000000000 P 8090f5d3f4c64f98b64c93f1d77e9e1e [term 1 FOLLOWER]: Leader election won for term 1
I20260608 12:38:09.980782  1034 raft_consensus.cc:697] T 00000000000000000000000000000000 P 8090f5d3f4c64f98b64c93f1d77e9e1e [term 1 LEADER]: Becoming Leader. State: Replica: 8090f5d3f4c64f98b64c93f1d77e9e1e, State: Running, Role: LEADER
I20260608 12:38:09.981480  1034 consensus_queue.cc:237] T 00000000000000000000000000000000 P 8090f5d3f4c64f98b64c93f1d77e9e1e [LEADER]: Queue going to LEADER mode. State: All replicated index: 0, Majority replicated index: 0, Committed index: 0, Last appended: 0.0, Last appended by leader: 0, Current term: 1, Majority size: 1, State: 0, Mode: LEADER, active raft config: opid_index: -1 OBSOLETE_local: true peers { permanent_uuid: "8090f5d3f4c64f98b64c93f1d77e9e1e" member_type: VOTER }
I20260608 12:38:09.981958  1031 sys_catalog.cc:565] T 00000000000000000000000000000000 P 8090f5d3f4c64f98b64c93f1d77e9e1e [sys.catalog]: configured and running, proceeding with master startup.
I20260608 12:38:09.984403  1035 sys_catalog.cc:455] T 00000000000000000000000000000000 P 8090f5d3f4c64f98b64c93f1d77e9e1e [sys.catalog]: SysCatalogTable state changed. Reason: RaftConsensus started. Latest consensus state: current_term: 1 leader_uuid: "8090f5d3f4c64f98b64c93f1d77e9e1e" committed_config { opid_index: -1 OBSOLETE_local: true peers { permanent_uuid: "8090f5d3f4c64f98b64c93f1d77e9e1e" member_type: VOTER } }
I20260608 12:38:09.984486  1036 sys_catalog.cc:455] T 00000000000000000000000000000000 P 8090f5d3f4c64f98b64c93f1d77e9e1e [sys.catalog]: SysCatalogTable state changed. Reason: New leader 8090f5d3f4c64f98b64c93f1d77e9e1e. Latest consensus state: current_term: 1 leader_uuid: "8090f5d3f4c64f98b64c93f1d77e9e1e" committed_config { opid_index: -1 OBSOLETE_local: true peers { permanent_uuid: "8090f5d3f4c64f98b64c93f1d77e9e1e" member_type: VOTER } }
I20260608 12:38:09.985136  1035 sys_catalog.cc:458] T 00000000000000000000000000000000 P 8090f5d3f4c64f98b64c93f1d77e9e1e [sys.catalog]: This master's current role is: LEADER
I20260608 12:38:09.985189  1036 sys_catalog.cc:458] T 00000000000000000000000000000000 P 8090f5d3f4c64f98b64c93f1d77e9e1e [sys.catalog]: This master's current role is: LEADER
I20260608 12:38:09.987922  1040 catalog_manager.cc:1510] Loading table and tablet metadata into memory...
I20260608 12:38:09.992960  1040 catalog_manager.cc:1519] Initializing Kudu cluster ID...
I20260608 12:38:10.001690   431 internal_mini_cluster.cc:184] Waiting to initialize catalog manager on master 0
I20260608 12:38:10.002348  1040 catalog_manager.cc:1382] Generated new cluster ID: 1a2d9ff4d1b64a9d9a9a66864967c104
I20260608 12:38:10.002615  1040 catalog_manager.cc:1530] Initializing Kudu internal certificate authority...
I20260608 12:38:10.024065  1040 catalog_manager.cc:1405] Generated new certificate authority record
I20260608 12:38:10.025298  1040 catalog_manager.cc:1539] Loading token signing keys...
I20260608 12:38:10.036778  1040 catalog_manager.cc:6069] T 00000000000000000000000000000000 P 8090f5d3f4c64f98b64c93f1d77e9e1e: Generated new TSK 0
I20260608 12:38:10.037395  1040 catalog_manager.cc:1549] Initializing in-progress tserver states...
I20260608 12:38:10.068321   431 file_cache.cc:492] Constructed file cache file cache with capacity 419430
W20260608 12:38:10.074424  1052 instance_detector.cc:116] could not retrieve AWS instance metadata: Network error: curl error: HTTP response code said error: The requested URL returned error: 404
W20260608 12:38:10.075279  1053 instance_detector.cc:116] could not retrieve Azure instance metadata: Network error: curl error: HTTP response code said error: The requested URL returned error: 404
W20260608 12:38:10.077310  1055 instance_detector.cc:116] could not retrieve OpenStack instance metadata: Network error: curl error: HTTP response code said error: The requested URL returned error: 404
I20260608 12:38:10.080050   431 server_base.cc:1061] running on GCE node
I20260608 12:38:10.081451   431 hybrid_clock.cc:584] initializing the hybrid clock with 'system_unsync' time source
W20260608 12:38:10.081655   431 system_unsync_time.cc:38] NTP support is disabled. Clock error bounds will not be accurate. This configuration is not suitable for distributed clusters.
I20260608 12:38:10.081830   431 hybrid_clock.cc:648] HybridClock initialized: now 1780922290081813 us; error 0 us; skew 500 ppm
I20260608 12:38:10.082439   431 server_base.cc:861] Flag tcmalloc_max_total_thread_cache_bytes is not working since tcmalloc is not enabled.
I20260608 12:38:10.084980   431 webserver.cc:533] Webserver started at http://127.0.107.193:36587/ using document root <none> and password file <none>
I20260608 12:38:10.085505   431 fs_manager.cc:362] Metadata directory not provided
I20260608 12:38:10.085695   431 fs_manager.cc:368] Using write-ahead log directory (fs_wal_dir) as metadata directory
I20260608 12:38:10.085984   431 server_base.cc:909] This appears to be a new deployment of Kudu; creating new FS layout
I20260608 12:38:10.087174   431 fs_manager.cc:1068] Generated new instance metadata in path /tmp/dist-test-tasku7AmaX/test-tmp/auto_rebalancer-test.0.AutoRebalancerTest.AutoRebalancingTurnOffAndOn.1780922284938354-431-0/minicluster-data/ts-0-root/instance:
uuid: "bdda694e83eb4e1f9768fbf2a4318a93"
format_stamp: "Formatted at 2026-06-08 12:38:10 on dist-test-slave-8k8t"
I20260608 12:38:10.091703   431 fs_manager.cc:696] Time spent creating directory manager: real 0.004s	user 0.000s	sys 0.004s
I20260608 12:38:10.095140  1060 log_block_manager.cc:4031] Time spent loading block containers with low live blocks: real 0.000s	user 0.000s	sys 0.000s
I20260608 12:38:10.095935   431 fs_manager.cc:730] Time spent opening block manager: real 0.002s	user 0.002s	sys 0.001s
I20260608 12:38:10.096218   431 fs_manager.cc:647] Opened local filesystem: /tmp/dist-test-tasku7AmaX/test-tmp/auto_rebalancer-test.0.AutoRebalancerTest.AutoRebalancingTurnOffAndOn.1780922284938354-431-0/minicluster-data/ts-0-root
uuid: "bdda694e83eb4e1f9768fbf2a4318a93"
format_stamp: "Formatted at 2026-06-08 12:38:10 on dist-test-slave-8k8t"
I20260608 12:38:10.096451   431 fs_report.cc:389] FS layout report
--------------------
wal directory: /tmp/dist-test-tasku7AmaX/test-tmp/auto_rebalancer-test.0.AutoRebalancerTest.AutoRebalancingTurnOffAndOn.1780922284938354-431-0/minicluster-data/ts-0-root
metadata directory: /tmp/dist-test-tasku7AmaX/test-tmp/auto_rebalancer-test.0.AutoRebalancerTest.AutoRebalancingTurnOffAndOn.1780922284938354-431-0/minicluster-data/ts-0-root
1 data directories: /tmp/dist-test-tasku7AmaX/test-tmp/auto_rebalancer-test.0.AutoRebalancerTest.AutoRebalancingTurnOffAndOn.1780922284938354-431-0/minicluster-data/ts-0-root/data
Total live blocks: 0
Total live bytes: 0
Total live bytes (after alignment): 0
Total number of LBM containers: 0 (0 full)
Did not check for missing blocks
Did not check for orphaned blocks
Total full LBM containers with extra space: 0 (0 repaired)
Total full LBM container extra space in bytes: 0 (0 repaired)
Total incomplete LBM containers: 0 (0 repaired)
Total LBM partial records: 0 (0 repaired)
Total corrupted LBM metadata records in RocksDB: 0 (0 repaired)
I20260608 12:38:10.115965   431 rpc_server.cc:225] running with OpenSSL 1.1.1  11 Sep 2018
I20260608 12:38:10.116969   431 kserver.cc:163] Server-wide thread pool size limit: 3276
I20260608 12:38:10.118384   431 txn_system_client.cc:432] TxnSystemClient initialization is disabled...
I20260608 12:38:10.120733   431 ts_tablet_manager.cc:585] Loaded tablet metadata (0 total tablets, 0 live tablets)
I20260608 12:38:10.120916   431 ts_tablet_manager.cc:531] Time spent load tablet metadata: real 0.000s	user 0.000s	sys 0.000s
I20260608 12:38:10.121172   431 ts_tablet_manager.cc:616] Registered 0 tablets
I20260608 12:38:10.121322   431 ts_tablet_manager.cc:595] Time spent register tablets: real 0.000s	user 0.000s	sys 0.000s
I20260608 12:38:10.158352   431 rpc_server.cc:307] RPC server started. Bound to: 127.0.107.193:40165
I20260608 12:38:10.158488  1122 acceptor_pool.cc:272] collecting diagnostics on the listening RPC socket 127.0.107.193:40165 every 8 connection(s)
I20260608 12:38:10.163295   431 file_cache.cc:492] Constructed file cache file cache with capacity 419430
W20260608 12:38:10.170233  1127 instance_detector.cc:116] could not retrieve AWS instance metadata: Network error: curl error: HTTP response code said error: The requested URL returned error: 404
W20260608 12:38:10.172971  1128 instance_detector.cc:116] could not retrieve Azure instance metadata: Network error: curl error: HTTP response code said error: The requested URL returned error: 404
W20260608 12:38:10.175078  1130 instance_detector.cc:116] could not retrieve OpenStack instance metadata: Network error: curl error: HTTP response code said error: The requested URL returned error: 404
I20260608 12:38:10.176532   431 server_base.cc:1061] running on GCE node
I20260608 12:38:10.176796  1123 heartbeater.cc:344] Connected to a master server at 127.0.107.254:46261
I20260608 12:38:10.177327  1123 heartbeater.cc:461] Registering TS with master...
I20260608 12:38:10.177721   431 hybrid_clock.cc:584] initializing the hybrid clock with 'system_unsync' time source
W20260608 12:38:10.177997   431 system_unsync_time.cc:38] NTP support is disabled. Clock error bounds will not be accurate. This configuration is not suitable for distributed clusters.
I20260608 12:38:10.178205   431 hybrid_clock.cc:648] HybridClock initialized: now 1780922290178184 us; error 0 us; skew 500 ppm
I20260608 12:38:10.178287  1123 heartbeater.cc:507] Master 127.0.107.254:46261 requested a full tablet report, sending...
I20260608 12:38:10.179090   431 server_base.cc:861] Flag tcmalloc_max_total_thread_cache_bytes is not working since tcmalloc is not enabled.
I20260608 12:38:10.181051   996 ts_manager.cc:194] Registered new tserver with Master: bdda694e83eb4e1f9768fbf2a4318a93 (127.0.107.193:40165)
I20260608 12:38:10.182891   996 master_service.cc:502] Signed X509 certificate for tserver {username='slave'} at 127.0.0.1:40058
I20260608 12:38:10.183749   431 webserver.cc:533] Webserver started at http://127.0.107.194:36855/ using document root <none> and password file <none>
I20260608 12:38:10.184476   431 fs_manager.cc:362] Metadata directory not provided
I20260608 12:38:10.184720   431 fs_manager.cc:368] Using write-ahead log directory (fs_wal_dir) as metadata directory
I20260608 12:38:10.185038   431 server_base.cc:909] This appears to be a new deployment of Kudu; creating new FS layout
I20260608 12:38:10.186165   431 fs_manager.cc:1068] Generated new instance metadata in path /tmp/dist-test-tasku7AmaX/test-tmp/auto_rebalancer-test.0.AutoRebalancerTest.AutoRebalancingTurnOffAndOn.1780922284938354-431-0/minicluster-data/ts-1-root/instance:
uuid: "aa7f811aabed4f08ba63f291bfe4e31e"
format_stamp: "Formatted at 2026-06-08 12:38:10 on dist-test-slave-8k8t"
I20260608 12:38:10.190696   431 fs_manager.cc:696] Time spent creating directory manager: real 0.004s	user 0.006s	sys 0.001s
I20260608 12:38:10.194161  1135 log_block_manager.cc:4031] Time spent loading block containers with low live blocks: real 0.000s	user 0.000s	sys 0.000s
I20260608 12:38:10.195182   431 fs_manager.cc:730] Time spent opening block manager: real 0.003s	user 0.003s	sys 0.000s
I20260608 12:38:10.195461   431 fs_manager.cc:647] Opened local filesystem: /tmp/dist-test-tasku7AmaX/test-tmp/auto_rebalancer-test.0.AutoRebalancerTest.AutoRebalancingTurnOffAndOn.1780922284938354-431-0/minicluster-data/ts-1-root
uuid: "aa7f811aabed4f08ba63f291bfe4e31e"
format_stamp: "Formatted at 2026-06-08 12:38:10 on dist-test-slave-8k8t"
I20260608 12:38:10.195773   431 fs_report.cc:389] FS layout report
--------------------
wal directory: /tmp/dist-test-tasku7AmaX/test-tmp/auto_rebalancer-test.0.AutoRebalancerTest.AutoRebalancingTurnOffAndOn.1780922284938354-431-0/minicluster-data/ts-1-root
metadata directory: /tmp/dist-test-tasku7AmaX/test-tmp/auto_rebalancer-test.0.AutoRebalancerTest.AutoRebalancingTurnOffAndOn.1780922284938354-431-0/minicluster-data/ts-1-root
1 data directories: /tmp/dist-test-tasku7AmaX/test-tmp/auto_rebalancer-test.0.AutoRebalancerTest.AutoRebalancingTurnOffAndOn.1780922284938354-431-0/minicluster-data/ts-1-root/data
Total live blocks: 0
Total live bytes: 0
Total live bytes (after alignment): 0
Total number of LBM containers: 0 (0 full)
Did not check for missing blocks
Did not check for orphaned blocks
Total full LBM containers with extra space: 0 (0 repaired)
Total full LBM container extra space in bytes: 0 (0 repaired)
Total incomplete LBM containers: 0 (0 repaired)
Total LBM partial records: 0 (0 repaired)
Total corrupted LBM metadata records in RocksDB: 0 (0 repaired)
I20260608 12:38:10.208767   431 rpc_server.cc:225] running with OpenSSL 1.1.1  11 Sep 2018
I20260608 12:38:10.209846   431 kserver.cc:163] Server-wide thread pool size limit: 3276
I20260608 12:38:10.211256   431 txn_system_client.cc:432] TxnSystemClient initialization is disabled...
I20260608 12:38:10.213478   431 ts_tablet_manager.cc:585] Loaded tablet metadata (0 total tablets, 0 live tablets)
I20260608 12:38:10.213660   431 ts_tablet_manager.cc:531] Time spent load tablet metadata: real 0.000s	user 0.000s	sys 0.000s
I20260608 12:38:10.213912   431 ts_tablet_manager.cc:616] Registered 0 tablets
I20260608 12:38:10.214071   431 ts_tablet_manager.cc:595] Time spent register tablets: real 0.000s	user 0.000s	sys 0.000s
I20260608 12:38:10.250236   431 rpc_server.cc:307] RPC server started. Bound to: 127.0.107.194:33615
I20260608 12:38:10.250339  1197 acceptor_pool.cc:272] collecting diagnostics on the listening RPC socket 127.0.107.194:33615 every 8 connection(s)
I20260608 12:38:10.255056   431 file_cache.cc:492] Constructed file cache file cache with capacity 419430
W20260608 12:38:10.261363  1201 instance_detector.cc:116] could not retrieve AWS instance metadata: Network error: curl error: HTTP response code said error: The requested URL returned error: 404
W20260608 12:38:10.263535  1202 instance_detector.cc:116] could not retrieve Azure instance metadata: Network error: curl error: HTTP response code said error: The requested URL returned error: 404
W20260608 12:38:10.265061  1204 instance_detector.cc:116] could not retrieve OpenStack instance metadata: Network error: curl error: HTTP response code said error: The requested URL returned error: 404
I20260608 12:38:10.265952   431 server_base.cc:1061] running on GCE node
I20260608 12:38:10.267272   431 hybrid_clock.cc:584] initializing the hybrid clock with 'system_unsync' time source
W20260608 12:38:10.267545   431 system_unsync_time.cc:38] NTP support is disabled. Clock error bounds will not be accurate. This configuration is not suitable for distributed clusters.
I20260608 12:38:10.267583  1198 heartbeater.cc:344] Connected to a master server at 127.0.107.254:46261
I20260608 12:38:10.267761   431 hybrid_clock.cc:648] HybridClock initialized: now 1780922290267742 us; error 0 us; skew 500 ppm
I20260608 12:38:10.268015  1198 heartbeater.cc:461] Registering TS with master...
I20260608 12:38:10.268461   431 server_base.cc:861] Flag tcmalloc_max_total_thread_cache_bytes is not working since tcmalloc is not enabled.
I20260608 12:38:10.268780  1198 heartbeater.cc:507] Master 127.0.107.254:46261 requested a full tablet report, sending...
I20260608 12:38:10.271221   431 webserver.cc:533] Webserver started at http://127.0.107.195:40903/ using document root <none> and password file <none>
I20260608 12:38:10.271250   996 ts_manager.cc:194] Registered new tserver with Master: aa7f811aabed4f08ba63f291bfe4e31e (127.0.107.194:33615)
I20260608 12:38:10.271999   431 fs_manager.cc:362] Metadata directory not provided
I20260608 12:38:10.272194   431 fs_manager.cc:368] Using write-ahead log directory (fs_wal_dir) as metadata directory
I20260608 12:38:10.272399   431 server_base.cc:909] This appears to be a new deployment of Kudu; creating new FS layout
I20260608 12:38:10.272794   996 master_service.cc:502] Signed X509 certificate for tserver {username='slave'} at 127.0.0.1:40060
I20260608 12:38:10.273380   431 fs_manager.cc:1068] Generated new instance metadata in path /tmp/dist-test-tasku7AmaX/test-tmp/auto_rebalancer-test.0.AutoRebalancerTest.AutoRebalancingTurnOffAndOn.1780922284938354-431-0/minicluster-data/ts-2-root/instance:
uuid: "6d4dfeb3f9ca42daa07b7bf765d20638"
format_stamp: "Formatted at 2026-06-08 12:38:10 on dist-test-slave-8k8t"
I20260608 12:38:10.277926   431 fs_manager.cc:696] Time spent creating directory manager: real 0.004s	user 0.004s	sys 0.002s
I20260608 12:38:10.281396  1209 log_block_manager.cc:4031] Time spent loading block containers with low live blocks: real 0.000s	user 0.000s	sys 0.000s
I20260608 12:38:10.282160   431 fs_manager.cc:730] Time spent opening block manager: real 0.002s	user 0.002s	sys 0.000s
I20260608 12:38:10.282445   431 fs_manager.cc:647] Opened local filesystem: /tmp/dist-test-tasku7AmaX/test-tmp/auto_rebalancer-test.0.AutoRebalancerTest.AutoRebalancingTurnOffAndOn.1780922284938354-431-0/minicluster-data/ts-2-root
uuid: "6d4dfeb3f9ca42daa07b7bf765d20638"
format_stamp: "Formatted at 2026-06-08 12:38:10 on dist-test-slave-8k8t"
I20260608 12:38:10.282737   431 fs_report.cc:389] FS layout report
--------------------
wal directory: /tmp/dist-test-tasku7AmaX/test-tmp/auto_rebalancer-test.0.AutoRebalancerTest.AutoRebalancingTurnOffAndOn.1780922284938354-431-0/minicluster-data/ts-2-root
metadata directory: /tmp/dist-test-tasku7AmaX/test-tmp/auto_rebalancer-test.0.AutoRebalancerTest.AutoRebalancingTurnOffAndOn.1780922284938354-431-0/minicluster-data/ts-2-root
1 data directories: /tmp/dist-test-tasku7AmaX/test-tmp/auto_rebalancer-test.0.AutoRebalancerTest.AutoRebalancingTurnOffAndOn.1780922284938354-431-0/minicluster-data/ts-2-root/data
Total live blocks: 0
Total live bytes: 0
Total live bytes (after alignment): 0
Total number of LBM containers: 0 (0 full)
Did not check for missing blocks
Did not check for orphaned blocks
Total full LBM containers with extra space: 0 (0 repaired)
Total full LBM container extra space in bytes: 0 (0 repaired)
Total incomplete LBM containers: 0 (0 repaired)
Total LBM partial records: 0 (0 repaired)
Total corrupted LBM metadata records in RocksDB: 0 (0 repaired)
I20260608 12:38:10.300578   431 rpc_server.cc:225] running with OpenSSL 1.1.1  11 Sep 2018
I20260608 12:38:10.301600   431 kserver.cc:163] Server-wide thread pool size limit: 3276
I20260608 12:38:10.303025   431 txn_system_client.cc:432] TxnSystemClient initialization is disabled...
I20260608 12:38:10.305285   431 ts_tablet_manager.cc:585] Loaded tablet metadata (0 total tablets, 0 live tablets)
I20260608 12:38:10.305493   431 ts_tablet_manager.cc:531] Time spent load tablet metadata: real 0.000s	user 0.000s	sys 0.000s
I20260608 12:38:10.305722   431 ts_tablet_manager.cc:616] Registered 0 tablets
I20260608 12:38:10.305877   431 ts_tablet_manager.cc:595] Time spent register tablets: real 0.000s	user 0.000s	sys 0.000s
I20260608 12:38:10.342345   431 rpc_server.cc:307] RPC server started. Bound to: 127.0.107.195:43975
I20260608 12:38:10.342464  1271 acceptor_pool.cc:272] collecting diagnostics on the listening RPC socket 127.0.107.195:43975 every 8 connection(s)
I20260608 12:38:10.356077  1272 heartbeater.cc:344] Connected to a master server at 127.0.107.254:46261
I20260608 12:38:10.356464  1272 heartbeater.cc:461] Registering TS with master...
I20260608 12:38:10.357285  1272 heartbeater.cc:507] Master 127.0.107.254:46261 requested a full tablet report, sending...
I20260608 12:38:10.359272   996 ts_manager.cc:194] Registered new tserver with Master: 6d4dfeb3f9ca42daa07b7bf765d20638 (127.0.107.195:43975)
I20260608 12:38:10.360042   431 internal_mini_cluster.cc:371] 3 TS(s) registered with all masters after 0.014454042s
I20260608 12:38:10.360855   996 master_service.cc:502] Signed X509 certificate for tserver {username='slave'} at 127.0.0.1:40072
I20260608 12:38:11.185636  1123 heartbeater.cc:499] Master 127.0.107.254:46261 was elected leader, sending a full tablet report...
I20260608 12:38:11.275338  1198 heartbeater.cc:499] Master 127.0.107.254:46261 was elected leader, sending a full tablet report...
I20260608 12:38:11.363370  1272 heartbeater.cc:499] Master 127.0.107.254:46261 was elected leader, sending a full tablet report...
I20260608 12:38:11.417383   996 catalog_manager.cc:2282] Servicing CreateTable request from {username='slave'} at 127.0.0.1:40084:
name: "test-workload"
schema {
  columns {
    name: "key"
    type: INT32
    is_key: true
    is_nullable: false
    encoding: AUTO_ENCODING
    compression: DEFAULT_COMPRESSION
    cfile_block_size: 0
    immutable: false
  }
  columns {
    name: "int_val"
    type: INT32
    is_key: false
    is_nullable: false
    encoding: AUTO_ENCODING
    compression: DEFAULT_COMPRESSION
    cfile_block_size: 0
    immutable: false
  }
  columns {
    name: "string_val"
    type: STRING
    is_key: false
    is_nullable: true
    encoding: AUTO_ENCODING
    compression: DEFAULT_COMPRESSION
    cfile_block_size: 0
    immutable: false
  }
}
num_replicas: 3
split_rows_range_bounds {
  rows: "\004\001\000\377\377\377\017\004\001\000\376\377\377\037\004\001\000\375\377\377/\004\001\000\374\377\377?\004\001\000\373\377\377O\004\001\000\372\377\377_\004\001\000\371\377\377o""\004\001\000\377\377\377\017\004\001\000\376\377\377\037\004\001\000\375\377\377/\004\001\000\374\377\377?\004\001\000\373\377\377O\004\001\000\372\377\377_\004\001\000\371\377\377o"
  indirect_data: """"
}
partition_schema {
  range_schema {
    columns {
      name: "key"
    }
  }
}
W20260608 12:38:11.420010   996 catalog_manager.cc:7076] The number of live tablet servers is not enough to re-replicate a tablet replica of the newly created table test-workload in case of a server failure: 4 tablet servers would be needed, 3 are available. Consider bringing up more tablet servers.
I20260608 12:38:11.487010  1088 tablet_service.cc:1511] Processing CreateTablet for tablet e593549dc7f94f028f11d3c7e00b6ead (DEFAULT_TABLE table=test-workload [id=34cfbb1214ca4994bc09b4eeb68f286d]), partition=RANGE (key) PARTITION VALUES < 268435455
I20260608 12:38:11.488461  1088 data_dirs.cc:400] Could only allocate 1 dirs of requested 3 for tablet e593549dc7f94f028f11d3c7e00b6ead. 1 dirs total, 0 dirs full, 0 dirs failed
I20260608 12:38:11.492041  1163 tablet_service.cc:1511] Processing CreateTablet for tablet e593549dc7f94f028f11d3c7e00b6ead (DEFAULT_TABLE table=test-workload [id=34cfbb1214ca4994bc09b4eeb68f286d]), partition=RANGE (key) PARTITION VALUES < 268435455
I20260608 12:38:11.493461  1163 data_dirs.cc:400] Could only allocate 1 dirs of requested 3 for tablet e593549dc7f94f028f11d3c7e00b6ead. 1 dirs total, 0 dirs full, 0 dirs failed
I20260608 12:38:11.495646  1161 tablet_service.cc:1511] Processing CreateTablet for tablet 858a5c5532fd4cdaa874f4dcb2268514 (DEFAULT_TABLE table=test-workload [id=34cfbb1214ca4994bc09b4eeb68f286d]), partition=RANGE (key) PARTITION 536870910 <= VALUES < 805306365
I20260608 12:38:11.496258  1162 tablet_service.cc:1511] Processing CreateTablet for tablet e121ba55b6d54e548921526ba63417d9 (DEFAULT_TABLE table=test-workload [id=34cfbb1214ca4994bc09b4eeb68f286d]), partition=RANGE (key) PARTITION 268435455 <= VALUES < 536870910
I20260608 12:38:11.497095  1161 data_dirs.cc:400] Could only allocate 1 dirs of requested 3 for tablet 858a5c5532fd4cdaa874f4dcb2268514. 1 dirs total, 0 dirs full, 0 dirs failed
I20260608 12:38:11.500488  1160 tablet_service.cc:1511] Processing CreateTablet for tablet bb892c05139f451489db6d4195733d19 (DEFAULT_TABLE table=test-workload [id=34cfbb1214ca4994bc09b4eeb68f286d]), partition=RANGE (key) PARTITION 805306365 <= VALUES < 1073741820
I20260608 12:38:11.501847  1160 data_dirs.cc:400] Could only allocate 1 dirs of requested 3 for tablet bb892c05139f451489db6d4195733d19. 1 dirs total, 0 dirs full, 0 dirs failed
I20260608 12:38:11.503707  1159 tablet_service.cc:1511] Processing CreateTablet for tablet db94d242fe1a4cf1a918371b933aeda2 (DEFAULT_TABLE table=test-workload [id=34cfbb1214ca4994bc09b4eeb68f286d]), partition=RANGE (key) PARTITION 1073741820 <= VALUES < 1342177275
I20260608 12:38:11.504801  1162 data_dirs.cc:400] Could only allocate 1 dirs of requested 3 for tablet e121ba55b6d54e548921526ba63417d9. 1 dirs total, 0 dirs full, 0 dirs failed
I20260608 12:38:11.506101  1158 tablet_service.cc:1511] Processing CreateTablet for tablet 30f9c09b13414a69844b40b488db95d0 (DEFAULT_TABLE table=test-workload [id=34cfbb1214ca4994bc09b4eeb68f286d]), partition=RANGE (key) PARTITION 1342177275 <= VALUES < 1610612730
I20260608 12:38:11.508101  1237 tablet_service.cc:1511] Processing CreateTablet for tablet e593549dc7f94f028f11d3c7e00b6ead (DEFAULT_TABLE table=test-workload [id=34cfbb1214ca4994bc09b4eeb68f286d]), partition=RANGE (key) PARTITION VALUES < 268435455
I20260608 12:38:11.509429  1237 data_dirs.cc:400] Could only allocate 1 dirs of requested 3 for tablet e593549dc7f94f028f11d3c7e00b6ead. 1 dirs total, 0 dirs full, 0 dirs failed
I20260608 12:38:11.511353  1157 tablet_service.cc:1511] Processing CreateTablet for tablet c54a7f95c2f44cf58a237bcb3a92f9da (DEFAULT_TABLE table=test-workload [id=34cfbb1214ca4994bc09b4eeb68f286d]), partition=RANGE (key) PARTITION 1610612730 <= VALUES < 1879048185
I20260608 12:38:11.512777  1157 data_dirs.cc:400] Could only allocate 1 dirs of requested 3 for tablet c54a7f95c2f44cf58a237bcb3a92f9da. 1 dirs total, 0 dirs full, 0 dirs failed
I20260608 12:38:11.516093  1235 tablet_service.cc:1511] Processing CreateTablet for tablet 858a5c5532fd4cdaa874f4dcb2268514 (DEFAULT_TABLE table=test-workload [id=34cfbb1214ca4994bc09b4eeb68f286d]), partition=RANGE (key) PARTITION 536870910 <= VALUES < 805306365
I20260608 12:38:11.517483  1235 data_dirs.cc:400] Could only allocate 1 dirs of requested 3 for tablet 858a5c5532fd4cdaa874f4dcb2268514. 1 dirs total, 0 dirs full, 0 dirs failed
I20260608 12:38:11.520076  1233 tablet_service.cc:1511] Processing CreateTablet for tablet db94d242fe1a4cf1a918371b933aeda2 (DEFAULT_TABLE table=test-workload [id=34cfbb1214ca4994bc09b4eeb68f286d]), partition=RANGE (key) PARTITION 1073741820 <= VALUES < 1342177275
I20260608 12:38:11.521442  1233 data_dirs.cc:400] Could only allocate 1 dirs of requested 3 for tablet db94d242fe1a4cf1a918371b933aeda2. 1 dirs total, 0 dirs full, 0 dirs failed
I20260608 12:38:11.524114  1232 tablet_service.cc:1511] Processing CreateTablet for tablet 30f9c09b13414a69844b40b488db95d0 (DEFAULT_TABLE table=test-workload [id=34cfbb1214ca4994bc09b4eeb68f286d]), partition=RANGE (key) PARTITION 1342177275 <= VALUES < 1610612730
I20260608 12:38:11.525665  1232 data_dirs.cc:400] Could only allocate 1 dirs of requested 3 for tablet 30f9c09b13414a69844b40b488db95d0. 1 dirs total, 0 dirs full, 0 dirs failed
I20260608 12:38:11.528434  1231 tablet_service.cc:1511] Processing CreateTablet for tablet c54a7f95c2f44cf58a237bcb3a92f9da (DEFAULT_TABLE table=test-workload [id=34cfbb1214ca4994bc09b4eeb68f286d]), partition=RANGE (key) PARTITION 1610612730 <= VALUES < 1879048185
I20260608 12:38:11.529964  1231 data_dirs.cc:400] Could only allocate 1 dirs of requested 3 for tablet c54a7f95c2f44cf58a237bcb3a92f9da. 1 dirs total, 0 dirs full, 0 dirs failed
I20260608 12:38:11.531437  1156 tablet_service.cc:1511] Processing CreateTablet for tablet 9b3af754c36d42d08bd09e82dc1bbaab (DEFAULT_TABLE table=test-workload [id=34cfbb1214ca4994bc09b4eeb68f286d]), partition=RANGE (key) PARTITION 1879048185 <= VALUES
I20260608 12:38:11.532932  1156 data_dirs.cc:400] Could only allocate 1 dirs of requested 3 for tablet 9b3af754c36d42d08bd09e82dc1bbaab. 1 dirs total, 0 dirs full, 0 dirs failed
I20260608 12:38:11.536384  1234 tablet_service.cc:1511] Processing CreateTablet for tablet bb892c05139f451489db6d4195733d19 (DEFAULT_TABLE table=test-workload [id=34cfbb1214ca4994bc09b4eeb68f286d]), partition=RANGE (key) PARTITION 805306365 <= VALUES < 1073741820
I20260608 12:38:11.537920  1234 data_dirs.cc:400] Could only allocate 1 dirs of requested 3 for tablet bb892c05139f451489db6d4195733d19. 1 dirs total, 0 dirs full, 0 dirs failed
I20260608 12:38:11.542737  1230 tablet_service.cc:1511] Processing CreateTablet for tablet 9b3af754c36d42d08bd09e82dc1bbaab (DEFAULT_TABLE table=test-workload [id=34cfbb1214ca4994bc09b4eeb68f286d]), partition=RANGE (key) PARTITION 1879048185 <= VALUES
I20260608 12:38:11.544186  1230 data_dirs.cc:400] Could only allocate 1 dirs of requested 3 for tablet 9b3af754c36d42d08bd09e82dc1bbaab. 1 dirs total, 0 dirs full, 0 dirs failed
I20260608 12:38:11.548213  1236 tablet_service.cc:1511] Processing CreateTablet for tablet e121ba55b6d54e548921526ba63417d9 (DEFAULT_TABLE table=test-workload [id=34cfbb1214ca4994bc09b4eeb68f286d]), partition=RANGE (key) PARTITION 268435455 <= VALUES < 536870910
I20260608 12:38:11.549715  1236 data_dirs.cc:400] Could only allocate 1 dirs of requested 3 for tablet e121ba55b6d54e548921526ba63417d9. 1 dirs total, 0 dirs full, 0 dirs failed
I20260608 12:38:11.553695  1294 tablet_bootstrap.cc:492] T c54a7f95c2f44cf58a237bcb3a92f9da P 6d4dfeb3f9ca42daa07b7bf765d20638: Bootstrap starting.
I20260608 12:38:11.555656  1158 data_dirs.cc:400] Could only allocate 1 dirs of requested 3 for tablet 30f9c09b13414a69844b40b488db95d0. 1 dirs total, 0 dirs full, 0 dirs failed
I20260608 12:38:11.558873  1159 data_dirs.cc:400] Could only allocate 1 dirs of requested 3 for tablet db94d242fe1a4cf1a918371b933aeda2. 1 dirs total, 0 dirs full, 0 dirs failed
I20260608 12:38:11.562345  1294 tablet_bootstrap.cc:654] T c54a7f95c2f44cf58a237bcb3a92f9da P 6d4dfeb3f9ca42daa07b7bf765d20638: Neither blocks nor log segments found. Creating new log.
I20260608 12:38:11.574911  1294 tablet_bootstrap.cc:492] T c54a7f95c2f44cf58a237bcb3a92f9da P 6d4dfeb3f9ca42daa07b7bf765d20638: No bootstrap required, opened a new log
I20260608 12:38:11.575599  1294 ts_tablet_manager.cc:1403] T c54a7f95c2f44cf58a237bcb3a92f9da P 6d4dfeb3f9ca42daa07b7bf765d20638: Time spent bootstrapping tablet: real 0.022s	user 0.007s	sys 0.012s
I20260608 12:38:11.578917  1294 raft_consensus.cc:359] T c54a7f95c2f44cf58a237bcb3a92f9da P 6d4dfeb3f9ca42daa07b7bf765d20638 [term 0 FOLLOWER]: Replica starting. Triggering 0 pending ops. Active config: opid_index: -1 OBSOLETE_local: false peers { permanent_uuid: "bdda694e83eb4e1f9768fbf2a4318a93" member_type: VOTER last_known_addr { host: "127.0.107.193" port: 40165 } } peers { permanent_uuid: "aa7f811aabed4f08ba63f291bfe4e31e" member_type: VOTER last_known_addr { host: "127.0.107.194" port: 33615 } } peers { permanent_uuid: "6d4dfeb3f9ca42daa07b7bf765d20638" member_type: VOTER last_known_addr { host: "127.0.107.195" port: 43975 } }
I20260608 12:38:11.579953  1294 raft_consensus.cc:385] T c54a7f95c2f44cf58a237bcb3a92f9da P 6d4dfeb3f9ca42daa07b7bf765d20638 [term 0 FOLLOWER]: Consensus starting up: Expiring failure detector timer to make a prompt election more likely
I20260608 12:38:11.580361  1294 raft_consensus.cc:740] T c54a7f95c2f44cf58a237bcb3a92f9da P 6d4dfeb3f9ca42daa07b7bf765d20638 [term 0 FOLLOWER]: Becoming Follower/Learner. State: Replica: 6d4dfeb3f9ca42daa07b7bf765d20638, State: Initialized, Role: FOLLOWER
I20260608 12:38:11.581449  1294 consensus_queue.cc:260] T c54a7f95c2f44cf58a237bcb3a92f9da P 6d4dfeb3f9ca42daa07b7bf765d20638 [NON_LEADER]: Queue going to NON_LEADER mode. State: All replicated index: 0, Majority replicated index: 0, Committed index: 0, Last appended: 0.0, Last appended by leader: 0, Current term: 0, Majority size: -1, State: 0, Mode: NON_LEADER, active raft config: opid_index: -1 OBSOLETE_local: false peers { permanent_uuid: "bdda694e83eb4e1f9768fbf2a4318a93" member_type: VOTER last_known_addr { host: "127.0.107.193" port: 40165 } } peers { permanent_uuid: "aa7f811aabed4f08ba63f291bfe4e31e" member_type: VOTER last_known_addr { host: "127.0.107.194" port: 33615 } } peers { permanent_uuid: "6d4dfeb3f9ca42daa07b7bf765d20638" member_type: VOTER last_known_addr { host: "127.0.107.195" port: 43975 } }
I20260608 12:38:11.591574  1294 ts_tablet_manager.cc:1434] T c54a7f95c2f44cf58a237bcb3a92f9da P 6d4dfeb3f9ca42daa07b7bf765d20638: Time spent starting tablet: real 0.016s	user 0.001s	sys 0.012s
I20260608 12:38:11.609331  1087 tablet_service.cc:1511] Processing CreateTablet for tablet e121ba55b6d54e548921526ba63417d9 (DEFAULT_TABLE table=test-workload [id=34cfbb1214ca4994bc09b4eeb68f286d]), partition=RANGE (key) PARTITION 268435455 <= VALUES < 536870910
I20260608 12:38:11.611594  1087 data_dirs.cc:400] Could only allocate 1 dirs of requested 3 for tablet e121ba55b6d54e548921526ba63417d9. 1 dirs total, 0 dirs full, 0 dirs failed
I20260608 12:38:11.624398  1086 tablet_service.cc:1511] Processing CreateTablet for tablet 858a5c5532fd4cdaa874f4dcb2268514 (DEFAULT_TABLE table=test-workload [id=34cfbb1214ca4994bc09b4eeb68f286d]), partition=RANGE (key) PARTITION 536870910 <= VALUES < 805306365
I20260608 12:38:11.626144  1086 data_dirs.cc:400] Could only allocate 1 dirs of requested 3 for tablet 858a5c5532fd4cdaa874f4dcb2268514. 1 dirs total, 0 dirs full, 0 dirs failed
I20260608 12:38:11.633482  1085 tablet_service.cc:1511] Processing CreateTablet for tablet bb892c05139f451489db6d4195733d19 (DEFAULT_TABLE table=test-workload [id=34cfbb1214ca4994bc09b4eeb68f286d]), partition=RANGE (key) PARTITION 805306365 <= VALUES < 1073741820
I20260608 12:38:11.635231  1085 data_dirs.cc:400] Could only allocate 1 dirs of requested 3 for tablet bb892c05139f451489db6d4195733d19. 1 dirs total, 0 dirs full, 0 dirs failed
I20260608 12:38:11.641306  1081 tablet_service.cc:1511] Processing CreateTablet for tablet 9b3af754c36d42d08bd09e82dc1bbaab (DEFAULT_TABLE table=test-workload [id=34cfbb1214ca4994bc09b4eeb68f286d]), partition=RANGE (key) PARTITION 1879048185 <= VALUES
I20260608 12:38:11.643251  1081 data_dirs.cc:400] Could only allocate 1 dirs of requested 3 for tablet 9b3af754c36d42d08bd09e82dc1bbaab. 1 dirs total, 0 dirs full, 0 dirs failed
I20260608 12:38:11.649354  1083 tablet_service.cc:1511] Processing CreateTablet for tablet 30f9c09b13414a69844b40b488db95d0 (DEFAULT_TABLE table=test-workload [id=34cfbb1214ca4994bc09b4eeb68f286d]), partition=RANGE (key) PARTITION 1342177275 <= VALUES < 1610612730
I20260608 12:38:11.650391  1293 tablet_bootstrap.cc:492] T e593549dc7f94f028f11d3c7e00b6ead P bdda694e83eb4e1f9768fbf2a4318a93: Bootstrap starting.
I20260608 12:38:11.649194  1084 tablet_service.cc:1511] Processing CreateTablet for tablet db94d242fe1a4cf1a918371b933aeda2 (DEFAULT_TABLE table=test-workload [id=34cfbb1214ca4994bc09b4eeb68f286d]), partition=RANGE (key) PARTITION 1073741820 <= VALUES < 1342177275
I20260608 12:38:11.649510  1082 tablet_service.cc:1511] Processing CreateTablet for tablet c54a7f95c2f44cf58a237bcb3a92f9da (DEFAULT_TABLE table=test-workload [id=34cfbb1214ca4994bc09b4eeb68f286d]), partition=RANGE (key) PARTITION 1610612730 <= VALUES < 1879048185
I20260608 12:38:11.651984  1083 data_dirs.cc:400] Could only allocate 1 dirs of requested 3 for tablet 30f9c09b13414a69844b40b488db95d0. 1 dirs total, 0 dirs full, 0 dirs failed
I20260608 12:38:11.667779  1084 data_dirs.cc:400] Could only allocate 1 dirs of requested 3 for tablet db94d242fe1a4cf1a918371b933aeda2. 1 dirs total, 0 dirs full, 0 dirs failed
I20260608 12:38:11.669708  1082 data_dirs.cc:400] Could only allocate 1 dirs of requested 3 for tablet c54a7f95c2f44cf58a237bcb3a92f9da. 1 dirs total, 0 dirs full, 0 dirs failed
I20260608 12:38:11.674716  1292 tablet_bootstrap.cc:492] T 858a5c5532fd4cdaa874f4dcb2268514 P aa7f811aabed4f08ba63f291bfe4e31e: Bootstrap starting.
I20260608 12:38:11.684502  1294 tablet_bootstrap.cc:492] T bb892c05139f451489db6d4195733d19 P 6d4dfeb3f9ca42daa07b7bf765d20638: Bootstrap starting.
I20260608 12:38:11.691336  1294 tablet_bootstrap.cc:654] T bb892c05139f451489db6d4195733d19 P 6d4dfeb3f9ca42daa07b7bf765d20638: Neither blocks nor log segments found. Creating new log.
I20260608 12:38:11.698143  1293 tablet_bootstrap.cc:654] T e593549dc7f94f028f11d3c7e00b6ead P bdda694e83eb4e1f9768fbf2a4318a93: Neither blocks nor log segments found. Creating new log.
I20260608 12:38:11.705266  1292 tablet_bootstrap.cc:654] T 858a5c5532fd4cdaa874f4dcb2268514 P aa7f811aabed4f08ba63f291bfe4e31e: Neither blocks nor log segments found. Creating new log.
I20260608 12:38:11.734787  1294 tablet_bootstrap.cc:492] T bb892c05139f451489db6d4195733d19 P 6d4dfeb3f9ca42daa07b7bf765d20638: No bootstrap required, opened a new log
I20260608 12:38:11.734990  1293 tablet_bootstrap.cc:492] T e593549dc7f94f028f11d3c7e00b6ead P bdda694e83eb4e1f9768fbf2a4318a93: No bootstrap required, opened a new log
I20260608 12:38:11.735529  1294 ts_tablet_manager.cc:1403] T bb892c05139f451489db6d4195733d19 P 6d4dfeb3f9ca42daa07b7bf765d20638: Time spent bootstrapping tablet: real 0.051s	user 0.016s	sys 0.021s
I20260608 12:38:11.735564  1293 ts_tablet_manager.cc:1403] T e593549dc7f94f028f11d3c7e00b6ead P bdda694e83eb4e1f9768fbf2a4318a93: Time spent bootstrapping tablet: real 0.085s	user 0.011s	sys 0.010s
