I20260608 12:39:19.916703  3261 tablet_bootstrap.cc:654] T 7501c91994944ccd87788313f58c432c P 58b178137b4c473c8ae042d9e4807ad5: Neither blocks nor log segments found. Creating new log.
I20260608 12:39:19.929394  3263 ts_tablet_manager.cc:1434] T e0fda0c3bbb54efcb981eb0d2bffe25b P be290bbdb8b34e8b9ed29769a4cae64a: Time spent starting tablet: real 0.030s	user 0.015s	sys 0.006s
I20260608 12:39:19.930691  3263 tablet_bootstrap.cc:492] T 45901b50d86f4520865df995363d4f8b P be290bbdb8b34e8b9ed29769a4cae64a: Bootstrap starting.
I20260608 12:39:19.930971  3261 tablet_bootstrap.cc:492] T 7501c91994944ccd87788313f58c432c P 58b178137b4c473c8ae042d9e4807ad5: No bootstrap required, opened a new log
I20260608 12:39:19.931198  3262 tablet_bootstrap.cc:492] T e0fda0c3bbb54efcb981eb0d2bffe25b P 8941291d4cd24eda82001d6e848787cd: No bootstrap required, opened a new log
I20260608 12:39:19.931833  3261 ts_tablet_manager.cc:1403] T 7501c91994944ccd87788313f58c432c P 58b178137b4c473c8ae042d9e4807ad5: Time spent bootstrapping tablet: real 0.023s	user 0.010s	sys 0.009s
I20260608 12:39:19.932003  3262 ts_tablet_manager.cc:1403] T e0fda0c3bbb54efcb981eb0d2bffe25b P 8941291d4cd24eda82001d6e848787cd: Time spent bootstrapping tablet: real 0.030s	user 0.012s	sys 0.016s
I20260608 12:39:19.935250  3261 raft_consensus.cc:359] T 7501c91994944ccd87788313f58c432c P 58b178137b4c473c8ae042d9e4807ad5 [term 0 FOLLOWER]: Replica starting. Triggering 0 pending ops. Active config: opid_index: -1 OBSOLETE_local: false peers { permanent_uuid: "be290bbdb8b34e8b9ed29769a4cae64a" member_type: VOTER last_known_addr { host: "127.0.107.193" port: 36125 } } peers { permanent_uuid: "8941291d4cd24eda82001d6e848787cd" member_type: VOTER last_known_addr { host: "127.0.107.194" port: 38391 } } peers { permanent_uuid: "58b178137b4c473c8ae042d9e4807ad5" member_type: VOTER last_known_addr { host: "127.0.107.195" port: 33045 } }
I20260608 12:39:19.935853  3261 raft_consensus.cc:385] T 7501c91994944ccd87788313f58c432c P 58b178137b4c473c8ae042d9e4807ad5 [term 0 FOLLOWER]: Consensus starting up: Expiring failure detector timer to make a prompt election more likely
I20260608 12:39:19.935546  3262 raft_consensus.cc:359] T e0fda0c3bbb54efcb981eb0d2bffe25b P 8941291d4cd24eda82001d6e848787cd [term 0 FOLLOWER]: Replica starting. Triggering 0 pending ops. Active config: opid_index: -1 OBSOLETE_local: false peers { permanent_uuid: "be290bbdb8b34e8b9ed29769a4cae64a" member_type: VOTER last_known_addr { host: "127.0.107.193" port: 36125 } } peers { permanent_uuid: "8941291d4cd24eda82001d6e848787cd" member_type: VOTER last_known_addr { host: "127.0.107.194" port: 38391 } } peers { permanent_uuid: "58b178137b4c473c8ae042d9e4807ad5" member_type: VOTER last_known_addr { host: "127.0.107.195" port: 33045 } }
I20260608 12:39:19.936111  3261 raft_consensus.cc:740] T 7501c91994944ccd87788313f58c432c P 58b178137b4c473c8ae042d9e4807ad5 [term 0 FOLLOWER]: Becoming Follower/Learner. State: Replica: 58b178137b4c473c8ae042d9e4807ad5, State: Initialized, Role: FOLLOWER
I20260608 12:39:19.936313  3262 raft_consensus.cc:385] T e0fda0c3bbb54efcb981eb0d2bffe25b P 8941291d4cd24eda82001d6e848787cd [term 0 FOLLOWER]: Consensus starting up: Expiring failure detector timer to make a prompt election more likely
I20260608 12:39:19.936682  3262 raft_consensus.cc:740] T e0fda0c3bbb54efcb981eb0d2bffe25b P 8941291d4cd24eda82001d6e848787cd [term 0 FOLLOWER]: Becoming Follower/Learner. State: Replica: 8941291d4cd24eda82001d6e848787cd, State: Initialized, Role: FOLLOWER
I20260608 12:39:19.936969  3261 consensus_queue.cc:260] T 7501c91994944ccd87788313f58c432c P 58b178137b4c473c8ae042d9e4807ad5 [NON_LEADER]: Queue going to NON_LEADER mode. State: All replicated index: 0, Majority replicated index: 0, Committed index: 0, Last appended: 0.0, Last appended by leader: 0, Current term: 0, Majority size: -1, State: 0, Mode: NON_LEADER, active raft config: opid_index: -1 OBSOLETE_local: false peers { permanent_uuid: "be290bbdb8b34e8b9ed29769a4cae64a" member_type: VOTER last_known_addr { host: "127.0.107.193" port: 36125 } } peers { permanent_uuid: "8941291d4cd24eda82001d6e848787cd" member_type: VOTER last_known_addr { host: "127.0.107.194" port: 38391 } } peers { permanent_uuid: "58b178137b4c473c8ae042d9e4807ad5" member_type: VOTER last_known_addr { host: "127.0.107.195" port: 33045 } }
I20260608 12:39:19.937629  3262 consensus_queue.cc:260] T e0fda0c3bbb54efcb981eb0d2bffe25b P 8941291d4cd24eda82001d6e848787cd [NON_LEADER]: Queue going to NON_LEADER mode. State: All replicated index: 0, Majority replicated index: 0, Committed index: 0, Last appended: 0.0, Last appended by leader: 0, Current term: 0, Majority size: -1, State: 0, Mode: NON_LEADER, active raft config: opid_index: -1 OBSOLETE_local: false peers { permanent_uuid: "be290bbdb8b34e8b9ed29769a4cae64a" member_type: VOTER last_known_addr { host: "127.0.107.193" port: 36125 } } peers { permanent_uuid: "8941291d4cd24eda82001d6e848787cd" member_type: VOTER last_known_addr { host: "127.0.107.194" port: 38391 } } peers { permanent_uuid: "58b178137b4c473c8ae042d9e4807ad5" member_type: VOTER last_known_addr { host: "127.0.107.195" port: 33045 } }
I20260608 12:39:19.939564  3261 ts_tablet_manager.cc:1434] T 7501c91994944ccd87788313f58c432c P 58b178137b4c473c8ae042d9e4807ad5: Time spent starting tablet: real 0.007s	user 0.002s	sys 0.004s
I20260608 12:39:19.940199  3262 ts_tablet_manager.cc:1434] T e0fda0c3bbb54efcb981eb0d2bffe25b P 8941291d4cd24eda82001d6e848787cd: Time spent starting tablet: real 0.008s	user 0.006s	sys 0.000s
I20260608 12:39:19.940523  3261 tablet_bootstrap.cc:492] T 2062a49890a6431ea6af0ae51128fc41 P 58b178137b4c473c8ae042d9e4807ad5: Bootstrap starting.
I20260608 12:39:19.940692  3263 tablet_bootstrap.cc:654] T 45901b50d86f4520865df995363d4f8b P be290bbdb8b34e8b9ed29769a4cae64a: Neither blocks nor log segments found. Creating new log.
I20260608 12:39:19.941215  3262 tablet_bootstrap.cc:492] T 45901b50d86f4520865df995363d4f8b P 8941291d4cd24eda82001d6e848787cd: Bootstrap starting.
I20260608 12:39:19.947716  3261 tablet_bootstrap.cc:654] T 2062a49890a6431ea6af0ae51128fc41 P 58b178137b4c473c8ae042d9e4807ad5: Neither blocks nor log segments found. Creating new log.
I20260608 12:39:19.948550  3262 tablet_bootstrap.cc:654] T 45901b50d86f4520865df995363d4f8b P 8941291d4cd24eda82001d6e848787cd: Neither blocks nor log segments found. Creating new log.
I20260608 12:39:19.961490  3262 tablet_bootstrap.cc:492] T 45901b50d86f4520865df995363d4f8b P 8941291d4cd24eda82001d6e848787cd: No bootstrap required, opened a new log
I20260608 12:39:19.962124  3262 ts_tablet_manager.cc:1403] T 45901b50d86f4520865df995363d4f8b P 8941291d4cd24eda82001d6e848787cd: Time spent bootstrapping tablet: real 0.021s	user 0.012s	sys 0.008s
I20260608 12:39:19.965513  3262 raft_consensus.cc:359] T 45901b50d86f4520865df995363d4f8b P 8941291d4cd24eda82001d6e848787cd [term 0 FOLLOWER]: Replica starting. Triggering 0 pending ops. Active config: opid_index: -1 OBSOLETE_local: false peers { permanent_uuid: "be290bbdb8b34e8b9ed29769a4cae64a" member_type: VOTER last_known_addr { host: "127.0.107.193" port: 36125 } } peers { permanent_uuid: "8941291d4cd24eda82001d6e848787cd" member_type: VOTER last_known_addr { host: "127.0.107.194" port: 38391 } } peers { permanent_uuid: "58b178137b4c473c8ae042d9e4807ad5" member_type: VOTER last_known_addr { host: "127.0.107.195" port: 33045 } }
I20260608 12:39:19.966352  3262 raft_consensus.cc:385] T 45901b50d86f4520865df995363d4f8b P 8941291d4cd24eda82001d6e848787cd [term 0 FOLLOWER]: Consensus starting up: Expiring failure detector timer to make a prompt election more likely
I20260608 12:39:19.966691  3262 raft_consensus.cc:740] T 45901b50d86f4520865df995363d4f8b P 8941291d4cd24eda82001d6e848787cd [term 0 FOLLOWER]: Becoming Follower/Learner. State: Replica: 8941291d4cd24eda82001d6e848787cd, State: Initialized, Role: FOLLOWER
I20260608 12:39:19.967700  3262 consensus_queue.cc:260] T 45901b50d86f4520865df995363d4f8b P 8941291d4cd24eda82001d6e848787cd [NON_LEADER]: Queue going to NON_LEADER mode. State: All replicated index: 0, Majority replicated index: 0, Committed index: 0, Last appended: 0.0, Last appended by leader: 0, Current term: 0, Majority size: -1, State: 0, Mode: NON_LEADER, active raft config: opid_index: -1 OBSOLETE_local: false peers { permanent_uuid: "be290bbdb8b34e8b9ed29769a4cae64a" member_type: VOTER last_known_addr { host: "127.0.107.193" port: 36125 } } peers { permanent_uuid: "8941291d4cd24eda82001d6e848787cd" member_type: VOTER last_known_addr { host: "127.0.107.194" port: 38391 } } peers { permanent_uuid: "58b178137b4c473c8ae042d9e4807ad5" member_type: VOTER last_known_addr { host: "127.0.107.195" port: 33045 } }
I20260608 12:39:19.970094  3262 ts_tablet_manager.cc:1434] T 45901b50d86f4520865df995363d4f8b P 8941291d4cd24eda82001d6e848787cd: Time spent starting tablet: real 0.008s	user 0.005s	sys 0.000s
I20260608 12:39:19.970680  3261 tablet_bootstrap.cc:492] T 2062a49890a6431ea6af0ae51128fc41 P 58b178137b4c473c8ae042d9e4807ad5: No bootstrap required, opened a new log
I20260608 12:39:19.970710  3263 tablet_bootstrap.cc:492] T 45901b50d86f4520865df995363d4f8b P be290bbdb8b34e8b9ed29769a4cae64a: No bootstrap required, opened a new log
I20260608 12:39:19.971215  3262 tablet_bootstrap.cc:492] T 7501c91994944ccd87788313f58c432c P 8941291d4cd24eda82001d6e848787cd: Bootstrap starting.
I20260608 12:39:19.971462  3261 ts_tablet_manager.cc:1403] T 2062a49890a6431ea6af0ae51128fc41 P 58b178137b4c473c8ae042d9e4807ad5: Time spent bootstrapping tablet: real 0.031s	user 0.019s	sys 0.011s
I20260608 12:39:19.971608  3263 ts_tablet_manager.cc:1403] T 45901b50d86f4520865df995363d4f8b P be290bbdb8b34e8b9ed29769a4cae64a: Time spent bootstrapping tablet: real 0.041s	user 0.032s	sys 0.003s
I20260608 12:39:19.974749  3261 raft_consensus.cc:359] T 2062a49890a6431ea6af0ae51128fc41 P 58b178137b4c473c8ae042d9e4807ad5 [term 0 FOLLOWER]: Replica starting. Triggering 0 pending ops. Active config: opid_index: -1 OBSOLETE_local: false peers { permanent_uuid: "8941291d4cd24eda82001d6e848787cd" member_type: VOTER last_known_addr { host: "127.0.107.194" port: 38391 } } peers { permanent_uuid: "be290bbdb8b34e8b9ed29769a4cae64a" member_type: VOTER last_known_addr { host: "127.0.107.193" port: 36125 } } peers { permanent_uuid: "58b178137b4c473c8ae042d9e4807ad5" member_type: VOTER last_known_addr { host: "127.0.107.195" port: 33045 } }
I20260608 12:39:19.975066  3263 raft_consensus.cc:359] T 45901b50d86f4520865df995363d4f8b P be290bbdb8b34e8b9ed29769a4cae64a [term 0 FOLLOWER]: Replica starting. Triggering 0 pending ops. Active config: opid_index: -1 OBSOLETE_local: false peers { permanent_uuid: "be290bbdb8b34e8b9ed29769a4cae64a" member_type: VOTER last_known_addr { host: "127.0.107.193" port: 36125 } } peers { permanent_uuid: "8941291d4cd24eda82001d6e848787cd" member_type: VOTER last_known_addr { host: "127.0.107.194" port: 38391 } } peers { permanent_uuid: "58b178137b4c473c8ae042d9e4807ad5" member_type: VOTER last_known_addr { host: "127.0.107.195" port: 33045 } }
I20260608 12:39:19.975492  3261 raft_consensus.cc:385] T 2062a49890a6431ea6af0ae51128fc41 P 58b178137b4c473c8ae042d9e4807ad5 [term 0 FOLLOWER]: Consensus starting up: Expiring failure detector timer to make a prompt election more likely
I20260608 12:39:19.975658  3263 raft_consensus.cc:385] T 45901b50d86f4520865df995363d4f8b P be290bbdb8b34e8b9ed29769a4cae64a [term 0 FOLLOWER]: Consensus starting up: Expiring failure detector timer to make a prompt election more likely
I20260608 12:39:19.975870  3261 raft_consensus.cc:740] T 2062a49890a6431ea6af0ae51128fc41 P 58b178137b4c473c8ae042d9e4807ad5 [term 0 FOLLOWER]: Becoming Follower/Learner. State: Replica: 58b178137b4c473c8ae042d9e4807ad5, State: Initialized, Role: FOLLOWER
I20260608 12:39:19.976769  3261 consensus_queue.cc:260] T 2062a49890a6431ea6af0ae51128fc41 P 58b178137b4c473c8ae042d9e4807ad5 [NON_LEADER]: Queue going to NON_LEADER mode. State: All replicated index: 0, Majority replicated index: 0, Committed index: 0, Last appended: 0.0, Last appended by leader: 0, Current term: 0, Majority size: -1, State: 0, Mode: NON_LEADER, active raft config: opid_index: -1 OBSOLETE_local: false peers { permanent_uuid: "8941291d4cd24eda82001d6e848787cd" member_type: VOTER last_known_addr { host: "127.0.107.194" port: 38391 } } peers { permanent_uuid: "be290bbdb8b34e8b9ed29769a4cae64a" member_type: VOTER last_known_addr { host: "127.0.107.193" port: 36125 } } peers { permanent_uuid: "58b178137b4c473c8ae042d9e4807ad5" member_type: VOTER last_known_addr { host: "127.0.107.195" port: 33045 } }
I20260608 12:39:19.979034  3262 tablet_bootstrap.cc:654] T 7501c91994944ccd87788313f58c432c P 8941291d4cd24eda82001d6e848787cd: Neither blocks nor log segments found. Creating new log.
I20260608 12:39:19.979136  3263 raft_consensus.cc:740] T 45901b50d86f4520865df995363d4f8b P be290bbdb8b34e8b9ed29769a4cae64a [term 0 FOLLOWER]: Becoming Follower/Learner. State: Replica: be290bbdb8b34e8b9ed29769a4cae64a, State: Initialized, Role: FOLLOWER
I20260608 12:39:19.980129  3263 consensus_queue.cc:260] T 45901b50d86f4520865df995363d4f8b P be290bbdb8b34e8b9ed29769a4cae64a [NON_LEADER]: Queue going to NON_LEADER mode. State: All replicated index: 0, Majority replicated index: 0, Committed index: 0, Last appended: 0.0, Last appended by leader: 0, Current term: 0, Majority size: -1, State: 0, Mode: NON_LEADER, active raft config: opid_index: -1 OBSOLETE_local: false peers { permanent_uuid: "be290bbdb8b34e8b9ed29769a4cae64a" member_type: VOTER last_known_addr { host: "127.0.107.193" port: 36125 } } peers { permanent_uuid: "8941291d4cd24eda82001d6e848787cd" member_type: VOTER last_known_addr { host: "127.0.107.194" port: 38391 } } peers { permanent_uuid: "58b178137b4c473c8ae042d9e4807ad5" member_type: VOTER last_known_addr { host: "127.0.107.195" port: 33045 } }
I20260608 12:39:19.979056  3261 ts_tablet_manager.cc:1434] T 2062a49890a6431ea6af0ae51128fc41 P 58b178137b4c473c8ae042d9e4807ad5: Time spent starting tablet: real 0.007s	user 0.007s	sys 0.000s
I20260608 12:39:19.982074  3261 tablet_bootstrap.cc:492] T 45901b50d86f4520865df995363d4f8b P 58b178137b4c473c8ae042d9e4807ad5: Bootstrap starting.
I20260608 12:39:19.986788  3263 ts_tablet_manager.cc:1434] T 45901b50d86f4520865df995363d4f8b P be290bbdb8b34e8b9ed29769a4cae64a: Time spent starting tablet: real 0.015s	user 0.002s	sys 0.004s
I20260608 12:39:19.987886  3263 tablet_bootstrap.cc:492] T 2062a49890a6431ea6af0ae51128fc41 P be290bbdb8b34e8b9ed29769a4cae64a: Bootstrap starting.
I20260608 12:39:19.988387  3261 tablet_bootstrap.cc:654] T 45901b50d86f4520865df995363d4f8b P 58b178137b4c473c8ae042d9e4807ad5: Neither blocks nor log segments found. Creating new log.
I20260608 12:39:19.991163  3262 tablet_bootstrap.cc:492] T 7501c91994944ccd87788313f58c432c P 8941291d4cd24eda82001d6e848787cd: No bootstrap required, opened a new log
I20260608 12:39:19.991729  3262 ts_tablet_manager.cc:1403] T 7501c91994944ccd87788313f58c432c P 8941291d4cd24eda82001d6e848787cd: Time spent bootstrapping tablet: real 0.021s	user 0.010s	sys 0.008s
I20260608 12:39:19.994735  3262 raft_consensus.cc:359] T 7501c91994944ccd87788313f58c432c P 8941291d4cd24eda82001d6e848787cd [term 0 FOLLOWER]: Replica starting. Triggering 0 pending ops. Active config: opid_index: -1 OBSOLETE_local: false peers { permanent_uuid: "be290bbdb8b34e8b9ed29769a4cae64a" member_type: VOTER last_known_addr { host: "127.0.107.193" port: 36125 } } peers { permanent_uuid: "8941291d4cd24eda82001d6e848787cd" member_type: VOTER last_known_addr { host: "127.0.107.194" port: 38391 } } peers { permanent_uuid: "58b178137b4c473c8ae042d9e4807ad5" member_type: VOTER last_known_addr { host: "127.0.107.195" port: 33045 } }
I20260608 12:39:19.995599  3262 raft_consensus.cc:385] T 7501c91994944ccd87788313f58c432c P 8941291d4cd24eda82001d6e848787cd [term 0 FOLLOWER]: Consensus starting up: Expiring failure detector timer to make a prompt election more likely
I20260608 12:39:19.995922  3263 tablet_bootstrap.cc:654] T 2062a49890a6431ea6af0ae51128fc41 P be290bbdb8b34e8b9ed29769a4cae64a: Neither blocks nor log segments found. Creating new log.
I20260608 12:39:19.995949  3262 raft_consensus.cc:740] T 7501c91994944ccd87788313f58c432c P 8941291d4cd24eda82001d6e848787cd [term 0 FOLLOWER]: Becoming Follower/Learner. State: Replica: 8941291d4cd24eda82001d6e848787cd, State: Initialized, Role: FOLLOWER
I20260608 12:39:19.997109  3262 consensus_queue.cc:260] T 7501c91994944ccd87788313f58c432c P 8941291d4cd24eda82001d6e848787cd [NON_LEADER]: Queue going to NON_LEADER mode. State: All replicated index: 0, Majority replicated index: 0, Committed index: 0, Last appended: 0.0, Last appended by leader: 0, Current term: 0, Majority size: -1, State: 0, Mode: NON_LEADER, active raft config: opid_index: -1 OBSOLETE_local: false peers { permanent_uuid: "be290bbdb8b34e8b9ed29769a4cae64a" member_type: VOTER last_known_addr { host: "127.0.107.193" port: 36125 } } peers { permanent_uuid: "8941291d4cd24eda82001d6e848787cd" member_type: VOTER last_known_addr { host: "127.0.107.194" port: 38391 } } peers { permanent_uuid: "58b178137b4c473c8ae042d9e4807ad5" member_type: VOTER last_known_addr { host: "127.0.107.195" port: 33045 } }
I20260608 12:39:20.005692  3262 ts_tablet_manager.cc:1434] T 7501c91994944ccd87788313f58c432c P 8941291d4cd24eda82001d6e848787cd: Time spent starting tablet: real 0.014s	user 0.006s	sys 0.000s
I20260608 12:39:20.008281  3263 tablet_bootstrap.cc:492] T 2062a49890a6431ea6af0ae51128fc41 P be290bbdb8b34e8b9ed29769a4cae64a: No bootstrap required, opened a new log
I20260608 12:39:20.008685  3261 tablet_bootstrap.cc:492] T 45901b50d86f4520865df995363d4f8b P 58b178137b4c473c8ae042d9e4807ad5: No bootstrap required, opened a new log
I20260608 12:39:20.008826  3263 ts_tablet_manager.cc:1403] T 2062a49890a6431ea6af0ae51128fc41 P be290bbdb8b34e8b9ed29769a4cae64a: Time spent bootstrapping tablet: real 0.021s	user 0.011s	sys 0.004s
I20260608 12:39:20.009110  3261 ts_tablet_manager.cc:1403] T 45901b50d86f4520865df995363d4f8b P 58b178137b4c473c8ae042d9e4807ad5: Time spent bootstrapping tablet: real 0.027s	user 0.017s	sys 0.008s
I20260608 12:39:20.011616  3261 raft_consensus.cc:359] T 45901b50d86f4520865df995363d4f8b P 58b178137b4c473c8ae042d9e4807ad5 [term 0 FOLLOWER]: Replica starting. Triggering 0 pending ops. Active config: opid_index: -1 OBSOLETE_local: false peers { permanent_uuid: "be290bbdb8b34e8b9ed29769a4cae64a" member_type: VOTER last_known_addr { host: "127.0.107.193" port: 36125 } } peers { permanent_uuid: "8941291d4cd24eda82001d6e848787cd" member_type: VOTER last_known_addr { host: "127.0.107.194" port: 38391 } } peers { permanent_uuid: "58b178137b4c473c8ae042d9e4807ad5" member_type: VOTER last_known_addr { host: "127.0.107.195" port: 33045 } }
I20260608 12:39:20.012032  3269 raft_consensus.cc:493] T e0fda0c3bbb54efcb981eb0d2bffe25b P be290bbdb8b34e8b9ed29769a4cae64a [term 0 FOLLOWER]: Starting pre-election (no leader contacted us within the election timeout)
I20260608 12:39:20.012485  3261 raft_consensus.cc:385] T 45901b50d86f4520865df995363d4f8b P 58b178137b4c473c8ae042d9e4807ad5 [term 0 FOLLOWER]: Consensus starting up: Expiring failure detector timer to make a prompt election more likely
I20260608 12:39:20.012197  3263 raft_consensus.cc:359] T 2062a49890a6431ea6af0ae51128fc41 P be290bbdb8b34e8b9ed29769a4cae64a [term 0 FOLLOWER]: Replica starting. Triggering 0 pending ops. Active config: opid_index: -1 OBSOLETE_local: false peers { permanent_uuid: "8941291d4cd24eda82001d6e848787cd" member_type: VOTER last_known_addr { host: "127.0.107.194" port: 38391 } } peers { permanent_uuid: "be290bbdb8b34e8b9ed29769a4cae64a" member_type: VOTER last_known_addr { host: "127.0.107.193" port: 36125 } } peers { permanent_uuid: "58b178137b4c473c8ae042d9e4807ad5" member_type: VOTER last_known_addr { host: "127.0.107.195" port: 33045 } }
I20260608 12:39:20.012822  3261 raft_consensus.cc:740] T 45901b50d86f4520865df995363d4f8b P 58b178137b4c473c8ae042d9e4807ad5 [term 0 FOLLOWER]: Becoming Follower/Learner. State: Replica: 58b178137b4c473c8ae042d9e4807ad5, State: Initialized, Role: FOLLOWER
I20260608 12:39:20.012627  3269 raft_consensus.cc:515] T e0fda0c3bbb54efcb981eb0d2bffe25b P be290bbdb8b34e8b9ed29769a4cae64a [term 0 FOLLOWER]: Starting pre-election with config: opid_index: -1 OBSOLETE_local: false peers { permanent_uuid: "be290bbdb8b34e8b9ed29769a4cae64a" member_type: VOTER last_known_addr { host: "127.0.107.193" port: 36125 } } peers { permanent_uuid: "8941291d4cd24eda82001d6e848787cd" member_type: VOTER last_known_addr { host: "127.0.107.194" port: 38391 } } peers { permanent_uuid: "58b178137b4c473c8ae042d9e4807ad5" member_type: VOTER last_known_addr { host: "127.0.107.195" port: 33045 } }
I20260608 12:39:20.013726  3261 consensus_queue.cc:260] T 45901b50d86f4520865df995363d4f8b P 58b178137b4c473c8ae042d9e4807ad5 [NON_LEADER]: Queue going to NON_LEADER mode. State: All replicated index: 0, Majority replicated index: 0, Committed index: 0, Last appended: 0.0, Last appended by leader: 0, Current term: 0, Majority size: -1, State: 0, Mode: NON_LEADER, active raft config: opid_index: -1 OBSOLETE_local: false peers { permanent_uuid: "be290bbdb8b34e8b9ed29769a4cae64a" member_type: VOTER last_known_addr { host: "127.0.107.193" port: 36125 } } peers { permanent_uuid: "8941291d4cd24eda82001d6e848787cd" member_type: VOTER last_known_addr { host: "127.0.107.194" port: 38391 } } peers { permanent_uuid: "58b178137b4c473c8ae042d9e4807ad5" member_type: VOTER last_known_addr { host: "127.0.107.195" port: 33045 } }
I20260608 12:39:20.016134  3261 ts_tablet_manager.cc:1434] T 45901b50d86f4520865df995363d4f8b P 58b178137b4c473c8ae042d9e4807ad5: Time spent starting tablet: real 0.007s	user 0.006s	sys 0.000s
I20260608 12:39:20.016036  3269 leader_election.cc:290] T e0fda0c3bbb54efcb981eb0d2bffe25b P be290bbdb8b34e8b9ed29769a4cae64a [CANDIDATE]: Term 1 pre-election: Requested pre-vote from peers 8941291d4cd24eda82001d6e848787cd (127.0.107.194:38391), 58b178137b4c473c8ae042d9e4807ad5 (127.0.107.195:33045)
I20260608 12:39:20.012953  3263 raft_consensus.cc:385] T 2062a49890a6431ea6af0ae51128fc41 P be290bbdb8b34e8b9ed29769a4cae64a [term 0 FOLLOWER]: Consensus starting up: Expiring failure detector timer to make a prompt election more likely
I20260608 12:39:20.016949  3263 raft_consensus.cc:740] T 2062a49890a6431ea6af0ae51128fc41 P be290bbdb8b34e8b9ed29769a4cae64a [term 0 FOLLOWER]: Becoming Follower/Learner. State: Replica: be290bbdb8b34e8b9ed29769a4cae64a, State: Initialized, Role: FOLLOWER
I20260608 12:39:20.017853  3263 consensus_queue.cc:260] T 2062a49890a6431ea6af0ae51128fc41 P be290bbdb8b34e8b9ed29769a4cae64a [NON_LEADER]: Queue going to NON_LEADER mode. State: All replicated index: 0, Majority replicated index: 0, Committed index: 0, Last appended: 0.0, Last appended by leader: 0, Current term: 0, Majority size: -1, State: 0, Mode: NON_LEADER, active raft config: opid_index: -1 OBSOLETE_local: false peers { permanent_uuid: "8941291d4cd24eda82001d6e848787cd" member_type: VOTER last_known_addr { host: "127.0.107.194" port: 38391 } } peers { permanent_uuid: "be290bbdb8b34e8b9ed29769a4cae64a" member_type: VOTER last_known_addr { host: "127.0.107.193" port: 36125 } } peers { permanent_uuid: "58b178137b4c473c8ae042d9e4807ad5" member_type: VOTER last_known_addr { host: "127.0.107.195" port: 33045 } }
I20260608 12:39:20.019994  3263 ts_tablet_manager.cc:1434] T 2062a49890a6431ea6af0ae51128fc41 P be290bbdb8b34e8b9ed29769a4cae64a: Time spent starting tablet: real 0.011s	user 0.008s	sys 0.000s
I20260608 12:39:20.020938  3263 tablet_bootstrap.cc:492] T 7501c91994944ccd87788313f58c432c P be290bbdb8b34e8b9ed29769a4cae64a: Bootstrap starting.
I20260608 12:39:20.027753  3263 tablet_bootstrap.cc:654] T 7501c91994944ccd87788313f58c432c P be290bbdb8b34e8b9ed29769a4cae64a: Neither blocks nor log segments found. Creating new log.
I20260608 12:39:20.033273  3142 tablet_service.cc:1917] Received RequestConsensusVote() RPC: tablet_id: "e0fda0c3bbb54efcb981eb0d2bffe25b" candidate_uuid: "be290bbdb8b34e8b9ed29769a4cae64a" candidate_term: 1 candidate_status { last_received { term: 0 index: 0 } } ignore_live_leader: false dest_uuid: "8941291d4cd24eda82001d6e848787cd" is_pre_election: true
I20260608 12:39:20.034152  3142 raft_consensus.cc:2468] T e0fda0c3bbb54efcb981eb0d2bffe25b P 8941291d4cd24eda82001d6e848787cd [term 0 FOLLOWER]: Leader pre-election vote request: Granting yes vote for candidate be290bbdb8b34e8b9ed29769a4cae64a in term 0.
I20260608 12:39:20.035903  3030 leader_election.cc:304] T e0fda0c3bbb54efcb981eb0d2bffe25b P be290bbdb8b34e8b9ed29769a4cae64a [CANDIDATE]: Term 1 pre-election: Election decided. Result: candidate won. Election summary: received 2 responses out of 3 voters: 2 yes votes; 0 no votes. yes voters: 8941291d4cd24eda82001d6e848787cd, be290bbdb8b34e8b9ed29769a4cae64a; no voters: 
I20260608 12:39:20.036816  3269 raft_consensus.cc:2804] T e0fda0c3bbb54efcb981eb0d2bffe25b P be290bbdb8b34e8b9ed29769a4cae64a [term 0 FOLLOWER]: Leader pre-election won for term 1
I20260608 12:39:20.037202  3269 raft_consensus.cc:493] T e0fda0c3bbb54efcb981eb0d2bffe25b P be290bbdb8b34e8b9ed29769a4cae64a [term 0 FOLLOWER]: Starting leader election (no leader contacted us within the election timeout)
I20260608 12:39:20.037549  3269 raft_consensus.cc:3060] T e0fda0c3bbb54efcb981eb0d2bffe25b P be290bbdb8b34e8b9ed29769a4cae64a [term 0 FOLLOWER]: Advancing to term 1
I20260608 12:39:20.040535  3216 tablet_service.cc:1917] Received RequestConsensusVote() RPC: tablet_id: "e0fda0c3bbb54efcb981eb0d2bffe25b" candidate_uuid: "be290bbdb8b34e8b9ed29769a4cae64a" candidate_term: 1 candidate_status { last_received { term: 0 index: 0 } } ignore_live_leader: false dest_uuid: "58b178137b4c473c8ae042d9e4807ad5" is_pre_election: true
I20260608 12:39:20.041288  3216 raft_consensus.cc:2468] T e0fda0c3bbb54efcb981eb0d2bffe25b P 58b178137b4c473c8ae042d9e4807ad5 [term 0 FOLLOWER]: Leader pre-election vote request: Granting yes vote for candidate be290bbdb8b34e8b9ed29769a4cae64a in term 0.
I20260608 12:39:20.043071  3263 tablet_bootstrap.cc:492] T 7501c91994944ccd87788313f58c432c P be290bbdb8b34e8b9ed29769a4cae64a: No bootstrap required, opened a new log
I20260608 12:39:20.043656  3263 ts_tablet_manager.cc:1403] T 7501c91994944ccd87788313f58c432c P be290bbdb8b34e8b9ed29769a4cae64a: Time spent bootstrapping tablet: real 0.023s	user 0.006s	sys 0.015s
I20260608 12:39:20.044781  3269 raft_consensus.cc:515] T e0fda0c3bbb54efcb981eb0d2bffe25b P be290bbdb8b34e8b9ed29769a4cae64a [term 1 FOLLOWER]: Starting leader election with config: opid_index: -1 OBSOLETE_local: false peers { permanent_uuid: "be290bbdb8b34e8b9ed29769a4cae64a" member_type: VOTER last_known_addr { host: "127.0.107.193" port: 36125 } } peers { permanent_uuid: "8941291d4cd24eda82001d6e848787cd" member_type: VOTER last_known_addr { host: "127.0.107.194" port: 38391 } } peers { permanent_uuid: "58b178137b4c473c8ae042d9e4807ad5" member_type: VOTER last_known_addr { host: "127.0.107.195" port: 33045 } }
I20260608 12:39:20.046882  3263 raft_consensus.cc:359] T 7501c91994944ccd87788313f58c432c P be290bbdb8b34e8b9ed29769a4cae64a [term 0 FOLLOWER]: Replica starting. Triggering 0 pending ops. Active config: opid_index: -1 OBSOLETE_local: false peers { permanent_uuid: "be290bbdb8b34e8b9ed29769a4cae64a" member_type: VOTER last_known_addr { host: "127.0.107.193" port: 36125 } } peers { permanent_uuid: "8941291d4cd24eda82001d6e848787cd" member_type: VOTER last_known_addr { host: "127.0.107.194" port: 38391 } } peers { permanent_uuid: "58b178137b4c473c8ae042d9e4807ad5" member_type: VOTER last_known_addr { host: "127.0.107.195" port: 33045 } }
I20260608 12:39:20.047660  3263 raft_consensus.cc:385] T 7501c91994944ccd87788313f58c432c P be290bbdb8b34e8b9ed29769a4cae64a [term 0 FOLLOWER]: Consensus starting up: Expiring failure detector timer to make a prompt election more likely
I20260608 12:39:20.047960  3263 raft_consensus.cc:740] T 7501c91994944ccd87788313f58c432c P be290bbdb8b34e8b9ed29769a4cae64a [term 0 FOLLOWER]: Becoming Follower/Learner. State: Replica: be290bbdb8b34e8b9ed29769a4cae64a, State: Initialized, Role: FOLLOWER
I20260608 12:39:20.048027  3142 tablet_service.cc:1917] Received RequestConsensusVote() RPC: tablet_id: "e0fda0c3bbb54efcb981eb0d2bffe25b" candidate_uuid: "be290bbdb8b34e8b9ed29769a4cae64a" candidate_term: 1 candidate_status { last_received { term: 0 index: 0 } } ignore_live_leader: false dest_uuid: "8941291d4cd24eda82001d6e848787cd"
I20260608 12:39:20.048722  3142 raft_consensus.cc:3060] T e0fda0c3bbb54efcb981eb0d2bffe25b P 8941291d4cd24eda82001d6e848787cd [term 0 FOLLOWER]: Advancing to term 1
I20260608 12:39:20.048906  3263 consensus_queue.cc:260] T 7501c91994944ccd87788313f58c432c P be290bbdb8b34e8b9ed29769a4cae64a [NON_LEADER]: Queue going to NON_LEADER mode. State: All replicated index: 0, Majority replicated index: 0, Committed index: 0, Last appended: 0.0, Last appended by leader: 0, Current term: 0, Majority size: -1, State: 0, Mode: NON_LEADER, active raft config: opid_index: -1 OBSOLETE_local: false peers { permanent_uuid: "be290bbdb8b34e8b9ed29769a4cae64a" member_type: VOTER last_known_addr { host: "127.0.107.193" port: 36125 } } peers { permanent_uuid: "8941291d4cd24eda82001d6e848787cd" member_type: VOTER last_known_addr { host: "127.0.107.194" port: 38391 } } peers { permanent_uuid: "58b178137b4c473c8ae042d9e4807ad5" member_type: VOTER last_known_addr { host: "127.0.107.195" port: 33045 } }
I20260608 12:39:20.052675  3269 leader_election.cc:290] T e0fda0c3bbb54efcb981eb0d2bffe25b P be290bbdb8b34e8b9ed29769a4cae64a [CANDIDATE]: Term 1 election: Requested vote from peers 8941291d4cd24eda82001d6e848787cd (127.0.107.194:38391), 58b178137b4c473c8ae042d9e4807ad5 (127.0.107.195:33045)
I20260608 12:39:20.052980  3216 tablet_service.cc:1917] Received RequestConsensusVote() RPC: tablet_id: "e0fda0c3bbb54efcb981eb0d2bffe25b" candidate_uuid: "be290bbdb8b34e8b9ed29769a4cae64a" candidate_term: 1 candidate_status { last_received { term: 0 index: 0 } } ignore_live_leader: false dest_uuid: "58b178137b4c473c8ae042d9e4807ad5"
I20260608 12:39:20.052686  3263 ts_tablet_manager.cc:1434] T 7501c91994944ccd87788313f58c432c P be290bbdb8b34e8b9ed29769a4cae64a: Time spent starting tablet: real 0.009s	user 0.007s	sys 0.000s
I20260608 12:39:20.053712  3216 raft_consensus.cc:3060] T e0fda0c3bbb54efcb981eb0d2bffe25b P 58b178137b4c473c8ae042d9e4807ad5 [term 0 FOLLOWER]: Advancing to term 1
W20260608 12:39:20.055437  3168 tablet.cc:2404] T 2062a49890a6431ea6af0ae51128fc41 P 8941291d4cd24eda82001d6e848787cd: Can't schedule compaction. Clean time has not been advanced past its initial value.
I20260608 12:39:20.061661  3142 raft_consensus.cc:2468] T e0fda0c3bbb54efcb981eb0d2bffe25b P 8941291d4cd24eda82001d6e848787cd [term 1 FOLLOWER]: Leader election vote request: Granting yes vote for candidate be290bbdb8b34e8b9ed29769a4cae64a in term 1.
I20260608 12:39:20.061661  3216 raft_consensus.cc:2468] T e0fda0c3bbb54efcb981eb0d2bffe25b P 58b178137b4c473c8ae042d9e4807ad5 [term 1 FOLLOWER]: Leader election vote request: Granting yes vote for candidate be290bbdb8b34e8b9ed29769a4cae64a in term 1.
I20260608 12:39:20.063148  3030 leader_election.cc:304] T e0fda0c3bbb54efcb981eb0d2bffe25b P be290bbdb8b34e8b9ed29769a4cae64a [CANDIDATE]: Term 1 election: Election decided. Result: candidate won. Election summary: received 2 responses out of 3 voters: 2 yes votes; 0 no votes. yes voters: 58b178137b4c473c8ae042d9e4807ad5, be290bbdb8b34e8b9ed29769a4cae64a; no voters: 
I20260608 12:39:20.064149  3281 raft_consensus.cc:2804] T e0fda0c3bbb54efcb981eb0d2bffe25b P be290bbdb8b34e8b9ed29769a4cae64a [term 1 FOLLOWER]: Leader election won for term 1
I20260608 12:39:20.064668  3281 raft_consensus.cc:697] T e0fda0c3bbb54efcb981eb0d2bffe25b P be290bbdb8b34e8b9ed29769a4cae64a [term 1 LEADER]: Becoming Leader. State: Replica: be290bbdb8b34e8b9ed29769a4cae64a, State: Running, Role: LEADER
I20260608 12:39:20.065315  3281 consensus_queue.cc:237] T e0fda0c3bbb54efcb981eb0d2bffe25b P be290bbdb8b34e8b9ed29769a4cae64a [LEADER]: Queue going to LEADER mode. State: All replicated index: 0, Majority replicated index: 0, Committed index: 0, Last appended: 0.0, Last appended by leader: 0, Current term: 1, Majority size: 2, State: 0, Mode: LEADER, active raft config: opid_index: -1 OBSOLETE_local: false peers { permanent_uuid: "be290bbdb8b34e8b9ed29769a4cae64a" member_type: VOTER last_known_addr { host: "127.0.107.193" port: 36125 } } peers { permanent_uuid: "8941291d4cd24eda82001d6e848787cd" member_type: VOTER last_known_addr { host: "127.0.107.194" port: 38391 } } peers { permanent_uuid: "58b178137b4c473c8ae042d9e4807ad5" member_type: VOTER last_known_addr { host: "127.0.107.195" port: 33045 } }
I20260608 12:39:20.072821  2965 catalog_manager.cc:5696] T e0fda0c3bbb54efcb981eb0d2bffe25b P be290bbdb8b34e8b9ed29769a4cae64a reported cstate change: term changed from 0 to 1, leader changed from <none> to be290bbdb8b34e8b9ed29769a4cae64a (127.0.107.193). New cstate: current_term: 1 leader_uuid: "be290bbdb8b34e8b9ed29769a4cae64a" committed_config { opid_index: -1 OBSOLETE_local: false peers { permanent_uuid: "be290bbdb8b34e8b9ed29769a4cae64a" member_type: VOTER last_known_addr { host: "127.0.107.193" port: 36125 } health_report { overall_health: HEALTHY } } peers { permanent_uuid: "8941291d4cd24eda82001d6e848787cd" member_type: VOTER last_known_addr { host: "127.0.107.194" port: 38391 } health_report { overall_health: UNKNOWN } } peers { permanent_uuid: "58b178137b4c473c8ae042d9e4807ad5" member_type: VOTER last_known_addr { host: "127.0.107.195" port: 33045 } health_report { overall_health: UNKNOWN } } }
I20260608 12:39:20.080400  3268 raft_consensus.cc:493] T 7501c91994944ccd87788313f58c432c P 58b178137b4c473c8ae042d9e4807ad5 [term 0 FOLLOWER]: Starting pre-election (no leader contacted us within the election timeout)
I20260608 12:39:20.080958  3268 raft_consensus.cc:515] T 7501c91994944ccd87788313f58c432c P 58b178137b4c473c8ae042d9e4807ad5 [term 0 FOLLOWER]: Starting pre-election with config: opid_index: -1 OBSOLETE_local: false peers { permanent_uuid: "be290bbdb8b34e8b9ed29769a4cae64a" member_type: VOTER last_known_addr { host: "127.0.107.193" port: 36125 } } peers { permanent_uuid: "8941291d4cd24eda82001d6e848787cd" member_type: VOTER last_known_addr { host: "127.0.107.194" port: 38391 } } peers { permanent_uuid: "58b178137b4c473c8ae042d9e4807ad5" member_type: VOTER last_known_addr { host: "127.0.107.195" port: 33045 } }
I20260608 12:39:20.083305  3268 leader_election.cc:290] T 7501c91994944ccd87788313f58c432c P 58b178137b4c473c8ae042d9e4807ad5 [CANDIDATE]: Term 1 pre-election: Requested pre-vote from peers be290bbdb8b34e8b9ed29769a4cae64a (127.0.107.193:36125), 8941291d4cd24eda82001d6e848787cd (127.0.107.194:38391)
I20260608 12:39:20.093232  3067 tablet_service.cc:1917] Received RequestConsensusVote() RPC: tablet_id: "7501c91994944ccd87788313f58c432c" candidate_uuid: "58b178137b4c473c8ae042d9e4807ad5" candidate_term: 1 candidate_status { last_received { term: 0 index: 0 } } ignore_live_leader: false dest_uuid: "be290bbdb8b34e8b9ed29769a4cae64a" is_pre_election: true
I20260608 12:39:20.093634  3142 tablet_service.cc:1917] Received RequestConsensusVote() RPC: tablet_id: "7501c91994944ccd87788313f58c432c" candidate_uuid: "58b178137b4c473c8ae042d9e4807ad5" candidate_term: 1 candidate_status { last_received { term: 0 index: 0 } } ignore_live_leader: false dest_uuid: "8941291d4cd24eda82001d6e848787cd" is_pre_election: true
I20260608 12:39:20.093986  3067 raft_consensus.cc:2468] T 7501c91994944ccd87788313f58c432c P be290bbdb8b34e8b9ed29769a4cae64a [term 0 FOLLOWER]: Leader pre-election vote request: Granting yes vote for candidate 58b178137b4c473c8ae042d9e4807ad5 in term 0.
I20260608 12:39:20.094292  3142 raft_consensus.cc:2468] T 7501c91994944ccd87788313f58c432c P 8941291d4cd24eda82001d6e848787cd [term 0 FOLLOWER]: Leader pre-election vote request: Granting yes vote for candidate 58b178137b4c473c8ae042d9e4807ad5 in term 0.
I20260608 12:39:20.095368  3181 leader_election.cc:304] T 7501c91994944ccd87788313f58c432c P 58b178137b4c473c8ae042d9e4807ad5 [CANDIDATE]: Term 1 pre-election: Election decided. Result: candidate won. Election summary: received 2 responses out of 3 voters: 2 yes votes; 0 no votes. yes voters: 58b178137b4c473c8ae042d9e4807ad5, be290bbdb8b34e8b9ed29769a4cae64a; no voters: 
I20260608 12:39:20.096067  3268 raft_consensus.cc:2804] T 7501c91994944ccd87788313f58c432c P 58b178137b4c473c8ae042d9e4807ad5 [term 0 FOLLOWER]: Leader pre-election won for term 1
I20260608 12:39:20.096338  3268 raft_consensus.cc:493] T 7501c91994944ccd87788313f58c432c P 58b178137b4c473c8ae042d9e4807ad5 [term 0 FOLLOWER]: Starting leader election (no leader contacted us within the election timeout)
I20260608 12:39:20.096606  3268 raft_consensus.cc:3060] T 7501c91994944ccd87788313f58c432c P 58b178137b4c473c8ae042d9e4807ad5 [term 0 FOLLOWER]: Advancing to term 1
I20260608 12:39:20.101373  3268 raft_consensus.cc:515] T 7501c91994944ccd87788313f58c432c P 58b178137b4c473c8ae042d9e4807ad5 [term 1 FOLLOWER]: Starting leader election with config: opid_index: -1 OBSOLETE_local: false peers { permanent_uuid: "be290bbdb8b34e8b9ed29769a4cae64a" member_type: VOTER last_known_addr { host: "127.0.107.193" port: 36125 } } peers { permanent_uuid: "8941291d4cd24eda82001d6e848787cd" member_type: VOTER last_known_addr { host: "127.0.107.194" port: 38391 } } peers { permanent_uuid: "58b178137b4c473c8ae042d9e4807ad5" member_type: VOTER last_known_addr { host: "127.0.107.195" port: 33045 } }
I20260608 12:39:20.103103  3268 leader_election.cc:290] T 7501c91994944ccd87788313f58c432c P 58b178137b4c473c8ae042d9e4807ad5 [CANDIDATE]: Term 1 election: Requested vote from peers be290bbdb8b34e8b9ed29769a4cae64a (127.0.107.193:36125), 8941291d4cd24eda82001d6e848787cd (127.0.107.194:38391)
I20260608 12:39:20.103961  3067 tablet_service.cc:1917] Received RequestConsensusVote() RPC: tablet_id: "7501c91994944ccd87788313f58c432c" candidate_uuid: "58b178137b4c473c8ae042d9e4807ad5" candidate_term: 1 candidate_status { last_received { term: 0 index: 0 } } ignore_live_leader: false dest_uuid: "be290bbdb8b34e8b9ed29769a4cae64a"
I20260608 12:39:20.104147  3142 tablet_service.cc:1917] Received RequestConsensusVote() RPC: tablet_id: "7501c91994944ccd87788313f58c432c" candidate_uuid: "58b178137b4c473c8ae042d9e4807ad5" candidate_term: 1 candidate_status { last_received { term: 0 index: 0 } } ignore_live_leader: false dest_uuid: "8941291d4cd24eda82001d6e848787cd"
I20260608 12:39:20.104439  3067 raft_consensus.cc:3060] T 7501c91994944ccd87788313f58c432c P be290bbdb8b34e8b9ed29769a4cae64a [term 0 FOLLOWER]: Advancing to term 1
I20260608 12:39:20.104638  3142 raft_consensus.cc:3060] T 7501c91994944ccd87788313f58c432c P 8941291d4cd24eda82001d6e848787cd [term 0 FOLLOWER]: Advancing to term 1
I20260608 12:39:20.107772  3267 raft_consensus.cc:493] T 2062a49890a6431ea6af0ae51128fc41 P 8941291d4cd24eda82001d6e848787cd [term 0 FOLLOWER]: Starting pre-election (no leader contacted us within the election timeout)
I20260608 12:39:20.108325  3267 raft_consensus.cc:515] T 2062a49890a6431ea6af0ae51128fc41 P 8941291d4cd24eda82001d6e848787cd [term 0 FOLLOWER]: Starting pre-election with config: opid_index: -1 OBSOLETE_local: false peers { permanent_uuid: "8941291d4cd24eda82001d6e848787cd" member_type: VOTER last_known_addr { host: "127.0.107.194" port: 38391 } } peers { permanent_uuid: "be290bbdb8b34e8b9ed29769a4cae64a" member_type: VOTER last_known_addr { host: "127.0.107.193" port: 36125 } } peers { permanent_uuid: "58b178137b4c473c8ae042d9e4807ad5" member_type: VOTER last_known_addr { host: "127.0.107.195" port: 33045 } }
I20260608 12:39:20.109347  3142 raft_consensus.cc:2468] T 7501c91994944ccd87788313f58c432c P 8941291d4cd24eda82001d6e848787cd [term 1 FOLLOWER]: Leader election vote request: Granting yes vote for candidate 58b178137b4c473c8ae042d9e4807ad5 in term 1.
I20260608 12:39:20.109987  3067 raft_consensus.cc:2468] T 7501c91994944ccd87788313f58c432c P be290bbdb8b34e8b9ed29769a4cae64a [term 1 FOLLOWER]: Leader election vote request: Granting yes vote for candidate 58b178137b4c473c8ae042d9e4807ad5 in term 1.
I20260608 12:39:20.110486  3179 leader_election.cc:304] T 7501c91994944ccd87788313f58c432c P 58b178137b4c473c8ae042d9e4807ad5 [CANDIDATE]: Term 1 election: Election decided. Result: candidate won. Election summary: received 2 responses out of 3 voters: 2 yes votes; 0 no votes. yes voters: 58b178137b4c473c8ae042d9e4807ad5, 8941291d4cd24eda82001d6e848787cd; no voters: 
I20260608 12:39:20.111339  3268 raft_consensus.cc:2804] T 7501c91994944ccd87788313f58c432c P 58b178137b4c473c8ae042d9e4807ad5 [term 1 FOLLOWER]: Leader election won for term 1
I20260608 12:39:20.112900  3267 leader_election.cc:290] T 2062a49890a6431ea6af0ae51128fc41 P 8941291d4cd24eda82001d6e848787cd [CANDIDATE]: Term 1 pre-election: Requested pre-vote from peers be290bbdb8b34e8b9ed29769a4cae64a (127.0.107.193:36125), 58b178137b4c473c8ae042d9e4807ad5 (127.0.107.195:33045)
I20260608 12:39:20.117059  3268 raft_consensus.cc:697] T 7501c91994944ccd87788313f58c432c P 58b178137b4c473c8ae042d9e4807ad5 [term 1 LEADER]: Becoming Leader. State: Replica: 58b178137b4c473c8ae042d9e4807ad5, State: Running, Role: LEADER
I20260608 12:39:20.118149  3268 consensus_queue.cc:237] T 7501c91994944ccd87788313f58c432c P 58b178137b4c473c8ae042d9e4807ad5 [LEADER]: Queue going to LEADER mode. State: All replicated index: 0, Majority replicated index: 0, Committed index: 0, Last appended: 0.0, Last appended by leader: 0, Current term: 1, Majority size: 2, State: 0, Mode: LEADER, active raft config: opid_index: -1 OBSOLETE_local: false peers { permanent_uuid: "be290bbdb8b34e8b9ed29769a4cae64a" member_type: VOTER last_known_addr { host: "127.0.107.193" port: 36125 } } peers { permanent_uuid: "8941291d4cd24eda82001d6e848787cd" member_type: VOTER last_known_addr { host: "127.0.107.194" port: 38391 } } peers { permanent_uuid: "58b178137b4c473c8ae042d9e4807ad5" member_type: VOTER last_known_addr { host: "127.0.107.195" port: 33045 } }
I20260608 12:39:20.126724  3216 tablet_service.cc:1917] Received RequestConsensusVote() RPC: tablet_id: "2062a49890a6431ea6af0ae51128fc41" candidate_uuid: "8941291d4cd24eda82001d6e848787cd" candidate_term: 1 candidate_status { last_received { term: 0 index: 0 } } ignore_live_leader: false dest_uuid: "58b178137b4c473c8ae042d9e4807ad5" is_pre_election: true
I20260608 12:39:20.126904  3067 tablet_service.cc:1917] Received RequestConsensusVote() RPC: tablet_id: "2062a49890a6431ea6af0ae51128fc41" candidate_uuid: "8941291d4cd24eda82001d6e848787cd" candidate_term: 1 candidate_status { last_received { term: 0 index: 0 } } ignore_live_leader: false dest_uuid: "be290bbdb8b34e8b9ed29769a4cae64a" is_pre_election: true
I20260608 12:39:20.127460  3216 raft_consensus.cc:2468] T 2062a49890a6431ea6af0ae51128fc41 P 58b178137b4c473c8ae042d9e4807ad5 [term 0 FOLLOWER]: Leader pre-election vote request: Granting yes vote for candidate 8941291d4cd24eda82001d6e848787cd in term 0.
I20260608 12:39:20.127566  3067 raft_consensus.cc:2468] T 2062a49890a6431ea6af0ae51128fc41 P be290bbdb8b34e8b9ed29769a4cae64a [term 0 FOLLOWER]: Leader pre-election vote request: Granting yes vote for candidate 8941291d4cd24eda82001d6e848787cd in term 0.
I20260608 12:39:20.128841  3107 leader_election.cc:304] T 2062a49890a6431ea6af0ae51128fc41 P 8941291d4cd24eda82001d6e848787cd [CANDIDATE]: Term 1 pre-election: Election decided. Result: candidate won. Election summary: received 2 responses out of 3 voters: 2 yes votes; 0 no votes. yes voters: 8941291d4cd24eda82001d6e848787cd, be290bbdb8b34e8b9ed29769a4cae64a; no voters: 
I20260608 12:39:20.129654  3267 raft_consensus.cc:2804] T 2062a49890a6431ea6af0ae51128fc41 P 8941291d4cd24eda82001d6e848787cd [term 0 FOLLOWER]: Leader pre-election won for term 1
I20260608 12:39:20.130015  3267 raft_consensus.cc:493] T 2062a49890a6431ea6af0ae51128fc41 P 8941291d4cd24eda82001d6e848787cd [term 0 FOLLOWER]: Starting leader election (no leader contacted us within the election timeout)
I20260608 12:39:20.130362  3267 raft_consensus.cc:3060] T 2062a49890a6431ea6af0ae51128fc41 P 8941291d4cd24eda82001d6e848787cd [term 0 FOLLOWER]: Advancing to term 1
I20260608 12:39:20.130255  2965 catalog_manager.cc:5696] T 7501c91994944ccd87788313f58c432c P 58b178137b4c473c8ae042d9e4807ad5 reported cstate change: term changed from 0 to 1, leader changed from <none> to 58b178137b4c473c8ae042d9e4807ad5 (127.0.107.195). New cstate: current_term: 1 leader_uuid: "58b178137b4c473c8ae042d9e4807ad5" committed_config { opid_index: -1 OBSOLETE_local: false peers { permanent_uuid: "be290bbdb8b34e8b9ed29769a4cae64a" member_type: VOTER last_known_addr { host: "127.0.107.193" port: 36125 } health_report { overall_health: UNKNOWN } } peers { permanent_uuid: "8941291d4cd24eda82001d6e848787cd" member_type: VOTER last_known_addr { host: "127.0.107.194" port: 38391 } health_report { overall_health: UNKNOWN } } peers { permanent_uuid: "58b178137b4c473c8ae042d9e4807ad5" member_type: VOTER last_known_addr { host: "127.0.107.195" port: 33045 } health_report { overall_health: HEALTHY } } }
I20260608 12:39:20.136456  3267 raft_consensus.cc:515] T 2062a49890a6431ea6af0ae51128fc41 P 8941291d4cd24eda82001d6e848787cd [term 1 FOLLOWER]: Starting leader election with config: opid_index: -1 OBSOLETE_local: false peers { permanent_uuid: "8941291d4cd24eda82001d6e848787cd" member_type: VOTER last_known_addr { host: "127.0.107.194" port: 38391 } } peers { permanent_uuid: "be290bbdb8b34e8b9ed29769a4cae64a" member_type: VOTER last_known_addr { host: "127.0.107.193" port: 36125 } } peers { permanent_uuid: "58b178137b4c473c8ae042d9e4807ad5" member_type: VOTER last_known_addr { host: "127.0.107.195" port: 33045 } }
I20260608 12:39:20.138777  3267 leader_election.cc:290] T 2062a49890a6431ea6af0ae51128fc41 P 8941291d4cd24eda82001d6e848787cd [CANDIDATE]: Term 1 election: Requested vote from peers be290bbdb8b34e8b9ed29769a4cae64a (127.0.107.193:36125), 58b178137b4c473c8ae042d9e4807ad5 (127.0.107.195:33045)
I20260608 12:39:20.139166  3067 tablet_service.cc:1917] Received RequestConsensusVote() RPC: tablet_id: "2062a49890a6431ea6af0ae51128fc41" candidate_uuid: "8941291d4cd24eda82001d6e848787cd" candidate_term: 1 candidate_status { last_received { term: 0 index: 0 } } ignore_live_leader: false dest_uuid: "be290bbdb8b34e8b9ed29769a4cae64a"
I20260608 12:39:20.139458  3216 tablet_service.cc:1917] Received RequestConsensusVote() RPC: tablet_id: "2062a49890a6431ea6af0ae51128fc41" candidate_uuid: "8941291d4cd24eda82001d6e848787cd" candidate_term: 1 candidate_status { last_received { term: 0 index: 0 } } ignore_live_leader: false dest_uuid: "58b178137b4c473c8ae042d9e4807ad5"
I20260608 12:39:20.140031  3067 raft_consensus.cc:3060] T 2062a49890a6431ea6af0ae51128fc41 P be290bbdb8b34e8b9ed29769a4cae64a [term 0 FOLLOWER]: Advancing to term 1
I20260608 12:39:20.140069  3216 raft_consensus.cc:3060] T 2062a49890a6431ea6af0ae51128fc41 P 58b178137b4c473c8ae042d9e4807ad5 [term 0 FOLLOWER]: Advancing to term 1
I20260608 12:39:20.146889  3216 raft_consensus.cc:2468] T 2062a49890a6431ea6af0ae51128fc41 P 58b178137b4c473c8ae042d9e4807ad5 [term 1 FOLLOWER]: Leader election vote request: Granting yes vote for candidate 8941291d4cd24eda82001d6e848787cd in term 1.
I20260608 12:39:20.146893  3067 raft_consensus.cc:2468] T 2062a49890a6431ea6af0ae51128fc41 P be290bbdb8b34e8b9ed29769a4cae64a [term 1 FOLLOWER]: Leader election vote request: Granting yes vote for candidate 8941291d4cd24eda82001d6e848787cd in term 1.
I20260608 12:39:20.148427  3107 leader_election.cc:304] T 2062a49890a6431ea6af0ae51128fc41 P 8941291d4cd24eda82001d6e848787cd [CANDIDATE]: Term 1 election: Election decided. Result: candidate won. Election summary: received 2 responses out of 3 voters: 2 yes votes; 0 no votes. yes voters: 8941291d4cd24eda82001d6e848787cd, be290bbdb8b34e8b9ed29769a4cae64a; no voters: 
I20260608 12:39:20.149132  3267 raft_consensus.cc:2804] T 2062a49890a6431ea6af0ae51128fc41 P 8941291d4cd24eda82001d6e848787cd [term 1 FOLLOWER]: Leader election won for term 1
I20260608 12:39:20.150134  3267 raft_consensus.cc:697] T 2062a49890a6431ea6af0ae51128fc41 P 8941291d4cd24eda82001d6e848787cd [term 1 LEADER]: Becoming Leader. State: Replica: 8941291d4cd24eda82001d6e848787cd, State: Running, Role: LEADER
I20260608 12:39:20.150913  3267 consensus_queue.cc:237] T 2062a49890a6431ea6af0ae51128fc41 P 8941291d4cd24eda82001d6e848787cd [LEADER]: Queue going to LEADER mode. State: All replicated index: 0, Majority replicated index: 0, Committed index: 0, Last appended: 0.0, Last appended by leader: 0, Current term: 1, Majority size: 2, State: 0, Mode: LEADER, active raft config: opid_index: -1 OBSOLETE_local: false peers { permanent_uuid: "8941291d4cd24eda82001d6e848787cd" member_type: VOTER last_known_addr { host: "127.0.107.194" port: 38391 } } peers { permanent_uuid: "be290bbdb8b34e8b9ed29769a4cae64a" member_type: VOTER last_known_addr { host: "127.0.107.193" port: 36125 } } peers { permanent_uuid: "58b178137b4c473c8ae042d9e4807ad5" member_type: VOTER last_known_addr { host: "127.0.107.195" port: 33045 } }
