I20260608 12:57:10.309321 17099 tablet_replica.cc:333] T cd9c6857b19847c2a52f84ba16d6ef9c P cf696513a2e84f30979161060d883a37: stopping tablet replica
I20260608 12:57:10.309841 17099 raft_consensus.cc:2243] T cd9c6857b19847c2a52f84ba16d6ef9c P cf696513a2e84f30979161060d883a37 [term 1 FOLLOWER]: Raft consensus shutting down.
I20260608 12:57:10.310295 17099 raft_consensus.cc:2272] T cd9c6857b19847c2a52f84ba16d6ef9c P cf696513a2e84f30979161060d883a37 [term 1 FOLLOWER]: Raft consensus is shut down!
W20260608 12:57:10.317205 18983 proxy.cc:239] Call had error, refreshing address and retrying: Remote error: Service unavailable: service kudu.consensus.ConsensusService not registered on TabletServer [suppressed 1 similar messages]
W20260608 12:57:10.322674 18983 consensus_peers.cc:597] T aebd7342654a40dcaf2b565d5119fbbf P b4c237dadd26416587b16a7936d3769f -> Peer cf696513a2e84f30979161060d883a37 (127.16.178.194:35227): Couldn't send request to peer cf696513a2e84f30979161060d883a37. Status: Network error: Client connection negotiation failed: client connection to 127.16.178.194:35227: connect: Connection refused (error 111). This is attempt 1: this message will repeat every 5th retry.
I20260608 12:57:10.333412 17099 tablet_server.cc:196] TabletServer@127.16.178.194:0 shutdown complete.
I20260608 12:57:10.345927 17099 tablet_server.cc:179] TabletServer@127.16.178.195:0 shutting down...
I20260608 12:57:10.369645 17099 ts_tablet_manager.cc:1507] Shutting down tablet manager...
I20260608 12:57:10.370402 17099 tablet_replica.cc:333] T cd9c6857b19847c2a52f84ba16d6ef9c P b4c237dadd26416587b16a7936d3769f: stopping tablet replica
I20260608 12:57:10.370932 17099 raft_consensus.cc:2243] T cd9c6857b19847c2a52f84ba16d6ef9c P b4c237dadd26416587b16a7936d3769f [term 1 FOLLOWER]: Raft consensus shutting down.
I20260608 12:57:10.371379 17099 raft_consensus.cc:2272] T cd9c6857b19847c2a52f84ba16d6ef9c P b4c237dadd26416587b16a7936d3769f [term 1 FOLLOWER]: Raft consensus is shut down!
I20260608 12:57:10.373410 17099 tablet_replica.cc:333] T aebd7342654a40dcaf2b565d5119fbbf P b4c237dadd26416587b16a7936d3769f: stopping tablet replica
I20260608 12:57:10.373911 17099 raft_consensus.cc:2243] T aebd7342654a40dcaf2b565d5119fbbf P b4c237dadd26416587b16a7936d3769f [term 2 LEADER]: Raft consensus shutting down.
I20260608 12:57:10.374713 17099 raft_consensus.cc:2272] T aebd7342654a40dcaf2b565d5119fbbf P b4c237dadd26416587b16a7936d3769f [term 2 FOLLOWER]: Raft consensus is shut down!
I20260608 12:57:10.396595 17099 tablet_server.cc:196] TabletServer@127.16.178.195:0 shutdown complete.
I20260608 12:57:10.409476 17099 tablet_server.cc:179] TabletServer@127.16.178.196:0 shutting down...
I20260608 12:57:10.431937 17099 ts_tablet_manager.cc:1507] Shutting down tablet manager...
I20260608 12:57:10.432629 17099 tablet_replica.cc:333] T aebd7342654a40dcaf2b565d5119fbbf P 3ca80c1298ab42cf88e375b6284ea235: stopping tablet replica
I20260608 12:57:10.433199 17099 raft_consensus.cc:2243] T aebd7342654a40dcaf2b565d5119fbbf P 3ca80c1298ab42cf88e375b6284ea235 [term 2 FOLLOWER]: Raft consensus shutting down.
I20260608 12:57:10.433881 17099 raft_consensus.cc:2272] T aebd7342654a40dcaf2b565d5119fbbf P 3ca80c1298ab42cf88e375b6284ea235 [term 2 FOLLOWER]: Raft consensus is shut down!
I20260608 12:57:10.452601 17099 tablet_server.cc:196] TabletServer@127.16.178.196:0 shutdown complete.
I20260608 12:57:10.464313 17099 master.cc:562] Master@127.16.178.254:46047 shutting down...
I20260608 12:57:10.482980 17099 raft_consensus.cc:2243] T 00000000000000000000000000000000 P 0d0e2daea87844a6bec2a03deba88fc8 [term 1 LEADER]: Raft consensus shutting down.
I20260608 12:57:10.483634 17099 raft_consensus.cc:2272] T 00000000000000000000000000000000 P 0d0e2daea87844a6bec2a03deba88fc8 [term 1 FOLLOWER]: Raft consensus is shut down!
I20260608 12:57:10.484004 17099 tablet_replica.cc:333] T 00000000000000000000000000000000 P 0d0e2daea87844a6bec2a03deba88fc8: stopping tablet replica
I20260608 12:57:10.503435 17099 master.cc:584] Master@127.16.178.254:46047 shutdown complete.
[       OK ] AutoRebalancerTest.MovesScheduledIfAddTserver (28605 ms)
[ RUN      ] AutoRebalancerTest.NoReplicaMovesIfNoTservers
I20260608 12:57:10.540019 17099 internal_mini_cluster.cc:156] Creating distributed mini masters. Addrs: 127.16.178.254:46867
I20260608 12:57:10.541224 17099 file_cache.cc:492] Constructed file cache file cache with capacity 419430
W20260608 12:57:10.547204 19225 instance_detector.cc:116] could not retrieve AWS instance metadata: Network error: curl error: HTTP response code said error: The requested URL returned error: 404
W20260608 12:57:10.547263 19226 instance_detector.cc:116] could not retrieve Azure instance metadata: Network error: curl error: HTTP response code said error: The requested URL returned error: 404
W20260608 12:57:10.548259 19228 instance_detector.cc:116] could not retrieve OpenStack instance metadata: Network error: curl error: HTTP response code said error: The requested URL returned error: 404
I20260608 12:57:10.549119 17099 server_base.cc:1061] running on GCE node
I20260608 12:57:10.550197 17099 hybrid_clock.cc:584] initializing the hybrid clock with 'system_unsync' time source
W20260608 12:57:10.550395 17099 system_unsync_time.cc:38] NTP support is disabled. Clock error bounds will not be accurate. This configuration is not suitable for distributed clusters.
I20260608 12:57:10.550563 17099 hybrid_clock.cc:648] HybridClock initialized: now 1780923430550529 us; error 0 us; skew 500 ppm
I20260608 12:57:10.551153 17099 server_base.cc:861] Flag tcmalloc_max_total_thread_cache_bytes is not working since tcmalloc is not enabled.
I20260608 12:57:10.553606 17099 webserver.cc:533] Webserver started at http://127.16.178.254:44385/ using document root <none> and password file <none>
I20260608 12:57:10.554221 17099 fs_manager.cc:362] Metadata directory not provided
I20260608 12:57:10.554422 17099 fs_manager.cc:368] Using write-ahead log directory (fs_wal_dir) as metadata directory
I20260608 12:57:10.554728 17099 server_base.cc:909] This appears to be a new deployment of Kudu; creating new FS layout
I20260608 12:57:10.555897 17099 fs_manager.cc:1068] Generated new instance metadata in path /tmp/dist-test-taskyiHHX_/test-tmp/auto_rebalancer-test.0.AutoRebalancerTest.NoReplicaMovesIfNoTservers.1780923380790613-17099-0/minicluster-data/master-0-root/instance:
uuid: "c0b52100cdfc473f83659830a53b750c"
format_stamp: "Formatted at 2026-06-08 12:57:10 on dist-test-slave-w65z"
I20260608 12:57:10.560509 17099 fs_manager.cc:696] Time spent creating directory manager: real 0.004s	user 0.001s	sys 0.005s
I20260608 12:57:10.564018 19233 log_block_manager.cc:4031] Time spent loading block containers with low live blocks: real 0.000s	user 0.000s	sys 0.000s
I20260608 12:57:10.564735 17099 fs_manager.cc:730] Time spent opening block manager: real 0.002s	user 0.000s	sys 0.002s
I20260608 12:57:10.565045 17099 fs_manager.cc:647] Opened local filesystem: /tmp/dist-test-taskyiHHX_/test-tmp/auto_rebalancer-test.0.AutoRebalancerTest.NoReplicaMovesIfNoTservers.1780923380790613-17099-0/minicluster-data/master-0-root
uuid: "c0b52100cdfc473f83659830a53b750c"
format_stamp: "Formatted at 2026-06-08 12:57:10 on dist-test-slave-w65z"
I20260608 12:57:10.565315 17099 fs_report.cc:389] FS layout report
--------------------
wal directory: /tmp/dist-test-taskyiHHX_/test-tmp/auto_rebalancer-test.0.AutoRebalancerTest.NoReplicaMovesIfNoTservers.1780923380790613-17099-0/minicluster-data/master-0-root
metadata directory: /tmp/dist-test-taskyiHHX_/test-tmp/auto_rebalancer-test.0.AutoRebalancerTest.NoReplicaMovesIfNoTservers.1780923380790613-17099-0/minicluster-data/master-0-root
1 data directories: /tmp/dist-test-taskyiHHX_/test-tmp/auto_rebalancer-test.0.AutoRebalancerTest.NoReplicaMovesIfNoTservers.1780923380790613-17099-0/minicluster-data/master-0-root/data
Total live blocks: 0
Total live bytes: 0
Total live bytes (after alignment): 0
Total number of LBM containers: 0 (0 full)
Did not check for missing blocks
Did not check for orphaned blocks
Total full LBM containers with extra space: 0 (0 repaired)
Total full LBM container extra space in bytes: 0 (0 repaired)
Total incomplete LBM containers: 0 (0 repaired)
Total LBM partial records: 0 (0 repaired)
Total corrupted LBM metadata records in RocksDB: 0 (0 repaired)
I20260608 12:57:10.583914 17099 rpc_server.cc:225] running with OpenSSL 1.1.1  11 Sep 2018
I20260608 12:57:10.585227 17099 kserver.cc:163] Server-wide thread pool size limit: 3276
I20260608 12:57:10.624646 17099 rpc_server.cc:307] RPC server started. Bound to: 127.16.178.254:46867
I20260608 12:57:10.624781 19284 acceptor_pool.cc:272] collecting diagnostics on the listening RPC socket 127.16.178.254:46867 every 8 connection(s)
I20260608 12:57:10.628969 19285 data_dirs.cc:400] Could only allocate 1 dirs of requested 3 for tablet 00000000000000000000000000000000. 1 dirs total, 0 dirs full, 0 dirs failed
I20260608 12:57:10.639338 19285 tablet_bootstrap.cc:492] T 00000000000000000000000000000000 P c0b52100cdfc473f83659830a53b750c: Bootstrap starting.
I20260608 12:57:10.644127 19285 tablet_bootstrap.cc:654] T 00000000000000000000000000000000 P c0b52100cdfc473f83659830a53b750c: Neither blocks nor log segments found. Creating new log.
I20260608 12:57:10.648402 19285 tablet_bootstrap.cc:492] T 00000000000000000000000000000000 P c0b52100cdfc473f83659830a53b750c: No bootstrap required, opened a new log
I20260608 12:57:10.650727 19285 raft_consensus.cc:359] T 00000000000000000000000000000000 P c0b52100cdfc473f83659830a53b750c [term 0 FOLLOWER]: Replica starting. Triggering 0 pending ops. Active config: opid_index: -1 OBSOLETE_local: true peers { permanent_uuid: "c0b52100cdfc473f83659830a53b750c" member_type: VOTER }
I20260608 12:57:10.651136 19285 raft_consensus.cc:385] T 00000000000000000000000000000000 P c0b52100cdfc473f83659830a53b750c [term 0 FOLLOWER]: Consensus starting up: Expiring failure detector timer to make a prompt election more likely
I20260608 12:57:10.651331 19285 raft_consensus.cc:740] T 00000000000000000000000000000000 P c0b52100cdfc473f83659830a53b750c [term 0 FOLLOWER]: Becoming Follower/Learner. State: Replica: c0b52100cdfc473f83659830a53b750c, State: Initialized, Role: FOLLOWER
I20260608 12:57:10.651947 19285 consensus_queue.cc:260] T 00000000000000000000000000000000 P c0b52100cdfc473f83659830a53b750c [NON_LEADER]: Queue going to NON_LEADER mode. State: All replicated index: 0, Majority replicated index: 0, Committed index: 0, Last appended: 0.0, Last appended by leader: 0, Current term: 0, Majority size: -1, State: 0, Mode: NON_LEADER, active raft config: opid_index: -1 OBSOLETE_local: true peers { permanent_uuid: "c0b52100cdfc473f83659830a53b750c" member_type: VOTER }
I20260608 12:57:10.652395 19285 raft_consensus.cc:399] T 00000000000000000000000000000000 P c0b52100cdfc473f83659830a53b750c [term 0 FOLLOWER]: Only one voter in the Raft config. Triggering election immediately
I20260608 12:57:10.652590 19285 raft_consensus.cc:493] T 00000000000000000000000000000000 P c0b52100cdfc473f83659830a53b750c [term 0 FOLLOWER]: Starting leader election (initial election of a single-replica configuration)
I20260608 12:57:10.652848 19285 raft_consensus.cc:3060] T 00000000000000000000000000000000 P c0b52100cdfc473f83659830a53b750c [term 0 FOLLOWER]: Advancing to term 1
I20260608 12:57:10.657902 19285 raft_consensus.cc:515] T 00000000000000000000000000000000 P c0b52100cdfc473f83659830a53b750c [term 1 FOLLOWER]: Starting leader election with config: opid_index: -1 OBSOLETE_local: true peers { permanent_uuid: "c0b52100cdfc473f83659830a53b750c" member_type: VOTER }
I20260608 12:57:10.658727 19285 leader_election.cc:304] T 00000000000000000000000000000000 P c0b52100cdfc473f83659830a53b750c [CANDIDATE]: Term 1 election: Election decided. Result: candidate won. Election summary: received 1 responses out of 1 voters: 1 yes votes; 0 no votes. yes voters: c0b52100cdfc473f83659830a53b750c; no voters: 
I20260608 12:57:10.660452 19285 leader_election.cc:290] T 00000000000000000000000000000000 P c0b52100cdfc473f83659830a53b750c [CANDIDATE]: Term 1 election: Requested vote from peers 
I20260608 12:57:10.660856 19288 raft_consensus.cc:2804] T 00000000000000000000000000000000 P c0b52100cdfc473f83659830a53b750c [term 1 FOLLOWER]: Leader election won for term 1
I20260608 12:57:10.662488 19288 raft_consensus.cc:697] T 00000000000000000000000000000000 P c0b52100cdfc473f83659830a53b750c [term 1 LEADER]: Becoming Leader. State: Replica: c0b52100cdfc473f83659830a53b750c, State: Running, Role: LEADER
I20260608 12:57:10.663406 19288 consensus_queue.cc:237] T 00000000000000000000000000000000 P c0b52100cdfc473f83659830a53b750c [LEADER]: Queue going to LEADER mode. State: All replicated index: 0, Majority replicated index: 0, Committed index: 0, Last appended: 0.0, Last appended by leader: 0, Current term: 1, Majority size: 1, State: 0, Mode: LEADER, active raft config: opid_index: -1 OBSOLETE_local: true peers { permanent_uuid: "c0b52100cdfc473f83659830a53b750c" member_type: VOTER }
I20260608 12:57:10.664034 19285 sys_catalog.cc:565] T 00000000000000000000000000000000 P c0b52100cdfc473f83659830a53b750c [sys.catalog]: configured and running, proceeding with master startup.
I20260608 12:57:10.669948 19289 sys_catalog.cc:455] T 00000000000000000000000000000000 P c0b52100cdfc473f83659830a53b750c [sys.catalog]: SysCatalogTable state changed. Reason: RaftConsensus started. Latest consensus state: current_term: 1 leader_uuid: "c0b52100cdfc473f83659830a53b750c" committed_config { opid_index: -1 OBSOLETE_local: true peers { permanent_uuid: "c0b52100cdfc473f83659830a53b750c" member_type: VOTER } }
I20260608 12:57:10.670503 19289 sys_catalog.cc:458] T 00000000000000000000000000000000 P c0b52100cdfc473f83659830a53b750c [sys.catalog]: This master's current role is: LEADER
I20260608 12:57:10.671427 19290 sys_catalog.cc:455] T 00000000000000000000000000000000 P c0b52100cdfc473f83659830a53b750c [sys.catalog]: SysCatalogTable state changed. Reason: New leader c0b52100cdfc473f83659830a53b750c. Latest consensus state: current_term: 1 leader_uuid: "c0b52100cdfc473f83659830a53b750c" committed_config { opid_index: -1 OBSOLETE_local: true peers { permanent_uuid: "c0b52100cdfc473f83659830a53b750c" member_type: VOTER } }
I20260608 12:57:10.671988 19290 sys_catalog.cc:458] T 00000000000000000000000000000000 P c0b52100cdfc473f83659830a53b750c [sys.catalog]: This master's current role is: LEADER
I20260608 12:57:10.672315 19294 catalog_manager.cc:1510] Loading table and tablet metadata into memory...
I20260608 12:57:10.677433 19294 catalog_manager.cc:1519] Initializing Kudu cluster ID...
I20260608 12:57:10.683673 17099 internal_mini_cluster.cc:184] Waiting to initialize catalog manager on master 0
I20260608 12:57:10.687644 19294 catalog_manager.cc:1382] Generated new cluster ID: 8cd57da5e0204628894721f894c28eed
I20260608 12:57:10.687922 19294 catalog_manager.cc:1530] Initializing Kudu internal certificate authority...
I20260608 12:57:10.714251 19294 catalog_manager.cc:1405] Generated new certificate authority record
I20260608 12:57:10.715521 19294 catalog_manager.cc:1539] Loading token signing keys...
I20260608 12:57:10.727053 19294 catalog_manager.cc:6069] T 00000000000000000000000000000000 P c0b52100cdfc473f83659830a53b750c: Generated new TSK 0
I20260608 12:57:10.727612 19294 catalog_manager.cc:1549] Initializing in-progress tserver states...
I20260608 12:57:10.749568 17099 internal_mini_cluster.cc:371] 0 TS(s) registered with all masters after 0.000252758s
I20260608 12:57:22.844318 17099 master.cc:562] Master@127.16.178.254:46867 shutting down...
I20260608 12:57:22.869514 17099 raft_consensus.cc:2243] T 00000000000000000000000000000000 P c0b52100cdfc473f83659830a53b750c [term 1 LEADER]: Raft consensus shutting down.
I20260608 12:57:22.870481 17099 raft_consensus.cc:2272] T 00000000000000000000000000000000 P c0b52100cdfc473f83659830a53b750c [term 1 FOLLOWER]: Raft consensus is shut down!
I20260608 12:57:22.870898 17099 tablet_replica.cc:333] T 00000000000000000000000000000000 P c0b52100cdfc473f83659830a53b750c: stopping tablet replica
I20260608 12:57:22.890893 17099 master.cc:584] Master@127.16.178.254:46867 shutdown complete.
[       OK ] AutoRebalancerTest.NoReplicaMovesIfNoTservers (12383 ms)
[ RUN      ] AutoRebalancerTest.NoReplicaMovesIfNoTablets
I20260608 12:57:22.923206 17099 internal_mini_cluster.cc:156] Creating distributed mini masters. Addrs: 127.16.178.254:38767
I20260608 12:57:22.924981 17099 file_cache.cc:492] Constructed file cache file cache with capacity 419430
W20260608 12:57:22.930955 19309 instance_detector.cc:116] could not retrieve AWS instance metadata: Network error: curl error: HTTP response code said error: The requested URL returned error: 404
W20260608 12:57:22.932117 19310 instance_detector.cc:116] could not retrieve Azure instance metadata: Network error: curl error: HTTP response code said error: The requested URL returned error: 404
W20260608 12:57:22.934955 19312 instance_detector.cc:116] could not retrieve OpenStack instance metadata: Network error: curl error: HTTP response code said error: The requested URL returned error: 404
I20260608 12:57:22.935931 17099 server_base.cc:1061] running on GCE node
I20260608 12:57:22.936987 17099 hybrid_clock.cc:584] initializing the hybrid clock with 'system_unsync' time source
W20260608 12:57:22.937287 17099 system_unsync_time.cc:38] NTP support is disabled. Clock error bounds will not be accurate. This configuration is not suitable for distributed clusters.
I20260608 12:57:22.937469 17099 hybrid_clock.cc:648] HybridClock initialized: now 1780923442937450 us; error 0 us; skew 500 ppm
I20260608 12:57:22.938092 17099 server_base.cc:861] Flag tcmalloc_max_total_thread_cache_bytes is not working since tcmalloc is not enabled.
I20260608 12:57:22.940522 17099 webserver.cc:533] Webserver started at http://127.16.178.254:41175/ using document root <none> and password file <none>
I20260608 12:57:22.941048 17099 fs_manager.cc:362] Metadata directory not provided
I20260608 12:57:22.941241 17099 fs_manager.cc:368] Using write-ahead log directory (fs_wal_dir) as metadata directory
I20260608 12:57:22.941540 17099 server_base.cc:909] This appears to be a new deployment of Kudu; creating new FS layout
I20260608 12:57:22.942765 17099 fs_manager.cc:1068] Generated new instance metadata in path /tmp/dist-test-taskyiHHX_/test-tmp/auto_rebalancer-test.0.AutoRebalancerTest.NoReplicaMovesIfNoTablets.1780923380790613-17099-0/minicluster-data/master-0-root/instance:
uuid: "730a1b365c9d4218bcca3f7bbd20c6cb"
format_stamp: "Formatted at 2026-06-08 12:57:22 on dist-test-slave-w65z"
I20260608 12:57:22.947443 17099 fs_manager.cc:696] Time spent creating directory manager: real 0.004s	user 0.001s	sys 0.004s
I20260608 12:57:22.950915 19317 log_block_manager.cc:4031] Time spent loading block containers with low live blocks: real 0.000s	user 0.000s	sys 0.000s
I20260608 12:57:22.951606 17099 fs_manager.cc:730] Time spent opening block manager: real 0.002s	user 0.002s	sys 0.001s
I20260608 12:57:22.951915 17099 fs_manager.cc:647] Opened local filesystem: /tmp/dist-test-taskyiHHX_/test-tmp/auto_rebalancer-test.0.AutoRebalancerTest.NoReplicaMovesIfNoTablets.1780923380790613-17099-0/minicluster-data/master-0-root
uuid: "730a1b365c9d4218bcca3f7bbd20c6cb"
format_stamp: "Formatted at 2026-06-08 12:57:22 on dist-test-slave-w65z"
I20260608 12:57:22.952173 17099 fs_report.cc:389] FS layout report
--------------------
wal directory: /tmp/dist-test-taskyiHHX_/test-tmp/auto_rebalancer-test.0.AutoRebalancerTest.NoReplicaMovesIfNoTablets.1780923380790613-17099-0/minicluster-data/master-0-root
metadata directory: /tmp/dist-test-taskyiHHX_/test-tmp/auto_rebalancer-test.0.AutoRebalancerTest.NoReplicaMovesIfNoTablets.1780923380790613-17099-0/minicluster-data/master-0-root
1 data directories: /tmp/dist-test-taskyiHHX_/test-tmp/auto_rebalancer-test.0.AutoRebalancerTest.NoReplicaMovesIfNoTablets.1780923380790613-17099-0/minicluster-data/master-0-root/data
Total live blocks: 0
Total live bytes: 0
Total live bytes (after alignment): 0
Total number of LBM containers: 0 (0 full)
Did not check for missing blocks
Did not check for orphaned blocks
Total full LBM containers with extra space: 0 (0 repaired)
Total full LBM container extra space in bytes: 0 (0 repaired)
Total incomplete LBM containers: 0 (0 repaired)
Total LBM partial records: 0 (0 repaired)
Total corrupted LBM metadata records in RocksDB: 0 (0 repaired)
I20260608 12:57:22.976456 17099 rpc_server.cc:225] running with OpenSSL 1.1.1  11 Sep 2018
I20260608 12:57:22.977768 17099 kserver.cc:163] Server-wide thread pool size limit: 3276
I20260608 12:57:23.016005 17099 rpc_server.cc:307] RPC server started. Bound to: 127.16.178.254:38767
I20260608 12:57:23.016142 19368 acceptor_pool.cc:272] collecting diagnostics on the listening RPC socket 127.16.178.254:38767 every 8 connection(s)
I20260608 12:57:23.020820 19369 data_dirs.cc:400] Could only allocate 1 dirs of requested 3 for tablet 00000000000000000000000000000000. 1 dirs total, 0 dirs full, 0 dirs failed
I20260608 12:57:23.032064 19369 tablet_bootstrap.cc:492] T 00000000000000000000000000000000 P 730a1b365c9d4218bcca3f7bbd20c6cb: Bootstrap starting.
I20260608 12:57:23.037009 19369 tablet_bootstrap.cc:654] T 00000000000000000000000000000000 P 730a1b365c9d4218bcca3f7bbd20c6cb: Neither blocks nor log segments found. Creating new log.
I20260608 12:57:23.041229 19369 tablet_bootstrap.cc:492] T 00000000000000000000000000000000 P 730a1b365c9d4218bcca3f7bbd20c6cb: No bootstrap required, opened a new log
I20260608 12:57:23.043527 19369 raft_consensus.cc:359] T 00000000000000000000000000000000 P 730a1b365c9d4218bcca3f7bbd20c6cb [term 0 FOLLOWER]: Replica starting. Triggering 0 pending ops. Active config: opid_index: -1 OBSOLETE_local: true peers { permanent_uuid: "730a1b365c9d4218bcca3f7bbd20c6cb" member_type: VOTER }
I20260608 12:57:23.043933 19369 raft_consensus.cc:385] T 00000000000000000000000000000000 P 730a1b365c9d4218bcca3f7bbd20c6cb [term 0 FOLLOWER]: Consensus starting up: Expiring failure detector timer to make a prompt election more likely
I20260608 12:57:23.044138 19369 raft_consensus.cc:740] T 00000000000000000000000000000000 P 730a1b365c9d4218bcca3f7bbd20c6cb [term 0 FOLLOWER]: Becoming Follower/Learner. State: Replica: 730a1b365c9d4218bcca3f7bbd20c6cb, State: Initialized, Role: FOLLOWER
I20260608 12:57:23.044672 19369 consensus_queue.cc:260] T 00000000000000000000000000000000 P 730a1b365c9d4218bcca3f7bbd20c6cb [NON_LEADER]: Queue going to NON_LEADER mode. State: All replicated index: 0, Majority replicated index: 0, Committed index: 0, Last appended: 0.0, Last appended by leader: 0, Current term: 0, Majority size: -1, State: 0, Mode: NON_LEADER, active raft config: opid_index: -1 OBSOLETE_local: true peers { permanent_uuid: "730a1b365c9d4218bcca3f7bbd20c6cb" member_type: VOTER }
I20260608 12:57:23.045078 19369 raft_consensus.cc:399] T 00000000000000000000000000000000 P 730a1b365c9d4218bcca3f7bbd20c6cb [term 0 FOLLOWER]: Only one voter in the Raft config. Triggering election immediately
I20260608 12:57:23.045266 19369 raft_consensus.cc:493] T 00000000000000000000000000000000 P 730a1b365c9d4218bcca3f7bbd20c6cb [term 0 FOLLOWER]: Starting leader election (initial election of a single-replica configuration)
I20260608 12:57:23.045477 19369 raft_consensus.cc:3060] T 00000000000000000000000000000000 P 730a1b365c9d4218bcca3f7bbd20c6cb [term 0 FOLLOWER]: Advancing to term 1
I20260608 12:57:23.049604 19369 raft_consensus.cc:515] T 00000000000000000000000000000000 P 730a1b365c9d4218bcca3f7bbd20c6cb [term 1 FOLLOWER]: Starting leader election with config: opid_index: -1 OBSOLETE_local: true peers { permanent_uuid: "730a1b365c9d4218bcca3f7bbd20c6cb" member_type: VOTER }
I20260608 12:57:23.050076 19369 leader_election.cc:304] T 00000000000000000000000000000000 P 730a1b365c9d4218bcca3f7bbd20c6cb [CANDIDATE]: Term 1 election: Election decided. Result: candidate won. Election summary: received 1 responses out of 1 voters: 1 yes votes; 0 no votes. yes voters: 730a1b365c9d4218bcca3f7bbd20c6cb; no voters: 
I20260608 12:57:23.051230 19369 leader_election.cc:290] T 00000000000000000000000000000000 P 730a1b365c9d4218bcca3f7bbd20c6cb [CANDIDATE]: Term 1 election: Requested vote from peers 
I20260608 12:57:23.051702 19372 raft_consensus.cc:2804] T 00000000000000000000000000000000 P 730a1b365c9d4218bcca3f7bbd20c6cb [term 1 FOLLOWER]: Leader election won for term 1
I20260608 12:57:23.053067 19372 raft_consensus.cc:697] T 00000000000000000000000000000000 P 730a1b365c9d4218bcca3f7bbd20c6cb [term 1 LEADER]: Becoming Leader. State: Replica: 730a1b365c9d4218bcca3f7bbd20c6cb, State: Running, Role: LEADER
I20260608 12:57:23.053931 19372 consensus_queue.cc:237] T 00000000000000000000000000000000 P 730a1b365c9d4218bcca3f7bbd20c6cb [LEADER]: Queue going to LEADER mode. State: All replicated index: 0, Majority replicated index: 0, Committed index: 0, Last appended: 0.0, Last appended by leader: 0, Current term: 1, Majority size: 1, State: 0, Mode: LEADER, active raft config: opid_index: -1 OBSOLETE_local: true peers { permanent_uuid: "730a1b365c9d4218bcca3f7bbd20c6cb" member_type: VOTER }
I20260608 12:57:23.054570 19369 sys_catalog.cc:565] T 00000000000000000000000000000000 P 730a1b365c9d4218bcca3f7bbd20c6cb [sys.catalog]: configured and running, proceeding with master startup.
I20260608 12:57:23.057124 19374 sys_catalog.cc:455] T 00000000000000000000000000000000 P 730a1b365c9d4218bcca3f7bbd20c6cb [sys.catalog]: SysCatalogTable state changed. Reason: New leader 730a1b365c9d4218bcca3f7bbd20c6cb. Latest consensus state: current_term: 1 leader_uuid: "730a1b365c9d4218bcca3f7bbd20c6cb" committed_config { opid_index: -1 OBSOLETE_local: true peers { permanent_uuid: "730a1b365c9d4218bcca3f7bbd20c6cb" member_type: VOTER } }
I20260608 12:57:23.057085 19373 sys_catalog.cc:455] T 00000000000000000000000000000000 P 730a1b365c9d4218bcca3f7bbd20c6cb [sys.catalog]: SysCatalogTable state changed. Reason: RaftConsensus started. Latest consensus state: current_term: 1 leader_uuid: "730a1b365c9d4218bcca3f7bbd20c6cb" committed_config { opid_index: -1 OBSOLETE_local: true peers { permanent_uuid: "730a1b365c9d4218bcca3f7bbd20c6cb" member_type: VOTER } }
I20260608 12:57:23.057813 19374 sys_catalog.cc:458] T 00000000000000000000000000000000 P 730a1b365c9d4218bcca3f7bbd20c6cb [sys.catalog]: This master's current role is: LEADER
I20260608 12:57:23.057921 19373 sys_catalog.cc:458] T 00000000000000000000000000000000 P 730a1b365c9d4218bcca3f7bbd20c6cb [sys.catalog]: This master's current role is: LEADER
I20260608 12:57:23.066895 19377 catalog_manager.cc:1510] Loading table and tablet metadata into memory...
I20260608 12:57:23.075307 19377 catalog_manager.cc:1519] Initializing Kudu cluster ID...
I20260608 12:57:23.076270 17099 internal_mini_cluster.cc:184] Waiting to initialize catalog manager on master 0
I20260608 12:57:23.085191 19377 catalog_manager.cc:1382] Generated new cluster ID: eba8a6b859fd4e4493beecc34c505871
I20260608 12:57:23.085481 19377 catalog_manager.cc:1530] Initializing Kudu internal certificate authority...
I20260608 12:57:23.108116 19377 catalog_manager.cc:1405] Generated new certificate authority record
I20260608 12:57:23.109460 19377 catalog_manager.cc:1539] Loading token signing keys...
I20260608 12:57:23.122947 19377 catalog_manager.cc:6069] T 00000000000000000000000000000000 P 730a1b365c9d4218bcca3f7bbd20c6cb: Generated new TSK 0
I20260608 12:57:23.123473 19377 catalog_manager.cc:1549] Initializing in-progress tserver states...
I20260608 12:57:23.142599 17099 file_cache.cc:492] Constructed file cache file cache with capacity 419430
W20260608 12:57:23.148762 19390 instance_detector.cc:116] could not retrieve AWS instance metadata: Network error: curl error: HTTP response code said error: The requested URL returned error: 404
W20260608 12:57:23.150110 19391 instance_detector.cc:116] could not retrieve Azure instance metadata: Network error: curl error: HTTP response code said error: The requested URL returned error: 404
W20260608 12:57:23.151494 19393 instance_detector.cc:116] could not retrieve OpenStack instance metadata: Network error: curl error: HTTP response code said error: The requested URL returned error: 404
I20260608 12:57:23.151737 17099 server_base.cc:1061] running on GCE node
I20260608 12:57:23.152609 17099 hybrid_clock.cc:584] initializing the hybrid clock with 'system_unsync' time source
W20260608 12:57:23.152783 17099 system_unsync_time.cc:38] NTP support is disabled. Clock error bounds will not be accurate. This configuration is not suitable for distributed clusters.
I20260608 12:57:23.152910 17099 hybrid_clock.cc:648] HybridClock initialized: now 1780923443152899 us; error 0 us; skew 500 ppm
I20260608 12:57:23.153487 17099 server_base.cc:861] Flag tcmalloc_max_total_thread_cache_bytes is not working since tcmalloc is not enabled.
I20260608 12:57:23.155779 17099 webserver.cc:533] Webserver started at http://127.16.178.193:43269/ using document root <none> and password file <none>
I20260608 12:57:23.156282 17099 fs_manager.cc:362] Metadata directory not provided
I20260608 12:57:23.156438 17099 fs_manager.cc:368] Using write-ahead log directory (fs_wal_dir) as metadata directory
I20260608 12:57:23.156647 17099 server_base.cc:909] This appears to be a new deployment of Kudu; creating new FS layout
I20260608 12:57:23.157837 17099 fs_manager.cc:1068] Generated new instance metadata in path /tmp/dist-test-taskyiHHX_/test-tmp/auto_rebalancer-test.0.AutoRebalancerTest.NoReplicaMovesIfNoTablets.1780923380790613-17099-0/minicluster-data/ts-0-root/instance:
uuid: "43c6cd084cda48d288e2da85e4c36392"
format_stamp: "Formatted at 2026-06-08 12:57:23 on dist-test-slave-w65z"
I20260608 12:57:23.162287 17099 fs_manager.cc:696] Time spent creating directory manager: real 0.004s	user 0.001s	sys 0.002s
I20260608 12:57:23.165499 19398 log_block_manager.cc:4031] Time spent loading block containers with low live blocks: real 0.000s	user 0.000s	sys 0.000s
I20260608 12:57:23.166270 17099 fs_manager.cc:730] Time spent opening block manager: real 0.002s	user 0.002s	sys 0.001s
I20260608 12:57:23.166554 17099 fs_manager.cc:647] Opened local filesystem: /tmp/dist-test-taskyiHHX_/test-tmp/auto_rebalancer-test.0.AutoRebalancerTest.NoReplicaMovesIfNoTablets.1780923380790613-17099-0/minicluster-data/ts-0-root
uuid: "43c6cd084cda48d288e2da85e4c36392"
format_stamp: "Formatted at 2026-06-08 12:57:23 on dist-test-slave-w65z"
I20260608 12:57:23.166839 17099 fs_report.cc:389] FS layout report
--------------------
wal directory: /tmp/dist-test-taskyiHHX_/test-tmp/auto_rebalancer-test.0.AutoRebalancerTest.NoReplicaMovesIfNoTablets.1780923380790613-17099-0/minicluster-data/ts-0-root
metadata directory: /tmp/dist-test-taskyiHHX_/test-tmp/auto_rebalancer-test.0.AutoRebalancerTest.NoReplicaMovesIfNoTablets.1780923380790613-17099-0/minicluster-data/ts-0-root
1 data directories: /tmp/dist-test-taskyiHHX_/test-tmp/auto_rebalancer-test.0.AutoRebalancerTest.NoReplicaMovesIfNoTablets.1780923380790613-17099-0/minicluster-data/ts-0-root/data
Total live blocks: 0
Total live bytes: 0
Total live bytes (after alignment): 0
Total number of LBM containers: 0 (0 full)
Did not check for missing blocks
Did not check for orphaned blocks
Total full LBM containers with extra space: 0 (0 repaired)
Total full LBM container extra space in bytes: 0 (0 repaired)
Total incomplete LBM containers: 0 (0 repaired)
Total LBM partial records: 0 (0 repaired)
Total corrupted LBM metadata records in RocksDB: 0 (0 repaired)
I20260608 12:57:23.215319 17099 rpc_server.cc:225] running with OpenSSL 1.1.1  11 Sep 2018
I20260608 12:57:23.216619 17099 kserver.cc:163] Server-wide thread pool size limit: 3276
I20260608 12:57:23.218204 17099 txn_system_client.cc:432] TxnSystemClient initialization is disabled...
I20260608 12:57:23.220734 17099 ts_tablet_manager.cc:585] Loaded tablet metadata (0 total tablets, 0 live tablets)
I20260608 12:57:23.220985 17099 ts_tablet_manager.cc:531] Time spent load tablet metadata: real 0.000s	user 0.000s	sys 0.000s
I20260608 12:57:23.221233 17099 ts_tablet_manager.cc:616] Registered 0 tablets
I20260608 12:57:23.221414 17099 ts_tablet_manager.cc:595] Time spent register tablets: real 0.000s	user 0.000s	sys 0.000s
I20260608 12:57:23.263302 17099 rpc_server.cc:307] RPC server started. Bound to: 127.16.178.193:40675
I20260608 12:57:23.263437 19460 acceptor_pool.cc:272] collecting diagnostics on the listening RPC socket 127.16.178.193:40675 every 8 connection(s)
I20260608 12:57:23.268781 17099 file_cache.cc:492] Constructed file cache file cache with capacity 419430
W20260608 12:57:23.276589 19465 instance_detector.cc:116] could not retrieve AWS instance metadata: Network error: curl error: HTTP response code said error: The requested URL returned error: 404
W20260608 12:57:23.276969 19466 instance_detector.cc:116] could not retrieve Azure instance metadata: Network error: curl error: HTTP response code said error: The requested URL returned error: 404
W20260608 12:57:23.280702 19468 instance_detector.cc:116] could not retrieve OpenStack instance metadata: Network error: curl error: HTTP response code said error: The requested URL returned error: 404
I20260608 12:57:23.281597 17099 server_base.cc:1061] running on GCE node
I20260608 12:57:23.282608 17099 hybrid_clock.cc:584] initializing the hybrid clock with 'system_unsync' time source
W20260608 12:57:23.282864 17099 system_unsync_time.cc:38] NTP support is disabled. Clock error bounds will not be accurate. This configuration is not suitable for distributed clusters.
I20260608 12:57:23.283058 17099 hybrid_clock.cc:648] HybridClock initialized: now 1780923443283039 us; error 0 us; skew 500 ppm
I20260608 12:57:23.283294 19461 heartbeater.cc:344] Connected to a master server at 127.16.178.254:38767
I20260608 12:57:23.283686 19461 heartbeater.cc:461] Registering TS with master...
I20260608 12:57:23.283752 17099 server_base.cc:861] Flag tcmalloc_max_total_thread_cache_bytes is not working since tcmalloc is not enabled.
I20260608 12:57:23.284458 19461 heartbeater.cc:507] Master 127.16.178.254:38767 requested a full tablet report, sending...
I20260608 12:57:23.286382 17099 webserver.cc:533] Webserver started at http://127.16.178.194:35507/ using document root <none> and password file <none>
I20260608 12:57:23.286943 17099 fs_manager.cc:362] Metadata directory not provided
I20260608 12:57:23.286958 19334 ts_manager.cc:194] Registered new tserver with Master: 43c6cd084cda48d288e2da85e4c36392 (127.16.178.193:40675)
I20260608 12:57:23.287247 17099 fs_manager.cc:368] Using write-ahead log directory (fs_wal_dir) as metadata directory
I20260608 12:57:23.287645 17099 server_base.cc:909] This appears to be a new deployment of Kudu; creating new FS layout
I20260608 12:57:23.288852 17099 fs_manager.cc:1068] Generated new instance metadata in path /tmp/dist-test-taskyiHHX_/test-tmp/auto_rebalancer-test.0.AutoRebalancerTest.NoReplicaMovesIfNoTablets.1780923380790613-17099-0/minicluster-data/ts-1-root/instance:
uuid: "901d3e73df6e4b9ea55dbf28094ed3a0"
format_stamp: "Formatted at 2026-06-08 12:57:23 on dist-test-slave-w65z"
I20260608 12:57:23.289028 19334 master_service.cc:502] Signed X509 certificate for tserver {username='slave'} at 127.0.0.1:39250
I20260608 12:57:23.293545 17099 fs_manager.cc:696] Time spent creating directory manager: real 0.004s	user 0.005s	sys 0.000s
I20260608 12:57:23.297215 19473 log_block_manager.cc:4031] Time spent loading block containers with low live blocks: real 0.000s	user 0.000s	sys 0.000s
I20260608 12:57:23.298098 17099 fs_manager.cc:730] Time spent opening block manager: real 0.002s	user 0.003s	sys 0.000s
I20260608 12:57:23.298401 17099 fs_manager.cc:647] Opened local filesystem: /tmp/dist-test-taskyiHHX_/test-tmp/auto_rebalancer-test.0.AutoRebalancerTest.NoReplicaMovesIfNoTablets.1780923380790613-17099-0/minicluster-data/ts-1-root
uuid: "901d3e73df6e4b9ea55dbf28094ed3a0"
format_stamp: "Formatted at 2026-06-08 12:57:23 on dist-test-slave-w65z"
I20260608 12:57:23.298681 17099 fs_report.cc:389] FS layout report
--------------------
wal directory: /tmp/dist-test-taskyiHHX_/test-tmp/auto_rebalancer-test.0.AutoRebalancerTest.NoReplicaMovesIfNoTablets.1780923380790613-17099-0/minicluster-data/ts-1-root
metadata directory: /tmp/dist-test-taskyiHHX_/test-tmp/auto_rebalancer-test.0.AutoRebalancerTest.NoReplicaMovesIfNoTablets.1780923380790613-17099-0/minicluster-data/ts-1-root
1 data directories: /tmp/dist-test-taskyiHHX_/test-tmp/auto_rebalancer-test.0.AutoRebalancerTest.NoReplicaMovesIfNoTablets.1780923380790613-17099-0/minicluster-data/ts-1-root/data
Total live blocks: 0
Total live bytes: 0
Total live bytes (after alignment): 0
Total number of LBM containers: 0 (0 full)
Did not check for missing blocks
Did not check for orphaned blocks
Total full LBM containers with extra space: 0 (0 repaired)
Total full LBM container extra space in bytes: 0 (0 repaired)
Total incomplete LBM containers: 0 (0 repaired)
Total LBM partial records: 0 (0 repaired)
Total corrupted LBM metadata records in RocksDB: 0 (0 repaired)
I20260608 12:57:23.318625 17099 rpc_server.cc:225] running with OpenSSL 1.1.1  11 Sep 2018
I20260608 12:57:23.319810 17099 kserver.cc:163] Server-wide thread pool size limit: 3276
I20260608 12:57:23.321374 17099 txn_system_client.cc:432] TxnSystemClient initialization is disabled...
I20260608 12:57:23.323720 17099 ts_tablet_manager.cc:585] Loaded tablet metadata (0 total tablets, 0 live tablets)
I20260608 12:57:23.323987 17099 ts_tablet_manager.cc:531] Time spent load tablet metadata: real 0.000s	user 0.000s	sys 0.000s
I20260608 12:57:23.324296 17099 ts_tablet_manager.cc:616] Registered 0 tablets
I20260608 12:57:23.324497 17099 ts_tablet_manager.cc:595] Time spent register tablets: real 0.000s	user 0.000s	sys 0.000s
I20260608 12:57:23.365649 17099 rpc_server.cc:307] RPC server started. Bound to: 127.16.178.194:39755
I20260608 12:57:23.365799 19535 acceptor_pool.cc:272] collecting diagnostics on the listening RPC socket 127.16.178.194:39755 every 8 connection(s)
I20260608 12:57:23.370867 17099 file_cache.cc:492] Constructed file cache file cache with capacity 419430
W20260608 12:57:23.378571 19539 instance_detector.cc:116] could not retrieve AWS instance metadata: Network error: curl error: HTTP response code said error: The requested URL returned error: 404
I20260608 12:57:23.382252 17099 server_base.cc:1061] running on GCE node
W20260608 12:57:23.382740 19540 instance_detector.cc:116] could not retrieve Azure instance metadata: Network error: curl error: HTTP response code said error: The requested URL returned error: 404
W20260608 12:57:23.385134 19542 instance_detector.cc:116] could not retrieve OpenStack instance metadata: Network error: curl error: HTTP response code said error: The requested URL returned error: 404
I20260608 12:57:23.385619 19536 heartbeater.cc:344] Connected to a master server at 127.16.178.254:38767
I20260608 12:57:23.386061 19536 heartbeater.cc:461] Registering TS with master...
I20260608 12:57:23.386268 17099 hybrid_clock.cc:584] initializing the hybrid clock with 'system_unsync' time source
W20260608 12:57:23.386574 17099 system_unsync_time.cc:38] NTP support is disabled. Clock error bounds will not be accurate. This configuration is not suitable for distributed clusters.
I20260608 12:57:23.386754 17099 hybrid_clock.cc:648] HybridClock initialized: now 1780923443386739 us; error 0 us; skew 500 ppm
I20260608 12:57:23.386893 19536 heartbeater.cc:507] Master 127.16.178.254:38767 requested a full tablet report, sending...
I20260608 12:57:23.387437 17099 server_base.cc:861] Flag tcmalloc_max_total_thread_cache_bytes is not working since tcmalloc is not enabled.
I20260608 12:57:23.389149 19334 ts_manager.cc:194] Registered new tserver with Master: 901d3e73df6e4b9ea55dbf28094ed3a0 (127.16.178.194:39755)
I20260608 12:57:23.390501 17099 webserver.cc:533] Webserver started at http://127.16.178.195:41813/ using document root <none> and password file <none>
I20260608 12:57:23.390858 19334 master_service.cc:502] Signed X509 certificate for tserver {username='slave'} at 127.0.0.1:39264
I20260608 12:57:23.391090 17099 fs_manager.cc:362] Metadata directory not provided
I20260608 12:57:23.391355 17099 fs_manager.cc:368] Using write-ahead log directory (fs_wal_dir) as metadata directory
I20260608 12:57:23.391637 17099 server_base.cc:909] This appears to be a new deployment of Kudu; creating new FS layout
I20260608 12:57:23.392879 17099 fs_manager.cc:1068] Generated new instance metadata in path /tmp/dist-test-taskyiHHX_/test-tmp/auto_rebalancer-test.0.AutoRebalancerTest.NoReplicaMovesIfNoTablets.1780923380790613-17099-0/minicluster-data/ts-2-root/instance:
uuid: "b090414bc3b9469a8f02a99b1dde9db6"
format_stamp: "Formatted at 2026-06-08 12:57:23 on dist-test-slave-w65z"
I20260608 12:57:23.397392 17099 fs_manager.cc:696] Time spent creating directory manager: real 0.004s	user 0.006s	sys 0.000s
I20260608 12:57:23.400856 19547 log_block_manager.cc:4031] Time spent loading block containers with low live blocks: real 0.000s	user 0.000s	sys 0.000s
I20260608 12:57:23.401660 17099 fs_manager.cc:730] Time spent opening block manager: real 0.002s	user 0.003s	sys 0.000s
I20260608 12:57:23.402048 17099 fs_manager.cc:647] Opened local filesystem: /tmp/dist-test-taskyiHHX_/test-tmp/auto_rebalancer-test.0.AutoRebalancerTest.NoReplicaMovesIfNoTablets.1780923380790613-17099-0/minicluster-data/ts-2-root
uuid: "b090414bc3b9469a8f02a99b1dde9db6"
format_stamp: "Formatted at 2026-06-08 12:57:23 on dist-test-slave-w65z"
I20260608 12:57:23.402344 17099 fs_report.cc:389] FS layout report
--------------------
wal directory: /tmp/dist-test-taskyiHHX_/test-tmp/auto_rebalancer-test.0.AutoRebalancerTest.NoReplicaMovesIfNoTablets.1780923380790613-17099-0/minicluster-data/ts-2-root
metadata directory: /tmp/dist-test-taskyiHHX_/test-tmp/auto_rebalancer-test.0.AutoRebalancerTest.NoReplicaMovesIfNoTablets.1780923380790613-17099-0/minicluster-data/ts-2-root
1 data directories: /tmp/dist-test-taskyiHHX_/test-tmp/auto_rebalancer-test.0.AutoRebalancerTest.NoReplicaMovesIfNoTablets.1780923380790613-17099-0/minicluster-data/ts-2-root/data
Total live blocks: 0
Total live bytes: 0
Total live bytes (after alignment): 0
Total number of LBM containers: 0 (0 full)
Did not check for missing blocks
Did not check for orphaned blocks
Total full LBM containers with extra space: 0 (0 repaired)
Total full LBM container extra space in bytes: 0 (0 repaired)
Total incomplete LBM containers: 0 (0 repaired)
Total LBM partial records: 0 (0 repaired)
Total corrupted LBM metadata records in RocksDB: 0 (0 repaired)
I20260608 12:57:23.422600 17099 rpc_server.cc:225] running with OpenSSL 1.1.1  11 Sep 2018
I20260608 12:57:23.423870 17099 kserver.cc:163] Server-wide thread pool size limit: 3276
I20260608 12:57:23.425383 17099 txn_system_client.cc:432] TxnSystemClient initialization is disabled...
I20260608 12:57:23.427822 17099 ts_tablet_manager.cc:585] Loaded tablet metadata (0 total tablets, 0 live tablets)
I20260608 12:57:23.428071 17099 ts_tablet_manager.cc:531] Time spent load tablet metadata: real 0.000s	user 0.000s	sys 0.000s
I20260608 12:57:23.428339 17099 ts_tablet_manager.cc:616] Registered 0 tablets
I20260608 12:57:23.428520 17099 ts_tablet_manager.cc:595] Time spent register tablets: real 0.000s	user 0.000s	sys 0.000s
I20260608 12:57:23.469888 17099 rpc_server.cc:307] RPC server started. Bound to: 127.16.178.195:42085
I20260608 12:57:23.469988 19609 acceptor_pool.cc:272] collecting diagnostics on the listening RPC socket 127.16.178.195:42085 every 8 connection(s)
I20260608 12:57:23.484331 19610 heartbeater.cc:344] Connected to a master server at 127.16.178.254:38767
I20260608 12:57:23.484709 19610 heartbeater.cc:461] Registering TS with master...
I20260608 12:57:23.485450 19610 heartbeater.cc:507] Master 127.16.178.254:38767 requested a full tablet report, sending...
I20260608 12:57:23.487517 19334 ts_manager.cc:194] Registered new tserver with Master: b090414bc3b9469a8f02a99b1dde9db6 (127.16.178.195:42085)
I20260608 12:57:23.487957 17099 internal_mini_cluster.cc:371] 3 TS(s) registered with all masters after 0.014563992s
I20260608 12:57:23.488911 19334 master_service.cc:502] Signed X509 certificate for tserver {username='slave'} at 127.0.0.1:39280
I20260608 12:57:24.291674 19461 heartbeater.cc:499] Master 127.16.178.254:38767 was elected leader, sending a full tablet report...
I20260608 12:57:24.393332 19536 heartbeater.cc:499] Master 127.16.178.254:38767 was elected leader, sending a full tablet report...
I20260608 12:57:24.491580 19610 heartbeater.cc:499] Master 127.16.178.254:38767 was elected leader, sending a full tablet report...
I20260608 12:57:25.074569 19387 auto_leader_rebalancer.cc:451] All tables' leader rebalancing finished this round
I20260608 12:57:27.075477 19387 auto_leader_rebalancer.cc:451] All tables' leader rebalancing finished this round
I20260608 12:57:29.076440 19387 auto_leader_rebalancer.cc:451] All tables' leader rebalancing finished this round
I20260608 12:57:31.547242 19387 auto_leader_rebalancer.cc:451] All tables' leader rebalancing finished this round
W20260608 12:57:32.489660 19606 debug-util.cc:398] Leaking SignalData structure 0x7b0800068200 after lost signal to thread 17102
W20260608 12:57:32.490686 19606 debug-util.cc:398] Leaking SignalData structure 0x7b080008d460 after lost signal to thread 19368
W20260608 12:57:32.491703 19606 debug-util.cc:398] Leaking SignalData structure 0x7b0800034100 after lost signal to thread 19460
W20260608 12:57:32.492795 19606 debug-util.cc:398] Leaking SignalData structure 0x7b0800208540 after lost signal to thread 19535
W20260608 12:57:32.493674 19606 debug-util.cc:398] Leaking SignalData structure 0x7b08002064a0 after lost signal to thread 19609
I20260608 12:57:33.548838 19387 auto_leader_rebalancer.cc:451] All tables' leader rebalancing finished this round
I20260608 12:57:35.549899 19387 auto_leader_rebalancer.cc:451] All tables' leader rebalancing finished this round
I20260608 12:57:35.999039 17099 tablet_server.cc:179] TabletServer@127.16.178.193:0 shutting down...
I20260608 12:57:36.024268 17099 ts_tablet_manager.cc:1507] Shutting down tablet manager...
I20260608 12:57:36.041324 17099 tablet_server.cc:196] TabletServer@127.16.178.193:0 shutdown complete.
I20260608 12:57:36.051169 17099 tablet_server.cc:179] TabletServer@127.16.178.194:0 shutting down...
I20260608 12:57:36.071415 17099 ts_tablet_manager.cc:1507] Shutting down tablet manager...
I20260608 12:57:36.087450 17099 tablet_server.cc:196] TabletServer@127.16.178.194:0 shutdown complete.
I20260608 12:57:36.096303 17099 tablet_server.cc:179] TabletServer@127.16.178.195:0 shutting down...
I20260608 12:57:36.116533 17099 ts_tablet_manager.cc:1507] Shutting down tablet manager...
I20260608 12:57:36.148067 17099 tablet_server.cc:196] TabletServer@127.16.178.195:0 shutdown complete.
I20260608 12:57:36.157230 17099 master.cc:562] Master@127.16.178.254:38767 shutting down...
I20260608 12:57:36.176865 17099 raft_consensus.cc:2243] T 00000000000000000000000000000000 P 730a1b365c9d4218bcca3f7bbd20c6cb [term 1 LEADER]: Raft consensus shutting down.
I20260608 12:57:36.177758 17099 raft_consensus.cc:2272] T 00000000000000000000000000000000 P 730a1b365c9d4218bcca3f7bbd20c6cb [term 1 FOLLOWER]: Raft consensus is shut down!
I20260608 12:57:36.178196 17099 tablet_replica.cc:333] T 00000000000000000000000000000000 P 730a1b365c9d4218bcca3f7bbd20c6cb: stopping tablet replica
I20260608 12:57:36.195698 17099 master.cc:584] Master@127.16.178.254:38767 shutdown complete.
[       OK ] AutoRebalancerTest.NoReplicaMovesIfNoTablets (13303 ms)
[ RUN      ] AutoRebalancerTest.RangeAwareBuildClusterInfoGroupsByRange
I20260608 12:57:36.229924 17099 internal_mini_cluster.cc:156] Creating distributed mini masters. Addrs: 127.16.178.254:42593
I20260608 12:57:36.231252 17099 file_cache.cc:492] Constructed file cache file cache with capacity 419430
W20260608 12:57:36.237473 19615 instance_detector.cc:116] could not retrieve AWS instance metadata: Network error: curl error: HTTP response code said error: The requested URL returned error: 404
W20260608 12:57:36.237555 19616 instance_detector.cc:116] could not retrieve Azure instance metadata: Network error: curl error: HTTP response code said error: The requested URL returned error: 404
W20260608 12:57:36.237980 19618 instance_detector.cc:116] could not retrieve OpenStack instance metadata: Network error: curl error: HTTP response code said error: The requested URL returned error: 404
I20260608 12:57:36.240204 17099 server_base.cc:1061] running on GCE node
I20260608 12:57:36.241103 17099 hybrid_clock.cc:584] initializing the hybrid clock with 'system_unsync' time source
W20260608 12:57:36.241304 17099 system_unsync_time.cc:38] NTP support is disabled. Clock error bounds will not be accurate. This configuration is not suitable for distributed clusters.
I20260608 12:57:36.241461 17099 hybrid_clock.cc:648] HybridClock initialized: now 1780923456241430 us; error 0 us; skew 500 ppm
I20260608 12:57:36.242112 17099 server_base.cc:861] Flag tcmalloc_max_total_thread_cache_bytes is not working since tcmalloc is not enabled.
I20260608 12:57:36.244617 17099 webserver.cc:533] Webserver started at http://127.16.178.254:42513/ using document root <none> and password file <none>
I20260608 12:57:36.245157 17099 fs_manager.cc:362] Metadata directory not provided
I20260608 12:57:36.245361 17099 fs_manager.cc:368] Using write-ahead log directory (fs_wal_dir) as metadata directory
I20260608 12:57:36.245637 17099 server_base.cc:909] This appears to be a new deployment of Kudu; creating new FS layout
