I20260608 12:39:37.806195  3316 catalog_manager.cc:5696] T 2162b212daff4a2996d46284440cab86 P 272c44b7ac1b4e75afd81694c208cb9d reported cstate change: term changed from 0 to 1, leader changed from <none> to 272c44b7ac1b4e75afd81694c208cb9d (127.0.107.195). New cstate: current_term: 1 leader_uuid: "272c44b7ac1b4e75afd81694c208cb9d" committed_config { opid_index: -1 OBSOLETE_local: false peers { permanent_uuid: "27367bf9cb784fda861a59ec6f091bda" member_type: VOTER last_known_addr { host: "127.0.107.193" port: 40493 } health_report { overall_health: UNKNOWN } } peers { permanent_uuid: "cb24b85394554e99aa003c2a649619a8" member_type: VOTER last_known_addr { host: "127.0.107.194" port: 34937 } health_report { overall_health: UNKNOWN } } peers { permanent_uuid: "272c44b7ac1b4e75afd81694c208cb9d" member_type: VOTER last_known_addr { host: "127.0.107.195" port: 36765 } health_report { overall_health: HEALTHY } } }
I20260608 12:39:37.811054  3613 ts_tablet_manager.cc:1434] T c6f842132d1d4021b62453462772ac35 P 27367bf9cb784fda861a59ec6f091bda: Time spent starting tablet: real 0.010s	user 0.008s	sys 0.000s
I20260608 12:39:37.812637  3613 tablet_bootstrap.cc:492] T b66aea1a6124444ea2f3746cff97fe77 P 27367bf9cb784fda861a59ec6f091bda: Bootstrap starting.
I20260608 12:39:37.817080  3315 catalog_manager.cc:5696] T d043bbbc41c44c2f87d1f18d653725e6 P 27367bf9cb784fda861a59ec6f091bda reported cstate change: term changed from 0 to 1, leader changed from <none> to 27367bf9cb784fda861a59ec6f091bda (127.0.107.193). New cstate: current_term: 1 leader_uuid: "27367bf9cb784fda861a59ec6f091bda" committed_config { opid_index: -1 OBSOLETE_local: false peers { permanent_uuid: "cb24b85394554e99aa003c2a649619a8" member_type: VOTER last_known_addr { host: "127.0.107.194" port: 34937 } health_report { overall_health: UNKNOWN } } peers { permanent_uuid: "27367bf9cb784fda861a59ec6f091bda" member_type: VOTER last_known_addr { host: "127.0.107.193" port: 40493 } health_report { overall_health: HEALTHY } } peers { permanent_uuid: "272c44b7ac1b4e75afd81694c208cb9d" member_type: VOTER last_known_addr { host: "127.0.107.195" port: 36765 } health_report { overall_health: UNKNOWN } } }
I20260608 12:39:37.820315  3613 tablet_bootstrap.cc:654] T b66aea1a6124444ea2f3746cff97fe77 P 27367bf9cb784fda861a59ec6f091bda: Neither blocks nor log segments found. Creating new log.
I20260608 12:39:37.811655  3612 raft_consensus.cc:385] T edad7c800fe042c1a1cdaf060951243d P cb24b85394554e99aa003c2a649619a8 [term 0 FOLLOWER]: Consensus starting up: Expiring failure detector timer to make a prompt election more likely
I20260608 12:39:37.820923  3612 raft_consensus.cc:740] T edad7c800fe042c1a1cdaf060951243d P cb24b85394554e99aa003c2a649619a8 [term 0 FOLLOWER]: Becoming Follower/Learner. State: Replica: cb24b85394554e99aa003c2a649619a8, State: Initialized, Role: FOLLOWER
I20260608 12:39:37.822086  3616 tablet_bootstrap.cc:654] T 755d10f26d824b149356506af33300a9 P 272c44b7ac1b4e75afd81694c208cb9d: Neither blocks nor log segments found. Creating new log.
I20260608 12:39:37.814653  3312 catalog_manager.cc:5696] T 36a4dac6efd34a6485846cbe12580ac6 P cb24b85394554e99aa003c2a649619a8 reported cstate change: term changed from 0 to 1, leader changed from <none> to cb24b85394554e99aa003c2a649619a8 (127.0.107.194). New cstate: current_term: 1 leader_uuid: "cb24b85394554e99aa003c2a649619a8" committed_config { opid_index: -1 OBSOLETE_local: false peers { permanent_uuid: "27367bf9cb784fda861a59ec6f091bda" member_type: VOTER last_known_addr { host: "127.0.107.193" port: 40493 } health_report { overall_health: UNKNOWN } } peers { permanent_uuid: "cb24b85394554e99aa003c2a649619a8" member_type: VOTER last_known_addr { host: "127.0.107.194" port: 34937 } health_report { overall_health: HEALTHY } } peers { permanent_uuid: "272c44b7ac1b4e75afd81694c208cb9d" member_type: VOTER last_known_addr { host: "127.0.107.195" port: 36765 } health_report { overall_health: UNKNOWN } } }
I20260608 12:39:37.823268  3612 consensus_queue.cc:260] T edad7c800fe042c1a1cdaf060951243d P cb24b85394554e99aa003c2a649619a8 [NON_LEADER]: Queue going to NON_LEADER mode. State: All replicated index: 0, Majority replicated index: 0, Committed index: 0, Last appended: 0.0, Last appended by leader: 0, Current term: 0, Majority size: -1, State: 0, Mode: NON_LEADER, active raft config: opid_index: -1 OBSOLETE_local: false peers { permanent_uuid: "27367bf9cb784fda861a59ec6f091bda" member_type: VOTER last_known_addr { host: "127.0.107.193" port: 40493 } } peers { permanent_uuid: "cb24b85394554e99aa003c2a649619a8" member_type: VOTER last_known_addr { host: "127.0.107.194" port: 34937 } } peers { permanent_uuid: "272c44b7ac1b4e75afd81694c208cb9d" member_type: VOTER last_known_addr { host: "127.0.107.195" port: 36765 } }
I20260608 12:39:37.824648  3622 raft_consensus.cc:493] T c6f842132d1d4021b62453462772ac35 P 272c44b7ac1b4e75afd81694c208cb9d [term 0 FOLLOWER]: Starting pre-election (no leader contacted us within the election timeout)
I20260608 12:39:37.825243  3612 ts_tablet_manager.cc:1434] T edad7c800fe042c1a1cdaf060951243d P cb24b85394554e99aa003c2a649619a8: Time spent starting tablet: real 0.033s	user 0.006s	sys 0.000s
I20260608 12:39:37.825330  3622 raft_consensus.cc:515] T c6f842132d1d4021b62453462772ac35 P 272c44b7ac1b4e75afd81694c208cb9d [term 0 FOLLOWER]: Starting pre-election with config: opid_index: -1 OBSOLETE_local: false peers { permanent_uuid: "27367bf9cb784fda861a59ec6f091bda" member_type: VOTER last_known_addr { host: "127.0.107.193" port: 40493 } } peers { permanent_uuid: "cb24b85394554e99aa003c2a649619a8" member_type: VOTER last_known_addr { host: "127.0.107.194" port: 34937 } } peers { permanent_uuid: "272c44b7ac1b4e75afd81694c208cb9d" member_type: VOTER last_known_addr { host: "127.0.107.195" port: 36765 } }
I20260608 12:39:37.826243  3612 tablet_bootstrap.cc:492] T 2162b212daff4a2996d46284440cab86 P cb24b85394554e99aa003c2a649619a8: Bootstrap starting.
I20260608 12:39:37.828555  3622 leader_election.cc:290] T c6f842132d1d4021b62453462772ac35 P 272c44b7ac1b4e75afd81694c208cb9d [CANDIDATE]: Term 1 pre-election: Requested pre-vote from peers 27367bf9cb784fda861a59ec6f091bda (127.0.107.193:40493), cb24b85394554e99aa003c2a649619a8 (127.0.107.194:34937)
I20260608 12:39:37.829259  3418 tablet_service.cc:1917] Received RequestConsensusVote() RPC: tablet_id: "c6f842132d1d4021b62453462772ac35" candidate_uuid: "272c44b7ac1b4e75afd81694c208cb9d" candidate_term: 1 candidate_status { last_received { term: 0 index: 0 } } ignore_live_leader: false dest_uuid: "27367bf9cb784fda861a59ec6f091bda" is_pre_election: true
I20260608 12:39:37.829986  3418 raft_consensus.cc:2468] T c6f842132d1d4021b62453462772ac35 P 27367bf9cb784fda861a59ec6f091bda [term 0 FOLLOWER]: Leader pre-election vote request: Granting yes vote for candidate 272c44b7ac1b4e75afd81694c208cb9d in term 0.
I20260608 12:39:37.831960  3533 leader_election.cc:304] T c6f842132d1d4021b62453462772ac35 P 272c44b7ac1b4e75afd81694c208cb9d [CANDIDATE]: Term 1 pre-election: Election decided. Result: candidate won. Election summary: received 2 responses out of 3 voters: 2 yes votes; 0 no votes. yes voters: 272c44b7ac1b4e75afd81694c208cb9d, 27367bf9cb784fda861a59ec6f091bda; no voters: 
I20260608 12:39:37.832451  3491 tablet_service.cc:1917] Received RequestConsensusVote() RPC: tablet_id: "c6f842132d1d4021b62453462772ac35" candidate_uuid: "272c44b7ac1b4e75afd81694c208cb9d" candidate_term: 1 candidate_status { last_received { term: 0 index: 0 } } ignore_live_leader: false dest_uuid: "cb24b85394554e99aa003c2a649619a8" is_pre_election: true
I20260608 12:39:37.833026  3622 raft_consensus.cc:2804] T c6f842132d1d4021b62453462772ac35 P 272c44b7ac1b4e75afd81694c208cb9d [term 0 FOLLOWER]: Leader pre-election won for term 1
I20260608 12:39:37.833127  3491 raft_consensus.cc:2468] T c6f842132d1d4021b62453462772ac35 P cb24b85394554e99aa003c2a649619a8 [term 0 FOLLOWER]: Leader pre-election vote request: Granting yes vote for candidate 272c44b7ac1b4e75afd81694c208cb9d in term 0.
I20260608 12:39:37.833586  3622 raft_consensus.cc:493] T c6f842132d1d4021b62453462772ac35 P 272c44b7ac1b4e75afd81694c208cb9d [term 0 FOLLOWER]: Starting leader election (no leader contacted us within the election timeout)
I20260608 12:39:37.834023  3622 raft_consensus.cc:3060] T c6f842132d1d4021b62453462772ac35 P 272c44b7ac1b4e75afd81694c208cb9d [term 0 FOLLOWER]: Advancing to term 1
I20260608 12:39:37.836910  3612 tablet_bootstrap.cc:654] T 2162b212daff4a2996d46284440cab86 P cb24b85394554e99aa003c2a649619a8: Neither blocks nor log segments found. Creating new log.
I20260608 12:39:37.840804  3613 tablet_bootstrap.cc:492] T b66aea1a6124444ea2f3746cff97fe77 P 27367bf9cb784fda861a59ec6f091bda: No bootstrap required, opened a new log
I20260608 12:39:37.841338  3613 ts_tablet_manager.cc:1403] T b66aea1a6124444ea2f3746cff97fe77 P 27367bf9cb784fda861a59ec6f091bda: Time spent bootstrapping tablet: real 0.029s	user 0.016s	sys 0.000s
I20260608 12:39:37.844681  3613 raft_consensus.cc:359] T b66aea1a6124444ea2f3746cff97fe77 P 27367bf9cb784fda861a59ec6f091bda [term 0 FOLLOWER]: Replica starting. Triggering 0 pending ops. Active config: opid_index: -1 OBSOLETE_local: false peers { permanent_uuid: "cb24b85394554e99aa003c2a649619a8" member_type: VOTER last_known_addr { host: "127.0.107.194" port: 34937 } } peers { permanent_uuid: "27367bf9cb784fda861a59ec6f091bda" member_type: VOTER last_known_addr { host: "127.0.107.193" port: 40493 } } peers { permanent_uuid: "272c44b7ac1b4e75afd81694c208cb9d" member_type: VOTER last_known_addr { host: "127.0.107.195" port: 36765 } }
I20260608 12:39:37.845516  3613 raft_consensus.cc:385] T b66aea1a6124444ea2f3746cff97fe77 P 27367bf9cb784fda861a59ec6f091bda [term 0 FOLLOWER]: Consensus starting up: Expiring failure detector timer to make a prompt election more likely
I20260608 12:39:37.845855  3613 raft_consensus.cc:740] T b66aea1a6124444ea2f3746cff97fe77 P 27367bf9cb784fda861a59ec6f091bda [term 0 FOLLOWER]: Becoming Follower/Learner. State: Replica: 27367bf9cb784fda861a59ec6f091bda, State: Initialized, Role: FOLLOWER
I20260608 12:39:37.845201  3622 raft_consensus.cc:515] T c6f842132d1d4021b62453462772ac35 P 272c44b7ac1b4e75afd81694c208cb9d [term 1 FOLLOWER]: Starting leader election with config: opid_index: -1 OBSOLETE_local: false peers { permanent_uuid: "27367bf9cb784fda861a59ec6f091bda" member_type: VOTER last_known_addr { host: "127.0.107.193" port: 40493 } } peers { permanent_uuid: "cb24b85394554e99aa003c2a649619a8" member_type: VOTER last_known_addr { host: "127.0.107.194" port: 34937 } } peers { permanent_uuid: "272c44b7ac1b4e75afd81694c208cb9d" member_type: VOTER last_known_addr { host: "127.0.107.195" port: 36765 } }
I20260608 12:39:37.846987  3613 consensus_queue.cc:260] T b66aea1a6124444ea2f3746cff97fe77 P 27367bf9cb784fda861a59ec6f091bda [NON_LEADER]: Queue going to NON_LEADER mode. State: All replicated index: 0, Majority replicated index: 0, Committed index: 0, Last appended: 0.0, Last appended by leader: 0, Current term: 0, Majority size: -1, State: 0, Mode: NON_LEADER, active raft config: opid_index: -1 OBSOLETE_local: false peers { permanent_uuid: "cb24b85394554e99aa003c2a649619a8" member_type: VOTER last_known_addr { host: "127.0.107.194" port: 34937 } } peers { permanent_uuid: "27367bf9cb784fda861a59ec6f091bda" member_type: VOTER last_known_addr { host: "127.0.107.193" port: 40493 } } peers { permanent_uuid: "272c44b7ac1b4e75afd81694c208cb9d" member_type: VOTER last_known_addr { host: "127.0.107.195" port: 36765 } }
I20260608 12:39:37.848336  3622 leader_election.cc:290] T c6f842132d1d4021b62453462772ac35 P 272c44b7ac1b4e75afd81694c208cb9d [CANDIDATE]: Term 1 election: Requested vote from peers 27367bf9cb784fda861a59ec6f091bda (127.0.107.193:40493), cb24b85394554e99aa003c2a649619a8 (127.0.107.194:34937)
I20260608 12:39:37.849509  3418 tablet_service.cc:1917] Received RequestConsensusVote() RPC: tablet_id: "c6f842132d1d4021b62453462772ac35" candidate_uuid: "272c44b7ac1b4e75afd81694c208cb9d" candidate_term: 1 candidate_status { last_received { term: 0 index: 0 } } ignore_live_leader: false dest_uuid: "27367bf9cb784fda861a59ec6f091bda"
I20260608 12:39:37.850006  3491 tablet_service.cc:1917] Received RequestConsensusVote() RPC: tablet_id: "c6f842132d1d4021b62453462772ac35" candidate_uuid: "272c44b7ac1b4e75afd81694c208cb9d" candidate_term: 1 candidate_status { last_received { term: 0 index: 0 } } ignore_live_leader: false dest_uuid: "cb24b85394554e99aa003c2a649619a8"
I20260608 12:39:37.850106  3613 ts_tablet_manager.cc:1434] T b66aea1a6124444ea2f3746cff97fe77 P 27367bf9cb784fda861a59ec6f091bda: Time spent starting tablet: real 0.008s	user 0.008s	sys 0.001s
I20260608 12:39:37.850112  3418 raft_consensus.cc:3060] T c6f842132d1d4021b62453462772ac35 P 27367bf9cb784fda861a59ec6f091bda [term 0 FOLLOWER]: Advancing to term 1
I20260608 12:39:37.850608  3491 raft_consensus.cc:3060] T c6f842132d1d4021b62453462772ac35 P cb24b85394554e99aa003c2a649619a8 [term 0 FOLLOWER]: Advancing to term 1
I20260608 12:39:37.852033  3613 tablet_bootstrap.cc:492] T 755d10f26d824b149356506af33300a9 P 27367bf9cb784fda861a59ec6f091bda: Bootstrap starting.
I20260608 12:39:37.857926  3418 raft_consensus.cc:2468] T c6f842132d1d4021b62453462772ac35 P 27367bf9cb784fda861a59ec6f091bda [term 1 FOLLOWER]: Leader election vote request: Granting yes vote for candidate 272c44b7ac1b4e75afd81694c208cb9d in term 1.
I20260608 12:39:37.857926  3491 raft_consensus.cc:2468] T c6f842132d1d4021b62453462772ac35 P cb24b85394554e99aa003c2a649619a8 [term 1 FOLLOWER]: Leader election vote request: Granting yes vote for candidate 272c44b7ac1b4e75afd81694c208cb9d in term 1.
I20260608 12:39:37.860129  3533 leader_election.cc:304] T c6f842132d1d4021b62453462772ac35 P 272c44b7ac1b4e75afd81694c208cb9d [CANDIDATE]: Term 1 election: Election decided. Result: candidate won. Election summary: received 2 responses out of 3 voters: 2 yes votes; 0 no votes. yes voters: 272c44b7ac1b4e75afd81694c208cb9d, cb24b85394554e99aa003c2a649619a8; no voters: 
I20260608 12:39:37.861110  3613 tablet_bootstrap.cc:654] T 755d10f26d824b149356506af33300a9 P 27367bf9cb784fda861a59ec6f091bda: Neither blocks nor log segments found. Creating new log.
I20260608 12:39:37.860994  3622 raft_consensus.cc:2804] T c6f842132d1d4021b62453462772ac35 P 272c44b7ac1b4e75afd81694c208cb9d [term 1 FOLLOWER]: Leader election won for term 1
I20260608 12:39:37.861626  3622 raft_consensus.cc:697] T c6f842132d1d4021b62453462772ac35 P 272c44b7ac1b4e75afd81694c208cb9d [term 1 LEADER]: Becoming Leader. State: Replica: 272c44b7ac1b4e75afd81694c208cb9d, State: Running, Role: LEADER
I20260608 12:39:37.862558  3622 consensus_queue.cc:237] T c6f842132d1d4021b62453462772ac35 P 272c44b7ac1b4e75afd81694c208cb9d [LEADER]: Queue going to LEADER mode. State: All replicated index: 0, Majority replicated index: 0, Committed index: 0, Last appended: 0.0, Last appended by leader: 0, Current term: 1, Majority size: 2, State: 0, Mode: LEADER, active raft config: opid_index: -1 OBSOLETE_local: false peers { permanent_uuid: "27367bf9cb784fda861a59ec6f091bda" member_type: VOTER last_known_addr { host: "127.0.107.193" port: 40493 } } peers { permanent_uuid: "cb24b85394554e99aa003c2a649619a8" member_type: VOTER last_known_addr { host: "127.0.107.194" port: 34937 } } peers { permanent_uuid: "272c44b7ac1b4e75afd81694c208cb9d" member_type: VOTER last_known_addr { host: "127.0.107.195" port: 36765 } }
I20260608 12:39:37.863476  3612 tablet_bootstrap.cc:492] T 2162b212daff4a2996d46284440cab86 P cb24b85394554e99aa003c2a649619a8: No bootstrap required, opened a new log
I20260608 12:39:37.864167  3612 ts_tablet_manager.cc:1403] T 2162b212daff4a2996d46284440cab86 P cb24b85394554e99aa003c2a649619a8: Time spent bootstrapping tablet: real 0.038s	user 0.014s	sys 0.005s
I20260608 12:39:37.870365  3616 tablet_bootstrap.cc:492] T 755d10f26d824b149356506af33300a9 P 272c44b7ac1b4e75afd81694c208cb9d: No bootstrap required, opened a new log
I20260608 12:39:37.870316  3612 raft_consensus.cc:359] T 2162b212daff4a2996d46284440cab86 P cb24b85394554e99aa003c2a649619a8 [term 0 FOLLOWER]: Replica starting. Triggering 0 pending ops. Active config: opid_index: -1 OBSOLETE_local: false peers { permanent_uuid: "27367bf9cb784fda861a59ec6f091bda" member_type: VOTER last_known_addr { host: "127.0.107.193" port: 40493 } } peers { permanent_uuid: "cb24b85394554e99aa003c2a649619a8" member_type: VOTER last_known_addr { host: "127.0.107.194" port: 34937 } } peers { permanent_uuid: "272c44b7ac1b4e75afd81694c208cb9d" member_type: VOTER last_known_addr { host: "127.0.107.195" port: 36765 } }
I20260608 12:39:37.871182  3616 ts_tablet_manager.cc:1403] T 755d10f26d824b149356506af33300a9 P 272c44b7ac1b4e75afd81694c208cb9d: Time spent bootstrapping tablet: real 0.072s	user 0.016s	sys 0.013s
I20260608 12:39:37.871328  3612 raft_consensus.cc:385] T 2162b212daff4a2996d46284440cab86 P cb24b85394554e99aa003c2a649619a8 [term 0 FOLLOWER]: Consensus starting up: Expiring failure detector timer to make a prompt election more likely
I20260608 12:39:37.871496  3613 tablet_bootstrap.cc:492] T 755d10f26d824b149356506af33300a9 P 27367bf9cb784fda861a59ec6f091bda: No bootstrap required, opened a new log
I20260608 12:39:37.871732  3612 raft_consensus.cc:740] T 2162b212daff4a2996d46284440cab86 P cb24b85394554e99aa003c2a649619a8 [term 0 FOLLOWER]: Becoming Follower/Learner. State: Replica: cb24b85394554e99aa003c2a649619a8, State: Initialized, Role: FOLLOWER
I20260608 12:39:37.872079  3613 ts_tablet_manager.cc:1403] T 755d10f26d824b149356506af33300a9 P 27367bf9cb784fda861a59ec6f091bda: Time spent bootstrapping tablet: real 0.020s	user 0.017s	sys 0.001s
I20260608 12:39:37.872735  3612 consensus_queue.cc:260] T 2162b212daff4a2996d46284440cab86 P cb24b85394554e99aa003c2a649619a8 [NON_LEADER]: Queue going to NON_LEADER mode. State: All replicated index: 0, Majority replicated index: 0, Committed index: 0, Last appended: 0.0, Last appended by leader: 0, Current term: 0, Majority size: -1, State: 0, Mode: NON_LEADER, active raft config: opid_index: -1 OBSOLETE_local: false peers { permanent_uuid: "27367bf9cb784fda861a59ec6f091bda" member_type: VOTER last_known_addr { host: "127.0.107.193" port: 40493 } } peers { permanent_uuid: "cb24b85394554e99aa003c2a649619a8" member_type: VOTER last_known_addr { host: "127.0.107.194" port: 34937 } } peers { permanent_uuid: "272c44b7ac1b4e75afd81694c208cb9d" member_type: VOTER last_known_addr { host: "127.0.107.195" port: 36765 } }
I20260608 12:39:37.874320  3616 raft_consensus.cc:359] T 755d10f26d824b149356506af33300a9 P 272c44b7ac1b4e75afd81694c208cb9d [term 0 FOLLOWER]: Replica starting. Triggering 0 pending ops. Active config: opid_index: -1 OBSOLETE_local: false peers { permanent_uuid: "27367bf9cb784fda861a59ec6f091bda" member_type: VOTER last_known_addr { host: "127.0.107.193" port: 40493 } } peers { permanent_uuid: "cb24b85394554e99aa003c2a649619a8" member_type: VOTER last_known_addr { host: "127.0.107.194" port: 34937 } } peers { permanent_uuid: "272c44b7ac1b4e75afd81694c208cb9d" member_type: VOTER last_known_addr { host: "127.0.107.195" port: 36765 } }
I20260608 12:39:37.875126  3616 raft_consensus.cc:385] T 755d10f26d824b149356506af33300a9 P 272c44b7ac1b4e75afd81694c208cb9d [term 0 FOLLOWER]: Consensus starting up: Expiring failure detector timer to make a prompt election more likely
I20260608 12:39:37.875409  3612 ts_tablet_manager.cc:1434] T 2162b212daff4a2996d46284440cab86 P cb24b85394554e99aa003c2a649619a8: Time spent starting tablet: real 0.011s	user 0.010s	sys 0.000s
I20260608 12:39:37.875444  3616 raft_consensus.cc:740] T 755d10f26d824b149356506af33300a9 P 272c44b7ac1b4e75afd81694c208cb9d [term 0 FOLLOWER]: Becoming Follower/Learner. State: Replica: 272c44b7ac1b4e75afd81694c208cb9d, State: Initialized, Role: FOLLOWER
I20260608 12:39:37.875240  3613 raft_consensus.cc:359] T 755d10f26d824b149356506af33300a9 P 27367bf9cb784fda861a59ec6f091bda [term 0 FOLLOWER]: Replica starting. Triggering 0 pending ops. Active config: opid_index: -1 OBSOLETE_local: false peers { permanent_uuid: "27367bf9cb784fda861a59ec6f091bda" member_type: VOTER last_known_addr { host: "127.0.107.193" port: 40493 } } peers { permanent_uuid: "cb24b85394554e99aa003c2a649619a8" member_type: VOTER last_known_addr { host: "127.0.107.194" port: 34937 } } peers { permanent_uuid: "272c44b7ac1b4e75afd81694c208cb9d" member_type: VOTER last_known_addr { host: "127.0.107.195" port: 36765 } }
I20260608 12:39:37.876448  3613 raft_consensus.cc:385] T 755d10f26d824b149356506af33300a9 P 27367bf9cb784fda861a59ec6f091bda [term 0 FOLLOWER]: Consensus starting up: Expiring failure detector timer to make a prompt election more likely
I20260608 12:39:37.876955  3612 tablet_bootstrap.cc:492] T 755d10f26d824b149356506af33300a9 P cb24b85394554e99aa003c2a649619a8: Bootstrap starting.
I20260608 12:39:37.876484  3616 consensus_queue.cc:260] T 755d10f26d824b149356506af33300a9 P 272c44b7ac1b4e75afd81694c208cb9d [NON_LEADER]: Queue going to NON_LEADER mode. State: All replicated index: 0, Majority replicated index: 0, Committed index: 0, Last appended: 0.0, Last appended by leader: 0, Current term: 0, Majority size: -1, State: 0, Mode: NON_LEADER, active raft config: opid_index: -1 OBSOLETE_local: false peers { permanent_uuid: "27367bf9cb784fda861a59ec6f091bda" member_type: VOTER last_known_addr { host: "127.0.107.193" port: 40493 } } peers { permanent_uuid: "cb24b85394554e99aa003c2a649619a8" member_type: VOTER last_known_addr { host: "127.0.107.194" port: 34937 } } peers { permanent_uuid: "272c44b7ac1b4e75afd81694c208cb9d" member_type: VOTER last_known_addr { host: "127.0.107.195" port: 36765 } }
I20260608 12:39:37.879086  3616 ts_tablet_manager.cc:1434] T 755d10f26d824b149356506af33300a9 P 272c44b7ac1b4e75afd81694c208cb9d: Time spent starting tablet: real 0.008s	user 0.008s	sys 0.000s
I20260608 12:39:37.876896  3613 raft_consensus.cc:740] T 755d10f26d824b149356506af33300a9 P 27367bf9cb784fda861a59ec6f091bda [term 0 FOLLOWER]: Becoming Follower/Learner. State: Replica: 27367bf9cb784fda861a59ec6f091bda, State: Initialized, Role: FOLLOWER
I20260608 12:39:37.880339  3613 consensus_queue.cc:260] T 755d10f26d824b149356506af33300a9 P 27367bf9cb784fda861a59ec6f091bda [NON_LEADER]: Queue going to NON_LEADER mode. State: All replicated index: 0, Majority replicated index: 0, Committed index: 0, Last appended: 0.0, Last appended by leader: 0, Current term: 0, Majority size: -1, State: 0, Mode: NON_LEADER, active raft config: opid_index: -1 OBSOLETE_local: false peers { permanent_uuid: "27367bf9cb784fda861a59ec6f091bda" member_type: VOTER last_known_addr { host: "127.0.107.193" port: 40493 } } peers { permanent_uuid: "cb24b85394554e99aa003c2a649619a8" member_type: VOTER last_known_addr { host: "127.0.107.194" port: 34937 } } peers { permanent_uuid: "272c44b7ac1b4e75afd81694c208cb9d" member_type: VOTER last_known_addr { host: "127.0.107.195" port: 36765 } }
I20260608 12:39:37.882512  3613 ts_tablet_manager.cc:1434] T 755d10f26d824b149356506af33300a9 P 27367bf9cb784fda861a59ec6f091bda: Time spent starting tablet: real 0.010s	user 0.007s	sys 0.000s
I20260608 12:39:37.884542  3612 tablet_bootstrap.cc:654] T 755d10f26d824b149356506af33300a9 P cb24b85394554e99aa003c2a649619a8: Neither blocks nor log segments found. Creating new log.
I20260608 12:39:37.887302  3316 catalog_manager.cc:5696] T c6f842132d1d4021b62453462772ac35 P 272c44b7ac1b4e75afd81694c208cb9d reported cstate change: term changed from 0 to 1, leader changed from <none> to 272c44b7ac1b4e75afd81694c208cb9d (127.0.107.195). New cstate: current_term: 1 leader_uuid: "272c44b7ac1b4e75afd81694c208cb9d" committed_config { opid_index: -1 OBSOLETE_local: false peers { permanent_uuid: "27367bf9cb784fda861a59ec6f091bda" member_type: VOTER last_known_addr { host: "127.0.107.193" port: 40493 } health_report { overall_health: UNKNOWN } } peers { permanent_uuid: "cb24b85394554e99aa003c2a649619a8" member_type: VOTER last_known_addr { host: "127.0.107.194" port: 34937 } health_report { overall_health: UNKNOWN } } peers { permanent_uuid: "272c44b7ac1b4e75afd81694c208cb9d" member_type: VOTER last_known_addr { host: "127.0.107.195" port: 36765 } health_report { overall_health: HEALTHY } } }
I20260608 12:39:37.898084  3612 tablet_bootstrap.cc:492] T 755d10f26d824b149356506af33300a9 P cb24b85394554e99aa003c2a649619a8: No bootstrap required, opened a new log
I20260608 12:39:37.898597  3612 ts_tablet_manager.cc:1403] T 755d10f26d824b149356506af33300a9 P cb24b85394554e99aa003c2a649619a8: Time spent bootstrapping tablet: real 0.022s	user 0.013s	sys 0.005s
I20260608 12:39:37.901526  3612 raft_consensus.cc:359] T 755d10f26d824b149356506af33300a9 P cb24b85394554e99aa003c2a649619a8 [term 0 FOLLOWER]: Replica starting. Triggering 0 pending ops. Active config: opid_index: -1 OBSOLETE_local: false peers { permanent_uuid: "27367bf9cb784fda861a59ec6f091bda" member_type: VOTER last_known_addr { host: "127.0.107.193" port: 40493 } } peers { permanent_uuid: "cb24b85394554e99aa003c2a649619a8" member_type: VOTER last_known_addr { host: "127.0.107.194" port: 34937 } } peers { permanent_uuid: "272c44b7ac1b4e75afd81694c208cb9d" member_type: VOTER last_known_addr { host: "127.0.107.195" port: 36765 } }
I20260608 12:39:37.902223  3612 raft_consensus.cc:385] T 755d10f26d824b149356506af33300a9 P cb24b85394554e99aa003c2a649619a8 [term 0 FOLLOWER]: Consensus starting up: Expiring failure detector timer to make a prompt election more likely
I20260608 12:39:37.902541  3612 raft_consensus.cc:740] T 755d10f26d824b149356506af33300a9 P cb24b85394554e99aa003c2a649619a8 [term 0 FOLLOWER]: Becoming Follower/Learner. State: Replica: cb24b85394554e99aa003c2a649619a8, State: Initialized, Role: FOLLOWER
I20260608 12:39:37.903347  3612 consensus_queue.cc:260] T 755d10f26d824b149356506af33300a9 P cb24b85394554e99aa003c2a649619a8 [NON_LEADER]: Queue going to NON_LEADER mode. State: All replicated index: 0, Majority replicated index: 0, Committed index: 0, Last appended: 0.0, Last appended by leader: 0, Current term: 0, Majority size: -1, State: 0, Mode: NON_LEADER, active raft config: opid_index: -1 OBSOLETE_local: false peers { permanent_uuid: "27367bf9cb784fda861a59ec6f091bda" member_type: VOTER last_known_addr { host: "127.0.107.193" port: 40493 } } peers { permanent_uuid: "cb24b85394554e99aa003c2a649619a8" member_type: VOTER last_known_addr { host: "127.0.107.194" port: 34937 } } peers { permanent_uuid: "272c44b7ac1b4e75afd81694c208cb9d" member_type: VOTER last_known_addr { host: "127.0.107.195" port: 36765 } }
I20260608 12:39:37.905491  3612 ts_tablet_manager.cc:1434] T 755d10f26d824b149356506af33300a9 P cb24b85394554e99aa003c2a649619a8: Time spent starting tablet: real 0.007s	user 0.004s	sys 0.000s
I20260608 12:39:37.904785  3315 catalog_manager.cc:5696] T 9fff00243e624d7ead69aa9a3926f9bc P 27367bf9cb784fda861a59ec6f091bda reported cstate change: term changed from 0 to 1, leader changed from <none> to 27367bf9cb784fda861a59ec6f091bda (127.0.107.193). New cstate: current_term: 1 leader_uuid: "27367bf9cb784fda861a59ec6f091bda" committed_config { opid_index: -1 OBSOLETE_local: false peers { permanent_uuid: "27367bf9cb784fda861a59ec6f091bda" member_type: VOTER last_known_addr { host: "127.0.107.193" port: 40493 } health_report { overall_health: HEALTHY } } peers { permanent_uuid: "cb24b85394554e99aa003c2a649619a8" member_type: VOTER last_known_addr { host: "127.0.107.194" port: 34937 } health_report { overall_health: UNKNOWN } } peers { permanent_uuid: "272c44b7ac1b4e75afd81694c208cb9d" member_type: VOTER last_known_addr { host: "127.0.107.195" port: 36765 } health_report { overall_health: UNKNOWN } } }
I20260608 12:39:37.915514  3622 raft_consensus.cc:493] T edad7c800fe042c1a1cdaf060951243d P 272c44b7ac1b4e75afd81694c208cb9d [term 0 FOLLOWER]: Starting pre-election (no leader contacted us within the election timeout)
I20260608 12:39:37.916070  3622 raft_consensus.cc:515] T edad7c800fe042c1a1cdaf060951243d P 272c44b7ac1b4e75afd81694c208cb9d [term 0 FOLLOWER]: Starting pre-election with config: opid_index: -1 OBSOLETE_local: false peers { permanent_uuid: "27367bf9cb784fda861a59ec6f091bda" member_type: VOTER last_known_addr { host: "127.0.107.193" port: 40493 } } peers { permanent_uuid: "cb24b85394554e99aa003c2a649619a8" member_type: VOTER last_known_addr { host: "127.0.107.194" port: 34937 } } peers { permanent_uuid: "272c44b7ac1b4e75afd81694c208cb9d" member_type: VOTER last_known_addr { host: "127.0.107.195" port: 36765 } }
I20260608 12:39:37.918140  3622 leader_election.cc:290] T edad7c800fe042c1a1cdaf060951243d P 272c44b7ac1b4e75afd81694c208cb9d [CANDIDATE]: Term 1 pre-election: Requested pre-vote from peers 27367bf9cb784fda861a59ec6f091bda (127.0.107.193:40493), cb24b85394554e99aa003c2a649619a8 (127.0.107.194:34937)
I20260608 12:39:37.919555  3418 tablet_service.cc:1917] Received RequestConsensusVote() RPC: tablet_id: "edad7c800fe042c1a1cdaf060951243d" candidate_uuid: "272c44b7ac1b4e75afd81694c208cb9d" candidate_term: 1 candidate_status { last_received { term: 0 index: 0 } } ignore_live_leader: false dest_uuid: "27367bf9cb784fda861a59ec6f091bda" is_pre_election: true
I20260608 12:39:37.919608  3491 tablet_service.cc:1917] Received RequestConsensusVote() RPC: tablet_id: "edad7c800fe042c1a1cdaf060951243d" candidate_uuid: "272c44b7ac1b4e75afd81694c208cb9d" candidate_term: 1 candidate_status { last_received { term: 0 index: 0 } } ignore_live_leader: false dest_uuid: "cb24b85394554e99aa003c2a649619a8" is_pre_election: true
I20260608 12:39:37.920148  3418 raft_consensus.cc:2468] T edad7c800fe042c1a1cdaf060951243d P 27367bf9cb784fda861a59ec6f091bda [term 0 FOLLOWER]: Leader pre-election vote request: Granting yes vote for candidate 272c44b7ac1b4e75afd81694c208cb9d in term 0.
I20260608 12:39:37.920187  3491 raft_consensus.cc:2468] T edad7c800fe042c1a1cdaf060951243d P cb24b85394554e99aa003c2a649619a8 [term 0 FOLLOWER]: Leader pre-election vote request: Granting yes vote for candidate 272c44b7ac1b4e75afd81694c208cb9d in term 0.
I20260608 12:39:37.921505  3533 leader_election.cc:304] T edad7c800fe042c1a1cdaf060951243d P 272c44b7ac1b4e75afd81694c208cb9d [CANDIDATE]: Term 1 pre-election: Election decided. Result: candidate won. Election summary: received 2 responses out of 3 voters: 2 yes votes; 0 no votes. yes voters: 272c44b7ac1b4e75afd81694c208cb9d, cb24b85394554e99aa003c2a649619a8; no voters: 
I20260608 12:39:37.922238  3622 raft_consensus.cc:2804] T edad7c800fe042c1a1cdaf060951243d P 272c44b7ac1b4e75afd81694c208cb9d [term 0 FOLLOWER]: Leader pre-election won for term 1
I20260608 12:39:37.922622  3622 raft_consensus.cc:493] T edad7c800fe042c1a1cdaf060951243d P 272c44b7ac1b4e75afd81694c208cb9d [term 0 FOLLOWER]: Starting leader election (no leader contacted us within the election timeout)
I20260608 12:39:37.922987  3622 raft_consensus.cc:3060] T edad7c800fe042c1a1cdaf060951243d P 272c44b7ac1b4e75afd81694c208cb9d [term 0 FOLLOWER]: Advancing to term 1
I20260608 12:39:37.927872  3622 raft_consensus.cc:515] T edad7c800fe042c1a1cdaf060951243d P 272c44b7ac1b4e75afd81694c208cb9d [term 1 FOLLOWER]: Starting leader election with config: opid_index: -1 OBSOLETE_local: false peers { permanent_uuid: "27367bf9cb784fda861a59ec6f091bda" member_type: VOTER last_known_addr { host: "127.0.107.193" port: 40493 } } peers { permanent_uuid: "cb24b85394554e99aa003c2a649619a8" member_type: VOTER last_known_addr { host: "127.0.107.194" port: 34937 } } peers { permanent_uuid: "272c44b7ac1b4e75afd81694c208cb9d" member_type: VOTER last_known_addr { host: "127.0.107.195" port: 36765 } }
I20260608 12:39:37.929704  3622 leader_election.cc:290] T edad7c800fe042c1a1cdaf060951243d P 272c44b7ac1b4e75afd81694c208cb9d [CANDIDATE]: Term 1 election: Requested vote from peers 27367bf9cb784fda861a59ec6f091bda (127.0.107.193:40493), cb24b85394554e99aa003c2a649619a8 (127.0.107.194:34937)
I20260608 12:39:37.930677  3418 tablet_service.cc:1917] Received RequestConsensusVote() RPC: tablet_id: "edad7c800fe042c1a1cdaf060951243d" candidate_uuid: "272c44b7ac1b4e75afd81694c208cb9d" candidate_term: 1 candidate_status { last_received { term: 0 index: 0 } } ignore_live_leader: false dest_uuid: "27367bf9cb784fda861a59ec6f091bda"
I20260608 12:39:37.931288  3418 raft_consensus.cc:3060] T edad7c800fe042c1a1cdaf060951243d P 27367bf9cb784fda861a59ec6f091bda [term 0 FOLLOWER]: Advancing to term 1
I20260608 12:39:37.931134  3491 tablet_service.cc:1917] Received RequestConsensusVote() RPC: tablet_id: "edad7c800fe042c1a1cdaf060951243d" candidate_uuid: "272c44b7ac1b4e75afd81694c208cb9d" candidate_term: 1 candidate_status { last_received { term: 0 index: 0 } } ignore_live_leader: false dest_uuid: "cb24b85394554e99aa003c2a649619a8"
I20260608 12:39:37.931959  3491 raft_consensus.cc:3060] T edad7c800fe042c1a1cdaf060951243d P cb24b85394554e99aa003c2a649619a8 [term 0 FOLLOWER]: Advancing to term 1
I20260608 12:39:37.936094  3418 raft_consensus.cc:2468] T edad7c800fe042c1a1cdaf060951243d P 27367bf9cb784fda861a59ec6f091bda [term 1 FOLLOWER]: Leader election vote request: Granting yes vote for candidate 272c44b7ac1b4e75afd81694c208cb9d in term 1.
I20260608 12:39:37.936851  3491 raft_consensus.cc:2468] T edad7c800fe042c1a1cdaf060951243d P cb24b85394554e99aa003c2a649619a8 [term 1 FOLLOWER]: Leader election vote request: Granting yes vote for candidate 272c44b7ac1b4e75afd81694c208cb9d in term 1.
I20260608 12:39:37.937307  3533 leader_election.cc:304] T edad7c800fe042c1a1cdaf060951243d P 272c44b7ac1b4e75afd81694c208cb9d [CANDIDATE]: Term 1 election: Election decided. Result: candidate won. Election summary: received 2 responses out of 3 voters: 2 yes votes; 0 no votes. yes voters: 272c44b7ac1b4e75afd81694c208cb9d, 27367bf9cb784fda861a59ec6f091bda; no voters: 
I20260608 12:39:37.938117  3622 raft_consensus.cc:2804] T edad7c800fe042c1a1cdaf060951243d P 272c44b7ac1b4e75afd81694c208cb9d [term 1 FOLLOWER]: Leader election won for term 1
I20260608 12:39:37.938752  3622 raft_consensus.cc:697] T edad7c800fe042c1a1cdaf060951243d P 272c44b7ac1b4e75afd81694c208cb9d [term 1 LEADER]: Becoming Leader. State: Replica: 272c44b7ac1b4e75afd81694c208cb9d, State: Running, Role: LEADER
I20260608 12:39:37.939550  3622 consensus_queue.cc:237] T edad7c800fe042c1a1cdaf060951243d P 272c44b7ac1b4e75afd81694c208cb9d [LEADER]: Queue going to LEADER mode. State: All replicated index: 0, Majority replicated index: 0, Committed index: 0, Last appended: 0.0, Last appended by leader: 0, Current term: 1, Majority size: 2, State: 0, Mode: LEADER, active raft config: opid_index: -1 OBSOLETE_local: false peers { permanent_uuid: "27367bf9cb784fda861a59ec6f091bda" member_type: VOTER last_known_addr { host: "127.0.107.193" port: 40493 } } peers { permanent_uuid: "cb24b85394554e99aa003c2a649619a8" member_type: VOTER last_known_addr { host: "127.0.107.194" port: 34937 } } peers { permanent_uuid: "272c44b7ac1b4e75afd81694c208cb9d" member_type: VOTER last_known_addr { host: "127.0.107.195" port: 36765 } }
I20260608 12:39:37.943048  3622 raft_consensus.cc:493] T b66aea1a6124444ea2f3746cff97fe77 P 272c44b7ac1b4e75afd81694c208cb9d [term 0 FOLLOWER]: Starting pre-election (no leader contacted us within the election timeout)
I20260608 12:39:37.943668  3622 raft_consensus.cc:515] T b66aea1a6124444ea2f3746cff97fe77 P 272c44b7ac1b4e75afd81694c208cb9d [term 0 FOLLOWER]: Starting pre-election with config: opid_index: -1 OBSOLETE_local: false peers { permanent_uuid: "cb24b85394554e99aa003c2a649619a8" member_type: VOTER last_known_addr { host: "127.0.107.194" port: 34937 } } peers { permanent_uuid: "27367bf9cb784fda861a59ec6f091bda" member_type: VOTER last_known_addr { host: "127.0.107.193" port: 40493 } } peers { permanent_uuid: "272c44b7ac1b4e75afd81694c208cb9d" member_type: VOTER last_known_addr { host: "127.0.107.195" port: 36765 } }
I20260608 12:39:37.946063  3622 leader_election.cc:290] T b66aea1a6124444ea2f3746cff97fe77 P 272c44b7ac1b4e75afd81694c208cb9d [CANDIDATE]: Term 1 pre-election: Requested pre-vote from peers cb24b85394554e99aa003c2a649619a8 (127.0.107.194:34937), 27367bf9cb784fda861a59ec6f091bda (127.0.107.193:40493)
I20260608 12:39:37.946929  3491 tablet_service.cc:1917] Received RequestConsensusVote() RPC: tablet_id: "b66aea1a6124444ea2f3746cff97fe77" candidate_uuid: "272c44b7ac1b4e75afd81694c208cb9d" candidate_term: 1 candidate_status { last_received { term: 0 index: 0 } } ignore_live_leader: false dest_uuid: "cb24b85394554e99aa003c2a649619a8" is_pre_election: true
I20260608 12:39:37.947121  3418 tablet_service.cc:1917] Received RequestConsensusVote() RPC: tablet_id: "b66aea1a6124444ea2f3746cff97fe77" candidate_uuid: "272c44b7ac1b4e75afd81694c208cb9d" candidate_term: 1 candidate_status { last_received { term: 0 index: 0 } } ignore_live_leader: false dest_uuid: "27367bf9cb784fda861a59ec6f091bda" is_pre_election: true
I20260608 12:39:37.947371  3622 raft_consensus.cc:493] T 755d10f26d824b149356506af33300a9 P 272c44b7ac1b4e75afd81694c208cb9d [term 0 FOLLOWER]: Starting pre-election (no leader contacted us within the election timeout)
I20260608 12:39:37.947805  3491 raft_consensus.cc:2468] T b66aea1a6124444ea2f3746cff97fe77 P cb24b85394554e99aa003c2a649619a8 [term 0 FOLLOWER]: Leader pre-election vote request: Granting yes vote for candidate 272c44b7ac1b4e75afd81694c208cb9d in term 0.
I20260608 12:39:37.947870  3418 raft_consensus.cc:2468] T b66aea1a6124444ea2f3746cff97fe77 P 27367bf9cb784fda861a59ec6f091bda [term 0 FOLLOWER]: Leader pre-election vote request: Granting yes vote for candidate 272c44b7ac1b4e75afd81694c208cb9d in term 0.
I20260608 12:39:37.947894  3622 raft_consensus.cc:515] T 755d10f26d824b149356506af33300a9 P 272c44b7ac1b4e75afd81694c208cb9d [term 0 FOLLOWER]: Starting pre-election with config: opid_index: -1 OBSOLETE_local: false peers { permanent_uuid: "27367bf9cb784fda861a59ec6f091bda" member_type: VOTER last_known_addr { host: "127.0.107.193" port: 40493 } } peers { permanent_uuid: "cb24b85394554e99aa003c2a649619a8" member_type: VOTER last_known_addr { host: "127.0.107.194" port: 34937 } } peers { permanent_uuid: "272c44b7ac1b4e75afd81694c208cb9d" member_type: VOTER last_known_addr { host: "127.0.107.195" port: 36765 } }
I20260608 12:39:37.948621  3315 catalog_manager.cc:5696] T edad7c800fe042c1a1cdaf060951243d P 272c44b7ac1b4e75afd81694c208cb9d reported cstate change: term changed from 0 to 1, leader changed from <none> to 272c44b7ac1b4e75afd81694c208cb9d (127.0.107.195). New cstate: current_term: 1 leader_uuid: "272c44b7ac1b4e75afd81694c208cb9d" committed_config { opid_index: -1 OBSOLETE_local: false peers { permanent_uuid: "27367bf9cb784fda861a59ec6f091bda" member_type: VOTER last_known_addr { host: "127.0.107.193" port: 40493 } health_report { overall_health: UNKNOWN } } peers { permanent_uuid: "cb24b85394554e99aa003c2a649619a8" member_type: VOTER last_known_addr { host: "127.0.107.194" port: 34937 } health_report { overall_health: UNKNOWN } } peers { permanent_uuid: "272c44b7ac1b4e75afd81694c208cb9d" member_type: VOTER last_known_addr { host: "127.0.107.195" port: 36765 } health_report { overall_health: HEALTHY } } }
I20260608 12:39:37.949342  3533 leader_election.cc:304] T b66aea1a6124444ea2f3746cff97fe77 P 272c44b7ac1b4e75afd81694c208cb9d [CANDIDATE]: Term 1 pre-election: Election decided. Result: candidate won. Election summary: received 2 responses out of 3 voters: 2 yes votes; 0 no votes. yes voters: 272c44b7ac1b4e75afd81694c208cb9d, 27367bf9cb784fda861a59ec6f091bda; no voters: 
I20260608 12:39:37.950383  3649 raft_consensus.cc:2804] T b66aea1a6124444ea2f3746cff97fe77 P 272c44b7ac1b4e75afd81694c208cb9d [term 0 FOLLOWER]: Leader pre-election won for term 1
I20260608 12:39:37.950846  3649 raft_consensus.cc:493] T b66aea1a6124444ea2f3746cff97fe77 P 272c44b7ac1b4e75afd81694c208cb9d [term 0 FOLLOWER]: Starting leader election (no leader contacted us within the election timeout)
I20260608 12:39:37.950819  3622 leader_election.cc:290] T 755d10f26d824b149356506af33300a9 P 272c44b7ac1b4e75afd81694c208cb9d [CANDIDATE]: Term 1 pre-election: Requested pre-vote from peers 27367bf9cb784fda861a59ec6f091bda (127.0.107.193:40493), cb24b85394554e99aa003c2a649619a8 (127.0.107.194:34937)
I20260608 12:39:37.951427  3649 raft_consensus.cc:3060] T b66aea1a6124444ea2f3746cff97fe77 P 272c44b7ac1b4e75afd81694c208cb9d [term 0 FOLLOWER]: Advancing to term 1
I20260608 12:39:37.951994  3418 tablet_service.cc:1917] Received RequestConsensusVote() RPC: tablet_id: "755d10f26d824b149356506af33300a9" candidate_uuid: "272c44b7ac1b4e75afd81694c208cb9d" candidate_term: 1 candidate_status { last_received { term: 0 index: 0 } } ignore_live_leader: false dest_uuid: "27367bf9cb784fda861a59ec6f091bda" is_pre_election: true
I20260608 12:39:37.952679  3418 raft_consensus.cc:2468] T 755d10f26d824b149356506af33300a9 P 27367bf9cb784fda861a59ec6f091bda [term 0 FOLLOWER]: Leader pre-election vote request: Granting yes vote for candidate 272c44b7ac1b4e75afd81694c208cb9d in term 0.
I20260608 12:39:37.952976  3491 tablet_service.cc:1917] Received RequestConsensusVote() RPC: tablet_id: "755d10f26d824b149356506af33300a9" candidate_uuid: "272c44b7ac1b4e75afd81694c208cb9d" candidate_term: 1 candidate_status { last_received { term: 0 index: 0 } } ignore_live_leader: false dest_uuid: "cb24b85394554e99aa003c2a649619a8" is_pre_election: true
I20260608 12:39:37.953872  3491 raft_consensus.cc:2468] T 755d10f26d824b149356506af33300a9 P cb24b85394554e99aa003c2a649619a8 [term 0 FOLLOWER]: Leader pre-election vote request: Granting yes vote for candidate 272c44b7ac1b4e75afd81694c208cb9d in term 0.
I20260608 12:39:37.954882  3533 leader_election.cc:304] T 755d10f26d824b149356506af33300a9 P 272c44b7ac1b4e75afd81694c208cb9d [CANDIDATE]: Term 1 pre-election: Election decided. Result: candidate won. Election summary: received 2 responses out of 3 voters: 2 yes votes; 0 no votes. yes voters: 272c44b7ac1b4e75afd81694c208cb9d, cb24b85394554e99aa003c2a649619a8; no voters: 
I20260608 12:39:37.955807  3622 raft_consensus.cc:2804] T 755d10f26d824b149356506af33300a9 P 272c44b7ac1b4e75afd81694c208cb9d [term 0 FOLLOWER]: Leader pre-election won for term 1
I20260608 12:39:37.956358  3622 raft_consensus.cc:493] T 755d10f26d824b149356506af33300a9 P 272c44b7ac1b4e75afd81694c208cb9d [term 0 FOLLOWER]: Starting leader election (no leader contacted us within the election timeout)
I20260608 12:39:37.956851  3622 raft_consensus.cc:3060] T 755d10f26d824b149356506af33300a9 P 272c44b7ac1b4e75afd81694c208cb9d [term 0 FOLLOWER]: Advancing to term 1
I20260608 12:39:37.960813  3649 raft_consensus.cc:515] T b66aea1a6124444ea2f3746cff97fe77 P 272c44b7ac1b4e75afd81694c208cb9d [term 1 FOLLOWER]: Starting leader election with config: opid_index: -1 OBSOLETE_local: false peers { permanent_uuid: "cb24b85394554e99aa003c2a649619a8" member_type: VOTER last_known_addr { host: "127.0.107.194" port: 34937 } } peers { permanent_uuid: "27367bf9cb784fda861a59ec6f091bda" member_type: VOTER last_known_addr { host: "127.0.107.193" port: 40493 } } peers { permanent_uuid: "272c44b7ac1b4e75afd81694c208cb9d" member_type: VOTER last_known_addr { host: "127.0.107.195" port: 36765 } }
I20260608 12:39:37.963505  3649 leader_election.cc:290] T b66aea1a6124444ea2f3746cff97fe77 P 272c44b7ac1b4e75afd81694c208cb9d [CANDIDATE]: Term 1 election: Requested vote from peers cb24b85394554e99aa003c2a649619a8 (127.0.107.194:34937), 27367bf9cb784fda861a59ec6f091bda (127.0.107.193:40493)
I20260608 12:39:37.964327  3491 tablet_service.cc:1917] Received RequestConsensusVote() RPC: tablet_id: "b66aea1a6124444ea2f3746cff97fe77" candidate_uuid: "272c44b7ac1b4e75afd81694c208cb9d" candidate_term: 1 candidate_status { last_received { term: 0 index: 0 } } ignore_live_leader: false dest_uuid: "cb24b85394554e99aa003c2a649619a8"
I20260608 12:39:37.964514  3418 tablet_service.cc:1917] Received RequestConsensusVote() RPC: tablet_id: "b66aea1a6124444ea2f3746cff97fe77" candidate_uuid: "272c44b7ac1b4e75afd81694c208cb9d" candidate_term: 1 candidate_status { last_received { term: 0 index: 0 } } ignore_live_leader: false dest_uuid: "27367bf9cb784fda861a59ec6f091bda"
I20260608 12:39:37.964882  3491 raft_consensus.cc:3060] T b66aea1a6124444ea2f3746cff97fe77 P cb24b85394554e99aa003c2a649619a8 [term 0 FOLLOWER]: Advancing to term 1
I20260608 12:39:37.965207  3418 raft_consensus.cc:3060] T b66aea1a6124444ea2f3746cff97fe77 P 27367bf9cb784fda861a59ec6f091bda [term 0 FOLLOWER]: Advancing to term 1
I20260608 12:39:37.964859  3622 raft_consensus.cc:515] T 755d10f26d824b149356506af33300a9 P 272c44b7ac1b4e75afd81694c208cb9d [term 1 FOLLOWER]: Starting leader election with config: opid_index: -1 OBSOLETE_local: false peers { permanent_uuid: "27367bf9cb784fda861a59ec6f091bda" member_type: VOTER last_known_addr { host: "127.0.107.193" port: 40493 } } peers { permanent_uuid: "cb24b85394554e99aa003c2a649619a8" member_type: VOTER last_known_addr { host: "127.0.107.194" port: 34937 } } peers { permanent_uuid: "272c44b7ac1b4e75afd81694c208cb9d" member_type: VOTER last_known_addr { host: "127.0.107.195" port: 36765 } }
I20260608 12:39:37.967600  3622 leader_election.cc:290] T 755d10f26d824b149356506af33300a9 P 272c44b7ac1b4e75afd81694c208cb9d [CANDIDATE]: Term 1 election: Requested vote from peers 27367bf9cb784fda861a59ec6f091bda (127.0.107.193:40493), cb24b85394554e99aa003c2a649619a8 (127.0.107.194:34937)
I20260608 12:39:37.968578  3417 tablet_service.cc:1917] Received RequestConsensusVote() RPC: tablet_id: "755d10f26d824b149356506af33300a9" candidate_uuid: "272c44b7ac1b4e75afd81694c208cb9d" candidate_term: 1 candidate_status { last_received { term: 0 index: 0 } } ignore_live_leader: false dest_uuid: "27367bf9cb784fda861a59ec6f091bda"
I20260608 12:39:37.969295  3417 raft_consensus.cc:3060] T 755d10f26d824b149356506af33300a9 P 27367bf9cb784fda861a59ec6f091bda [term 0 FOLLOWER]: Advancing to term 1
I20260608 12:39:37.969379  3493 tablet_service.cc:1917] Received RequestConsensusVote() RPC: tablet_id: "755d10f26d824b149356506af33300a9" candidate_uuid: "272c44b7ac1b4e75afd81694c208cb9d" candidate_term: 1 candidate_status { last_received { term: 0 index: 0 } } ignore_live_leader: false dest_uuid: "cb24b85394554e99aa003c2a649619a8"
I20260608 12:39:37.970032  3493 raft_consensus.cc:3060] T 755d10f26d824b149356506af33300a9 P cb24b85394554e99aa003c2a649619a8 [term 0 FOLLOWER]: Advancing to term 1
I20260608 12:39:37.974818  3418 raft_consensus.cc:2468] T b66aea1a6124444ea2f3746cff97fe77 P 27367bf9cb784fda861a59ec6f091bda [term 1 FOLLOWER]: Leader election vote request: Granting yes vote for candidate 272c44b7ac1b4e75afd81694c208cb9d in term 1.
I20260608 12:39:37.974941  3493 raft_consensus.cc:2468] T 755d10f26d824b149356506af33300a9 P cb24b85394554e99aa003c2a649619a8 [term 1 FOLLOWER]: Leader election vote request: Granting yes vote for candidate 272c44b7ac1b4e75afd81694c208cb9d in term 1.
I20260608 12:39:37.976415  3533 leader_election.cc:304] T 755d10f26d824b149356506af33300a9 P 272c44b7ac1b4e75afd81694c208cb9d [CANDIDATE]: Term 1 election: Election decided. Result: candidate won. Election summary: received 2 responses out of 3 voters: 2 yes votes; 0 no votes. yes voters: 272c44b7ac1b4e75afd81694c208cb9d, cb24b85394554e99aa003c2a649619a8; no voters: 
I20260608 12:39:37.977380  3622 raft_consensus.cc:2804] T 755d10f26d824b149356506af33300a9 P 272c44b7ac1b4e75afd81694c208cb9d [term 1 FOLLOWER]: Leader election won for term 1
I20260608 12:39:37.977618  3417 raft_consensus.cc:2468] T 755d10f26d824b149356506af33300a9 P 27367bf9cb784fda861a59ec6f091bda [term 1 FOLLOWER]: Leader election vote request: Granting yes vote for candidate 272c44b7ac1b4e75afd81694c208cb9d in term 1.
I20260608 12:39:37.977576  3533 leader_election.cc:304] T b66aea1a6124444ea2f3746cff97fe77 P 272c44b7ac1b4e75afd81694c208cb9d [CANDIDATE]: Term 1 election: Election decided. Result: candidate won. Election summary: received 2 responses out of 3 voters: 2 yes votes; 0 no votes. yes voters: 272c44b7ac1b4e75afd81694c208cb9d, 27367bf9cb784fda861a59ec6f091bda; no voters: 
I20260608 12:39:37.978034  3622 raft_consensus.cc:697] T 755d10f26d824b149356506af33300a9 P 272c44b7ac1b4e75afd81694c208cb9d [term 1 LEADER]: Becoming Leader. State: Replica: 272c44b7ac1b4e75afd81694c208cb9d, State: Running, Role: LEADER
I20260608 12:39:37.978217  3491 raft_consensus.cc:2468] T b66aea1a6124444ea2f3746cff97fe77 P cb24b85394554e99aa003c2a649619a8 [term 1 FOLLOWER]: Leader election vote request: Granting yes vote for candidate 272c44b7ac1b4e75afd81694c208cb9d in term 1.
I20260608 12:39:37.979820  3649 raft_consensus.cc:2804] T b66aea1a6124444ea2f3746cff97fe77 P 272c44b7ac1b4e75afd81694c208cb9d [term 1 FOLLOWER]: Leader election won for term 1
I20260608 12:39:37.980415  3649 raft_consensus.cc:697] T b66aea1a6124444ea2f3746cff97fe77 P 272c44b7ac1b4e75afd81694c208cb9d [term 1 LEADER]: Becoming Leader. State: Replica: 272c44b7ac1b4e75afd81694c208cb9d, State: Running, Role: LEADER
I20260608 12:39:37.980355  3622 consensus_queue.cc:237] T 755d10f26d824b149356506af33300a9 P 272c44b7ac1b4e75afd81694c208cb9d [LEADER]: Queue going to LEADER mode. State: All replicated index: 0, Majority replicated index: 0, Committed index: 0, Last appended: 0.0, Last appended by leader: 0, Current term: 1, Majority size: 2, State: 0, Mode: LEADER, active raft config: opid_index: -1 OBSOLETE_local: false peers { permanent_uuid: "27367bf9cb784fda861a59ec6f091bda" member_type: VOTER last_known_addr { host: "127.0.107.193" port: 40493 } } peers { permanent_uuid: "cb24b85394554e99aa003c2a649619a8" member_type: VOTER last_known_addr { host: "127.0.107.194" port: 34937 } } peers { permanent_uuid: "272c44b7ac1b4e75afd81694c208cb9d" member_type: VOTER last_known_addr { host: "127.0.107.195" port: 36765 } }
