I20260608 12:57:38.907641 19489 catalog_manager.cc:5696] T d2c2a87eccbe4651996e46ec24afa0c8 P 79886fe2a72f45368b6a5ad9a882618e reported cstate change: config changed from index -1 to 2, NON_VOTER 3db572d5255b484fac58622bbdd2606b (127.16.52.196) added. New cstate: current_term: 1 leader_uuid: "79886fe2a72f45368b6a5ad9a882618e" committed_config { opid_index: 2 OBSOLETE_local: false peers { permanent_uuid: "513f34eb842548968d2a25cd4942a8ae" member_type: VOTER last_known_addr { host: "127.16.52.193" port: 34695 } health_report { overall_health: HEALTHY } } peers { permanent_uuid: "79886fe2a72f45368b6a5ad9a882618e" member_type: VOTER last_known_addr { host: "127.16.52.194" port: 33039 } health_report { overall_health: HEALTHY } } peers { permanent_uuid: "6adee8fdd74f4f668458492e45973cdc" member_type: VOTER last_known_addr { host: "127.16.52.195" port: 41461 } attrs { replace: true } health_report { overall_health: HEALTHY } } peers { permanent_uuid: "3db572d5255b484fac58622bbdd2606b" member_type: NON_VOTER last_known_addr { host: "127.16.52.196" port: 35229 } attrs { promote: true } health_report { overall_health: UNKNOWN } } }
W20260608 12:57:38.915936 19708 consensus_peers.cc:597] T b1c61c301c634e339464c23e2eaa8938 P 6adee8fdd74f4f668458492e45973cdc -> Peer 79886fe2a72f45368b6a5ad9a882618e (127.16.52.194:33039): Couldn't send request to peer 79886fe2a72f45368b6a5ad9a882618e. Error code: TABLET_NOT_FOUND (6). Status: Not found: Tablet not found: b1c61c301c634e339464c23e2eaa8938. This is attempt 1: this message will repeat every 5th retry.
I20260608 12:57:38.916720 19593 raft_consensus.cc:1275] T b1c61c301c634e339464c23e2eaa8938 P 513f34eb842548968d2a25cd4942a8ae [term 1 FOLLOWER]: Refusing update from remote peer 6adee8fdd74f4f668458492e45973cdc: Log matching property violated. Preceding OpId in replica: term: 1 index: 1. Preceding OpId from leader: term: 1 index: 2. (index mismatch)
I20260608 12:57:38.918128 19900 raft_consensus.cc:1275] T b1c61c301c634e339464c23e2eaa8938 P 3db572d5255b484fac58622bbdd2606b [term 1 FOLLOWER]: Refusing update from remote peer 6adee8fdd74f4f668458492e45973cdc: Log matching property violated. Preceding OpId in replica: term: 1 index: 1. Preceding OpId from leader: term: 1 index: 2. (index mismatch)
I20260608 12:57:38.920688 20045 consensus_queue.cc:1048] T b1c61c301c634e339464c23e2eaa8938 P 6adee8fdd74f4f668458492e45973cdc [LEADER]: Connected to new peer: Peer: permanent_uuid: "513f34eb842548968d2a25cd4942a8ae" member_type: VOTER last_known_addr { host: "127.16.52.193" port: 34695 }, Status: LMP_MISMATCH, Last received: 0.0, Next index: 2, Last known committed idx: 1, Time since last communication: 0.000s
I20260608 12:57:38.922518 20045 consensus_queue.cc:1048] T b1c61c301c634e339464c23e2eaa8938 P 6adee8fdd74f4f668458492e45973cdc [LEADER]: Connected to new peer: Peer: permanent_uuid: "3db572d5255b484fac58622bbdd2606b" member_type: VOTER last_known_addr { host: "127.16.52.196" port: 35229 } attrs { replace: true }, Status: LMP_MISMATCH, Last received: 0.0, Next index: 2, Last known committed idx: 1, Time since last communication: 0.001s
I20260608 12:57:38.930658 20114 raft_consensus.cc:2955] T b1c61c301c634e339464c23e2eaa8938 P 6adee8fdd74f4f668458492e45973cdc [term 1 LEADER]: Committing config change with OpId 1.2: config changed from index -1 to 2, NON_VOTER 79886fe2a72f45368b6a5ad9a882618e (127.16.52.194) added. New config: { opid_index: 2 OBSOLETE_local: false peers { permanent_uuid: "6adee8fdd74f4f668458492e45973cdc" member_type: VOTER last_known_addr { host: "127.16.52.195" port: 41461 } } peers { permanent_uuid: "3db572d5255b484fac58622bbdd2606b" member_type: VOTER last_known_addr { host: "127.16.52.196" port: 35229 } attrs { replace: true } } peers { permanent_uuid: "513f34eb842548968d2a25cd4942a8ae" member_type: VOTER last_known_addr { host: "127.16.52.193" port: 34695 } } peers { permanent_uuid: "79886fe2a72f45368b6a5ad9a882618e" member_type: NON_VOTER last_known_addr { host: "127.16.52.194" port: 33039 } attrs { promote: true } } }
I20260608 12:57:38.932300 19593 raft_consensus.cc:2955] T b1c61c301c634e339464c23e2eaa8938 P 513f34eb842548968d2a25cd4942a8ae [term 1 FOLLOWER]: Committing config change with OpId 1.2: config changed from index -1 to 2, NON_VOTER 79886fe2a72f45368b6a5ad9a882618e (127.16.52.194) added. New config: { opid_index: 2 OBSOLETE_local: false peers { permanent_uuid: "6adee8fdd74f4f668458492e45973cdc" member_type: VOTER last_known_addr { host: "127.16.52.195" port: 41461 } } peers { permanent_uuid: "3db572d5255b484fac58622bbdd2606b" member_type: VOTER last_known_addr { host: "127.16.52.196" port: 35229 } attrs { replace: true } } peers { permanent_uuid: "513f34eb842548968d2a25cd4942a8ae" member_type: VOTER last_known_addr { host: "127.16.52.193" port: 34695 } } peers { permanent_uuid: "79886fe2a72f45368b6a5ad9a882618e" member_type: NON_VOTER last_known_addr { host: "127.16.52.194" port: 33039 } attrs { promote: true } } }
I20260608 12:57:38.934238 19900 raft_consensus.cc:2955] T b1c61c301c634e339464c23e2eaa8938 P 3db572d5255b484fac58622bbdd2606b [term 1 FOLLOWER]: Committing config change with OpId 1.2: config changed from index -1 to 2, NON_VOTER 79886fe2a72f45368b6a5ad9a882618e (127.16.52.194) added. New config: { opid_index: 2 OBSOLETE_local: false peers { permanent_uuid: "6adee8fdd74f4f668458492e45973cdc" member_type: VOTER last_known_addr { host: "127.16.52.195" port: 41461 } } peers { permanent_uuid: "3db572d5255b484fac58622bbdd2606b" member_type: VOTER last_known_addr { host: "127.16.52.196" port: 35229 } attrs { replace: true } } peers { permanent_uuid: "513f34eb842548968d2a25cd4942a8ae" member_type: VOTER last_known_addr { host: "127.16.52.193" port: 34695 } } peers { permanent_uuid: "79886fe2a72f45368b6a5ad9a882618e" member_type: NON_VOTER last_known_addr { host: "127.16.52.194" port: 33039 } attrs { promote: true } } }
I20260608 12:57:38.945323 19491 catalog_manager.cc:5696] T b1c61c301c634e339464c23e2eaa8938 P 513f34eb842548968d2a25cd4942a8ae reported cstate change: config changed from index -1 to 2, NON_VOTER 79886fe2a72f45368b6a5ad9a882618e (127.16.52.194) added. New cstate: current_term: 1 leader_uuid: "6adee8fdd74f4f668458492e45973cdc" committed_config { opid_index: 2 OBSOLETE_local: false peers { permanent_uuid: "6adee8fdd74f4f668458492e45973cdc" member_type: VOTER last_known_addr { host: "127.16.52.195" port: 41461 } } peers { permanent_uuid: "3db572d5255b484fac58622bbdd2606b" member_type: VOTER last_known_addr { host: "127.16.52.196" port: 35229 } attrs { replace: true } } peers { permanent_uuid: "513f34eb842548968d2a25cd4942a8ae" member_type: VOTER last_known_addr { host: "127.16.52.193" port: 34695 } } peers { permanent_uuid: "79886fe2a72f45368b6a5ad9a882618e" member_type: NON_VOTER last_known_addr { host: "127.16.52.194" port: 33039 } attrs { promote: true } } }
I20260608 12:57:38.946704 19593 consensus_queue.cc:237] T 6cd452ff5b18413582b5bfc327cfa470 P 513f34eb842548968d2a25cd4942a8ae [LEADER]: Queue going to LEADER mode. State: All replicated index: 0, Majority replicated index: 1, Committed index: 1, Last appended: 1.1, Last appended by leader: 0, Current term: 1, Majority size: 2, State: 0, Mode: LEADER, active raft config: opid_index: 2 OBSOLETE_local: false peers { permanent_uuid: "513f34eb842548968d2a25cd4942a8ae" member_type: VOTER last_known_addr { host: "127.16.52.193" port: 34695 } } peers { permanent_uuid: "79886fe2a72f45368b6a5ad9a882618e" member_type: VOTER last_known_addr { host: "127.16.52.194" port: 33039 } attrs { replace: true } } peers { permanent_uuid: "6adee8fdd74f4f668458492e45973cdc" member_type: VOTER last_known_addr { host: "127.16.52.195" port: 41461 } } peers { permanent_uuid: "3db572d5255b484fac58622bbdd2606b" member_type: NON_VOTER last_known_addr { host: "127.16.52.196" port: 35229 } attrs { promote: true } }
W20260608 12:57:38.954092 19558 consensus_peers.cc:597] T 6cd452ff5b18413582b5bfc327cfa470 P 513f34eb842548968d2a25cd4942a8ae -> Peer 3db572d5255b484fac58622bbdd2606b (127.16.52.196:35229): Couldn't send request to peer 3db572d5255b484fac58622bbdd2606b. Error code: TABLET_NOT_FOUND (6). Status: Not found: Tablet not found: 6cd452ff5b18413582b5bfc327cfa470. This is attempt 1: this message will repeat every 5th retry.
I20260608 12:57:38.954800 19742 raft_consensus.cc:1275] T 6cd452ff5b18413582b5bfc327cfa470 P 6adee8fdd74f4f668458492e45973cdc [term 1 FOLLOWER]: Refusing update from remote peer 513f34eb842548968d2a25cd4942a8ae: Log matching property violated. Preceding OpId in replica: term: 1 index: 1. Preceding OpId from leader: term: 1 index: 2. (index mismatch)
I20260608 12:57:38.956090 19669 raft_consensus.cc:1275] T 6cd452ff5b18413582b5bfc327cfa470 P 79886fe2a72f45368b6a5ad9a882618e [term 1 FOLLOWER]: Refusing update from remote peer 513f34eb842548968d2a25cd4942a8ae: Log matching property violated. Preceding OpId in replica: term: 1 index: 1. Preceding OpId from leader: term: 1 index: 2. (index mismatch)
I20260608 12:57:38.956468 20067 consensus_queue.cc:1048] T 6cd452ff5b18413582b5bfc327cfa470 P 513f34eb842548968d2a25cd4942a8ae [LEADER]: Connected to new peer: Peer: permanent_uuid: "6adee8fdd74f4f668458492e45973cdc" member_type: VOTER last_known_addr { host: "127.16.52.195" port: 41461 }, Status: LMP_MISMATCH, Last received: 0.0, Next index: 2, Last known committed idx: 1, Time since last communication: 0.000s
I20260608 12:57:38.958086 20107 consensus_queue.cc:1048] T 6cd452ff5b18413582b5bfc327cfa470 P 513f34eb842548968d2a25cd4942a8ae [LEADER]: Connected to new peer: Peer: permanent_uuid: "79886fe2a72f45368b6a5ad9a882618e" member_type: VOTER last_known_addr { host: "127.16.52.194" port: 33039 } attrs { replace: true }, Status: LMP_MISMATCH, Last received: 0.0, Next index: 2, Last known committed idx: 1, Time since last communication: 0.000s
I20260608 12:57:38.968619 20067 raft_consensus.cc:2955] T 6cd452ff5b18413582b5bfc327cfa470 P 513f34eb842548968d2a25cd4942a8ae [term 1 LEADER]: Committing config change with OpId 1.2: config changed from index -1 to 2, NON_VOTER 3db572d5255b484fac58622bbdd2606b (127.16.52.196) added. New config: { opid_index: 2 OBSOLETE_local: false peers { permanent_uuid: "513f34eb842548968d2a25cd4942a8ae" member_type: VOTER last_known_addr { host: "127.16.52.193" port: 34695 } } peers { permanent_uuid: "79886fe2a72f45368b6a5ad9a882618e" member_type: VOTER last_known_addr { host: "127.16.52.194" port: 33039 } attrs { replace: true } } peers { permanent_uuid: "6adee8fdd74f4f668458492e45973cdc" member_type: VOTER last_known_addr { host: "127.16.52.195" port: 41461 } } peers { permanent_uuid: "3db572d5255b484fac58622bbdd2606b" member_type: NON_VOTER last_known_addr { host: "127.16.52.196" port: 35229 } attrs { promote: true } } }
I20260608 12:57:38.970465 19669 raft_consensus.cc:2955] T 6cd452ff5b18413582b5bfc327cfa470 P 79886fe2a72f45368b6a5ad9a882618e [term 1 FOLLOWER]: Committing config change with OpId 1.2: config changed from index -1 to 2, NON_VOTER 3db572d5255b484fac58622bbdd2606b (127.16.52.196) added. New config: { opid_index: 2 OBSOLETE_local: false peers { permanent_uuid: "513f34eb842548968d2a25cd4942a8ae" member_type: VOTER last_known_addr { host: "127.16.52.193" port: 34695 } } peers { permanent_uuid: "79886fe2a72f45368b6a5ad9a882618e" member_type: VOTER last_known_addr { host: "127.16.52.194" port: 33039 } attrs { replace: true } } peers { permanent_uuid: "6adee8fdd74f4f668458492e45973cdc" member_type: VOTER last_known_addr { host: "127.16.52.195" port: 41461 } } peers { permanent_uuid: "3db572d5255b484fac58622bbdd2606b" member_type: NON_VOTER last_known_addr { host: "127.16.52.196" port: 35229 } attrs { promote: true } } }
I20260608 12:57:38.972815 19742 raft_consensus.cc:2955] T 6cd452ff5b18413582b5bfc327cfa470 P 6adee8fdd74f4f668458492e45973cdc [term 1 FOLLOWER]: Committing config change with OpId 1.2: config changed from index -1 to 2, NON_VOTER 3db572d5255b484fac58622bbdd2606b (127.16.52.196) added. New config: { opid_index: 2 OBSOLETE_local: false peers { permanent_uuid: "513f34eb842548968d2a25cd4942a8ae" member_type: VOTER last_known_addr { host: "127.16.52.193" port: 34695 } } peers { permanent_uuid: "79886fe2a72f45368b6a5ad9a882618e" member_type: VOTER last_known_addr { host: "127.16.52.194" port: 33039 } attrs { replace: true } } peers { permanent_uuid: "6adee8fdd74f4f668458492e45973cdc" member_type: VOTER last_known_addr { host: "127.16.52.195" port: 41461 } } peers { permanent_uuid: "3db572d5255b484fac58622bbdd2606b" member_type: NON_VOTER last_known_addr { host: "127.16.52.196" port: 35229 } attrs { promote: true } } }
I20260608 12:57:38.986300 19490 catalog_manager.cc:5696] T 6cd452ff5b18413582b5bfc327cfa470 P 6adee8fdd74f4f668458492e45973cdc reported cstate change: config changed from index -1 to 2, NON_VOTER 3db572d5255b484fac58622bbdd2606b (127.16.52.196) added. New cstate: current_term: 1 leader_uuid: "513f34eb842548968d2a25cd4942a8ae" committed_config { opid_index: 2 OBSOLETE_local: false peers { permanent_uuid: "513f34eb842548968d2a25cd4942a8ae" member_type: VOTER last_known_addr { host: "127.16.52.193" port: 34695 } } peers { permanent_uuid: "79886fe2a72f45368b6a5ad9a882618e" member_type: VOTER last_known_addr { host: "127.16.52.194" port: 33039 } attrs { replace: true } } peers { permanent_uuid: "6adee8fdd74f4f668458492e45973cdc" member_type: VOTER last_known_addr { host: "127.16.52.195" port: 41461 } } peers { permanent_uuid: "3db572d5255b484fac58622bbdd2606b" member_type: NON_VOTER last_known_addr { host: "127.16.52.196" port: 35229 } attrs { promote: true } } }
I20260608 12:57:39.189816 19742 raft_consensus.cc:1275] T 8a2b3a0d396f4fd79d4a76bb079fa736 P 6adee8fdd74f4f668458492e45973cdc [term 2 FOLLOWER]: Refusing update from remote peer 3db572d5255b484fac58622bbdd2606b: Log matching property violated. Preceding OpId in replica: term: 1 index: 1. Preceding OpId from leader: term: 2 index: 2. (index mismatch)
I20260608 12:57:39.191061 20084 consensus_queue.cc:1048] T 8a2b3a0d396f4fd79d4a76bb079fa736 P 3db572d5255b484fac58622bbdd2606b [LEADER]: Connected to new peer: Peer: permanent_uuid: "6adee8fdd74f4f668458492e45973cdc" member_type: VOTER last_known_addr { host: "127.16.52.195" port: 41461 }, Status: LMP_MISMATCH, Last received: 0.0, Next index: 2, Last known committed idx: 1, Time since last communication: 0.000s
I20260608 12:57:39.203994 19669 raft_consensus.cc:1275] T 8a2b3a0d396f4fd79d4a76bb079fa736 P 79886fe2a72f45368b6a5ad9a882618e [term 2 FOLLOWER]: Refusing update from remote peer 3db572d5255b484fac58622bbdd2606b: Log matching property violated. Preceding OpId in replica: term: 1 index: 1. Preceding OpId from leader: term: 2 index: 2. (index mismatch)
I20260608 12:57:39.205721 20097 consensus_queue.cc:1048] T 8a2b3a0d396f4fd79d4a76bb079fa736 P 3db572d5255b484fac58622bbdd2606b [LEADER]: Connected to new peer: Peer: permanent_uuid: "79886fe2a72f45368b6a5ad9a882618e" member_type: VOTER last_known_addr { host: "127.16.52.194" port: 33039 }, Status: LMP_MISMATCH, Last received: 0.0, Next index: 2, Last known committed idx: 1, Time since last communication: 0.000s
I20260608 12:57:39.266307 19669 raft_consensus.cc:1275] T 1cae0b4f16b349d4a20004a206ad804f P 79886fe2a72f45368b6a5ad9a882618e [term 2 FOLLOWER]: Refusing update from remote peer 3db572d5255b484fac58622bbdd2606b: Log matching property violated. Preceding OpId in replica: term: 1 index: 1. Preceding OpId from leader: term: 2 index: 2. (index mismatch)
I20260608 12:57:39.268313 20123 consensus_queue.cc:1048] T 1cae0b4f16b349d4a20004a206ad804f P 3db572d5255b484fac58622bbdd2606b [LEADER]: Connected to new peer: Peer: permanent_uuid: "79886fe2a72f45368b6a5ad9a882618e" member_type: VOTER last_known_addr { host: "127.16.52.194" port: 33039 }, Status: LMP_MISMATCH, Last received: 0.0, Next index: 2, Last known committed idx: 1, Time since last communication: 0.000s
I20260608 12:57:39.271131 20127 ts_tablet_manager.cc:933] T d2c2a87eccbe4651996e46ec24afa0c8 P 3db572d5255b484fac58622bbdd2606b: Initiating tablet copy from peer 79886fe2a72f45368b6a5ad9a882618e (127.16.52.194:33039)
I20260608 12:57:39.281361 20127 tablet_copy_client.cc:323] T d2c2a87eccbe4651996e46ec24afa0c8 P 3db572d5255b484fac58622bbdd2606b: tablet copy: Beginning tablet copy session from remote peer at address 127.16.52.194:33039
I20260608 12:57:39.283231 19593 raft_consensus.cc:1275] T 1cae0b4f16b349d4a20004a206ad804f P 513f34eb842548968d2a25cd4942a8ae [term 2 FOLLOWER]: Refusing update from remote peer 3db572d5255b484fac58622bbdd2606b: Log matching property violated. Preceding OpId in replica: term: 1 index: 1. Preceding OpId from leader: term: 2 index: 2. (index mismatch)
I20260608 12:57:39.284283 19679 tablet_copy_service.cc:140] P 79886fe2a72f45368b6a5ad9a882618e: Received BeginTabletCopySession request for tablet d2c2a87eccbe4651996e46ec24afa0c8 from peer 3db572d5255b484fac58622bbdd2606b ({username='slave'} at 127.0.0.1:34602)
I20260608 12:57:39.284878 20084 consensus_queue.cc:1048] T 1cae0b4f16b349d4a20004a206ad804f P 3db572d5255b484fac58622bbdd2606b [LEADER]: Connected to new peer: Peer: permanent_uuid: "513f34eb842548968d2a25cd4942a8ae" member_type: VOTER last_known_addr { host: "127.16.52.193" port: 34695 }, Status: LMP_MISMATCH, Last received: 0.0, Next index: 2, Last known committed idx: 1, Time since last communication: 0.000s
I20260608 12:57:39.284904 19679 tablet_copy_service.cc:161] P 79886fe2a72f45368b6a5ad9a882618e: Beginning new tablet copy session on tablet d2c2a87eccbe4651996e46ec24afa0c8 from peer 3db572d5255b484fac58622bbdd2606b at {username='slave'} at 127.0.0.1:34602: session id = 3db572d5255b484fac58622bbdd2606b-d2c2a87eccbe4651996e46ec24afa0c8
I20260608 12:57:39.299234 19679 tablet_copy_source_session.cc:215] T d2c2a87eccbe4651996e46ec24afa0c8 P 79886fe2a72f45368b6a5ad9a882618e: Tablet Copy: opened 0 blocks and 1 log segments
I20260608 12:57:39.302553 20127 data_dirs.cc:400] Could only allocate 1 dirs of requested 3 for tablet d2c2a87eccbe4651996e46ec24afa0c8. 1 dirs total, 0 dirs full, 0 dirs failed
I20260608 12:57:39.314965 20130 ts_tablet_manager.cc:933] T 6f93bd457f524e7390d76fcb7e629724 P 6adee8fdd74f4f668458492e45973cdc: Initiating tablet copy from peer 513f34eb842548968d2a25cd4942a8ae (127.16.52.193:34695)
I20260608 12:57:39.323257 20127 tablet_copy_client.cc:806] T d2c2a87eccbe4651996e46ec24afa0c8 P 3db572d5255b484fac58622bbdd2606b: tablet copy: Starting download of 0 data blocks...
I20260608 12:57:39.323997 20127 tablet_copy_client.cc:670] T d2c2a87eccbe4651996e46ec24afa0c8 P 3db572d5255b484fac58622bbdd2606b: tablet copy: Starting download of 1 WAL segments...
I20260608 12:57:39.328297 20127 tablet_copy_client.cc:538] T d2c2a87eccbe4651996e46ec24afa0c8 P 3db572d5255b484fac58622bbdd2606b: tablet copy: Tablet Copy complete. Replacing tablet superblock.
I20260608 12:57:39.331063 20130 tablet_copy_client.cc:323] T 6f93bd457f524e7390d76fcb7e629724 P 6adee8fdd74f4f668458492e45973cdc: tablet copy: Beginning tablet copy session from remote peer at address 127.16.52.193:34695
I20260608 12:57:39.332788 19604 tablet_copy_service.cc:140] P 513f34eb842548968d2a25cd4942a8ae: Received BeginTabletCopySession request for tablet 6f93bd457f524e7390d76fcb7e629724 from peer 6adee8fdd74f4f668458492e45973cdc ({username='slave'} at 127.0.0.1:45116)
I20260608 12:57:39.333348 19604 tablet_copy_service.cc:161] P 513f34eb842548968d2a25cd4942a8ae: Beginning new tablet copy session on tablet 6f93bd457f524e7390d76fcb7e629724 from peer 6adee8fdd74f4f668458492e45973cdc at {username='slave'} at 127.0.0.1:45116: session id = 6adee8fdd74f4f668458492e45973cdc-6f93bd457f524e7390d76fcb7e629724
I20260608 12:57:39.337201 20127 tablet_bootstrap.cc:492] T d2c2a87eccbe4651996e46ec24afa0c8 P 3db572d5255b484fac58622bbdd2606b: Bootstrap starting.
I20260608 12:57:39.340410 19604 tablet_copy_source_session.cc:215] T 6f93bd457f524e7390d76fcb7e629724 P 513f34eb842548968d2a25cd4942a8ae: Tablet Copy: opened 0 blocks and 1 log segments
I20260608 12:57:39.343644 20130 data_dirs.cc:400] Could only allocate 1 dirs of requested 3 for tablet 6f93bd457f524e7390d76fcb7e629724. 1 dirs total, 0 dirs full, 0 dirs failed
I20260608 12:57:39.358825 20127 tablet_bootstrap.cc:492] T d2c2a87eccbe4651996e46ec24afa0c8 P 3db572d5255b484fac58622bbdd2606b: Bootstrap replayed 1/1 log segments. Stats: ops{read=2 overwritten=0 applied=2 ignored=0} inserts{seen=0 ignored=0} mutations{seen=0 ignored=0} orphaned_commits=0. Pending: 0 replicates
I20260608 12:57:39.359404 20130 tablet_copy_client.cc:806] T 6f93bd457f524e7390d76fcb7e629724 P 6adee8fdd74f4f668458492e45973cdc: tablet copy: Starting download of 0 data blocks...
I20260608 12:57:39.359649 20127 tablet_bootstrap.cc:492] T d2c2a87eccbe4651996e46ec24afa0c8 P 3db572d5255b484fac58622bbdd2606b: Bootstrap complete.
I20260608 12:57:39.359970 20130 tablet_copy_client.cc:670] T 6f93bd457f524e7390d76fcb7e629724 P 6adee8fdd74f4f668458492e45973cdc: tablet copy: Starting download of 1 WAL segments...
I20260608 12:57:39.360334 20127 ts_tablet_manager.cc:1403] T d2c2a87eccbe4651996e46ec24afa0c8 P 3db572d5255b484fac58622bbdd2606b: Time spent bootstrapping tablet: real 0.023s	user 0.011s	sys 0.007s
I20260608 12:57:39.363107 20127 raft_consensus.cc:359] T d2c2a87eccbe4651996e46ec24afa0c8 P 3db572d5255b484fac58622bbdd2606b [term 1 LEARNER]: Replica starting. Triggering 0 pending ops. Active config: opid_index: 2 OBSOLETE_local: false peers { permanent_uuid: "513f34eb842548968d2a25cd4942a8ae" member_type: VOTER last_known_addr { host: "127.16.52.193" port: 34695 } } peers { permanent_uuid: "79886fe2a72f45368b6a5ad9a882618e" member_type: VOTER last_known_addr { host: "127.16.52.194" port: 33039 } } peers { permanent_uuid: "6adee8fdd74f4f668458492e45973cdc" member_type: VOTER last_known_addr { host: "127.16.52.195" port: 41461 } attrs { replace: true } } peers { permanent_uuid: "3db572d5255b484fac58622bbdd2606b" member_type: NON_VOTER last_known_addr { host: "127.16.52.196" port: 35229 } attrs { promote: true } }
I20260608 12:57:39.363906 20127 raft_consensus.cc:740] T d2c2a87eccbe4651996e46ec24afa0c8 P 3db572d5255b484fac58622bbdd2606b [term 1 LEARNER]: Becoming Follower/Learner. State: Replica: 3db572d5255b484fac58622bbdd2606b, State: Initialized, Role: LEARNER
I20260608 12:57:39.364051 20130 tablet_copy_client.cc:538] T 6f93bd457f524e7390d76fcb7e629724 P 6adee8fdd74f4f668458492e45973cdc: tablet copy: Tablet Copy complete. Replacing tablet superblock.
I20260608 12:57:39.364544 20127 consensus_queue.cc:260] T d2c2a87eccbe4651996e46ec24afa0c8 P 3db572d5255b484fac58622bbdd2606b [NON_LEADER]: Queue going to NON_LEADER mode. State: All replicated index: 0, Majority replicated index: 0, Committed index: 2, Last appended: 1.2, Last appended by leader: 2, Current term: 0, Majority size: -1, State: 0, Mode: NON_LEADER, active raft config: opid_index: 2 OBSOLETE_local: false peers { permanent_uuid: "513f34eb842548968d2a25cd4942a8ae" member_type: VOTER last_known_addr { host: "127.16.52.193" port: 34695 } } peers { permanent_uuid: "79886fe2a72f45368b6a5ad9a882618e" member_type: VOTER last_known_addr { host: "127.16.52.194" port: 33039 } } peers { permanent_uuid: "6adee8fdd74f4f668458492e45973cdc" member_type: VOTER last_known_addr { host: "127.16.52.195" port: 41461 } attrs { replace: true } } peers { permanent_uuid: "3db572d5255b484fac58622bbdd2606b" member_type: NON_VOTER last_known_addr { host: "127.16.52.196" port: 35229 } attrs { promote: true } }
I20260608 12:57:39.366791 20127 ts_tablet_manager.cc:1434] T d2c2a87eccbe4651996e46ec24afa0c8 P 3db572d5255b484fac58622bbdd2606b: Time spent starting tablet: real 0.006s	user 0.005s	sys 0.003s
I20260608 12:57:39.368412 19679 tablet_copy_service.cc:342] P 79886fe2a72f45368b6a5ad9a882618e: Request end of tablet copy session 3db572d5255b484fac58622bbdd2606b-d2c2a87eccbe4651996e46ec24afa0c8 received from {username='slave'} at 127.0.0.1:34602
I20260608 12:57:39.368845 19679 tablet_copy_service.cc:434] P 79886fe2a72f45368b6a5ad9a882618e: ending tablet copy session 3db572d5255b484fac58622bbdd2606b-d2c2a87eccbe4651996e46ec24afa0c8 on tablet d2c2a87eccbe4651996e46ec24afa0c8 with peer 3db572d5255b484fac58622bbdd2606b
I20260608 12:57:39.372422 20130 tablet_bootstrap.cc:492] T 6f93bd457f524e7390d76fcb7e629724 P 6adee8fdd74f4f668458492e45973cdc: Bootstrap starting.
I20260608 12:57:39.393162 20130 tablet_bootstrap.cc:492] T 6f93bd457f524e7390d76fcb7e629724 P 6adee8fdd74f4f668458492e45973cdc: Bootstrap replayed 1/1 log segments. Stats: ops{read=2 overwritten=0 applied=2 ignored=0} inserts{seen=0 ignored=0} mutations{seen=0 ignored=0} orphaned_commits=0. Pending: 0 replicates
I20260608 12:57:39.393988 20130 tablet_bootstrap.cc:492] T 6f93bd457f524e7390d76fcb7e629724 P 6adee8fdd74f4f668458492e45973cdc: Bootstrap complete.
I20260608 12:57:39.394636 20130 ts_tablet_manager.cc:1403] T 6f93bd457f524e7390d76fcb7e629724 P 6adee8fdd74f4f668458492e45973cdc: Time spent bootstrapping tablet: real 0.022s	user 0.019s	sys 0.004s
I20260608 12:57:39.397562 20130 raft_consensus.cc:359] T 6f93bd457f524e7390d76fcb7e629724 P 6adee8fdd74f4f668458492e45973cdc [term 1 LEARNER]: Replica starting. Triggering 0 pending ops. Active config: opid_index: 2 OBSOLETE_local: false peers { permanent_uuid: "3db572d5255b484fac58622bbdd2606b" member_type: VOTER last_known_addr { host: "127.16.52.196" port: 35229 } attrs { replace: true } } peers { permanent_uuid: "513f34eb842548968d2a25cd4942a8ae" member_type: VOTER last_known_addr { host: "127.16.52.193" port: 34695 } } peers { permanent_uuid: "79886fe2a72f45368b6a5ad9a882618e" member_type: VOTER last_known_addr { host: "127.16.52.194" port: 33039 } } peers { permanent_uuid: "6adee8fdd74f4f668458492e45973cdc" member_type: NON_VOTER last_known_addr { host: "127.16.52.195" port: 41461 } attrs { promote: true } }
I20260608 12:57:39.398373 20130 raft_consensus.cc:740] T 6f93bd457f524e7390d76fcb7e629724 P 6adee8fdd74f4f668458492e45973cdc [term 1 LEARNER]: Becoming Follower/Learner. State: Replica: 6adee8fdd74f4f668458492e45973cdc, State: Initialized, Role: LEARNER
I20260608 12:57:39.399008 20130 consensus_queue.cc:260] T 6f93bd457f524e7390d76fcb7e629724 P 6adee8fdd74f4f668458492e45973cdc [NON_LEADER]: Queue going to NON_LEADER mode. State: All replicated index: 0, Majority replicated index: 0, Committed index: 2, Last appended: 1.2, Last appended by leader: 2, Current term: 0, Majority size: -1, State: 0, Mode: NON_LEADER, active raft config: opid_index: 2 OBSOLETE_local: false peers { permanent_uuid: "3db572d5255b484fac58622bbdd2606b" member_type: VOTER last_known_addr { host: "127.16.52.196" port: 35229 } attrs { replace: true } } peers { permanent_uuid: "513f34eb842548968d2a25cd4942a8ae" member_type: VOTER last_known_addr { host: "127.16.52.193" port: 34695 } } peers { permanent_uuid: "79886fe2a72f45368b6a5ad9a882618e" member_type: VOTER last_known_addr { host: "127.16.52.194" port: 33039 } } peers { permanent_uuid: "6adee8fdd74f4f668458492e45973cdc" member_type: NON_VOTER last_known_addr { host: "127.16.52.195" port: 41461 } attrs { promote: true } }
I20260608 12:57:39.401465 20130 ts_tablet_manager.cc:1434] T 6f93bd457f524e7390d76fcb7e629724 P 6adee8fdd74f4f668458492e45973cdc: Time spent starting tablet: real 0.007s	user 0.000s	sys 0.004s
I20260608 12:57:39.403168 19604 tablet_copy_service.cc:342] P 513f34eb842548968d2a25cd4942a8ae: Request end of tablet copy session 6adee8fdd74f4f668458492e45973cdc-6f93bd457f524e7390d76fcb7e629724 received from {username='slave'} at 127.0.0.1:45116
I20260608 12:57:39.403613 19604 tablet_copy_service.cc:434] P 513f34eb842548968d2a25cd4942a8ae: ending tablet copy session 6adee8fdd74f4f668458492e45973cdc-6f93bd457f524e7390d76fcb7e629724 on tablet 6f93bd457f524e7390d76fcb7e629724 with peer 6adee8fdd74f4f668458492e45973cdc
I20260608 12:57:39.486145 20136 ts_tablet_manager.cc:933] T b1c61c301c634e339464c23e2eaa8938 P 79886fe2a72f45368b6a5ad9a882618e: Initiating tablet copy from peer 6adee8fdd74f4f668458492e45973cdc (127.16.52.195:41461)
I20260608 12:57:39.487924 20136 tablet_copy_client.cc:323] T b1c61c301c634e339464c23e2eaa8938 P 79886fe2a72f45368b6a5ad9a882618e: tablet copy: Beginning tablet copy session from remote peer at address 127.16.52.195:41461
I20260608 12:57:39.489511 19753 tablet_copy_service.cc:140] P 6adee8fdd74f4f668458492e45973cdc: Received BeginTabletCopySession request for tablet b1c61c301c634e339464c23e2eaa8938 from peer 79886fe2a72f45368b6a5ad9a882618e ({username='slave'} at 127.0.0.1:39346)
I20260608 12:57:39.489964 19753 tablet_copy_service.cc:161] P 6adee8fdd74f4f668458492e45973cdc: Beginning new tablet copy session on tablet b1c61c301c634e339464c23e2eaa8938 from peer 79886fe2a72f45368b6a5ad9a882618e at {username='slave'} at 127.0.0.1:39346: session id = 79886fe2a72f45368b6a5ad9a882618e-b1c61c301c634e339464c23e2eaa8938
I20260608 12:57:39.495990 19753 tablet_copy_source_session.cc:215] T b1c61c301c634e339464c23e2eaa8938 P 6adee8fdd74f4f668458492e45973cdc: Tablet Copy: opened 0 blocks and 1 log segments
I20260608 12:57:39.498687 20136 data_dirs.cc:400] Could only allocate 1 dirs of requested 3 for tablet b1c61c301c634e339464c23e2eaa8938. 1 dirs total, 0 dirs full, 0 dirs failed
I20260608 12:57:39.513284 20127 ts_tablet_manager.cc:933] T 6cd452ff5b18413582b5bfc327cfa470 P 3db572d5255b484fac58622bbdd2606b: Initiating tablet copy from peer 513f34eb842548968d2a25cd4942a8ae (127.16.52.193:34695)
I20260608 12:57:39.514125 20136 tablet_copy_client.cc:806] T b1c61c301c634e339464c23e2eaa8938 P 79886fe2a72f45368b6a5ad9a882618e: tablet copy: Starting download of 0 data blocks...
I20260608 12:57:39.514671 20136 tablet_copy_client.cc:670] T b1c61c301c634e339464c23e2eaa8938 P 79886fe2a72f45368b6a5ad9a882618e: tablet copy: Starting download of 1 WAL segments...
I20260608 12:57:39.515357 20127 tablet_copy_client.cc:323] T 6cd452ff5b18413582b5bfc327cfa470 P 3db572d5255b484fac58622bbdd2606b: tablet copy: Beginning tablet copy session from remote peer at address 127.16.52.193:34695
I20260608 12:57:39.517035 19604 tablet_copy_service.cc:140] P 513f34eb842548968d2a25cd4942a8ae: Received BeginTabletCopySession request for tablet 6cd452ff5b18413582b5bfc327cfa470 from peer 3db572d5255b484fac58622bbdd2606b ({username='slave'} at 127.0.0.1:45134)
I20260608 12:57:39.517478 19604 tablet_copy_service.cc:161] P 513f34eb842548968d2a25cd4942a8ae: Beginning new tablet copy session on tablet 6cd452ff5b18413582b5bfc327cfa470 from peer 3db572d5255b484fac58622bbdd2606b at {username='slave'} at 127.0.0.1:45134: session id = 3db572d5255b484fac58622bbdd2606b-6cd452ff5b18413582b5bfc327cfa470
I20260608 12:57:39.518597 20136 tablet_copy_client.cc:538] T b1c61c301c634e339464c23e2eaa8938 P 79886fe2a72f45368b6a5ad9a882618e: tablet copy: Tablet Copy complete. Replacing tablet superblock.
I20260608 12:57:39.527632 19604 tablet_copy_source_session.cc:215] T 6cd452ff5b18413582b5bfc327cfa470 P 513f34eb842548968d2a25cd4942a8ae: Tablet Copy: opened 0 blocks and 1 log segments
I20260608 12:57:39.529218 20136 tablet_bootstrap.cc:492] T b1c61c301c634e339464c23e2eaa8938 P 79886fe2a72f45368b6a5ad9a882618e: Bootstrap starting.
I20260608 12:57:39.530182 20127 data_dirs.cc:400] Could only allocate 1 dirs of requested 3 for tablet 6cd452ff5b18413582b5bfc327cfa470. 1 dirs total, 0 dirs full, 0 dirs failed
I20260608 12:57:39.540916 20127 tablet_copy_client.cc:806] T 6cd452ff5b18413582b5bfc327cfa470 P 3db572d5255b484fac58622bbdd2606b: tablet copy: Starting download of 0 data blocks...
I20260608 12:57:39.541421 20127 tablet_copy_client.cc:670] T 6cd452ff5b18413582b5bfc327cfa470 P 3db572d5255b484fac58622bbdd2606b: tablet copy: Starting download of 1 WAL segments...
I20260608 12:57:39.545485 20127 tablet_copy_client.cc:538] T 6cd452ff5b18413582b5bfc327cfa470 P 3db572d5255b484fac58622bbdd2606b: tablet copy: Tablet Copy complete. Replacing tablet superblock.
I20260608 12:57:39.551795 20136 tablet_bootstrap.cc:492] T b1c61c301c634e339464c23e2eaa8938 P 79886fe2a72f45368b6a5ad9a882618e: Bootstrap replayed 1/1 log segments. Stats: ops{read=2 overwritten=0 applied=2 ignored=0} inserts{seen=0 ignored=0} mutations{seen=0 ignored=0} orphaned_commits=0. Pending: 0 replicates
I20260608 12:57:39.552853 20136 tablet_bootstrap.cc:492] T b1c61c301c634e339464c23e2eaa8938 P 79886fe2a72f45368b6a5ad9a882618e: Bootstrap complete.
I20260608 12:57:39.553539 20136 ts_tablet_manager.cc:1403] T b1c61c301c634e339464c23e2eaa8938 P 79886fe2a72f45368b6a5ad9a882618e: Time spent bootstrapping tablet: real 0.025s	user 0.024s	sys 0.000s
I20260608 12:57:39.555342 20127 tablet_bootstrap.cc:492] T 6cd452ff5b18413582b5bfc327cfa470 P 3db572d5255b484fac58622bbdd2606b: Bootstrap starting.
I20260608 12:57:39.556713 20136 raft_consensus.cc:359] T b1c61c301c634e339464c23e2eaa8938 P 79886fe2a72f45368b6a5ad9a882618e [term 1 LEARNER]: Replica starting. Triggering 0 pending ops. Active config: opid_index: 2 OBSOLETE_local: false peers { permanent_uuid: "6adee8fdd74f4f668458492e45973cdc" member_type: VOTER last_known_addr { host: "127.16.52.195" port: 41461 } } peers { permanent_uuid: "3db572d5255b484fac58622bbdd2606b" member_type: VOTER last_known_addr { host: "127.16.52.196" port: 35229 } attrs { replace: true } } peers { permanent_uuid: "513f34eb842548968d2a25cd4942a8ae" member_type: VOTER last_known_addr { host: "127.16.52.193" port: 34695 } } peers { permanent_uuid: "79886fe2a72f45368b6a5ad9a882618e" member_type: NON_VOTER last_known_addr { host: "127.16.52.194" port: 33039 } attrs { promote: true } }
I20260608 12:57:39.557538 20136 raft_consensus.cc:740] T b1c61c301c634e339464c23e2eaa8938 P 79886fe2a72f45368b6a5ad9a882618e [term 1 LEARNER]: Becoming Follower/Learner. State: Replica: 79886fe2a72f45368b6a5ad9a882618e, State: Initialized, Role: LEARNER
I20260608 12:57:39.558233 20136 consensus_queue.cc:260] T b1c61c301c634e339464c23e2eaa8938 P 79886fe2a72f45368b6a5ad9a882618e [NON_LEADER]: Queue going to NON_LEADER mode. State: All replicated index: 0, Majority replicated index: 0, Committed index: 2, Last appended: 1.2, Last appended by leader: 2, Current term: 0, Majority size: -1, State: 0, Mode: NON_LEADER, active raft config: opid_index: 2 OBSOLETE_local: false peers { permanent_uuid: "6adee8fdd74f4f668458492e45973cdc" member_type: VOTER last_known_addr { host: "127.16.52.195" port: 41461 } } peers { permanent_uuid: "3db572d5255b484fac58622bbdd2606b" member_type: VOTER last_known_addr { host: "127.16.52.196" port: 35229 } attrs { replace: true } } peers { permanent_uuid: "513f34eb842548968d2a25cd4942a8ae" member_type: VOTER last_known_addr { host: "127.16.52.193" port: 34695 } } peers { permanent_uuid: "79886fe2a72f45368b6a5ad9a882618e" member_type: NON_VOTER last_known_addr { host: "127.16.52.194" port: 33039 } attrs { promote: true } }
I20260608 12:57:39.560921 20136 ts_tablet_manager.cc:1434] T b1c61c301c634e339464c23e2eaa8938 P 79886fe2a72f45368b6a5ad9a882618e: Time spent starting tablet: real 0.007s	user 0.000s	sys 0.007s
I20260608 12:57:39.562832 19753 tablet_copy_service.cc:342] P 6adee8fdd74f4f668458492e45973cdc: Request end of tablet copy session 79886fe2a72f45368b6a5ad9a882618e-b1c61c301c634e339464c23e2eaa8938 received from {username='slave'} at 127.0.0.1:39346
I20260608 12:57:39.563319 19753 tablet_copy_service.cc:434] P 6adee8fdd74f4f668458492e45973cdc: ending tablet copy session 79886fe2a72f45368b6a5ad9a882618e-b1c61c301c634e339464c23e2eaa8938 on tablet b1c61c301c634e339464c23e2eaa8938 with peer 79886fe2a72f45368b6a5ad9a882618e
I20260608 12:57:39.576442 20127 tablet_bootstrap.cc:492] T 6cd452ff5b18413582b5bfc327cfa470 P 3db572d5255b484fac58622bbdd2606b: Bootstrap replayed 1/1 log segments. Stats: ops{read=2 overwritten=0 applied=2 ignored=0} inserts{seen=0 ignored=0} mutations{seen=0 ignored=0} orphaned_commits=0. Pending: 0 replicates
I20260608 12:57:39.577164 20127 tablet_bootstrap.cc:492] T 6cd452ff5b18413582b5bfc327cfa470 P 3db572d5255b484fac58622bbdd2606b: Bootstrap complete.
I20260608 12:57:39.577700 20127 ts_tablet_manager.cc:1403] T 6cd452ff5b18413582b5bfc327cfa470 P 3db572d5255b484fac58622bbdd2606b: Time spent bootstrapping tablet: real 0.023s	user 0.012s	sys 0.006s
I20260608 12:57:39.579950 20127 raft_consensus.cc:359] T 6cd452ff5b18413582b5bfc327cfa470 P 3db572d5255b484fac58622bbdd2606b [term 1 LEARNER]: Replica starting. Triggering 0 pending ops. Active config: opid_index: 2 OBSOLETE_local: false peers { permanent_uuid: "513f34eb842548968d2a25cd4942a8ae" member_type: VOTER last_known_addr { host: "127.16.52.193" port: 34695 } } peers { permanent_uuid: "79886fe2a72f45368b6a5ad9a882618e" member_type: VOTER last_known_addr { host: "127.16.52.194" port: 33039 } attrs { replace: true } } peers { permanent_uuid: "6adee8fdd74f4f668458492e45973cdc" member_type: VOTER last_known_addr { host: "127.16.52.195" port: 41461 } } peers { permanent_uuid: "3db572d5255b484fac58622bbdd2606b" member_type: NON_VOTER last_known_addr { host: "127.16.52.196" port: 35229 } attrs { promote: true } }
I20260608 12:57:39.580588 20127 raft_consensus.cc:740] T 6cd452ff5b18413582b5bfc327cfa470 P 3db572d5255b484fac58622bbdd2606b [term 1 LEARNER]: Becoming Follower/Learner. State: Replica: 3db572d5255b484fac58622bbdd2606b, State: Initialized, Role: LEARNER
I20260608 12:57:39.581239 20127 consensus_queue.cc:260] T 6cd452ff5b18413582b5bfc327cfa470 P 3db572d5255b484fac58622bbdd2606b [NON_LEADER]: Queue going to NON_LEADER mode. State: All replicated index: 0, Majority replicated index: 0, Committed index: 2, Last appended: 1.2, Last appended by leader: 2, Current term: 0, Majority size: -1, State: 0, Mode: NON_LEADER, active raft config: opid_index: 2 OBSOLETE_local: false peers { permanent_uuid: "513f34eb842548968d2a25cd4942a8ae" member_type: VOTER last_known_addr { host: "127.16.52.193" port: 34695 } } peers { permanent_uuid: "79886fe2a72f45368b6a5ad9a882618e" member_type: VOTER last_known_addr { host: "127.16.52.194" port: 33039 } attrs { replace: true } } peers { permanent_uuid: "6adee8fdd74f4f668458492e45973cdc" member_type: VOTER last_known_addr { host: "127.16.52.195" port: 41461 } } peers { permanent_uuid: "3db572d5255b484fac58622bbdd2606b" member_type: NON_VOTER last_known_addr { host: "127.16.52.196" port: 35229 } attrs { promote: true } }
I20260608 12:57:39.583743 20127 ts_tablet_manager.cc:1434] T 6cd452ff5b18413582b5bfc327cfa470 P 3db572d5255b484fac58622bbdd2606b: Time spent starting tablet: real 0.006s	user 0.003s	sys 0.005s
I20260608 12:57:39.585371 19604 tablet_copy_service.cc:342] P 513f34eb842548968d2a25cd4942a8ae: Request end of tablet copy session 3db572d5255b484fac58622bbdd2606b-6cd452ff5b18413582b5bfc327cfa470 received from {username='slave'} at 127.0.0.1:45134
I20260608 12:57:39.585798 19604 tablet_copy_service.cc:434] P 513f34eb842548968d2a25cd4942a8ae: ending tablet copy session 3db572d5255b484fac58622bbdd2606b-6cd452ff5b18413582b5bfc327cfa470 on tablet 6cd452ff5b18413582b5bfc327cfa470 with peer 3db572d5255b484fac58622bbdd2606b
I20260608 12:57:39.713502 19900 raft_consensus.cc:1217] T d2c2a87eccbe4651996e46ec24afa0c8 P 3db572d5255b484fac58622bbdd2606b [term 1 LEARNER]: Deduplicated request from leader. Original: 1.1->[1.2-1.2]   Dedup: 1.2->[]
I20260608 12:57:39.824848 19743 raft_consensus.cc:1217] T 6f93bd457f524e7390d76fcb7e629724 P 6adee8fdd74f4f668458492e45973cdc [term 1 LEARNER]: Deduplicated request from leader. Original: 1.1->[1.2-1.2]   Dedup: 1.2->[]
I20260608 12:57:39.992017 19668 raft_consensus.cc:1217] T b1c61c301c634e339464c23e2eaa8938 P 79886fe2a72f45368b6a5ad9a882618e [term 1 LEARNER]: Deduplicated request from leader. Original: 1.1->[1.2-1.2]   Dedup: 1.2->[]
I20260608 12:57:40.110148 20142 raft_consensus.cc:1064] T d2c2a87eccbe4651996e46ec24afa0c8 P 79886fe2a72f45368b6a5ad9a882618e: attempting to promote NON_VOTER 3db572d5255b484fac58622bbdd2606b to VOTER
I20260608 12:57:40.112802 20142 consensus_queue.cc:237] T d2c2a87eccbe4651996e46ec24afa0c8 P 79886fe2a72f45368b6a5ad9a882618e [LEADER]: Queue going to LEADER mode. State: All replicated index: 0, Majority replicated index: 2, Committed index: 2, Last appended: 1.2, Last appended by leader: 0, Current term: 1, Majority size: 3, State: 0, Mode: LEADER, active raft config: opid_index: 3 OBSOLETE_local: false peers { permanent_uuid: "513f34eb842548968d2a25cd4942a8ae" member_type: VOTER last_known_addr { host: "127.16.52.193" port: 34695 } } peers { permanent_uuid: "79886fe2a72f45368b6a5ad9a882618e" member_type: VOTER last_known_addr { host: "127.16.52.194" port: 33039 } } peers { permanent_uuid: "6adee8fdd74f4f668458492e45973cdc" member_type: VOTER last_known_addr { host: "127.16.52.195" port: 41461 } attrs { replace: true } } peers { permanent_uuid: "3db572d5255b484fac58622bbdd2606b" member_type: VOTER last_known_addr { host: "127.16.52.196" port: 35229 } attrs { promote: false } }
I20260608 12:57:40.119963 19743 raft_consensus.cc:1275] T d2c2a87eccbe4651996e46ec24afa0c8 P 6adee8fdd74f4f668458492e45973cdc [term 1 FOLLOWER]: Refusing update from remote peer 79886fe2a72f45368b6a5ad9a882618e: Log matching property violated. Preceding OpId in replica: term: 1 index: 2. Preceding OpId from leader: term: 1 index: 3. (index mismatch)
I20260608 12:57:40.120626 19900 raft_consensus.cc:1275] T d2c2a87eccbe4651996e46ec24afa0c8 P 3db572d5255b484fac58622bbdd2606b [term 1 LEARNER]: Refusing update from remote peer 79886fe2a72f45368b6a5ad9a882618e: Log matching property violated. Preceding OpId in replica: term: 1 index: 2. Preceding OpId from leader: term: 1 index: 3. (index mismatch)
I20260608 12:57:40.121249 19593 raft_consensus.cc:1275] T d2c2a87eccbe4651996e46ec24afa0c8 P 513f34eb842548968d2a25cd4942a8ae [term 1 FOLLOWER]: Refusing update from remote peer 79886fe2a72f45368b6a5ad9a882618e: Log matching property violated. Preceding OpId in replica: term: 1 index: 2. Preceding OpId from leader: term: 1 index: 3. (index mismatch)
I20260608 12:57:40.121590 20138 consensus_queue.cc:1048] T d2c2a87eccbe4651996e46ec24afa0c8 P 79886fe2a72f45368b6a5ad9a882618e [LEADER]: Connected to new peer: Peer: permanent_uuid: "6adee8fdd74f4f668458492e45973cdc" member_type: VOTER last_known_addr { host: "127.16.52.195" port: 41461 } attrs { replace: true }, Status: LMP_MISMATCH, Last received: 0.0, Next index: 3, Last known committed idx: 2, Time since last communication: 0.000s
I20260608 12:57:40.122678 20015 consensus_queue.cc:1048] T d2c2a87eccbe4651996e46ec24afa0c8 P 79886fe2a72f45368b6a5ad9a882618e [LEADER]: Connected to new peer: Peer: permanent_uuid: "3db572d5255b484fac58622bbdd2606b" member_type: VOTER last_known_addr { host: "127.16.52.196" port: 35229 } attrs { promote: false }, Status: LMP_MISMATCH, Last received: 0.0, Next index: 3, Last known committed idx: 2, Time since last communication: 0.000s
I20260608 12:57:40.123529 20142 consensus_queue.cc:1048] T d2c2a87eccbe4651996e46ec24afa0c8 P 79886fe2a72f45368b6a5ad9a882618e [LEADER]: Connected to new peer: Peer: permanent_uuid: "513f34eb842548968d2a25cd4942a8ae" member_type: VOTER last_known_addr { host: "127.16.52.193" port: 34695 }, Status: LMP_MISMATCH, Last received: 0.0, Next index: 3, Last known committed idx: 2, Time since last communication: 0.000s
I20260608 12:57:40.145593 19902 raft_consensus.cc:1217] T 6cd452ff5b18413582b5bfc327cfa470 P 3db572d5255b484fac58622bbdd2606b [term 1 LEARNER]: Deduplicated request from leader. Original: 1.1->[1.2-1.2]   Dedup: 1.2->[]
I20260608 12:57:40.152706 20138 raft_consensus.cc:2955] T d2c2a87eccbe4651996e46ec24afa0c8 P 79886fe2a72f45368b6a5ad9a882618e [term 1 LEADER]: Committing config change with OpId 1.3: config changed from index 2 to 3, 3db572d5255b484fac58622bbdd2606b (127.16.52.196) changed from NON_VOTER to VOTER. New config: { opid_index: 3 OBSOLETE_local: false peers { permanent_uuid: "513f34eb842548968d2a25cd4942a8ae" member_type: VOTER last_known_addr { host: "127.16.52.193" port: 34695 } } peers { permanent_uuid: "79886fe2a72f45368b6a5ad9a882618e" member_type: VOTER last_known_addr { host: "127.16.52.194" port: 33039 } } peers { permanent_uuid: "6adee8fdd74f4f668458492e45973cdc" member_type: VOTER last_known_addr { host: "127.16.52.195" port: 41461 } attrs { replace: true } } peers { permanent_uuid: "3db572d5255b484fac58622bbdd2606b" member_type: VOTER last_known_addr { host: "127.16.52.196" port: 35229 } attrs { promote: false } } }
I20260608 12:57:40.161391 19593 raft_consensus.cc:2955] T d2c2a87eccbe4651996e46ec24afa0c8 P 513f34eb842548968d2a25cd4942a8ae [term 1 FOLLOWER]: Committing config change with OpId 1.3: config changed from index 2 to 3, 3db572d5255b484fac58622bbdd2606b (127.16.52.196) changed from NON_VOTER to VOTER. New config: { opid_index: 3 OBSOLETE_local: false peers { permanent_uuid: "513f34eb842548968d2a25cd4942a8ae" member_type: VOTER last_known_addr { host: "127.16.52.193" port: 34695 } } peers { permanent_uuid: "79886fe2a72f45368b6a5ad9a882618e" member_type: VOTER last_known_addr { host: "127.16.52.194" port: 33039 } } peers { permanent_uuid: "6adee8fdd74f4f668458492e45973cdc" member_type: VOTER last_known_addr { host: "127.16.52.195" port: 41461 } attrs { replace: true } } peers { permanent_uuid: "3db572d5255b484fac58622bbdd2606b" member_type: VOTER last_known_addr { host: "127.16.52.196" port: 35229 } attrs { promote: false } } }
I20260608 12:57:40.167454 19743 raft_consensus.cc:2955] T d2c2a87eccbe4651996e46ec24afa0c8 P 6adee8fdd74f4f668458492e45973cdc [term 1 FOLLOWER]: Committing config change with OpId 1.3: config changed from index 2 to 3, 3db572d5255b484fac58622bbdd2606b (127.16.52.196) changed from NON_VOTER to VOTER. New config: { opid_index: 3 OBSOLETE_local: false peers { permanent_uuid: "513f34eb842548968d2a25cd4942a8ae" member_type: VOTER last_known_addr { host: "127.16.52.193" port: 34695 } } peers { permanent_uuid: "79886fe2a72f45368b6a5ad9a882618e" member_type: VOTER last_known_addr { host: "127.16.52.194" port: 33039 } } peers { permanent_uuid: "6adee8fdd74f4f668458492e45973cdc" member_type: VOTER last_known_addr { host: "127.16.52.195" port: 41461 } attrs { replace: true } } peers { permanent_uuid: "3db572d5255b484fac58622bbdd2606b" member_type: VOTER last_known_addr { host: "127.16.52.196" port: 35229 } attrs { promote: false } } }
I20260608 12:57:40.173015 19902 raft_consensus.cc:2955] T d2c2a87eccbe4651996e46ec24afa0c8 P 3db572d5255b484fac58622bbdd2606b [term 1 FOLLOWER]: Committing config change with OpId 1.3: config changed from index 2 to 3, 3db572d5255b484fac58622bbdd2606b (127.16.52.196) changed from NON_VOTER to VOTER. New config: { opid_index: 3 OBSOLETE_local: false peers { permanent_uuid: "513f34eb842548968d2a25cd4942a8ae" member_type: VOTER last_known_addr { host: "127.16.52.193" port: 34695 } } peers { permanent_uuid: "79886fe2a72f45368b6a5ad9a882618e" member_type: VOTER last_known_addr { host: "127.16.52.194" port: 33039 } } peers { permanent_uuid: "6adee8fdd74f4f668458492e45973cdc" member_type: VOTER last_known_addr { host: "127.16.52.195" port: 41461 } attrs { replace: true } } peers { permanent_uuid: "3db572d5255b484fac58622bbdd2606b" member_type: VOTER last_known_addr { host: "127.16.52.196" port: 35229 } attrs { promote: false } } }
I20260608 12:57:40.178087 19489 catalog_manager.cc:5696] T d2c2a87eccbe4651996e46ec24afa0c8 P 79886fe2a72f45368b6a5ad9a882618e reported cstate change: config changed from index 2 to 3, 3db572d5255b484fac58622bbdd2606b (127.16.52.196) changed from NON_VOTER to VOTER. New cstate: current_term: 1 leader_uuid: "79886fe2a72f45368b6a5ad9a882618e" committed_config { opid_index: 3 OBSOLETE_local: false peers { permanent_uuid: "513f34eb842548968d2a25cd4942a8ae" member_type: VOTER last_known_addr { host: "127.16.52.193" port: 34695 } health_report { overall_health: HEALTHY } } peers { permanent_uuid: "79886fe2a72f45368b6a5ad9a882618e" member_type: VOTER last_known_addr { host: "127.16.52.194" port: 33039 } health_report { overall_health: HEALTHY } } peers { permanent_uuid: "6adee8fdd74f4f668458492e45973cdc" member_type: VOTER last_known_addr { host: "127.16.52.195" port: 41461 } attrs { replace: true } health_report { overall_health: HEALTHY } } peers { permanent_uuid: "3db572d5255b484fac58622bbdd2606b" member_type: VOTER last_known_addr { host: "127.16.52.196" port: 35229 } attrs { promote: false } health_report { overall_health: HEALTHY } } }
I20260608 12:57:40.201202 19668 consensus_queue.cc:237] T d2c2a87eccbe4651996e46ec24afa0c8 P 79886fe2a72f45368b6a5ad9a882618e [LEADER]: Queue going to LEADER mode. State: All replicated index: 0, Majority replicated index: 3, Committed index: 3, Last appended: 1.3, Last appended by leader: 0, Current term: 1, Majority size: 2, State: 0, Mode: LEADER, active raft config: opid_index: 4 OBSOLETE_local: false peers { permanent_uuid: "513f34eb842548968d2a25cd4942a8ae" member_type: VOTER last_known_addr { host: "127.16.52.193" port: 34695 } } peers { permanent_uuid: "79886fe2a72f45368b6a5ad9a882618e" member_type: VOTER last_known_addr { host: "127.16.52.194" port: 33039 } } peers { permanent_uuid: "3db572d5255b484fac58622bbdd2606b" member_type: VOTER last_known_addr { host: "127.16.52.196" port: 35229 } attrs { promote: false } }
I20260608 12:57:40.206678 19902 raft_consensus.cc:1275] T d2c2a87eccbe4651996e46ec24afa0c8 P 3db572d5255b484fac58622bbdd2606b [term 1 FOLLOWER]: Refusing update from remote peer 79886fe2a72f45368b6a5ad9a882618e: Log matching property violated. Preceding OpId in replica: term: 1 index: 3. Preceding OpId from leader: term: 1 index: 4. (index mismatch)
I20260608 12:57:40.207441 19593 raft_consensus.cc:1275] T d2c2a87eccbe4651996e46ec24afa0c8 P 513f34eb842548968d2a25cd4942a8ae [term 1 FOLLOWER]: Refusing update from remote peer 79886fe2a72f45368b6a5ad9a882618e: Log matching property violated. Preceding OpId in replica: term: 1 index: 3. Preceding OpId from leader: term: 1 index: 4. (index mismatch)
