I20260608 12:57:33.512948 19891 data_dirs.cc:400] Could only allocate 1 dirs of requested 3 for tablet 8a2b3a0d396f4fd79d4a76bb079fa736. 1 dirs total, 0 dirs full, 0 dirs failed
I20260608 12:57:33.525162 19887 tablet_service.cc:1511] Processing CreateTablet for tablet 2f612f350a524ded8839907b826e878a (DEFAULT_TABLE table=range_aware_rebalance_new_range [id=7aaefb42cbe244dca8e1136cc239a979]), partition=HASH (key) PARTITION 6, RANGE (key) PARTITION 10 <= VALUES < 20
I20260608 12:57:33.506366 19888 tablet_service.cc:1511] Processing CreateTablet for tablet abf080bf17a9498bbd83185f13dc078b (DEFAULT_TABLE table=range_aware_rebalance_new_range [id=7aaefb42cbe244dca8e1136cc239a979]), partition=HASH (key) PARTITION 5, RANGE (key) PARTITION 10 <= VALUES < 20
I20260608 12:57:33.533102 19936 tablet_bootstrap.cc:492] T 6f93bd457f524e7390d76fcb7e629724 P 79886fe2a72f45368b6a5ad9a882618e: Bootstrap starting.
I20260608 12:57:33.537461 19890 data_dirs.cc:400] Could only allocate 1 dirs of requested 3 for tablet 1cae0b4f16b349d4a20004a206ad804f. 1 dirs total, 0 dirs full, 0 dirs failed
I20260608 12:57:33.513566 19893 tablet_service.cc:1511] Processing CreateTablet for tablet 6f93bd457f524e7390d76fcb7e629724 (DEFAULT_TABLE table=range_aware_rebalance_new_range [id=7aaefb42cbe244dca8e1136cc239a979]), partition=HASH (key) PARTITION 0, RANGE (key) PARTITION 10 <= VALUES < 20
I20260608 12:57:33.552218 19886 tablet_service.cc:1511] Processing CreateTablet for tablet b1c61c301c634e339464c23e2eaa8938 (DEFAULT_TABLE table=range_aware_rebalance_new_range [id=7aaefb42cbe244dca8e1136cc239a979]), partition=HASH (key) PARTITION 7, RANGE (key) PARTITION 10 <= VALUES < 20
W20260608 12:57:33.569516 19540 auto_rebalancer.cc:259] Could not retrieve cluster info: Service unavailable: Tablet not running
I20260608 12:57:33.595903 19887 data_dirs.cc:400] Could only allocate 1 dirs of requested 3 for tablet 2f612f350a524ded8839907b826e878a. 1 dirs total, 0 dirs full, 0 dirs failed
I20260608 12:57:33.610577 19893 data_dirs.cc:400] Could only allocate 1 dirs of requested 3 for tablet 6f93bd457f524e7390d76fcb7e629724. 1 dirs total, 0 dirs full, 0 dirs failed
I20260608 12:57:33.627379 19939 tablet_bootstrap.cc:492] T d0a8bf8abf2344bcab7d03d652902055 P 6adee8fdd74f4f668458492e45973cdc: Bootstrap starting.
I20260608 12:57:33.632333 19886 data_dirs.cc:400] Could only allocate 1 dirs of requested 3 for tablet b1c61c301c634e339464c23e2eaa8938. 1 dirs total, 0 dirs full, 0 dirs failed
I20260608 12:57:33.642012 19940 tablet_bootstrap.cc:492] T d0a8bf8abf2344bcab7d03d652902055 P 513f34eb842548968d2a25cd4942a8ae: Bootstrap starting.
I20260608 12:57:33.643044 19936 tablet_bootstrap.cc:654] T 6f93bd457f524e7390d76fcb7e629724 P 79886fe2a72f45368b6a5ad9a882618e: Neither blocks nor log segments found. Creating new log.
I20260608 12:57:33.655061 19888 data_dirs.cc:400] Could only allocate 1 dirs of requested 3 for tablet abf080bf17a9498bbd83185f13dc078b. 1 dirs total, 0 dirs full, 0 dirs failed
I20260608 12:57:33.676193 19941 tablet_bootstrap.cc:492] T d0a8bf8abf2344bcab7d03d652902055 P 3db572d5255b484fac58622bbdd2606b: Bootstrap starting.
I20260608 12:57:33.682586 19936 tablet_bootstrap.cc:492] T 6f93bd457f524e7390d76fcb7e629724 P 79886fe2a72f45368b6a5ad9a882618e: No bootstrap required, opened a new log
I20260608 12:57:33.685184 19936 ts_tablet_manager.cc:1403] T 6f93bd457f524e7390d76fcb7e629724 P 79886fe2a72f45368b6a5ad9a882618e: Time spent bootstrapping tablet: real 0.152s	user 0.022s	sys 0.010s
I20260608 12:57:33.688097 19940 tablet_bootstrap.cc:654] T d0a8bf8abf2344bcab7d03d652902055 P 513f34eb842548968d2a25cd4942a8ae: Neither blocks nor log segments found. Creating new log.
I20260608 12:57:33.688548 19941 tablet_bootstrap.cc:654] T d0a8bf8abf2344bcab7d03d652902055 P 3db572d5255b484fac58622bbdd2606b: Neither blocks nor log segments found. Creating new log.
I20260608 12:57:33.688818 19936 raft_consensus.cc:359] T 6f93bd457f524e7390d76fcb7e629724 P 79886fe2a72f45368b6a5ad9a882618e [term 0 FOLLOWER]: Replica starting. Triggering 0 pending ops. Active config: opid_index: -1 OBSOLETE_local: false peers { permanent_uuid: "3db572d5255b484fac58622bbdd2606b" member_type: VOTER last_known_addr { host: "127.16.52.196" port: 35229 } } peers { permanent_uuid: "513f34eb842548968d2a25cd4942a8ae" member_type: VOTER last_known_addr { host: "127.16.52.193" port: 34695 } } peers { permanent_uuid: "79886fe2a72f45368b6a5ad9a882618e" member_type: VOTER last_known_addr { host: "127.16.52.194" port: 33039 } }
I20260608 12:57:33.689862 19936 raft_consensus.cc:385] T 6f93bd457f524e7390d76fcb7e629724 P 79886fe2a72f45368b6a5ad9a882618e [term 0 FOLLOWER]: Consensus starting up: Expiring failure detector timer to make a prompt election more likely
I20260608 12:57:33.690361 19936 raft_consensus.cc:740] T 6f93bd457f524e7390d76fcb7e629724 P 79886fe2a72f45368b6a5ad9a882618e [term 0 FOLLOWER]: Becoming Follower/Learner. State: Replica: 79886fe2a72f45368b6a5ad9a882618e, State: Initialized, Role: FOLLOWER
I20260608 12:57:33.691282 19936 consensus_queue.cc:260] T 6f93bd457f524e7390d76fcb7e629724 P 79886fe2a72f45368b6a5ad9a882618e [NON_LEADER]: Queue going to NON_LEADER mode. State: All replicated index: 0, Majority replicated index: 0, Committed index: 0, Last appended: 0.0, Last appended by leader: 0, Current term: 0, Majority size: -1, State: 0, Mode: NON_LEADER, active raft config: opid_index: -1 OBSOLETE_local: false peers { permanent_uuid: "3db572d5255b484fac58622bbdd2606b" member_type: VOTER last_known_addr { host: "127.16.52.196" port: 35229 } } peers { permanent_uuid: "513f34eb842548968d2a25cd4942a8ae" member_type: VOTER last_known_addr { host: "127.16.52.193" port: 34695 } } peers { permanent_uuid: "79886fe2a72f45368b6a5ad9a882618e" member_type: VOTER last_known_addr { host: "127.16.52.194" port: 33039 } }
I20260608 12:57:33.698601 19939 tablet_bootstrap.cc:654] T d0a8bf8abf2344bcab7d03d652902055 P 6adee8fdd74f4f668458492e45973cdc: Neither blocks nor log segments found. Creating new log.
I20260608 12:57:33.697535 19936 ts_tablet_manager.cc:1434] T 6f93bd457f524e7390d76fcb7e629724 P 79886fe2a72f45368b6a5ad9a882618e: Time spent starting tablet: real 0.012s	user 0.008s	sys 0.000s
I20260608 12:57:33.700743 19936 tablet_bootstrap.cc:492] T 2f612f350a524ded8839907b826e878a P 79886fe2a72f45368b6a5ad9a882618e: Bootstrap starting.
I20260608 12:57:33.701387 19941 tablet_bootstrap.cc:492] T d0a8bf8abf2344bcab7d03d652902055 P 3db572d5255b484fac58622bbdd2606b: No bootstrap required, opened a new log
I20260608 12:57:33.702248 19941 ts_tablet_manager.cc:1403] T d0a8bf8abf2344bcab7d03d652902055 P 3db572d5255b484fac58622bbdd2606b: Time spent bootstrapping tablet: real 0.046s	user 0.016s	sys 0.000s
I20260608 12:57:33.714903 19941 raft_consensus.cc:359] T d0a8bf8abf2344bcab7d03d652902055 P 3db572d5255b484fac58622bbdd2606b [term 0 FOLLOWER]: Replica starting. Triggering 0 pending ops. Active config: opid_index: -1 OBSOLETE_local: false peers { permanent_uuid: "6adee8fdd74f4f668458492e45973cdc" member_type: VOTER last_known_addr { host: "127.16.52.195" port: 41461 } } peers { permanent_uuid: "3db572d5255b484fac58622bbdd2606b" member_type: VOTER last_known_addr { host: "127.16.52.196" port: 35229 } } peers { permanent_uuid: "513f34eb842548968d2a25cd4942a8ae" member_type: VOTER last_known_addr { host: "127.16.52.193" port: 34695 } }
I20260608 12:57:33.715828 19941 raft_consensus.cc:385] T d0a8bf8abf2344bcab7d03d652902055 P 3db572d5255b484fac58622bbdd2606b [term 0 FOLLOWER]: Consensus starting up: Expiring failure detector timer to make a prompt election more likely
I20260608 12:57:33.716230 19941 raft_consensus.cc:740] T d0a8bf8abf2344bcab7d03d652902055 P 3db572d5255b484fac58622bbdd2606b [term 0 FOLLOWER]: Becoming Follower/Learner. State: Replica: 3db572d5255b484fac58622bbdd2606b, State: Initialized, Role: FOLLOWER
I20260608 12:57:33.717183 19941 consensus_queue.cc:260] T d0a8bf8abf2344bcab7d03d652902055 P 3db572d5255b484fac58622bbdd2606b [NON_LEADER]: Queue going to NON_LEADER mode. State: All replicated index: 0, Majority replicated index: 0, Committed index: 0, Last appended: 0.0, Last appended by leader: 0, Current term: 0, Majority size: -1, State: 0, Mode: NON_LEADER, active raft config: opid_index: -1 OBSOLETE_local: false peers { permanent_uuid: "6adee8fdd74f4f668458492e45973cdc" member_type: VOTER last_known_addr { host: "127.16.52.195" port: 41461 } } peers { permanent_uuid: "3db572d5255b484fac58622bbdd2606b" member_type: VOTER last_known_addr { host: "127.16.52.196" port: 35229 } } peers { permanent_uuid: "513f34eb842548968d2a25cd4942a8ae" member_type: VOTER last_known_addr { host: "127.16.52.193" port: 34695 } }
I20260608 12:57:33.720448 19936 tablet_bootstrap.cc:654] T 2f612f350a524ded8839907b826e878a P 79886fe2a72f45368b6a5ad9a882618e: Neither blocks nor log segments found. Creating new log.
I20260608 12:57:33.721320 19940 tablet_bootstrap.cc:492] T d0a8bf8abf2344bcab7d03d652902055 P 513f34eb842548968d2a25cd4942a8ae: No bootstrap required, opened a new log
I20260608 12:57:33.722162 19940 ts_tablet_manager.cc:1403] T d0a8bf8abf2344bcab7d03d652902055 P 513f34eb842548968d2a25cd4942a8ae: Time spent bootstrapping tablet: real 0.098s	user 0.016s	sys 0.011s
I20260608 12:57:33.724149 19939 tablet_bootstrap.cc:492] T d0a8bf8abf2344bcab7d03d652902055 P 6adee8fdd74f4f668458492e45973cdc: No bootstrap required, opened a new log
I20260608 12:57:33.724553 19939 ts_tablet_manager.cc:1403] T d0a8bf8abf2344bcab7d03d652902055 P 6adee8fdd74f4f668458492e45973cdc: Time spent bootstrapping tablet: real 0.099s	user 0.013s	sys 0.010s
I20260608 12:57:33.725680 19940 raft_consensus.cc:359] T d0a8bf8abf2344bcab7d03d652902055 P 513f34eb842548968d2a25cd4942a8ae [term 0 FOLLOWER]: Replica starting. Triggering 0 pending ops. Active config: opid_index: -1 OBSOLETE_local: false peers { permanent_uuid: "6adee8fdd74f4f668458492e45973cdc" member_type: VOTER last_known_addr { host: "127.16.52.195" port: 41461 } } peers { permanent_uuid: "3db572d5255b484fac58622bbdd2606b" member_type: VOTER last_known_addr { host: "127.16.52.196" port: 35229 } } peers { permanent_uuid: "513f34eb842548968d2a25cd4942a8ae" member_type: VOTER last_known_addr { host: "127.16.52.193" port: 34695 } }
I20260608 12:57:33.726663 19940 raft_consensus.cc:385] T d0a8bf8abf2344bcab7d03d652902055 P 513f34eb842548968d2a25cd4942a8ae [term 0 FOLLOWER]: Consensus starting up: Expiring failure detector timer to make a prompt election more likely
I20260608 12:57:33.727128 19940 raft_consensus.cc:740] T d0a8bf8abf2344bcab7d03d652902055 P 513f34eb842548968d2a25cd4942a8ae [term 0 FOLLOWER]: Becoming Follower/Learner. State: Replica: 513f34eb842548968d2a25cd4942a8ae, State: Initialized, Role: FOLLOWER
I20260608 12:57:33.727411 19939 raft_consensus.cc:359] T d0a8bf8abf2344bcab7d03d652902055 P 6adee8fdd74f4f668458492e45973cdc [term 0 FOLLOWER]: Replica starting. Triggering 0 pending ops. Active config: opid_index: -1 OBSOLETE_local: false peers { permanent_uuid: "6adee8fdd74f4f668458492e45973cdc" member_type: VOTER last_known_addr { host: "127.16.52.195" port: 41461 } } peers { permanent_uuid: "3db572d5255b484fac58622bbdd2606b" member_type: VOTER last_known_addr { host: "127.16.52.196" port: 35229 } } peers { permanent_uuid: "513f34eb842548968d2a25cd4942a8ae" member_type: VOTER last_known_addr { host: "127.16.52.193" port: 34695 } }
I20260608 12:57:33.728065 19939 raft_consensus.cc:385] T d0a8bf8abf2344bcab7d03d652902055 P 6adee8fdd74f4f668458492e45973cdc [term 0 FOLLOWER]: Consensus starting up: Expiring failure detector timer to make a prompt election more likely
I20260608 12:57:33.728382 19939 raft_consensus.cc:740] T d0a8bf8abf2344bcab7d03d652902055 P 6adee8fdd74f4f668458492e45973cdc [term 0 FOLLOWER]: Becoming Follower/Learner. State: Replica: 6adee8fdd74f4f668458492e45973cdc, State: Initialized, Role: FOLLOWER
I20260608 12:57:33.728186 19940 consensus_queue.cc:260] T d0a8bf8abf2344bcab7d03d652902055 P 513f34eb842548968d2a25cd4942a8ae [NON_LEADER]: Queue going to NON_LEADER mode. State: All replicated index: 0, Majority replicated index: 0, Committed index: 0, Last appended: 0.0, Last appended by leader: 0, Current term: 0, Majority size: -1, State: 0, Mode: NON_LEADER, active raft config: opid_index: -1 OBSOLETE_local: false peers { permanent_uuid: "6adee8fdd74f4f668458492e45973cdc" member_type: VOTER last_known_addr { host: "127.16.52.195" port: 41461 } } peers { permanent_uuid: "3db572d5255b484fac58622bbdd2606b" member_type: VOTER last_known_addr { host: "127.16.52.196" port: 35229 } } peers { permanent_uuid: "513f34eb842548968d2a25cd4942a8ae" member_type: VOTER last_known_addr { host: "127.16.52.193" port: 34695 } }
I20260608 12:57:33.729172 19939 consensus_queue.cc:260] T d0a8bf8abf2344bcab7d03d652902055 P 6adee8fdd74f4f668458492e45973cdc [NON_LEADER]: Queue going to NON_LEADER mode. State: All replicated index: 0, Majority replicated index: 0, Committed index: 0, Last appended: 0.0, Last appended by leader: 0, Current term: 0, Majority size: -1, State: 0, Mode: NON_LEADER, active raft config: opid_index: -1 OBSOLETE_local: false peers { permanent_uuid: "6adee8fdd74f4f668458492e45973cdc" member_type: VOTER last_known_addr { host: "127.16.52.195" port: 41461 } } peers { permanent_uuid: "3db572d5255b484fac58622bbdd2606b" member_type: VOTER last_known_addr { host: "127.16.52.196" port: 35229 } } peers { permanent_uuid: "513f34eb842548968d2a25cd4942a8ae" member_type: VOTER last_known_addr { host: "127.16.52.193" port: 34695 } }
I20260608 12:57:33.731536 19940 ts_tablet_manager.cc:1434] T d0a8bf8abf2344bcab7d03d652902055 P 513f34eb842548968d2a25cd4942a8ae: Time spent starting tablet: real 0.009s	user 0.002s	sys 0.005s
I20260608 12:57:33.732928 19940 tablet_bootstrap.cc:492] T 12b01c1b16a94ca4ac415e3ac987e286 P 513f34eb842548968d2a25cd4942a8ae: Bootstrap starting.
I20260608 12:57:33.733194 19928 heartbeater.cc:499] Master 127.16.52.254:32995 was elected leader, sending a full tablet report...
I20260608 12:57:33.734277 19941 ts_tablet_manager.cc:1434] T d0a8bf8abf2344bcab7d03d652902055 P 3db572d5255b484fac58622bbdd2606b: Time spent starting tablet: real 0.032s	user 0.002s	sys 0.009s
I20260608 12:57:33.735365 19941 tablet_bootstrap.cc:492] T 8a2b3a0d396f4fd79d4a76bb079fa736 P 3db572d5255b484fac58622bbdd2606b: Bootstrap starting.
I20260608 12:57:33.741106 19940 tablet_bootstrap.cc:654] T 12b01c1b16a94ca4ac415e3ac987e286 P 513f34eb842548968d2a25cd4942a8ae: Neither blocks nor log segments found. Creating new log.
I20260608 12:57:33.742861 19941 tablet_bootstrap.cc:654] T 8a2b3a0d396f4fd79d4a76bb079fa736 P 3db572d5255b484fac58622bbdd2606b: Neither blocks nor log segments found. Creating new log.
I20260608 12:57:33.750736 19939 ts_tablet_manager.cc:1434] T d0a8bf8abf2344bcab7d03d652902055 P 6adee8fdd74f4f668458492e45973cdc: Time spent starting tablet: real 0.026s	user 0.005s	sys 0.004s
I20260608 12:57:33.756328 19936 tablet_bootstrap.cc:492] T 2f612f350a524ded8839907b826e878a P 79886fe2a72f45368b6a5ad9a882618e: No bootstrap required, opened a new log
I20260608 12:57:33.755339 19939 tablet_bootstrap.cc:492] T abf080bf17a9498bbd83185f13dc078b P 6adee8fdd74f4f668458492e45973cdc: Bootstrap starting.
I20260608 12:57:33.756831 19936 ts_tablet_manager.cc:1403] T 2f612f350a524ded8839907b826e878a P 79886fe2a72f45368b6a5ad9a882618e: Time spent bootstrapping tablet: real 0.056s	user 0.009s	sys 0.015s
I20260608 12:57:33.756886 19940 tablet_bootstrap.cc:492] T 12b01c1b16a94ca4ac415e3ac987e286 P 513f34eb842548968d2a25cd4942a8ae: No bootstrap required, opened a new log
I20260608 12:57:33.757745 19940 ts_tablet_manager.cc:1403] T 12b01c1b16a94ca4ac415e3ac987e286 P 513f34eb842548968d2a25cd4942a8ae: Time spent bootstrapping tablet: real 0.025s	user 0.011s	sys 0.007s
I20260608 12:57:33.760320 19936 raft_consensus.cc:359] T 2f612f350a524ded8839907b826e878a P 79886fe2a72f45368b6a5ad9a882618e [term 0 FOLLOWER]: Replica starting. Triggering 0 pending ops. Active config: opid_index: -1 OBSOLETE_local: false peers { permanent_uuid: "3db572d5255b484fac58622bbdd2606b" member_type: VOTER last_known_addr { host: "127.16.52.196" port: 35229 } } peers { permanent_uuid: "513f34eb842548968d2a25cd4942a8ae" member_type: VOTER last_known_addr { host: "127.16.52.193" port: 34695 } } peers { permanent_uuid: "79886fe2a72f45368b6a5ad9a882618e" member_type: VOTER last_known_addr { host: "127.16.52.194" port: 33039 } }
I20260608 12:57:33.761082 19936 raft_consensus.cc:385] T 2f612f350a524ded8839907b826e878a P 79886fe2a72f45368b6a5ad9a882618e [term 0 FOLLOWER]: Consensus starting up: Expiring failure detector timer to make a prompt election more likely
I20260608 12:57:33.761399 19936 raft_consensus.cc:740] T 2f612f350a524ded8839907b826e878a P 79886fe2a72f45368b6a5ad9a882618e [term 0 FOLLOWER]: Becoming Follower/Learner. State: Replica: 79886fe2a72f45368b6a5ad9a882618e, State: Initialized, Role: FOLLOWER
I20260608 12:57:33.762282 19936 consensus_queue.cc:260] T 2f612f350a524ded8839907b826e878a P 79886fe2a72f45368b6a5ad9a882618e [NON_LEADER]: Queue going to NON_LEADER mode. State: All replicated index: 0, Majority replicated index: 0, Committed index: 0, Last appended: 0.0, Last appended by leader: 0, Current term: 0, Majority size: -1, State: 0, Mode: NON_LEADER, active raft config: opid_index: -1 OBSOLETE_local: false peers { permanent_uuid: "3db572d5255b484fac58622bbdd2606b" member_type: VOTER last_known_addr { host: "127.16.52.196" port: 35229 } } peers { permanent_uuid: "513f34eb842548968d2a25cd4942a8ae" member_type: VOTER last_known_addr { host: "127.16.52.193" port: 34695 } } peers { permanent_uuid: "79886fe2a72f45368b6a5ad9a882618e" member_type: VOTER last_known_addr { host: "127.16.52.194" port: 33039 } }
I20260608 12:57:33.760720 19940 raft_consensus.cc:359] T 12b01c1b16a94ca4ac415e3ac987e286 P 513f34eb842548968d2a25cd4942a8ae [term 0 FOLLOWER]: Replica starting. Triggering 0 pending ops. Active config: opid_index: -1 OBSOLETE_local: false peers { permanent_uuid: "6adee8fdd74f4f668458492e45973cdc" member_type: VOTER last_known_addr { host: "127.16.52.195" port: 41461 } } peers { permanent_uuid: "513f34eb842548968d2a25cd4942a8ae" member_type: VOTER last_known_addr { host: "127.16.52.193" port: 34695 } } peers { permanent_uuid: "3db572d5255b484fac58622bbdd2606b" member_type: VOTER last_known_addr { host: "127.16.52.196" port: 35229 } }
I20260608 12:57:33.766472 19940 raft_consensus.cc:385] T 12b01c1b16a94ca4ac415e3ac987e286 P 513f34eb842548968d2a25cd4942a8ae [term 0 FOLLOWER]: Consensus starting up: Expiring failure detector timer to make a prompt election more likely
I20260608 12:57:33.766850 19940 raft_consensus.cc:740] T 12b01c1b16a94ca4ac415e3ac987e286 P 513f34eb842548968d2a25cd4942a8ae [term 0 FOLLOWER]: Becoming Follower/Learner. State: Replica: 513f34eb842548968d2a25cd4942a8ae, State: Initialized, Role: FOLLOWER
I20260608 12:57:33.767149 19936 ts_tablet_manager.cc:1434] T 2f612f350a524ded8839907b826e878a P 79886fe2a72f45368b6a5ad9a882618e: Time spent starting tablet: real 0.010s	user 0.006s	sys 0.000s
I20260608 12:57:33.767786 19940 consensus_queue.cc:260] T 12b01c1b16a94ca4ac415e3ac987e286 P 513f34eb842548968d2a25cd4942a8ae [NON_LEADER]: Queue going to NON_LEADER mode. State: All replicated index: 0, Majority replicated index: 0, Committed index: 0, Last appended: 0.0, Last appended by leader: 0, Current term: 0, Majority size: -1, State: 0, Mode: NON_LEADER, active raft config: opid_index: -1 OBSOLETE_local: false peers { permanent_uuid: "6adee8fdd74f4f668458492e45973cdc" member_type: VOTER last_known_addr { host: "127.16.52.195" port: 41461 } } peers { permanent_uuid: "513f34eb842548968d2a25cd4942a8ae" member_type: VOTER last_known_addr { host: "127.16.52.193" port: 34695 } } peers { permanent_uuid: "3db572d5255b484fac58622bbdd2606b" member_type: VOTER last_known_addr { host: "127.16.52.196" port: 35229 } }
I20260608 12:57:33.771521 19940 ts_tablet_manager.cc:1434] T 12b01c1b16a94ca4ac415e3ac987e286 P 513f34eb842548968d2a25cd4942a8ae: Time spent starting tablet: real 0.013s	user 0.006s	sys 0.000s
I20260608 12:57:33.772531 19940 tablet_bootstrap.cc:492] T 1cae0b4f16b349d4a20004a206ad804f P 513f34eb842548968d2a25cd4942a8ae: Bootstrap starting.
I20260608 12:57:33.768548 19936 tablet_bootstrap.cc:492] T abf080bf17a9498bbd83185f13dc078b P 79886fe2a72f45368b6a5ad9a882618e: Bootstrap starting.
I20260608 12:57:33.769142 19946 raft_consensus.cc:493] T d0a8bf8abf2344bcab7d03d652902055 P 3db572d5255b484fac58622bbdd2606b [term 0 FOLLOWER]: Starting pre-election (no leader contacted us within the election timeout)
I20260608 12:57:33.776717 19491 catalog_manager.cc:6241] T 00000000000000000000000000000000 P 585b35fcbcdc44e786b14e47a8b0886c: range_aware_rebalance_new_range [id=7aaefb42cbe244dca8e1136cc239a979] alter complete (version 0)
I20260608 12:57:33.776823 19946 raft_consensus.cc:515] T d0a8bf8abf2344bcab7d03d652902055 P 3db572d5255b484fac58622bbdd2606b [term 0 FOLLOWER]: Starting pre-election with config: opid_index: -1 OBSOLETE_local: false peers { permanent_uuid: "6adee8fdd74f4f668458492e45973cdc" member_type: VOTER last_known_addr { host: "127.16.52.195" port: 41461 } } peers { permanent_uuid: "3db572d5255b484fac58622bbdd2606b" member_type: VOTER last_known_addr { host: "127.16.52.196" port: 35229 } } peers { permanent_uuid: "513f34eb842548968d2a25cd4942a8ae" member_type: VOTER last_known_addr { host: "127.16.52.193" port: 34695 } }
I20260608 12:57:33.779932 19946 leader_election.cc:290] T d0a8bf8abf2344bcab7d03d652902055 P 3db572d5255b484fac58622bbdd2606b [CANDIDATE]: Term 1 pre-election: Requested pre-vote from peers 6adee8fdd74f4f668458492e45973cdc (127.16.52.195:41461), 513f34eb842548968d2a25cd4942a8ae (127.16.52.193:34695)
I20260608 12:57:33.781939 19940 tablet_bootstrap.cc:654] T 1cae0b4f16b349d4a20004a206ad804f P 513f34eb842548968d2a25cd4942a8ae: Neither blocks nor log segments found. Creating new log.
I20260608 12:57:33.790408 19936 tablet_bootstrap.cc:654] T abf080bf17a9498bbd83185f13dc078b P 79886fe2a72f45368b6a5ad9a882618e: Neither blocks nor log segments found. Creating new log.
I20260608 12:57:33.803941 19936 tablet_bootstrap.cc:492] T abf080bf17a9498bbd83185f13dc078b P 79886fe2a72f45368b6a5ad9a882618e: No bootstrap required, opened a new log
I20260608 12:57:33.804610 19936 ts_tablet_manager.cc:1403] T abf080bf17a9498bbd83185f13dc078b P 79886fe2a72f45368b6a5ad9a882618e: Time spent bootstrapping tablet: real 0.036s	user 0.014s	sys 0.006s
I20260608 12:57:33.808976 19936 raft_consensus.cc:359] T abf080bf17a9498bbd83185f13dc078b P 79886fe2a72f45368b6a5ad9a882618e [term 0 FOLLOWER]: Replica starting. Triggering 0 pending ops. Active config: opid_index: -1 OBSOLETE_local: false peers { permanent_uuid: "3db572d5255b484fac58622bbdd2606b" member_type: VOTER last_known_addr { host: "127.16.52.196" port: 35229 } } peers { permanent_uuid: "79886fe2a72f45368b6a5ad9a882618e" member_type: VOTER last_known_addr { host: "127.16.52.194" port: 33039 } } peers { permanent_uuid: "6adee8fdd74f4f668458492e45973cdc" member_type: VOTER last_known_addr { host: "127.16.52.195" port: 41461 } }
I20260608 12:57:33.809948 19936 raft_consensus.cc:385] T abf080bf17a9498bbd83185f13dc078b P 79886fe2a72f45368b6a5ad9a882618e [term 0 FOLLOWER]: Consensus starting up: Expiring failure detector timer to make a prompt election more likely
I20260608 12:57:33.810349 19936 raft_consensus.cc:740] T abf080bf17a9498bbd83185f13dc078b P 79886fe2a72f45368b6a5ad9a882618e [term 0 FOLLOWER]: Becoming Follower/Learner. State: Replica: 79886fe2a72f45368b6a5ad9a882618e, State: Initialized, Role: FOLLOWER
I20260608 12:57:33.811578 19936 consensus_queue.cc:260] T abf080bf17a9498bbd83185f13dc078b P 79886fe2a72f45368b6a5ad9a882618e [NON_LEADER]: Queue going to NON_LEADER mode. State: All replicated index: 0, Majority replicated index: 0, Committed index: 0, Last appended: 0.0, Last appended by leader: 0, Current term: 0, Majority size: -1, State: 0, Mode: NON_LEADER, active raft config: opid_index: -1 OBSOLETE_local: false peers { permanent_uuid: "3db572d5255b484fac58622bbdd2606b" member_type: VOTER last_known_addr { host: "127.16.52.196" port: 35229 } } peers { permanent_uuid: "79886fe2a72f45368b6a5ad9a882618e" member_type: VOTER last_known_addr { host: "127.16.52.194" port: 33039 } } peers { permanent_uuid: "6adee8fdd74f4f668458492e45973cdc" member_type: VOTER last_known_addr { host: "127.16.52.195" port: 41461 } }
I20260608 12:57:33.815129 19936 ts_tablet_manager.cc:1434] T abf080bf17a9498bbd83185f13dc078b P 79886fe2a72f45368b6a5ad9a882618e: Time spent starting tablet: real 0.010s	user 0.011s	sys 0.000s
I20260608 12:57:33.816672 19936 tablet_bootstrap.cc:492] T 8a2b3a0d396f4fd79d4a76bb079fa736 P 79886fe2a72f45368b6a5ad9a882618e: Bootstrap starting.
I20260608 12:57:33.824908 19936 tablet_bootstrap.cc:654] T 8a2b3a0d396f4fd79d4a76bb079fa736 P 79886fe2a72f45368b6a5ad9a882618e: Neither blocks nor log segments found. Creating new log.
I20260608 12:57:33.826500 19797 raft_consensus.cc:493] T 2f612f350a524ded8839907b826e878a P 79886fe2a72f45368b6a5ad9a882618e [term 0 FOLLOWER]: Starting pre-election (no leader contacted us within the election timeout)
I20260608 12:57:33.827028 19797 raft_consensus.cc:515] T 2f612f350a524ded8839907b826e878a P 79886fe2a72f45368b6a5ad9a882618e [term 0 FOLLOWER]: Starting pre-election with config: opid_index: -1 OBSOLETE_local: false peers { permanent_uuid: "3db572d5255b484fac58622bbdd2606b" member_type: VOTER last_known_addr { host: "127.16.52.196" port: 35229 } } peers { permanent_uuid: "513f34eb842548968d2a25cd4942a8ae" member_type: VOTER last_known_addr { host: "127.16.52.193" port: 34695 } } peers { permanent_uuid: "79886fe2a72f45368b6a5ad9a882618e" member_type: VOTER last_known_addr { host: "127.16.52.194" port: 33039 } }
I20260608 12:57:33.831089 19593 tablet_service.cc:1917] Received RequestConsensusVote() RPC: tablet_id: "2f612f350a524ded8839907b826e878a" candidate_uuid: "79886fe2a72f45368b6a5ad9a882618e" candidate_term: 1 candidate_status { last_received { term: 0 index: 0 } } ignore_live_leader: false dest_uuid: "513f34eb842548968d2a25cd4942a8ae" is_pre_election: true
W20260608 12:57:33.834219 19634 leader_election.cc:343] T 2f612f350a524ded8839907b826e878a P 79886fe2a72f45368b6a5ad9a882618e [CANDIDATE]: Term 1 pre-election: Tablet error from VoteRequest() call to peer 513f34eb842548968d2a25cd4942a8ae (127.16.52.193:34695): Illegal state: must be running to vote when last-logged opid is not known
I20260608 12:57:33.834426 19797 leader_election.cc:290] T 2f612f350a524ded8839907b826e878a P 79886fe2a72f45368b6a5ad9a882618e [CANDIDATE]: Term 1 pre-election: Requested pre-vote from peers 3db572d5255b484fac58622bbdd2606b (127.16.52.196:35229), 513f34eb842548968d2a25cd4942a8ae (127.16.52.193:34695)
I20260608 12:57:33.837667 19939 tablet_bootstrap.cc:654] T abf080bf17a9498bbd83185f13dc078b P 6adee8fdd74f4f668458492e45973cdc: Neither blocks nor log segments found. Creating new log.
I20260608 12:57:33.837884 19940 tablet_bootstrap.cc:492] T 1cae0b4f16b349d4a20004a206ad804f P 513f34eb842548968d2a25cd4942a8ae: No bootstrap required, opened a new log
I20260608 12:57:33.838433 19940 ts_tablet_manager.cc:1403] T 1cae0b4f16b349d4a20004a206ad804f P 513f34eb842548968d2a25cd4942a8ae: Time spent bootstrapping tablet: real 0.066s	user 0.031s	sys 0.022s
I20260608 12:57:33.841989 19940 raft_consensus.cc:359] T 1cae0b4f16b349d4a20004a206ad804f P 513f34eb842548968d2a25cd4942a8ae [term 0 FOLLOWER]: Replica starting. Triggering 0 pending ops. Active config: opid_index: -1 OBSOLETE_local: false peers { permanent_uuid: "3db572d5255b484fac58622bbdd2606b" member_type: VOTER last_known_addr { host: "127.16.52.196" port: 35229 } } peers { permanent_uuid: "79886fe2a72f45368b6a5ad9a882618e" member_type: VOTER last_known_addr { host: "127.16.52.194" port: 33039 } } peers { permanent_uuid: "513f34eb842548968d2a25cd4942a8ae" member_type: VOTER last_known_addr { host: "127.16.52.193" port: 34695 } }
I20260608 12:57:33.842767 19940 raft_consensus.cc:385] T 1cae0b4f16b349d4a20004a206ad804f P 513f34eb842548968d2a25cd4942a8ae [term 0 FOLLOWER]: Consensus starting up: Expiring failure detector timer to make a prompt election more likely
I20260608 12:57:33.843060 19940 raft_consensus.cc:740] T 1cae0b4f16b349d4a20004a206ad804f P 513f34eb842548968d2a25cd4942a8ae [term 0 FOLLOWER]: Becoming Follower/Learner. State: Replica: 513f34eb842548968d2a25cd4942a8ae, State: Initialized, Role: FOLLOWER
I20260608 12:57:33.843854 19940 consensus_queue.cc:260] T 1cae0b4f16b349d4a20004a206ad804f P 513f34eb842548968d2a25cd4942a8ae [NON_LEADER]: Queue going to NON_LEADER mode. State: All replicated index: 0, Majority replicated index: 0, Committed index: 0, Last appended: 0.0, Last appended by leader: 0, Current term: 0, Majority size: -1, State: 0, Mode: NON_LEADER, active raft config: opid_index: -1 OBSOLETE_local: false peers { permanent_uuid: "3db572d5255b484fac58622bbdd2606b" member_type: VOTER last_known_addr { host: "127.16.52.196" port: 35229 } } peers { permanent_uuid: "79886fe2a72f45368b6a5ad9a882618e" member_type: VOTER last_known_addr { host: "127.16.52.194" port: 33039 } } peers { permanent_uuid: "513f34eb842548968d2a25cd4942a8ae" member_type: VOTER last_known_addr { host: "127.16.52.193" port: 34695 } }
I20260608 12:57:33.845772 19743 tablet_service.cc:1917] Received RequestConsensusVote() RPC: tablet_id: "d0a8bf8abf2344bcab7d03d652902055" candidate_uuid: "3db572d5255b484fac58622bbdd2606b" candidate_term: 1 candidate_status { last_received { term: 0 index: 0 } } ignore_live_leader: false dest_uuid: "6adee8fdd74f4f668458492e45973cdc" is_pre_election: true
I20260608 12:57:33.846211 19940 ts_tablet_manager.cc:1434] T 1cae0b4f16b349d4a20004a206ad804f P 513f34eb842548968d2a25cd4942a8ae: Time spent starting tablet: real 0.007s	user 0.004s	sys 0.000s
I20260608 12:57:33.846482 19743 raft_consensus.cc:2468] T d0a8bf8abf2344bcab7d03d652902055 P 6adee8fdd74f4f668458492e45973cdc [term 0 FOLLOWER]: Leader pre-election vote request: Granting yes vote for candidate 3db572d5255b484fac58622bbdd2606b in term 0.
I20260608 12:57:33.854203 19940 tablet_bootstrap.cc:492] T 6f93bd457f524e7390d76fcb7e629724 P 513f34eb842548968d2a25cd4942a8ae: Bootstrap starting.
I20260608 12:57:33.855283 19867 leader_election.cc:304] T d0a8bf8abf2344bcab7d03d652902055 P 3db572d5255b484fac58622bbdd2606b [CANDIDATE]: Term 1 pre-election: Election decided. Result: candidate won. Election summary: received 2 responses out of 3 voters: 2 yes votes; 0 no votes. yes voters: 3db572d5255b484fac58622bbdd2606b, 6adee8fdd74f4f668458492e45973cdc; no voters: 
I20260608 12:57:33.856261 19946 raft_consensus.cc:2804] T d0a8bf8abf2344bcab7d03d652902055 P 3db572d5255b484fac58622bbdd2606b [term 0 FOLLOWER]: Leader pre-election won for term 1
I20260608 12:57:33.856631 19946 raft_consensus.cc:493] T d0a8bf8abf2344bcab7d03d652902055 P 3db572d5255b484fac58622bbdd2606b [term 0 FOLLOWER]: Starting leader election (no leader contacted us within the election timeout)
I20260608 12:57:33.856988 19946 raft_consensus.cc:3060] T d0a8bf8abf2344bcab7d03d652902055 P 3db572d5255b484fac58622bbdd2606b [term 0 FOLLOWER]: Advancing to term 1
I20260608 12:57:33.881538 19940 tablet_bootstrap.cc:654] T 6f93bd457f524e7390d76fcb7e629724 P 513f34eb842548968d2a25cd4942a8ae: Neither blocks nor log segments found. Creating new log.
I20260608 12:57:33.886080 19903 tablet_service.cc:1917] Received RequestConsensusVote() RPC: tablet_id: "2f612f350a524ded8839907b826e878a" candidate_uuid: "79886fe2a72f45368b6a5ad9a882618e" candidate_term: 1 candidate_status { last_received { term: 0 index: 0 } } ignore_live_leader: false dest_uuid: "3db572d5255b484fac58622bbdd2606b" is_pre_election: true
I20260608 12:57:33.885895 19946 raft_consensus.cc:515] T d0a8bf8abf2344bcab7d03d652902055 P 3db572d5255b484fac58622bbdd2606b [term 1 FOLLOWER]: Starting leader election with config: opid_index: -1 OBSOLETE_local: false peers { permanent_uuid: "6adee8fdd74f4f668458492e45973cdc" member_type: VOTER last_known_addr { host: "127.16.52.195" port: 41461 } } peers { permanent_uuid: "3db572d5255b484fac58622bbdd2606b" member_type: VOTER last_known_addr { host: "127.16.52.196" port: 35229 } } peers { permanent_uuid: "513f34eb842548968d2a25cd4942a8ae" member_type: VOTER last_known_addr { host: "127.16.52.193" port: 34695 } }
I20260608 12:57:33.891157 19946 leader_election.cc:290] T d0a8bf8abf2344bcab7d03d652902055 P 3db572d5255b484fac58622bbdd2606b [CANDIDATE]: Term 1 election: Requested vote from peers 6adee8fdd74f4f668458492e45973cdc (127.16.52.195:41461), 513f34eb842548968d2a25cd4942a8ae (127.16.52.193:34695)
W20260608 12:57:33.891647 19633 leader_election.cc:343] T 2f612f350a524ded8839907b826e878a P 79886fe2a72f45368b6a5ad9a882618e [CANDIDATE]: Term 1 pre-election: Tablet error from VoteRequest() call to peer 3db572d5255b484fac58622bbdd2606b (127.16.52.196:35229): Illegal state: must be running to vote when last-logged opid is not known
I20260608 12:57:33.892217 19743 tablet_service.cc:1917] Received RequestConsensusVote() RPC: tablet_id: "d0a8bf8abf2344bcab7d03d652902055" candidate_uuid: "3db572d5255b484fac58622bbdd2606b" candidate_term: 1 candidate_status { last_received { term: 0 index: 0 } } ignore_live_leader: false dest_uuid: "6adee8fdd74f4f668458492e45973cdc"
I20260608 12:57:33.892311 19633 leader_election.cc:304] T 2f612f350a524ded8839907b826e878a P 79886fe2a72f45368b6a5ad9a882618e [CANDIDATE]: Term 1 pre-election: Election decided. Result: candidate lost. Election summary: received 3 responses out of 3 voters: 1 yes votes; 2 no votes. yes voters: 79886fe2a72f45368b6a5ad9a882618e; no voters: 3db572d5255b484fac58622bbdd2606b, 513f34eb842548968d2a25cd4942a8ae
I20260608 12:57:33.893453 19797 raft_consensus.cc:2749] T 2f612f350a524ded8839907b826e878a P 79886fe2a72f45368b6a5ad9a882618e [term 0 FOLLOWER]: Leader pre-election lost for term 1. Reason: could not achieve majority
I20260608 12:57:33.893750 19743 raft_consensus.cc:3060] T d0a8bf8abf2344bcab7d03d652902055 P 6adee8fdd74f4f668458492e45973cdc [term 0 FOLLOWER]: Advancing to term 1
I20260608 12:57:33.893718 19936 tablet_bootstrap.cc:492] T 8a2b3a0d396f4fd79d4a76bb079fa736 P 79886fe2a72f45368b6a5ad9a882618e: No bootstrap required, opened a new log
I20260608 12:57:33.895617 19936 ts_tablet_manager.cc:1403] T 8a2b3a0d396f4fd79d4a76bb079fa736 P 79886fe2a72f45368b6a5ad9a882618e: Time spent bootstrapping tablet: real 0.079s	user 0.017s	sys 0.013s
I20260608 12:57:33.902180 19743 raft_consensus.cc:2468] T d0a8bf8abf2344bcab7d03d652902055 P 6adee8fdd74f4f668458492e45973cdc [term 1 FOLLOWER]: Leader election vote request: Granting yes vote for candidate 3db572d5255b484fac58622bbdd2606b in term 1.
I20260608 12:57:33.904809 19941 tablet_bootstrap.cc:492] T 8a2b3a0d396f4fd79d4a76bb079fa736 P 3db572d5255b484fac58622bbdd2606b: No bootstrap required, opened a new log
I20260608 12:57:33.905936 19941 ts_tablet_manager.cc:1403] T 8a2b3a0d396f4fd79d4a76bb079fa736 P 3db572d5255b484fac58622bbdd2606b: Time spent bootstrapping tablet: real 0.171s	user 0.027s	sys 0.043s
I20260608 12:57:33.905885 19867 leader_election.cc:304] T d0a8bf8abf2344bcab7d03d652902055 P 3db572d5255b484fac58622bbdd2606b [CANDIDATE]: Term 1 election: Election decided. Result: candidate won. Election summary: received 2 responses out of 3 voters: 2 yes votes; 0 no votes. yes voters: 3db572d5255b484fac58622bbdd2606b, 6adee8fdd74f4f668458492e45973cdc; no voters: 
I20260608 12:57:33.907232 19946 raft_consensus.cc:2804] T d0a8bf8abf2344bcab7d03d652902055 P 3db572d5255b484fac58622bbdd2606b [term 1 FOLLOWER]: Leader election won for term 1
I20260608 12:57:33.904924 19940 tablet_bootstrap.cc:492] T 6f93bd457f524e7390d76fcb7e629724 P 513f34eb842548968d2a25cd4942a8ae: No bootstrap required, opened a new log
I20260608 12:57:33.908725 19940 ts_tablet_manager.cc:1403] T 6f93bd457f524e7390d76fcb7e629724 P 513f34eb842548968d2a25cd4942a8ae: Time spent bootstrapping tablet: real 0.055s	user 0.013s	sys 0.005s
I20260608 12:57:33.908730 19593 tablet_service.cc:1917] Received RequestConsensusVote() RPC: tablet_id: "d0a8bf8abf2344bcab7d03d652902055" candidate_uuid: "3db572d5255b484fac58622bbdd2606b" candidate_term: 1 candidate_status { last_received { term: 0 index: 0 } } ignore_live_leader: false dest_uuid: "513f34eb842548968d2a25cd4942a8ae"
I20260608 12:57:33.909606 19593 raft_consensus.cc:3060] T d0a8bf8abf2344bcab7d03d652902055 P 513f34eb842548968d2a25cd4942a8ae [term 0 FOLLOWER]: Advancing to term 1
I20260608 12:57:33.909767 19594 tablet_service.cc:1917] Received RequestConsensusVote() RPC: tablet_id: "d0a8bf8abf2344bcab7d03d652902055" candidate_uuid: "3db572d5255b484fac58622bbdd2606b" candidate_term: 1 candidate_status { last_received { term: 0 index: 0 } } ignore_live_leader: false dest_uuid: "513f34eb842548968d2a25cd4942a8ae" is_pre_election: true
I20260608 12:57:33.912283 19936 raft_consensus.cc:359] T 8a2b3a0d396f4fd79d4a76bb079fa736 P 79886fe2a72f45368b6a5ad9a882618e [term 0 FOLLOWER]: Replica starting. Triggering 0 pending ops. Active config: opid_index: -1 OBSOLETE_local: false peers { permanent_uuid: "79886fe2a72f45368b6a5ad9a882618e" member_type: VOTER last_known_addr { host: "127.16.52.194" port: 33039 } } peers { permanent_uuid: "3db572d5255b484fac58622bbdd2606b" member_type: VOTER last_known_addr { host: "127.16.52.196" port: 35229 } } peers { permanent_uuid: "6adee8fdd74f4f668458492e45973cdc" member_type: VOTER last_known_addr { host: "127.16.52.195" port: 41461 } }
I20260608 12:57:33.913007 19936 raft_consensus.cc:385] T 8a2b3a0d396f4fd79d4a76bb079fa736 P 79886fe2a72f45368b6a5ad9a882618e [term 0 FOLLOWER]: Consensus starting up: Expiring failure detector timer to make a prompt election more likely
I20260608 12:57:33.912719 19941 raft_consensus.cc:359] T 8a2b3a0d396f4fd79d4a76bb079fa736 P 3db572d5255b484fac58622bbdd2606b [term 0 FOLLOWER]: Replica starting. Triggering 0 pending ops. Active config: opid_index: -1 OBSOLETE_local: false peers { permanent_uuid: "79886fe2a72f45368b6a5ad9a882618e" member_type: VOTER last_known_addr { host: "127.16.52.194" port: 33039 } } peers { permanent_uuid: "3db572d5255b484fac58622bbdd2606b" member_type: VOTER last_known_addr { host: "127.16.52.196" port: 35229 } } peers { permanent_uuid: "6adee8fdd74f4f668458492e45973cdc" member_type: VOTER last_known_addr { host: "127.16.52.195" port: 41461 } }
I20260608 12:57:33.913327 19936 raft_consensus.cc:740] T 8a2b3a0d396f4fd79d4a76bb079fa736 P 79886fe2a72f45368b6a5ad9a882618e [term 0 FOLLOWER]: Becoming Follower/Learner. State: Replica: 79886fe2a72f45368b6a5ad9a882618e, State: Initialized, Role: FOLLOWER
I20260608 12:57:33.913465 19941 raft_consensus.cc:385] T 8a2b3a0d396f4fd79d4a76bb079fa736 P 3db572d5255b484fac58622bbdd2606b [term 0 FOLLOWER]: Consensus starting up: Expiring failure detector timer to make a prompt election more likely
I20260608 12:57:33.914168 19936 consensus_queue.cc:260] T 8a2b3a0d396f4fd79d4a76bb079fa736 P 79886fe2a72f45368b6a5ad9a882618e [NON_LEADER]: Queue going to NON_LEADER mode. State: All replicated index: 0, Majority replicated index: 0, Committed index: 0, Last appended: 0.0, Last appended by leader: 0, Current term: 0, Majority size: -1, State: 0, Mode: NON_LEADER, active raft config: opid_index: -1 OBSOLETE_local: false peers { permanent_uuid: "79886fe2a72f45368b6a5ad9a882618e" member_type: VOTER last_known_addr { host: "127.16.52.194" port: 33039 } } peers { permanent_uuid: "3db572d5255b484fac58622bbdd2606b" member_type: VOTER last_known_addr { host: "127.16.52.196" port: 35229 } } peers { permanent_uuid: "6adee8fdd74f4f668458492e45973cdc" member_type: VOTER last_known_addr { host: "127.16.52.195" port: 41461 } }
I20260608 12:57:33.917097 19939 tablet_bootstrap.cc:492] T abf080bf17a9498bbd83185f13dc078b P 6adee8fdd74f4f668458492e45973cdc: No bootstrap required, opened a new log
I20260608 12:57:33.917593 19939 ts_tablet_manager.cc:1403] T abf080bf17a9498bbd83185f13dc078b P 6adee8fdd74f4f668458492e45973cdc: Time spent bootstrapping tablet: real 0.164s	user 0.011s	sys 0.009s
I20260608 12:57:33.920742 19593 raft_consensus.cc:2468] T d0a8bf8abf2344bcab7d03d652902055 P 513f34eb842548968d2a25cd4942a8ae [term 1 FOLLOWER]: Leader election vote request: Granting yes vote for candidate 3db572d5255b484fac58622bbdd2606b in term 1.
I20260608 12:57:33.920938 19939 raft_consensus.cc:359] T abf080bf17a9498bbd83185f13dc078b P 6adee8fdd74f4f668458492e45973cdc [term 0 FOLLOWER]: Replica starting. Triggering 0 pending ops. Active config: opid_index: -1 OBSOLETE_local: false peers { permanent_uuid: "3db572d5255b484fac58622bbdd2606b" member_type: VOTER last_known_addr { host: "127.16.52.196" port: 35229 } } peers { permanent_uuid: "79886fe2a72f45368b6a5ad9a882618e" member_type: VOTER last_known_addr { host: "127.16.52.194" port: 33039 } } peers { permanent_uuid: "6adee8fdd74f4f668458492e45973cdc" member_type: VOTER last_known_addr { host: "127.16.52.195" port: 41461 } }
I20260608 12:57:33.921605 19939 raft_consensus.cc:385] T abf080bf17a9498bbd83185f13dc078b P 6adee8fdd74f4f668458492e45973cdc [term 0 FOLLOWER]: Consensus starting up: Expiring failure detector timer to make a prompt election more likely
I20260608 12:57:33.921897 19939 raft_consensus.cc:740] T abf080bf17a9498bbd83185f13dc078b P 6adee8fdd74f4f668458492e45973cdc [term 0 FOLLOWER]: Becoming Follower/Learner. State: Replica: 6adee8fdd74f4f668458492e45973cdc, State: Initialized, Role: FOLLOWER
I20260608 12:57:33.922696 19939 consensus_queue.cc:260] T abf080bf17a9498bbd83185f13dc078b P 6adee8fdd74f4f668458492e45973cdc [NON_LEADER]: Queue going to NON_LEADER mode. State: All replicated index: 0, Majority replicated index: 0, Committed index: 0, Last appended: 0.0, Last appended by leader: 0, Current term: 0, Majority size: -1, State: 0, Mode: NON_LEADER, active raft config: opid_index: -1 OBSOLETE_local: false peers { permanent_uuid: "3db572d5255b484fac58622bbdd2606b" member_type: VOTER last_known_addr { host: "127.16.52.196" port: 35229 } } peers { permanent_uuid: "79886fe2a72f45368b6a5ad9a882618e" member_type: VOTER last_known_addr { host: "127.16.52.194" port: 33039 } } peers { permanent_uuid: "6adee8fdd74f4f668458492e45973cdc" member_type: VOTER last_known_addr { host: "127.16.52.195" port: 41461 } }
I20260608 12:57:33.924927 19940 raft_consensus.cc:359] T 6f93bd457f524e7390d76fcb7e629724 P 513f34eb842548968d2a25cd4942a8ae [term 0 FOLLOWER]: Replica starting. Triggering 0 pending ops. Active config: opid_index: -1 OBSOLETE_local: false peers { permanent_uuid: "3db572d5255b484fac58622bbdd2606b" member_type: VOTER last_known_addr { host: "127.16.52.196" port: 35229 } } peers { permanent_uuid: "513f34eb842548968d2a25cd4942a8ae" member_type: VOTER last_known_addr { host: "127.16.52.193" port: 34695 } } peers { permanent_uuid: "79886fe2a72f45368b6a5ad9a882618e" member_type: VOTER last_known_addr { host: "127.16.52.194" port: 33039 } }
I20260608 12:57:33.925631 19940 raft_consensus.cc:385] T 6f93bd457f524e7390d76fcb7e629724 P 513f34eb842548968d2a25cd4942a8ae [term 0 FOLLOWER]: Consensus starting up: Expiring failure detector timer to make a prompt election more likely
I20260608 12:57:33.925943 19940 raft_consensus.cc:740] T 6f93bd457f524e7390d76fcb7e629724 P 513f34eb842548968d2a25cd4942a8ae [term 0 FOLLOWER]: Becoming Follower/Learner. State: Replica: 513f34eb842548968d2a25cd4942a8ae, State: Initialized, Role: FOLLOWER
I20260608 12:57:33.913833 19941 raft_consensus.cc:740] T 8a2b3a0d396f4fd79d4a76bb079fa736 P 3db572d5255b484fac58622bbdd2606b [term 0 FOLLOWER]: Becoming Follower/Learner. State: Replica: 3db572d5255b484fac58622bbdd2606b, State: Initialized, Role: FOLLOWER
I20260608 12:57:33.927147 19941 consensus_queue.cc:260] T 8a2b3a0d396f4fd79d4a76bb079fa736 P 3db572d5255b484fac58622bbdd2606b [NON_LEADER]: Queue going to NON_LEADER mode. State: All replicated index: 0, Majority replicated index: 0, Committed index: 0, Last appended: 0.0, Last appended by leader: 0, Current term: 0, Majority size: -1, State: 0, Mode: NON_LEADER, active raft config: opid_index: -1 OBSOLETE_local: false peers { permanent_uuid: "79886fe2a72f45368b6a5ad9a882618e" member_type: VOTER last_known_addr { host: "127.16.52.194" port: 33039 } } peers { permanent_uuid: "3db572d5255b484fac58622bbdd2606b" member_type: VOTER last_known_addr { host: "127.16.52.196" port: 35229 } } peers { permanent_uuid: "6adee8fdd74f4f668458492e45973cdc" member_type: VOTER last_known_addr { host: "127.16.52.195" port: 41461 } }
I20260608 12:57:33.929955 19939 ts_tablet_manager.cc:1434] T abf080bf17a9498bbd83185f13dc078b P 6adee8fdd74f4f668458492e45973cdc: Time spent starting tablet: real 0.012s	user 0.000s	sys 0.008s
I20260608 12:57:33.931174 19939 tablet_bootstrap.cc:492] T b1c61c301c634e339464c23e2eaa8938 P 6adee8fdd74f4f668458492e45973cdc: Bootstrap starting.
I20260608 12:57:33.935161 19940 consensus_queue.cc:260] T 6f93bd457f524e7390d76fcb7e629724 P 513f34eb842548968d2a25cd4942a8ae [NON_LEADER]: Queue going to NON_LEADER mode. State: All replicated index: 0, Majority replicated index: 0, Committed index: 0, Last appended: 0.0, Last appended by leader: 0, Current term: 0, Majority size: -1, State: 0, Mode: NON_LEADER, active raft config: opid_index: -1 OBSOLETE_local: false peers { permanent_uuid: "3db572d5255b484fac58622bbdd2606b" member_type: VOTER last_known_addr { host: "127.16.52.196" port: 35229 } } peers { permanent_uuid: "513f34eb842548968d2a25cd4942a8ae" member_type: VOTER last_known_addr { host: "127.16.52.193" port: 34695 } } peers { permanent_uuid: "79886fe2a72f45368b6a5ad9a882618e" member_type: VOTER last_known_addr { host: "127.16.52.194" port: 33039 } }
I20260608 12:57:33.937628 19940 ts_tablet_manager.cc:1434] T 6f93bd457f524e7390d76fcb7e629724 P 513f34eb842548968d2a25cd4942a8ae: Time spent starting tablet: real 0.028s	user 0.002s	sys 0.003s
I20260608 12:57:33.938683 19940 tablet_bootstrap.cc:492] T 2f612f350a524ded8839907b826e878a P 513f34eb842548968d2a25cd4942a8ae: Bootstrap starting.
I20260608 12:57:33.942384 19936 ts_tablet_manager.cc:1434] T 8a2b3a0d396f4fd79d4a76bb079fa736 P 79886fe2a72f45368b6a5ad9a882618e: Time spent starting tablet: real 0.046s	user 0.010s	sys 0.000s
I20260608 12:57:33.943655 19941 ts_tablet_manager.cc:1434] T 8a2b3a0d396f4fd79d4a76bb079fa736 P 3db572d5255b484fac58622bbdd2606b: Time spent starting tablet: real 0.037s	user 0.003s	sys 0.003s
I20260608 12:57:33.944309 19936 tablet_bootstrap.cc:492] T 1cae0b4f16b349d4a20004a206ad804f P 79886fe2a72f45368b6a5ad9a882618e: Bootstrap starting.
I20260608 12:57:33.944600 19941 tablet_bootstrap.cc:492] T 12b01c1b16a94ca4ac415e3ac987e286 P 3db572d5255b484fac58622bbdd2606b: Bootstrap starting.
I20260608 12:57:33.948277 19946 raft_consensus.cc:697] T d0a8bf8abf2344bcab7d03d652902055 P 3db572d5255b484fac58622bbdd2606b [term 1 LEADER]: Becoming Leader. State: Replica: 3db572d5255b484fac58622bbdd2606b, State: Running, Role: LEADER
I20260608 12:57:33.949649 19946 consensus_queue.cc:237] T d0a8bf8abf2344bcab7d03d652902055 P 3db572d5255b484fac58622bbdd2606b [LEADER]: Queue going to LEADER mode. State: All replicated index: 0, Majority replicated index: 0, Committed index: 0, Last appended: 0.0, Last appended by leader: 0, Current term: 1, Majority size: 2, State: 0, Mode: LEADER, active raft config: opid_index: -1 OBSOLETE_local: false peers { permanent_uuid: "6adee8fdd74f4f668458492e45973cdc" member_type: VOTER last_known_addr { host: "127.16.52.195" port: 41461 } } peers { permanent_uuid: "3db572d5255b484fac58622bbdd2606b" member_type: VOTER last_known_addr { host: "127.16.52.196" port: 35229 } } peers { permanent_uuid: "513f34eb842548968d2a25cd4942a8ae" member_type: VOTER last_known_addr { host: "127.16.52.193" port: 34695 } }
I20260608 12:57:33.952451 19940 tablet_bootstrap.cc:654] T 2f612f350a524ded8839907b826e878a P 513f34eb842548968d2a25cd4942a8ae: Neither blocks nor log segments found. Creating new log.
I20260608 12:57:33.955302 19797 raft_consensus.cc:493] T 8a2b3a0d396f4fd79d4a76bb079fa736 P 79886fe2a72f45368b6a5ad9a882618e [term 0 FOLLOWER]: Starting pre-election (no leader contacted us within the election timeout)
I20260608 12:57:33.956058 19797 raft_consensus.cc:515] T 8a2b3a0d396f4fd79d4a76bb079fa736 P 79886fe2a72f45368b6a5ad9a882618e [term 0 FOLLOWER]: Starting pre-election with config: opid_index: -1 OBSOLETE_local: false peers { permanent_uuid: "79886fe2a72f45368b6a5ad9a882618e" member_type: VOTER last_known_addr { host: "127.16.52.194" port: 33039 } } peers { permanent_uuid: "3db572d5255b484fac58622bbdd2606b" member_type: VOTER last_known_addr { host: "127.16.52.196" port: 35229 } } peers { permanent_uuid: "6adee8fdd74f4f668458492e45973cdc" member_type: VOTER last_known_addr { host: "127.16.52.195" port: 41461 } }
I20260608 12:57:33.957993 19941 tablet_bootstrap.cc:654] T 12b01c1b16a94ca4ac415e3ac987e286 P 3db572d5255b484fac58622bbdd2606b: Neither blocks nor log segments found. Creating new log.
I20260608 12:57:33.958910 19936 tablet_bootstrap.cc:654] T 1cae0b4f16b349d4a20004a206ad804f P 79886fe2a72f45368b6a5ad9a882618e: Neither blocks nor log segments found. Creating new log.
I20260608 12:57:33.960997 19797 leader_election.cc:290] T 8a2b3a0d396f4fd79d4a76bb079fa736 P 79886fe2a72f45368b6a5ad9a882618e [CANDIDATE]: Term 1 pre-election: Requested pre-vote from peers 3db572d5255b484fac58622bbdd2606b (127.16.52.196:35229), 6adee8fdd74f4f668458492e45973cdc (127.16.52.195:41461)
I20260608 12:57:33.961721 19903 tablet_service.cc:1917] Received RequestConsensusVote() RPC: tablet_id: "8a2b3a0d396f4fd79d4a76bb079fa736" candidate_uuid: "79886fe2a72f45368b6a5ad9a882618e" candidate_term: 1 candidate_status { last_received { term: 0 index: 0 } } ignore_live_leader: false dest_uuid: "3db572d5255b484fac58622bbdd2606b" is_pre_election: true
