I20260608 12:58:08.344373 21336 leader_election.cc:304] T 98c0afd110d54db5ae8ad899321506de P 82a8962652ee40de93257657b6afd3fa [CANDIDATE]: Term 1 pre-election: Election decided. Result: candidate won. Election summary: received 2 responses out of 3 voters: 2 yes votes; 0 no votes. yes voters: 82a8962652ee40de93257657b6afd3fa, 9a0f56bae3f342f2b44e9626ae7e941e; no voters: 
I20260608 12:58:08.345253 21597 raft_consensus.cc:2804] T 98c0afd110d54db5ae8ad899321506de P 82a8962652ee40de93257657b6afd3fa [term 0 FOLLOWER]: Leader pre-election won for term 1
I20260608 12:58:08.345588 21597 raft_consensus.cc:493] T 98c0afd110d54db5ae8ad899321506de P 82a8962652ee40de93257657b6afd3fa [term 0 FOLLOWER]: Starting leader election (no leader contacted us within the election timeout)
I20260608 12:58:08.345866 21597 raft_consensus.cc:3060] T 98c0afd110d54db5ae8ad899321506de P 82a8962652ee40de93257657b6afd3fa [term 0 FOLLOWER]: Advancing to term 1
I20260608 12:58:08.350687 21597 raft_consensus.cc:515] T 98c0afd110d54db5ae8ad899321506de P 82a8962652ee40de93257657b6afd3fa [term 1 FOLLOWER]: Starting leader election with config: opid_index: -1 OBSOLETE_local: false peers { permanent_uuid: "82a8962652ee40de93257657b6afd3fa" member_type: VOTER last_known_addr { host: "127.16.128.193" port: 38747 } } peers { permanent_uuid: "9a0f56bae3f342f2b44e9626ae7e941e" member_type: VOTER last_known_addr { host: "127.16.128.194" port: 39497 } } peers { permanent_uuid: "3cfd8d2f1ba942789da733be87f146ca" member_type: VOTER last_known_addr { host: "127.16.128.195" port: 33279 } }
I20260608 12:58:08.352511 21597 leader_election.cc:290] T 98c0afd110d54db5ae8ad899321506de P 82a8962652ee40de93257657b6afd3fa [CANDIDATE]: Term 1 election: Requested vote from peers 9a0f56bae3f342f2b44e9626ae7e941e (127.16.128.194:39497), 3cfd8d2f1ba942789da733be87f146ca (127.16.128.195:33279)
I20260608 12:58:08.353432 21446 tablet_service.cc:1917] Received RequestConsensusVote() RPC: tablet_id: "98c0afd110d54db5ae8ad899321506de" candidate_uuid: "82a8962652ee40de93257657b6afd3fa" candidate_term: 1 candidate_status { last_received { term: 0 index: 0 } } ignore_live_leader: false dest_uuid: "9a0f56bae3f342f2b44e9626ae7e941e"
I20260608 12:58:08.353665 21520 tablet_service.cc:1917] Received RequestConsensusVote() RPC: tablet_id: "98c0afd110d54db5ae8ad899321506de" candidate_uuid: "82a8962652ee40de93257657b6afd3fa" candidate_term: 1 candidate_status { last_received { term: 0 index: 0 } } ignore_live_leader: false dest_uuid: "3cfd8d2f1ba942789da733be87f146ca"
I20260608 12:58:08.353983 21446 raft_consensus.cc:3060] T 98c0afd110d54db5ae8ad899321506de P 9a0f56bae3f342f2b44e9626ae7e941e [term 0 FOLLOWER]: Advancing to term 1
I20260608 12:58:08.354223 21520 raft_consensus.cc:3060] T 98c0afd110d54db5ae8ad899321506de P 3cfd8d2f1ba942789da733be87f146ca [term 0 FOLLOWER]: Advancing to term 1
I20260608 12:58:08.359148 21446 raft_consensus.cc:2468] T 98c0afd110d54db5ae8ad899321506de P 9a0f56bae3f342f2b44e9626ae7e941e [term 1 FOLLOWER]: Leader election vote request: Granting yes vote for candidate 82a8962652ee40de93257657b6afd3fa in term 1.
I20260608 12:58:08.359165 21520 raft_consensus.cc:2468] T 98c0afd110d54db5ae8ad899321506de P 3cfd8d2f1ba942789da733be87f146ca [term 1 FOLLOWER]: Leader election vote request: Granting yes vote for candidate 82a8962652ee40de93257657b6afd3fa in term 1.
I20260608 12:58:08.360559 21336 leader_election.cc:304] T 98c0afd110d54db5ae8ad899321506de P 82a8962652ee40de93257657b6afd3fa [CANDIDATE]: Term 1 election: Election decided. Result: candidate won. Election summary: received 2 responses out of 3 voters: 2 yes votes; 0 no votes. yes voters: 82a8962652ee40de93257657b6afd3fa, 9a0f56bae3f342f2b44e9626ae7e941e; no voters: 
I20260608 12:58:08.361374 21597 raft_consensus.cc:2804] T 98c0afd110d54db5ae8ad899321506de P 82a8962652ee40de93257657b6afd3fa [term 1 FOLLOWER]: Leader election won for term 1
I20260608 12:58:08.361809 21597 raft_consensus.cc:697] T 98c0afd110d54db5ae8ad899321506de P 82a8962652ee40de93257657b6afd3fa [term 1 LEADER]: Becoming Leader. State: Replica: 82a8962652ee40de93257657b6afd3fa, State: Running, Role: LEADER
I20260608 12:58:08.362604 21597 consensus_queue.cc:237] T 98c0afd110d54db5ae8ad899321506de P 82a8962652ee40de93257657b6afd3fa [LEADER]: Queue going to LEADER mode. State: All replicated index: 0, Majority replicated index: 0, Committed index: 0, Last appended: 0.0, Last appended by leader: 0, Current term: 1, Majority size: 2, State: 0, Mode: LEADER, active raft config: opid_index: -1 OBSOLETE_local: false peers { permanent_uuid: "82a8962652ee40de93257657b6afd3fa" member_type: VOTER last_known_addr { host: "127.16.128.193" port: 38747 } } peers { permanent_uuid: "9a0f56bae3f342f2b44e9626ae7e941e" member_type: VOTER last_known_addr { host: "127.16.128.194" port: 39497 } } peers { permanent_uuid: "3cfd8d2f1ba942789da733be87f146ca" member_type: VOTER last_known_addr { host: "127.16.128.195" port: 33279 } }
I20260608 12:58:08.370620 21267 catalog_manager.cc:5696] T 98c0afd110d54db5ae8ad899321506de P 82a8962652ee40de93257657b6afd3fa reported cstate change: term changed from 0 to 1, leader changed from <none> to 82a8962652ee40de93257657b6afd3fa (127.16.128.193). New cstate: current_term: 1 leader_uuid: "82a8962652ee40de93257657b6afd3fa" committed_config { opid_index: -1 OBSOLETE_local: false peers { permanent_uuid: "82a8962652ee40de93257657b6afd3fa" member_type: VOTER last_known_addr { host: "127.16.128.193" port: 38747 } health_report { overall_health: HEALTHY } } peers { permanent_uuid: "9a0f56bae3f342f2b44e9626ae7e941e" member_type: VOTER last_known_addr { host: "127.16.128.194" port: 39497 } health_report { overall_health: UNKNOWN } } peers { permanent_uuid: "3cfd8d2f1ba942789da733be87f146ca" member_type: VOTER last_known_addr { host: "127.16.128.195" port: 33279 } health_report { overall_health: UNKNOWN } } }
I20260608 12:58:08.512180 21574 consensus_queue.cc:1048] T 0162a6a68e2749959d32c5dec0bd31ab P 3cfd8d2f1ba942789da733be87f146ca [LEADER]: Connected to new peer: Peer: permanent_uuid: "9a0f56bae3f342f2b44e9626ae7e941e" member_type: VOTER last_known_addr { host: "127.16.128.194" port: 39497 }, Status: LMP_MISMATCH, Last received: 0.0, Next index: 1, Last known committed idx: 0, Time since last communication: 0.000s
I20260608 12:58:08.518123 21574 consensus_queue.cc:1048] T 0162a6a68e2749959d32c5dec0bd31ab P 3cfd8d2f1ba942789da733be87f146ca [LEADER]: Connected to new peer: Peer: permanent_uuid: "82a8962652ee40de93257657b6afd3fa" member_type: VOTER last_known_addr { host: "127.16.128.193" port: 38747 }, Status: LMP_MISMATCH, Last received: 0.0, Next index: 1, Last known committed idx: 0, Time since last communication: 0.000s
I20260608 12:58:08.545681 21597 consensus_queue.cc:1048] T 9a1916538b234c6e93d997d646270825 P 82a8962652ee40de93257657b6afd3fa [LEADER]: Connected to new peer: Peer: permanent_uuid: "9a0f56bae3f342f2b44e9626ae7e941e" member_type: VOTER last_known_addr { host: "127.16.128.194" port: 39497 }, Status: LMP_MISMATCH, Last received: 0.0, Next index: 1, Last known committed idx: 0, Time since last communication: 0.001s
I20260608 12:58:08.559919 21597 consensus_queue.cc:1048] T 9a1916538b234c6e93d997d646270825 P 82a8962652ee40de93257657b6afd3fa [LEADER]: Connected to new peer: Peer: permanent_uuid: "3cfd8d2f1ba942789da733be87f146ca" member_type: VOTER last_known_addr { host: "127.16.128.195" port: 33279 }, Status: LMP_MISMATCH, Last received: 0.0, Next index: 1, Last known committed idx: 0, Time since last communication: 0.000s
W20260608 12:58:08.603498 21550 meta_cache.cc:1261] Time spent looking up entry by key: real 0.073s	user 0.001s	sys 0.001s
I20260608 12:58:08.615669 21572 consensus_queue.cc:1048] T 483671a98c754732b403382d42b24940 P 9a0f56bae3f342f2b44e9626ae7e941e [LEADER]: Connected to new peer: Peer: permanent_uuid: "3cfd8d2f1ba942789da733be87f146ca" member_type: VOTER last_known_addr { host: "127.16.128.195" port: 33279 }, Status: LMP_MISMATCH, Last received: 0.0, Next index: 1, Last known committed idx: 0, Time since last communication: 0.001s
I20260608 12:58:08.648859 21591 consensus_queue.cc:1048] T 483671a98c754732b403382d42b24940 P 9a0f56bae3f342f2b44e9626ae7e941e [LEADER]: Connected to new peer: Peer: permanent_uuid: "82a8962652ee40de93257657b6afd3fa" member_type: VOTER last_known_addr { host: "127.16.128.193" port: 38747 }, Status: LMP_MISMATCH, Last received: 0.0, Next index: 1, Last known committed idx: 0, Time since last communication: 0.000s
I20260608 12:58:08.743759 21598 consensus_queue.cc:1048] T d3315e906c514d409960948018cbe606 P 82a8962652ee40de93257657b6afd3fa [LEADER]: Connected to new peer: Peer: permanent_uuid: "9a0f56bae3f342f2b44e9626ae7e941e" member_type: VOTER last_known_addr { host: "127.16.128.194" port: 39497 }, Status: LMP_MISMATCH, Last received: 0.0, Next index: 1, Last known committed idx: 0, Time since last communication: 0.000s
I20260608 12:58:08.759202 21601 consensus_queue.cc:1048] T d3315e906c514d409960948018cbe606 P 82a8962652ee40de93257657b6afd3fa [LEADER]: Connected to new peer: Peer: permanent_uuid: "3cfd8d2f1ba942789da733be87f146ca" member_type: VOTER last_known_addr { host: "127.16.128.195" port: 33279 }, Status: LMP_MISMATCH, Last received: 0.0, Next index: 1, Last known committed idx: 0, Time since last communication: 0.000s
I20260608 12:58:08.905788 21568 consensus_queue.cc:1048] T 98c0afd110d54db5ae8ad899321506de P 82a8962652ee40de93257657b6afd3fa [LEADER]: Connected to new peer: Peer: permanent_uuid: "9a0f56bae3f342f2b44e9626ae7e941e" member_type: VOTER last_known_addr { host: "127.16.128.194" port: 39497 }, Status: LMP_MISMATCH, Last received: 0.0, Next index: 1, Last known committed idx: 0, Time since last communication: 0.001s
I20260608 12:58:08.922071 21598 consensus_queue.cc:1048] T 98c0afd110d54db5ae8ad899321506de P 82a8962652ee40de93257657b6afd3fa [LEADER]: Connected to new peer: Peer: permanent_uuid: "3cfd8d2f1ba942789da733be87f146ca" member_type: VOTER last_known_addr { host: "127.16.128.195" port: 33279 }, Status: LMP_MISMATCH, Last received: 0.0, Next index: 1, Last known committed idx: 0, Time since last communication: 0.000s
W20260608 12:58:09.416368 21704 log.cc:927] Time spent T 94ba1907a2ab475286c3e69fe3ba2ccf P 82a8962652ee40de93257657b6afd3fa: Append to log took a long time: real 0.091s	user 0.000s	sys 0.002s
W20260608 12:58:09.513485 21708 log.cc:927] Time spent T 00ac8a154d394df4b4150f4edaad389b P 3cfd8d2f1ba942789da733be87f146ca: Append to log took a long time: real 0.122s	user 0.005s	sys 0.000s
W20260608 12:58:09.613375 21625 log.cc:927] Time spent T cb6d940ca0d04e92bd40ff1950a102ac P 82a8962652ee40de93257657b6afd3fa: Append to log took a long time: real 0.068s	user 0.001s	sys 0.000s
I20260608 12:58:09.896212 21683 rpcz_store.cc:275] Call kudu.tserver.TabletServerService.Write from 127.0.0.1:38856 (ReqId={client: aca02195c4cf4941beed2cd3b9fd23cf, seq_no=44, attempt_no=0}) took 1004 ms. Trace:
I20260608 12:58:09.904158 21692 rpcz_store.cc:275] Call kudu.tserver.TabletServerService.Write from 127.0.0.1:38856 (ReqId={client: aca02195c4cf4941beed2cd3b9fd23cf, seq_no=33, attempt_no=0}) took 1045 ms. Trace:
I20260608 12:58:09.897234 21683 rpcz_store.cc:276] 0608 12:58:08.891443 (+     0us) service_pool.cc:167] Inserting onto call queue
0608 12:58:08.891623 (+   180us) service_pool.cc:224] Handling call
0608 12:58:09.895912 (+1004289us) inbound_call.cc:177] Queueing success response
Related trace 'op':
0608 12:58:09.122418 (+     0us) write_op.cc:183] PREPARE: starting on tablet 18c130e6089040cc8ff79fd73aca3aa2
0608 12:58:09.133681 (+ 11263us) write_op.cc:432] Acquiring schema lock in shared mode
0608 12:58:09.133728 (+    47us) write_op.cc:435] Acquired schema lock
0608 12:58:09.133756 (+    28us) tablet.cc:662] Decoding operations
0608 12:58:09.150858 (+ 17102us) write_op.cc:620] Acquiring the partition lock for write op
0608 12:58:09.152603 (+  1745us) write_op.cc:641] Partition lock acquired for write op
0608 12:58:09.153149 (+   546us) tablet.cc:685] Acquiring locks for 4 operations
0608 12:58:09.169659 (+ 16510us) tablet.cc:701] Row locks acquired
0608 12:58:09.169681 (+    22us) write_op.cc:260] PREPARE: finished
0608 12:58:09.169870 (+   189us) write_op.cc:270] Start()
0608 12:58:09.170008 (+   138us) write_op.cc:276] Timestamp: P: 1780923489169821 usec, L: 0
0608 12:58:09.170708 (+   700us) op_driver.cc:348] REPLICATION: starting
0608 12:58:09.330930 (+160222us) log.cc:844] Serialized 475 byte log entry
0608 12:58:09.749341 (+418411us) spinlock_profiling.cc:243] Waited 12.2 ms on lock 0x7b54001c0820. stack: 00007ff4468833a1 00007ff4468831c8 00007ff44605ef11 000000000047f705 000000000047f658 00007ff449f37abc 00007ff449f50498 00007ff449f4fae6 00007ff44a0426ff 00007ff44a043072 00007ff44db9b788 00007ff44db9a660 00007ff44dba4950 00007ff44dba48b0 00007ff44dba4810 00007ff44dba47b0
0608 12:58:09.749987 (+   646us) spinlock_profiling.cc:243] Waited 105 ms on lock 0x7b5400584654. stack: 00007ff4468833a1 00007ff4468831c8 00007ff44605ef11 000000000047f705 000000000047f658 00007ff449f365cb 00007ff44a043115 00007ff44db9b788 00007ff44db9a660 00007ff44dba4950 00007ff44dba48b0 00007ff44dba4810 00007ff44dba47b0 00007ff44dba292f 000000000049a986 000000000049a618
0608 12:58:09.821010 (+ 71023us) op_driver.cc:464] REPLICATION: finished
0608 12:58:09.848477 (+ 27467us) write_op.cc:301] APPLY: starting
0608 12:58:09.851147 (+  2670us) tablet.cc:1367] starting BulkCheckPresence
0608 12:58:09.852157 (+  1010us) tablet.cc:1370] finished BulkCheckPresence
0608 12:58:09.852184 (+    27us) tablet.cc:1372] starting ApplyRowOperation cycle
0608 12:58:09.853044 (+   860us) tablet.cc:1383] finished ApplyRowOperation cycle
0608 12:58:09.853283 (+   239us) tablet_metrics.cc:581] ProbeStats: bloom_lookups=0,key_file_lookups=0,delta_file_lookups=0,mrs_lookups=0
0608 12:58:09.853333 (+    50us) write_op.cc:312] APPLY: finished
0608 12:58:09.853575 (+   242us) log.cc:844] Serialized 40 byte log entry
0608 12:58:09.895274 (+ 41699us) write_op.cc:489] Releasing partition, row and schema locks
0608 12:58:09.895456 (+   182us) write_op.cc:454] Released schema lock
0608 12:58:09.895500 (+    44us) write_op.cc:341] FINISH: Updating metrics
Metrics: {"child_traces":[["op",{"apply.queue_time_us":1492,"num_ops":4,"prepare.queue_time_us":229284,"prepare.run_cpu_time_us":16996,"prepare.run_wall_time_us":627929,"raft.queue_time_us":8402,"raft.run_cpu_time_us":469,"raft.run_wall_time_us":469,"replication_time_us":650100,"spinlock_wait_cycles":268629120}]]}
I20260608 12:58:09.928917 21692 rpcz_store.cc:276] 0608 12:58:08.858883 (+     0us) service_pool.cc:167] Inserting onto call queue
0608 12:58:08.861501 (+  2618us) service_pool.cc:224] Handling call
0608 12:58:09.903941 (+1042440us) inbound_call.cc:177] Queueing success response
Related trace 'op':
0608 12:58:09.431044 (+     0us) write_op.cc:183] PREPARE: starting on tablet d18d0bc0da414d33919ebaf190f36c6e
0608 12:58:09.479993 (+ 48949us) write_op.cc:432] Acquiring schema lock in shared mode
0608 12:58:09.480445 (+   452us) write_op.cc:435] Acquired schema lock
0608 12:58:09.480465 (+    20us) tablet.cc:662] Decoding operations
0608 12:58:09.497548 (+ 17083us) write_op.cc:620] Acquiring the partition lock for write op
0608 12:58:09.497607 (+    59us) write_op.cc:641] Partition lock acquired for write op
0608 12:58:09.497635 (+    28us) tablet.cc:685] Acquiring locks for 1 operations
0608 12:58:09.497826 (+   191us) tablet.cc:701] Row locks acquired
0608 12:58:09.497843 (+    17us) write_op.cc:260] PREPARE: finished
0608 12:58:09.498022 (+   179us) write_op.cc:270] Start()
0608 12:58:09.498160 (+   138us) write_op.cc:276] Timestamp: P: 1780923489497977 usec, L: 0
0608 12:58:09.498176 (+    16us) op_driver.cc:348] REPLICATION: starting
0608 12:58:09.694853 (+196677us) log.cc:844] Serialized 345 byte log entry
0608 12:58:09.739890 (+ 45037us) spinlock_profiling.cc:243] Waited 194 ms on lock 0x7b5400062554. stack: 00007ff4468833a1 00007ff4468831c8 00007ff44605ef11 000000000047f705 000000000047f658 00007ff449f365cb 00007ff44a043115 00007ff44db9b788 00007ff44db9a660 00007ff44dba4950 00007ff44dba48b0 00007ff44dba4810 00007ff44dba47b0 00007ff44dba292f 000000000049a986 000000000049a618
0608 12:58:09.844814 (+104924us) op_driver.cc:464] REPLICATION: finished
0608 12:58:09.849593 (+  4779us) write_op.cc:301] APPLY: starting
0608 12:58:09.849714 (+   121us) tablet.cc:1367] starting BulkCheckPresence
0608 12:58:09.849891 (+   177us) tablet.cc:1370] finished BulkCheckPresence
0608 12:58:09.849917 (+    26us) tablet.cc:1372] starting ApplyRowOperation cycle
0608 12:58:09.902602 (+ 52685us) tablet.cc:1383] finished ApplyRowOperation cycle
0608 12:58:09.902862 (+   260us) tablet_metrics.cc:581] ProbeStats: bloom_lookups=0,key_file_lookups=0,delta_file_lookups=0,mrs_lookups=0
0608 12:58:09.902919 (+    57us) write_op.cc:312] APPLY: finished
0608 12:58:09.903124 (+   205us) log.cc:844] Serialized 22 byte log entry
0608 12:58:09.903384 (+   260us) write_op.cc:489] Releasing partition, row and schema locks
0608 12:58:09.903497 (+   113us) write_op.cc:454] Released schema lock
0608 12:58:09.903533 (+    36us) write_op.cc:341] FINISH: Updating metrics
Metrics: {"child_traces":[["op",{"apply.queue_time_us":4298,"num_ops":1,"prepare.queue_time_us":562300,"prepare.run_cpu_time_us":7281,"prepare.run_wall_time_us":325642,"raft.queue_time_us":4231,"raft.run_cpu_time_us":1572,"raft.run_wall_time_us":1571,"replication_time_us":346468,"spinlock_wait_cycles":447144704}]]}
I20260608 12:58:10.046958 21692 rpcz_store.cc:275] Call kudu.tserver.TabletServerService.Write from 127.0.0.1:38856 (ReqId={client: aca02195c4cf4941beed2cd3b9fd23cf, seq_no=38, attempt_no=0}) took 1174 ms. Trace:
I20260608 12:58:10.047515 21692 rpcz_store.cc:276] 0608 12:58:08.872213 (+     0us) service_pool.cc:167] Inserting onto call queue
0608 12:58:08.872354 (+   141us) service_pool.cc:224] Handling call
0608 12:58:10.046835 (+1174481us) inbound_call.cc:177] Queueing success response
Related trace 'op':
0608 12:58:09.807584 (+     0us) write_op.cc:183] PREPARE: starting on tablet d18d0bc0da414d33919ebaf190f36c6e
0608 12:58:09.808332 (+   748us) write_op.cc:432] Acquiring schema lock in shared mode
0608 12:58:09.808364 (+    32us) write_op.cc:435] Acquired schema lock
0608 12:58:09.808384 (+    20us) tablet.cc:662] Decoding operations
0608 12:58:09.808998 (+   614us) write_op.cc:620] Acquiring the partition lock for write op
0608 12:58:09.809073 (+    75us) write_op.cc:641] Partition lock acquired for write op
0608 12:58:09.809140 (+    67us) tablet.cc:685] Acquiring locks for 4 operations
0608 12:58:09.809698 (+   558us) tablet.cc:701] Row locks acquired
0608 12:58:09.809725 (+    27us) write_op.cc:260] PREPARE: finished
0608 12:58:09.809977 (+   252us) write_op.cc:270] Start()
0608 12:58:09.810133 (+   156us) write_op.cc:276] Timestamp: P: 1780923489809916 usec, L: 0
0608 12:58:09.810159 (+    26us) op_driver.cc:348] REPLICATION: starting
0608 12:58:09.811149 (+   990us) log.cc:844] Serialized 475 byte log entry
0608 12:58:09.980748 (+169599us) op_driver.cc:464] REPLICATION: finished
0608 12:58:10.005954 (+ 25206us) write_op.cc:301] APPLY: starting
0608 12:58:10.006032 (+    78us) tablet.cc:1367] starting BulkCheckPresence
0608 12:58:10.006233 (+   201us) tablet.cc:1370] finished BulkCheckPresence
0608 12:58:10.006359 (+   126us) tablet.cc:1372] starting ApplyRowOperation cycle
0608 12:58:10.007108 (+   749us) tablet.cc:1383] finished ApplyRowOperation cycle
0608 12:58:10.034739 (+ 27631us) tablet_metrics.cc:581] ProbeStats: bloom_lookups=0,key_file_lookups=0,delta_file_lookups=0,mrs_lookups=0
0608 12:58:10.045202 (+ 10463us) write_op.cc:312] APPLY: finished
0608 12:58:10.045432 (+   230us) log.cc:844] Serialized 40 byte log entry
0608 12:58:10.046302 (+   870us) write_op.cc:489] Releasing partition, row and schema locks
0608 12:58:10.046398 (+    96us) write_op.cc:454] Released schema lock
0608 12:58:10.046457 (+    59us) write_op.cc:341] FINISH: Updating metrics
Metrics: {"child_traces":[["op",{"apply.queue_time_us":4557,"num_ops":4,"prepare.queue_time_us":879498,"prepare.run_cpu_time_us":4181,"prepare.run_wall_time_us":44737,"replication_time_us":170449}]]}
W20260608 12:58:10.382720 21485 outbound_call.cc:321] RPC callback for RPC call kudu.consensus.ConsensusService.UpdateConsensus -> {remote=127.16.128.194:39497, user_credentials={real_user=slave}} blocked reactor thread for 68264.5us
W20260608 12:58:10.539306 21409 outbound_call.cc:321] RPC callback for RPC call kudu.consensus.ConsensusService.UpdateConsensus -> {remote=127.16.128.193:38747, user_credentials={real_user=slave}} blocked reactor thread for 53963.2us
W20260608 12:58:10.598668 21335 outbound_call.cc:321] RPC callback for RPC call kudu.consensus.ConsensusService.UpdateConsensus -> {remote=127.16.128.195:33279, user_credentials={real_user=slave}} blocked reactor thread for 72063.1us
W20260608 12:58:10.659512 21409 outbound_call.cc:321] RPC callback for RPC call kudu.consensus.ConsensusService.UpdateConsensus -> {remote=127.16.128.193:38747, user_credentials={real_user=slave}} blocked reactor thread for 119375us
W20260608 12:58:10.746822 21551 outbound_call.cc:321] RPC callback for RPC call kudu.tserver.TabletServerService.Write -> {remote=127.16.128.194:39497, user_credentials={real_user=slave}} blocked reactor thread for 67592.1us
W20260608 12:58:10.789307 21410 outbound_call.cc:321] RPC callback for RPC call kudu.consensus.ConsensusService.UpdateConsensus -> {remote=127.16.128.195:33279, user_credentials={real_user=slave}} blocked reactor thread for 76915.9us
W20260608 12:58:11.459203 21335 outbound_call.cc:321] RPC callback for RPC call kudu.consensus.ConsensusService.UpdateConsensus -> {remote=127.16.128.195:33279, user_credentials={real_user=slave}} blocked reactor thread for 47938us
W20260608 12:58:12.367334 21485 outbound_call.cc:321] RPC callback for RPC call kudu.consensus.ConsensusService.UpdateConsensus -> {remote=127.16.128.194:39497, user_credentials={real_user=slave}} blocked reactor thread for 177356us
W20260608 12:58:12.841164 21656 meta_cache.cc:1261] Time spent looking up entry by key: real 0.053s	user 0.003s	sys 0.000s
W20260608 12:58:12.870302 21335 outbound_call.cc:321] RPC callback for RPC call kudu.consensus.ConsensusService.UpdateConsensus -> {remote=127.16.128.195:33279, user_credentials={real_user=slave}} blocked reactor thread for 52939us
W20260608 12:58:13.166772 21410 outbound_call.cc:321] RPC callback for RPC call kudu.consensus.ConsensusService.UpdateConsensus -> {remote=127.16.128.195:33279, user_credentials={real_user=slave}} blocked reactor thread for 74488.5us
W20260608 12:58:13.322170 21336 outbound_call.cc:321] RPC callback for RPC call kudu.consensus.ConsensusService.UpdateConsensus -> {remote=127.16.128.194:39497, user_credentials={real_user=slave}} blocked reactor thread for 134390us
W20260608 12:58:13.468329 21716 log.cc:927] Time spent T 94ba1907a2ab475286c3e69fe3ba2ccf P 3cfd8d2f1ba942789da733be87f146ca: Append to log took a long time: real 0.088s	user 0.009s	sys 0.000s
W20260608 12:58:13.468461 21680 log.cc:927] Time spent T 98c0afd110d54db5ae8ad899321506de P 3cfd8d2f1ba942789da733be87f146ca: Append to log took a long time: real 0.090s	user 0.000s	sys 0.009s
W20260608 12:58:13.469944 21643 log.cc:927] Time spent T d18d0bc0da414d33919ebaf190f36c6e P 3cfd8d2f1ba942789da733be87f146ca: Append to log took a long time: real 0.079s	user 0.002s	sys 0.006s
W20260608 12:58:13.547351 21549 outbound_call.cc:321] RPC callback for RPC call kudu.tserver.TabletServerService.Write -> {remote=127.16.128.193:38747, user_credentials={real_user=slave}} blocked reactor thread for 91231us
W20260608 12:58:13.579486 21336 outbound_call.cc:321] RPC callback for RPC call kudu.consensus.ConsensusService.UpdateConsensus -> {remote=127.16.128.194:39497, user_credentials={real_user=slave}} blocked reactor thread for 49285.9us
W20260608 12:58:13.742913 21549 outbound_call.cc:321] RPC callback for RPC call kudu.tserver.TabletServerService.Write -> {remote=127.16.128.193:38747, user_credentials={real_user=slave}} blocked reactor thread for 59103.5us
I20260608 12:58:14.255856 16899 file_cache.cc:492] Constructed file cache file cache with capacity 419430
W20260608 12:58:14.286760 21780 instance_detector.cc:116] could not retrieve Azure instance metadata: Network error: curl error: HTTP response code said error: The requested URL returned error: 404
W20260608 12:58:14.291414 21782 instance_detector.cc:116] could not retrieve OpenStack instance metadata: Network error: curl error: HTTP response code said error: The requested URL returned error: 404
W20260608 12:58:14.292135 21779 instance_detector.cc:116] could not retrieve AWS instance metadata: Network error: curl error: HTTP response code said error: The requested URL returned error: 404
I20260608 12:58:14.295717 16899 server_base.cc:1061] running on GCE node
I20260608 12:58:14.301151 16899 hybrid_clock.cc:584] initializing the hybrid clock with 'system_unsync' time source
W20260608 12:58:14.301515 16899 system_unsync_time.cc:38] NTP support is disabled. Clock error bounds will not be accurate. This configuration is not suitable for distributed clusters.
I20260608 12:58:14.301769 16899 hybrid_clock.cc:648] HybridClock initialized: now 1780923494301749 us; error 0 us; skew 500 ppm
I20260608 12:58:14.302695 16899 server_base.cc:861] Flag tcmalloc_max_total_thread_cache_bytes is not working since tcmalloc is not enabled.
I20260608 12:58:14.306813 16899 webserver.cc:533] Webserver started at http://127.16.128.196:45123/ using document root <none> and password file <none>
I20260608 12:58:14.307693 16899 fs_manager.cc:362] Metadata directory not provided
I20260608 12:58:14.308101 16899 fs_manager.cc:368] Using write-ahead log directory (fs_wal_dir) as metadata directory
I20260608 12:58:14.308552 16899 server_base.cc:909] This appears to be a new deployment of Kudu; creating new FS layout
I20260608 12:58:14.310597 16899 fs_manager.cc:1068] Generated new instance metadata in path /tmp/dist-test-task5ALJ4g/test-tmp/auto_rebalancer-test.0.AutoRebalancerTest.TestMaxMovesPerServer.1780923368743872-16899-0/minicluster-data/ts-3-root/instance:
uuid: "aa94200cbb014a3ea124436566a36ea5"
format_stamp: "Formatted at 2026-06-08 12:58:14 on dist-test-slave-vgmd"
I20260608 12:58:14.318253 16899 fs_manager.cc:696] Time spent creating directory manager: real 0.007s	user 0.008s	sys 0.000s
I20260608 12:58:14.323393 21787 log_block_manager.cc:4031] Time spent loading block containers with low live blocks: real 0.000s	user 0.000s	sys 0.000s
I20260608 12:58:14.324397 16899 fs_manager.cc:730] Time spent opening block manager: real 0.003s	user 0.001s	sys 0.000s
I20260608 12:58:14.324816 16899 fs_manager.cc:647] Opened local filesystem: /tmp/dist-test-task5ALJ4g/test-tmp/auto_rebalancer-test.0.AutoRebalancerTest.TestMaxMovesPerServer.1780923368743872-16899-0/minicluster-data/ts-3-root
uuid: "aa94200cbb014a3ea124436566a36ea5"
format_stamp: "Formatted at 2026-06-08 12:58:14 on dist-test-slave-vgmd"
I20260608 12:58:14.325242 16899 fs_report.cc:389] FS layout report
--------------------
wal directory: /tmp/dist-test-task5ALJ4g/test-tmp/auto_rebalancer-test.0.AutoRebalancerTest.TestMaxMovesPerServer.1780923368743872-16899-0/minicluster-data/ts-3-root
metadata directory: /tmp/dist-test-task5ALJ4g/test-tmp/auto_rebalancer-test.0.AutoRebalancerTest.TestMaxMovesPerServer.1780923368743872-16899-0/minicluster-data/ts-3-root
1 data directories: /tmp/dist-test-task5ALJ4g/test-tmp/auto_rebalancer-test.0.AutoRebalancerTest.TestMaxMovesPerServer.1780923368743872-16899-0/minicluster-data/ts-3-root/data
Total live blocks: 0
Total live bytes: 0
Total live bytes (after alignment): 0
Total number of LBM containers: 0 (0 full)
Did not check for missing blocks
Did not check for orphaned blocks
Total full LBM containers with extra space: 0 (0 repaired)
Total full LBM container extra space in bytes: 0 (0 repaired)
Total incomplete LBM containers: 0 (0 repaired)
Total LBM partial records: 0 (0 repaired)
Total corrupted LBM metadata records in RocksDB: 0 (0 repaired)
I20260608 12:58:14.361294 16899 rpc_server.cc:225] running with OpenSSL 1.1.1  11 Sep 2018
I20260608 12:58:14.362969 16899 kserver.cc:163] Server-wide thread pool size limit: 3276
I20260608 12:58:14.364703 16899 txn_system_client.cc:432] TxnSystemClient initialization is disabled...
I20260608 12:58:14.367369 16899 ts_tablet_manager.cc:585] Loaded tablet metadata (0 total tablets, 0 live tablets)
I20260608 12:58:14.367620 16899 ts_tablet_manager.cc:531] Time spent load tablet metadata: real 0.000s	user 0.000s	sys 0.000s
I20260608 12:58:14.367903 16899 ts_tablet_manager.cc:616] Registered 0 tablets
I20260608 12:58:14.368069 16899 ts_tablet_manager.cc:595] Time spent register tablets: real 0.000s	user 0.000s	sys 0.000s
I20260608 12:58:14.416596 16899 rpc_server.cc:307] RPC server started. Bound to: 127.16.128.196:41809
I20260608 12:58:14.416708 21849 acceptor_pool.cc:272] collecting diagnostics on the listening RPC socket 127.16.128.196:41809 every 8 connection(s)
I20260608 12:58:14.422953 16899 file_cache.cc:492] Constructed file cache file cache with capacity 419430
W20260608 12:58:14.430176 21854 instance_detector.cc:116] could not retrieve AWS instance metadata: Network error: curl error: HTTP response code said error: The requested URL returned error: 404
W20260608 12:58:14.432713 21855 instance_detector.cc:116] could not retrieve Azure instance metadata: Network error: curl error: HTTP response code said error: The requested URL returned error: 404
W20260608 12:58:14.434795 21857 instance_detector.cc:116] could not retrieve OpenStack instance metadata: Network error: curl error: HTTP response code said error: The requested URL returned error: 404
I20260608 12:58:14.435024 16899 server_base.cc:1061] running on GCE node
I20260608 12:58:14.438937 16899 hybrid_clock.cc:584] initializing the hybrid clock with 'system_unsync' time source
W20260608 12:58:14.439276 16899 system_unsync_time.cc:38] NTP support is disabled. Clock error bounds will not be accurate. This configuration is not suitable for distributed clusters.
I20260608 12:58:14.439529 16899 hybrid_clock.cc:648] HybridClock initialized: now 1780923494439507 us; error 0 us; skew 500 ppm
I20260608 12:58:14.440291 16899 server_base.cc:861] Flag tcmalloc_max_total_thread_cache_bytes is not working since tcmalloc is not enabled.
I20260608 12:58:14.441819 21850 heartbeater.cc:344] Connected to a master server at 127.16.128.254:35189
I20260608 12:58:14.442289 21850 heartbeater.cc:461] Registering TS with master...
I20260608 12:58:14.443336 21850 heartbeater.cc:507] Master 127.16.128.254:35189 requested a full tablet report, sending...
I20260608 12:58:14.443414 16899 webserver.cc:533] Webserver started at http://127.16.128.197:37901/ using document root <none> and password file <none>
I20260608 12:58:14.444219 16899 fs_manager.cc:362] Metadata directory not provided
I20260608 12:58:14.444506 16899 fs_manager.cc:368] Using write-ahead log directory (fs_wal_dir) as metadata directory
I20260608 12:58:14.444831 16899 server_base.cc:909] This appears to be a new deployment of Kudu; creating new FS layout
I20260608 12:58:14.445927 21266 ts_manager.cc:194] Registered new tserver with Master: aa94200cbb014a3ea124436566a36ea5 (127.16.128.196:41809)
I20260608 12:58:14.446203 16899 fs_manager.cc:1068] Generated new instance metadata in path /tmp/dist-test-task5ALJ4g/test-tmp/auto_rebalancer-test.0.AutoRebalancerTest.TestMaxMovesPerServer.1780923368743872-16899-0/minicluster-data/ts-4-root/instance:
uuid: "68b0bab376a04421bcd0bba2a50ec389"
format_stamp: "Formatted at 2026-06-08 12:58:14 on dist-test-slave-vgmd"
I20260608 12:58:14.447391 21266 master_service.cc:502] Signed X509 certificate for tserver {username='slave'} at 127.0.0.1:57386
I20260608 12:58:14.451655 16899 fs_manager.cc:696] Time spent creating directory manager: real 0.005s	user 0.006s	sys 0.000s
I20260608 12:58:14.455686 21862 log_block_manager.cc:4031] Time spent loading block containers with low live blocks: real 0.000s	user 0.000s	sys 0.000s
I20260608 12:58:14.456665 16899 fs_manager.cc:730] Time spent opening block manager: real 0.003s	user 0.002s	sys 0.000s
I20260608 12:58:14.457149 16899 fs_manager.cc:647] Opened local filesystem: /tmp/dist-test-task5ALJ4g/test-tmp/auto_rebalancer-test.0.AutoRebalancerTest.TestMaxMovesPerServer.1780923368743872-16899-0/minicluster-data/ts-4-root
uuid: "68b0bab376a04421bcd0bba2a50ec389"
format_stamp: "Formatted at 2026-06-08 12:58:14 on dist-test-slave-vgmd"
I20260608 12:58:14.457587 16899 fs_report.cc:389] FS layout report
--------------------
wal directory: /tmp/dist-test-task5ALJ4g/test-tmp/auto_rebalancer-test.0.AutoRebalancerTest.TestMaxMovesPerServer.1780923368743872-16899-0/minicluster-data/ts-4-root
metadata directory: /tmp/dist-test-task5ALJ4g/test-tmp/auto_rebalancer-test.0.AutoRebalancerTest.TestMaxMovesPerServer.1780923368743872-16899-0/minicluster-data/ts-4-root
1 data directories: /tmp/dist-test-task5ALJ4g/test-tmp/auto_rebalancer-test.0.AutoRebalancerTest.TestMaxMovesPerServer.1780923368743872-16899-0/minicluster-data/ts-4-root/data
Total live blocks: 0
Total live bytes: 0
Total live bytes (after alignment): 0
Total number of LBM containers: 0 (0 full)
Did not check for missing blocks
Did not check for orphaned blocks
Total full LBM containers with extra space: 0 (0 repaired)
Total full LBM container extra space in bytes: 0 (0 repaired)
Total incomplete LBM containers: 0 (0 repaired)
Total LBM partial records: 0 (0 repaired)
Total corrupted LBM metadata records in RocksDB: 0 (0 repaired)
I20260608 12:58:14.470099 16899 rpc_server.cc:225] running with OpenSSL 1.1.1  11 Sep 2018
I20260608 12:58:14.471383 16899 kserver.cc:163] Server-wide thread pool size limit: 3276
I20260608 12:58:14.472985 16899 txn_system_client.cc:432] TxnSystemClient initialization is disabled...
I20260608 12:58:14.475458 16899 ts_tablet_manager.cc:585] Loaded tablet metadata (0 total tablets, 0 live tablets)
I20260608 12:58:14.475663 16899 ts_tablet_manager.cc:531] Time spent load tablet metadata: real 0.000s	user 0.000s	sys 0.000s
I20260608 12:58:14.475858 16899 ts_tablet_manager.cc:616] Registered 0 tablets
I20260608 12:58:14.475988 16899 ts_tablet_manager.cc:595] Time spent register tablets: real 0.000s	user 0.000s	sys 0.000s
I20260608 12:58:14.536782 16899 rpc_server.cc:307] RPC server started. Bound to: 127.16.128.197:43493
I20260608 12:58:14.536847 21924 acceptor_pool.cc:272] collecting diagnostics on the listening RPC socket 127.16.128.197:43493 every 8 connection(s)
I20260608 12:58:14.543880 16899 file_cache.cc:492] Constructed file cache file cache with capacity 419430
W20260608 12:58:14.551905 21928 instance_detector.cc:116] could not retrieve AWS instance metadata: Network error: curl error: HTTP response code said error: The requested URL returned error: 404
W20260608 12:58:14.553514 21929 instance_detector.cc:116] could not retrieve Azure instance metadata: Network error: curl error: HTTP response code said error: The requested URL returned error: 404
I20260608 12:58:14.559863 16899 server_base.cc:1061] running on GCE node
I20260608 12:58:14.560040 21925 heartbeater.cc:344] Connected to a master server at 127.16.128.254:35189
I20260608 12:58:14.560542 21925 heartbeater.cc:461] Registering TS with master...
W20260608 12:58:14.561677 21931 instance_detector.cc:116] could not retrieve OpenStack instance metadata: Network error: curl error: HTTP response code said error: The requested URL returned error: 404
I20260608 12:58:14.561758 21925 heartbeater.cc:507] Master 127.16.128.254:35189 requested a full tablet report, sending...
I20260608 12:58:14.563472 16899 hybrid_clock.cc:584] initializing the hybrid clock with 'system_unsync' time source
W20260608 12:58:14.563786 16899 system_unsync_time.cc:38] NTP support is disabled. Clock error bounds will not be accurate. This configuration is not suitable for distributed clusters.
I20260608 12:58:14.564038 16899 hybrid_clock.cc:648] HybridClock initialized: now 1780923494564016 us; error 0 us; skew 500 ppm
I20260608 12:58:14.564934 21266 ts_manager.cc:194] Registered new tserver with Master: 68b0bab376a04421bcd0bba2a50ec389 (127.16.128.197:43493)
I20260608 12:58:14.565029 16899 server_base.cc:861] Flag tcmalloc_max_total_thread_cache_bytes is not working since tcmalloc is not enabled.
I20260608 12:58:14.566830 21266 master_service.cc:502] Signed X509 certificate for tserver {username='slave'} at 127.0.0.1:57402
I20260608 12:58:14.568257 16899 webserver.cc:533] Webserver started at http://127.16.128.198:44655/ using document root <none> and password file <none>
I20260608 12:58:14.568837 16899 fs_manager.cc:362] Metadata directory not provided
I20260608 12:58:14.569011 16899 fs_manager.cc:368] Using write-ahead log directory (fs_wal_dir) as metadata directory
I20260608 12:58:14.569341 16899 server_base.cc:909] This appears to be a new deployment of Kudu; creating new FS layout
I20260608 12:58:14.570506 16899 fs_manager.cc:1068] Generated new instance metadata in path /tmp/dist-test-task5ALJ4g/test-tmp/auto_rebalancer-test.0.AutoRebalancerTest.TestMaxMovesPerServer.1780923368743872-16899-0/minicluster-data/ts-5-root/instance:
uuid: "6c64f9dbe126442bb34f332bcadc5f2a"
format_stamp: "Formatted at 2026-06-08 12:58:14 on dist-test-slave-vgmd"
I20260608 12:58:14.575393 16899 fs_manager.cc:696] Time spent creating directory manager: real 0.004s	user 0.005s	sys 0.000s
I20260608 12:58:14.578987 21936 log_block_manager.cc:4031] Time spent loading block containers with low live blocks: real 0.000s	user 0.000s	sys 0.000s
I20260608 12:58:14.579846 16899 fs_manager.cc:730] Time spent opening block manager: real 0.002s	user 0.001s	sys 0.000s
I20260608 12:58:14.580134 16899 fs_manager.cc:647] Opened local filesystem: /tmp/dist-test-task5ALJ4g/test-tmp/auto_rebalancer-test.0.AutoRebalancerTest.TestMaxMovesPerServer.1780923368743872-16899-0/minicluster-data/ts-5-root
uuid: "6c64f9dbe126442bb34f332bcadc5f2a"
format_stamp: "Formatted at 2026-06-08 12:58:14 on dist-test-slave-vgmd"
I20260608 12:58:14.580395 16899 fs_report.cc:389] FS layout report
--------------------
wal directory: /tmp/dist-test-task5ALJ4g/test-tmp/auto_rebalancer-test.0.AutoRebalancerTest.TestMaxMovesPerServer.1780923368743872-16899-0/minicluster-data/ts-5-root
metadata directory: /tmp/dist-test-task5ALJ4g/test-tmp/auto_rebalancer-test.0.AutoRebalancerTest.TestMaxMovesPerServer.1780923368743872-16899-0/minicluster-data/ts-5-root
1 data directories: /tmp/dist-test-task5ALJ4g/test-tmp/auto_rebalancer-test.0.AutoRebalancerTest.TestMaxMovesPerServer.1780923368743872-16899-0/minicluster-data/ts-5-root/data
Total live blocks: 0
Total live bytes: 0
Total live bytes (after alignment): 0
Total number of LBM containers: 0 (0 full)
Did not check for missing blocks
Did not check for orphaned blocks
Total full LBM containers with extra space: 0 (0 repaired)
Total full LBM container extra space in bytes: 0 (0 repaired)
Total incomplete LBM containers: 0 (0 repaired)
Total LBM partial records: 0 (0 repaired)
Total corrupted LBM metadata records in RocksDB: 0 (0 repaired)
I20260608 12:58:14.605254 16899 rpc_server.cc:225] running with OpenSSL 1.1.1  11 Sep 2018
I20260608 12:58:14.606537 16899 kserver.cc:163] Server-wide thread pool size limit: 3276
I20260608 12:58:14.607820 16899 txn_system_client.cc:432] TxnSystemClient initialization is disabled...
I20260608 12:58:14.610242 16899 ts_tablet_manager.cc:585] Loaded tablet metadata (0 total tablets, 0 live tablets)
I20260608 12:58:14.610524 16899 ts_tablet_manager.cc:531] Time spent load tablet metadata: real 0.000s	user 0.000s	sys 0.000s
I20260608 12:58:14.610858 16899 ts_tablet_manager.cc:616] Registered 0 tablets
I20260608 12:58:14.611035 16899 ts_tablet_manager.cc:595] Time spent register tablets: real 0.000s	user 0.000s	sys 0.000s
I20260608 12:58:14.693320 16899 rpc_server.cc:307] RPC server started. Bound to: 127.16.128.198:44773
I20260608 12:58:14.693521 21998 acceptor_pool.cc:272] collecting diagnostics on the listening RPC socket 127.16.128.198:44773 every 8 connection(s)
I20260608 12:58:14.712788 21999 heartbeater.cc:344] Connected to a master server at 127.16.128.254:35189
I20260608 12:58:14.713259 21999 heartbeater.cc:461] Registering TS with master...
I20260608 12:58:14.714105 21999 heartbeater.cc:507] Master 127.16.128.254:35189 requested a full tablet report, sending...
I20260608 12:58:14.716333 21266 ts_manager.cc:194] Registered new tserver with Master: 6c64f9dbe126442bb34f332bcadc5f2a (127.16.128.198:44773)
I20260608 12:58:14.717746 21266 master_service.cc:502] Signed X509 certificate for tserver {username='slave'} at 127.0.0.1:57414
I20260608 12:58:15.503644 21850 heartbeater.cc:499] Master 127.16.128.254:35189 was elected leader, sending a full tablet report...
I20260608 12:58:15.569797 21925 heartbeater.cc:499] Master 127.16.128.254:35189 was elected leader, sending a full tablet report...
I20260608 12:58:15.720588 21999 heartbeater.cc:499] Master 127.16.128.254:35189 was elected leader, sending a full tablet report...
I20260608 12:58:15.975390 21442 consensus_queue.cc:237] T 18c130e6089040cc8ff79fd73aca3aa2 P 9a0f56bae3f342f2b44e9626ae7e941e [LEADER]: Queue going to LEADER mode. State: All replicated index: 0, Majority replicated index: 27, Committed index: 27, Last appended: 1.27, Last appended by leader: 0, Current term: 1, Majority size: 2, State: 0, Mode: LEADER, active raft config: opid_index: 28 OBSOLETE_local: false peers { permanent_uuid: "82a8962652ee40de93257657b6afd3fa" member_type: VOTER last_known_addr { host: "127.16.128.193" port: 38747 } attrs { replace: true } } peers { permanent_uuid: "9a0f56bae3f342f2b44e9626ae7e941e" member_type: VOTER last_known_addr { host: "127.16.128.194" port: 39497 } } peers { permanent_uuid: "3cfd8d2f1ba942789da733be87f146ca" member_type: VOTER last_known_addr { host: "127.16.128.195" port: 33279 } } peers { permanent_uuid: "aa94200cbb014a3ea124436566a36ea5" member_type: NON_VOTER last_known_addr { host: "127.16.128.196" port: 41809 } attrs { promote: true } }
I20260608 12:58:15.982431 21368 raft_consensus.cc:1275] T 18c130e6089040cc8ff79fd73aca3aa2 P 82a8962652ee40de93257657b6afd3fa [term 1 FOLLOWER]: Refusing update from remote peer 9a0f56bae3f342f2b44e9626ae7e941e: Log matching property violated. Preceding OpId in replica: term: 1 index: 27. Preceding OpId from leader: term: 1 index: 28. (index mismatch)
I20260608 12:58:15.983881 22009 consensus_queue.cc:1048] T 18c130e6089040cc8ff79fd73aca3aa2 P 9a0f56bae3f342f2b44e9626ae7e941e [LEADER]: Connected to new peer: Peer: permanent_uuid: "82a8962652ee40de93257657b6afd3fa" member_type: VOTER last_known_addr { host: "127.16.128.193" port: 38747 } attrs { replace: true }, Status: LMP_MISMATCH, Last received: 0.0, Next index: 28, Last known committed idx: 27, Time since last communication: 0.001s
I20260608 12:58:15.986709 21513 raft_consensus.cc:1275] T 18c130e6089040cc8ff79fd73aca3aa2 P 3cfd8d2f1ba942789da733be87f146ca [term 1 FOLLOWER]: Refusing update from remote peer 9a0f56bae3f342f2b44e9626ae7e941e: Log matching property violated. Preceding OpId in replica: term: 1 index: 27. Preceding OpId from leader: term: 1 index: 28. (index mismatch)
I20260608 12:58:15.988130 22009 consensus_queue.cc:1048] T 18c130e6089040cc8ff79fd73aca3aa2 P 9a0f56bae3f342f2b44e9626ae7e941e [LEADER]: Connected to new peer: Peer: permanent_uuid: "3cfd8d2f1ba942789da733be87f146ca" member_type: VOTER last_known_addr { host: "127.16.128.195" port: 33279 }, Status: LMP_MISMATCH, Last received: 0.0, Next index: 28, Last known committed idx: 27, Time since last communication: 0.000s
W20260608 12:58:15.997323 21410 consensus_peers.cc:597] T 18c130e6089040cc8ff79fd73aca3aa2 P 9a0f56bae3f342f2b44e9626ae7e941e -> Peer aa94200cbb014a3ea124436566a36ea5 (127.16.128.196:41809): Couldn't send request to peer aa94200cbb014a3ea124436566a36ea5. Error code: TABLET_NOT_FOUND (6). Status: Not found: Tablet not found: 18c130e6089040cc8ff79fd73aca3aa2. This is attempt 1: this message will repeat every 5th retry.
I20260608 12:58:15.996385 22011 raft_consensus.cc:2955] T 18c130e6089040cc8ff79fd73aca3aa2 P 9a0f56bae3f342f2b44e9626ae7e941e [term 1 LEADER]: Committing config change with OpId 1.28: config changed from index -1 to 28, NON_VOTER aa94200cbb014a3ea124436566a36ea5 (127.16.128.196) added. New config: { opid_index: 28 OBSOLETE_local: false peers { permanent_uuid: "82a8962652ee40de93257657b6afd3fa" member_type: VOTER last_known_addr { host: "127.16.128.193" port: 38747 } attrs { replace: true } } peers { permanent_uuid: "9a0f56bae3f342f2b44e9626ae7e941e" member_type: VOTER last_known_addr { host: "127.16.128.194" port: 39497 } } peers { permanent_uuid: "3cfd8d2f1ba942789da733be87f146ca" member_type: VOTER last_known_addr { host: "127.16.128.195" port: 33279 } } peers { permanent_uuid: "aa94200cbb014a3ea124436566a36ea5" member_type: NON_VOTER last_known_addr { host: "127.16.128.196" port: 41809 } attrs { promote: true } } }
I20260608 12:58:15.998116 21368 raft_consensus.cc:2955] T 18c130e6089040cc8ff79fd73aca3aa2 P 82a8962652ee40de93257657b6afd3fa [term 1 FOLLOWER]: Committing config change with OpId 1.28: config changed from index -1 to 28, NON_VOTER aa94200cbb014a3ea124436566a36ea5 (127.16.128.196) added. New config: { opid_index: 28 OBSOLETE_local: false peers { permanent_uuid: "82a8962652ee40de93257657b6afd3fa" member_type: VOTER last_known_addr { host: "127.16.128.193" port: 38747 } attrs { replace: true } } peers { permanent_uuid: "9a0f56bae3f342f2b44e9626ae7e941e" member_type: VOTER last_known_addr { host: "127.16.128.194" port: 39497 } } peers { permanent_uuid: "3cfd8d2f1ba942789da733be87f146ca" member_type: VOTER last_known_addr { host: "127.16.128.195" port: 33279 } } peers { permanent_uuid: "aa94200cbb014a3ea124436566a36ea5" member_type: NON_VOTER last_known_addr { host: "127.16.128.196" port: 41809 } attrs { promote: true } } }
I20260608 12:58:15.999948 21513 raft_consensus.cc:2955] T 18c130e6089040cc8ff79fd73aca3aa2 P 3cfd8d2f1ba942789da733be87f146ca [term 1 FOLLOWER]: Committing config change with OpId 1.28: config changed from index -1 to 28, NON_VOTER aa94200cbb014a3ea124436566a36ea5 (127.16.128.196) added. New config: { opid_index: 28 OBSOLETE_local: false peers { permanent_uuid: "82a8962652ee40de93257657b6afd3fa" member_type: VOTER last_known_addr { host: "127.16.128.193" port: 38747 } attrs { replace: true } } peers { permanent_uuid: "9a0f56bae3f342f2b44e9626ae7e941e" member_type: VOTER last_known_addr { host: "127.16.128.194" port: 39497 } } peers { permanent_uuid: "3cfd8d2f1ba942789da733be87f146ca" member_type: VOTER last_known_addr { host: "127.16.128.195" port: 33279 } } peers { permanent_uuid: "aa94200cbb014a3ea124436566a36ea5" member_type: NON_VOTER last_known_addr { host: "127.16.128.196" port: 41809 } attrs { promote: true } } }
I20260608 12:58:16.021059 21266 catalog_manager.cc:5696] T 18c130e6089040cc8ff79fd73aca3aa2 P 3cfd8d2f1ba942789da733be87f146ca reported cstate change: config changed from index -1 to 28, NON_VOTER aa94200cbb014a3ea124436566a36ea5 (127.16.128.196) added. New cstate: current_term: 1 leader_uuid: "9a0f56bae3f342f2b44e9626ae7e941e" committed_config { opid_index: 28 OBSOLETE_local: false peers { permanent_uuid: "82a8962652ee40de93257657b6afd3fa" member_type: VOTER last_known_addr { host: "127.16.128.193" port: 38747 } attrs { replace: true } } peers { permanent_uuid: "9a0f56bae3f342f2b44e9626ae7e941e" member_type: VOTER last_known_addr { host: "127.16.128.194" port: 39497 } } peers { permanent_uuid: "3cfd8d2f1ba942789da733be87f146ca" member_type: VOTER last_known_addr { host: "127.16.128.195" port: 33279 } } peers { permanent_uuid: "aa94200cbb014a3ea124436566a36ea5" member_type: NON_VOTER last_known_addr { host: "127.16.128.196" port: 41809 } attrs { promote: true } } }
I20260608 12:58:16.029587 21368 consensus_queue.cc:237] T 00ac8a154d394df4b4150f4edaad389b P 82a8962652ee40de93257657b6afd3fa [LEADER]: Queue going to LEADER mode. State: All replicated index: 0, Majority replicated index: 27, Committed index: 27, Last appended: 1.27, Last appended by leader: 0, Current term: 1, Majority size: 2, State: 0, Mode: LEADER, active raft config: opid_index: 28 OBSOLETE_local: false peers { permanent_uuid: "82a8962652ee40de93257657b6afd3fa" member_type: VOTER last_known_addr { host: "127.16.128.193" port: 38747 } } peers { permanent_uuid: "9a0f56bae3f342f2b44e9626ae7e941e" member_type: VOTER last_known_addr { host: "127.16.128.194" port: 39497 } attrs { replace: true } } peers { permanent_uuid: "3cfd8d2f1ba942789da733be87f146ca" member_type: VOTER last_known_addr { host: "127.16.128.195" port: 33279 } } peers { permanent_uuid: "6c64f9dbe126442bb34f332bcadc5f2a" member_type: NON_VOTER last_known_addr { host: "127.16.128.198" port: 44773 } attrs { promote: true } }
I20260608 12:58:16.037856 21513 raft_consensus.cc:1275] T 00ac8a154d394df4b4150f4edaad389b P 3cfd8d2f1ba942789da733be87f146ca [term 1 FOLLOWER]: Refusing update from remote peer 82a8962652ee40de93257657b6afd3fa: Log matching property violated. Preceding OpId in replica: term: 1 index: 27. Preceding OpId from leader: term: 1 index: 28. (index mismatch)
I20260608 12:58:16.039795 22006 consensus_queue.cc:1048] T 00ac8a154d394df4b4150f4edaad389b P 82a8962652ee40de93257657b6afd3fa [LEADER]: Connected to new peer: Peer: permanent_uuid: "3cfd8d2f1ba942789da733be87f146ca" member_type: VOTER last_known_addr { host: "127.16.128.195" port: 33279 }, Status: LMP_MISMATCH, Last received: 0.0, Next index: 28, Last known committed idx: 27, Time since last communication: 0.001s
