I20260608 12:57:30.266932 26713 consensus_queue.cc:237] T 86cbe9533ec94aebaf26613e52f4019f P eca16f8a1b1849f6a6c7f069684a65c8 [LEADER]: Queue going to LEADER mode. State: All replicated index: 0, Majority replicated index: 1, Committed index: 1, Last appended: 1.1, Last appended by leader: 0, Current term: 1, Majority size: 2, State: 0, Mode: LEADER, active raft config: opid_index: 2 OBSOLETE_local: false peers { permanent_uuid: "e5b36a3268ab4142a13abe01bf5a67ed" member_type: VOTER last_known_addr { host: "127.23.12.193" port: 44251 } } peers { permanent_uuid: "38e241b6dd654669b1bcf7a3ecd7665c" member_type: VOTER last_known_addr { host: "127.23.12.194" port: 38697 } attrs { replace: true } } peers { permanent_uuid: "eca16f8a1b1849f6a6c7f069684a65c8" member_type: VOTER last_known_addr { host: "127.23.12.195" port: 42635 } } peers { permanent_uuid: "95ee078f301e4d359b67c97dc849bcc0" member_type: NON_VOTER last_known_addr { host: "127.23.12.196" port: 39771 } attrs { promote: true } }
I20260608 12:57:30.269202 26458 catalog_manager.cc:5696] T af08aa2a8eb24db29787605ec49ef2f7 P 95ee078f301e4d359b67c97dc849bcc0 reported cstate change: config changed from index -1 to 2, NON_VOTER 38e241b6dd654669b1bcf7a3ecd7665c (127.23.12.194) added. New cstate: current_term: 1 leader_uuid: "e5b36a3268ab4142a13abe01bf5a67ed" committed_config { opid_index: 2 OBSOLETE_local: false peers { permanent_uuid: "eca16f8a1b1849f6a6c7f069684a65c8" member_type: VOTER last_known_addr { host: "127.23.12.195" port: 42635 } } peers { permanent_uuid: "95ee078f301e4d359b67c97dc849bcc0" member_type: VOTER last_known_addr { host: "127.23.12.196" port: 39771 } attrs { replace: true } } peers { permanent_uuid: "e5b36a3268ab4142a13abe01bf5a67ed" member_type: VOTER last_known_addr { host: "127.23.12.193" port: 44251 } } peers { permanent_uuid: "38e241b6dd654669b1bcf7a3ecd7665c" member_type: NON_VOTER last_known_addr { host: "127.23.12.194" port: 38697 } attrs { promote: true } } }
I20260608 12:57:30.285727 26639 raft_consensus.cc:1275] T 86cbe9533ec94aebaf26613e52f4019f P 38e241b6dd654669b1bcf7a3ecd7665c [term 1 FOLLOWER]: Refusing update from remote peer eca16f8a1b1849f6a6c7f069684a65c8: Log matching property violated. Preceding OpId in replica: term: 1 index: 1. Preceding OpId from leader: term: 1 index: 2. (index mismatch)
I20260608 12:57:30.287884 27078 consensus_queue.cc:1048] T 86cbe9533ec94aebaf26613e52f4019f P eca16f8a1b1849f6a6c7f069684a65c8 [LEADER]: Connected to new peer: Peer: permanent_uuid: "38e241b6dd654669b1bcf7a3ecd7665c" member_type: VOTER last_known_addr { host: "127.23.12.194" port: 38697 } attrs { replace: true }, Status: LMP_MISMATCH, Last received: 0.0, Next index: 2, Last known committed idx: 1, Time since last communication: 0.000s
W20260608 12:57:30.289354 26679 consensus_peers.cc:597] T 86cbe9533ec94aebaf26613e52f4019f P eca16f8a1b1849f6a6c7f069684a65c8 -> Peer 95ee078f301e4d359b67c97dc849bcc0 (127.23.12.196:39771): Couldn't send request to peer 95ee078f301e4d359b67c97dc849bcc0. Error code: TABLET_NOT_FOUND (6). Status: Not found: Tablet not found: 86cbe9533ec94aebaf26613e52f4019f. This is attempt 1: this message will repeat every 5th retry.
I20260608 12:57:30.292894 26562 raft_consensus.cc:1275] T 86cbe9533ec94aebaf26613e52f4019f P e5b36a3268ab4142a13abe01bf5a67ed [term 1 FOLLOWER]: Refusing update from remote peer eca16f8a1b1849f6a6c7f069684a65c8: Log matching property violated. Preceding OpId in replica: term: 1 index: 1. Preceding OpId from leader: term: 1 index: 2. (index mismatch)
I20260608 12:57:30.294664 27079 consensus_queue.cc:1048] T 86cbe9533ec94aebaf26613e52f4019f P eca16f8a1b1849f6a6c7f069684a65c8 [LEADER]: Connected to new peer: Peer: permanent_uuid: "e5b36a3268ab4142a13abe01bf5a67ed" member_type: VOTER last_known_addr { host: "127.23.12.193" port: 44251 }, Status: LMP_MISMATCH, Last received: 0.0, Next index: 2, Last known committed idx: 1, Time since last communication: 0.000s
I20260608 12:57:30.303453 26795 raft_consensus.cc:2955] T 86cbe9533ec94aebaf26613e52f4019f P eca16f8a1b1849f6a6c7f069684a65c8 [term 1 LEADER]: Committing config change with OpId 1.2: config changed from index -1 to 2, NON_VOTER 95ee078f301e4d359b67c97dc849bcc0 (127.23.12.196) added. New config: { opid_index: 2 OBSOLETE_local: false peers { permanent_uuid: "e5b36a3268ab4142a13abe01bf5a67ed" member_type: VOTER last_known_addr { host: "127.23.12.193" port: 44251 } } peers { permanent_uuid: "38e241b6dd654669b1bcf7a3ecd7665c" member_type: VOTER last_known_addr { host: "127.23.12.194" port: 38697 } attrs { replace: true } } peers { permanent_uuid: "eca16f8a1b1849f6a6c7f069684a65c8" member_type: VOTER last_known_addr { host: "127.23.12.195" port: 42635 } } peers { permanent_uuid: "95ee078f301e4d359b67c97dc849bcc0" member_type: NON_VOTER last_known_addr { host: "127.23.12.196" port: 39771 } attrs { promote: true } } }
I20260608 12:57:30.306052 26562 raft_consensus.cc:2955] T 86cbe9533ec94aebaf26613e52f4019f P e5b36a3268ab4142a13abe01bf5a67ed [term 1 FOLLOWER]: Committing config change with OpId 1.2: config changed from index -1 to 2, NON_VOTER 95ee078f301e4d359b67c97dc849bcc0 (127.23.12.196) added. New config: { opid_index: 2 OBSOLETE_local: false peers { permanent_uuid: "e5b36a3268ab4142a13abe01bf5a67ed" member_type: VOTER last_known_addr { host: "127.23.12.193" port: 44251 } } peers { permanent_uuid: "38e241b6dd654669b1bcf7a3ecd7665c" member_type: VOTER last_known_addr { host: "127.23.12.194" port: 38697 } attrs { replace: true } } peers { permanent_uuid: "eca16f8a1b1849f6a6c7f069684a65c8" member_type: VOTER last_known_addr { host: "127.23.12.195" port: 42635 } } peers { permanent_uuid: "95ee078f301e4d359b67c97dc849bcc0" member_type: NON_VOTER last_known_addr { host: "127.23.12.196" port: 39771 } attrs { promote: true } } }
I20260608 12:57:30.307231 26639 raft_consensus.cc:2955] T 86cbe9533ec94aebaf26613e52f4019f P 38e241b6dd654669b1bcf7a3ecd7665c [term 1 FOLLOWER]: Committing config change with OpId 1.2: config changed from index -1 to 2, NON_VOTER 95ee078f301e4d359b67c97dc849bcc0 (127.23.12.196) added. New config: { opid_index: 2 OBSOLETE_local: false peers { permanent_uuid: "e5b36a3268ab4142a13abe01bf5a67ed" member_type: VOTER last_known_addr { host: "127.23.12.193" port: 44251 } } peers { permanent_uuid: "38e241b6dd654669b1bcf7a3ecd7665c" member_type: VOTER last_known_addr { host: "127.23.12.194" port: 38697 } attrs { replace: true } } peers { permanent_uuid: "eca16f8a1b1849f6a6c7f069684a65c8" member_type: VOTER last_known_addr { host: "127.23.12.195" port: 42635 } } peers { permanent_uuid: "95ee078f301e4d359b67c97dc849bcc0" member_type: NON_VOTER last_known_addr { host: "127.23.12.196" port: 39771 } attrs { promote: true } } }
I20260608 12:57:30.321998 26458 catalog_manager.cc:5696] T 86cbe9533ec94aebaf26613e52f4019f P e5b36a3268ab4142a13abe01bf5a67ed reported cstate change: config changed from index -1 to 2, NON_VOTER 95ee078f301e4d359b67c97dc849bcc0 (127.23.12.196) added. New cstate: current_term: 1 leader_uuid: "eca16f8a1b1849f6a6c7f069684a65c8" committed_config { opid_index: 2 OBSOLETE_local: false peers { permanent_uuid: "e5b36a3268ab4142a13abe01bf5a67ed" member_type: VOTER last_known_addr { host: "127.23.12.193" port: 44251 } } peers { permanent_uuid: "38e241b6dd654669b1bcf7a3ecd7665c" member_type: VOTER last_known_addr { host: "127.23.12.194" port: 38697 } attrs { replace: true } } peers { permanent_uuid: "eca16f8a1b1849f6a6c7f069684a65c8" member_type: VOTER last_known_addr { host: "127.23.12.195" port: 42635 } } peers { permanent_uuid: "95ee078f301e4d359b67c97dc849bcc0" member_type: NON_VOTER last_known_addr { host: "127.23.12.196" port: 39771 } attrs { promote: true } } }
I20260608 12:57:30.505427 27102 ts_tablet_manager.cc:933] T 99eda233933044708b1901c867fbe986 P eca16f8a1b1849f6a6c7f069684a65c8: Initiating tablet copy from peer 38e241b6dd654669b1bcf7a3ecd7665c (127.23.12.194:38697)
I20260608 12:57:30.508152 27102 tablet_copy_client.cc:323] T 99eda233933044708b1901c867fbe986 P eca16f8a1b1849f6a6c7f069684a65c8: tablet copy: Beginning tablet copy session from remote peer at address 127.23.12.194:38697
I20260608 12:57:30.510210 26649 tablet_copy_service.cc:140] P 38e241b6dd654669b1bcf7a3ecd7665c: Received BeginTabletCopySession request for tablet 99eda233933044708b1901c867fbe986 from peer eca16f8a1b1849f6a6c7f069684a65c8 ({username='slave'} at 127.0.0.1:32908)
I20260608 12:57:30.510878 26649 tablet_copy_service.cc:161] P 38e241b6dd654669b1bcf7a3ecd7665c: Beginning new tablet copy session on tablet 99eda233933044708b1901c867fbe986 from peer eca16f8a1b1849f6a6c7f069684a65c8 at {username='slave'} at 127.0.0.1:32908: session id = eca16f8a1b1849f6a6c7f069684a65c8-99eda233933044708b1901c867fbe986
I20260608 12:57:30.519980 26649 tablet_copy_source_session.cc:215] T 99eda233933044708b1901c867fbe986 P 38e241b6dd654669b1bcf7a3ecd7665c: Tablet Copy: opened 0 blocks and 1 log segments
I20260608 12:57:30.524782 27102 data_dirs.cc:400] Could only allocate 1 dirs of requested 3 for tablet 99eda233933044708b1901c867fbe986. 1 dirs total, 0 dirs full, 0 dirs failed
I20260608 12:57:30.541599 27102 tablet_copy_client.cc:806] T 99eda233933044708b1901c867fbe986 P eca16f8a1b1849f6a6c7f069684a65c8: tablet copy: Starting download of 0 data blocks...
I20260608 12:57:30.542253 27102 tablet_copy_client.cc:670] T 99eda233933044708b1901c867fbe986 P eca16f8a1b1849f6a6c7f069684a65c8: tablet copy: Starting download of 1 WAL segments...
I20260608 12:57:30.546319 27102 tablet_copy_client.cc:538] T 99eda233933044708b1901c867fbe986 P eca16f8a1b1849f6a6c7f069684a65c8: tablet copy: Tablet Copy complete. Replacing tablet superblock.
I20260608 12:57:30.554906 27102 tablet_bootstrap.cc:492] T 99eda233933044708b1901c867fbe986 P eca16f8a1b1849f6a6c7f069684a65c8: Bootstrap starting.
I20260608 12:57:30.580464 27102 tablet_bootstrap.cc:492] T 99eda233933044708b1901c867fbe986 P eca16f8a1b1849f6a6c7f069684a65c8: Bootstrap replayed 1/1 log segments. Stats: ops{read=3 overwritten=0 applied=3 ignored=0} inserts{seen=0 ignored=0} mutations{seen=0 ignored=0} orphaned_commits=0. Pending: 0 replicates
I20260608 12:57:30.581365 27102 tablet_bootstrap.cc:492] T 99eda233933044708b1901c867fbe986 P eca16f8a1b1849f6a6c7f069684a65c8: Bootstrap complete.
I20260608 12:57:30.582067 27102 ts_tablet_manager.cc:1403] T 99eda233933044708b1901c867fbe986 P eca16f8a1b1849f6a6c7f069684a65c8: Time spent bootstrapping tablet: real 0.027s	user 0.016s	sys 0.007s
I20260608 12:57:30.585244 27102 raft_consensus.cc:359] T 99eda233933044708b1901c867fbe986 P eca16f8a1b1849f6a6c7f069684a65c8 [term 2 LEARNER]: Replica starting. Triggering 0 pending ops. Active config: opid_index: 3 OBSOLETE_local: false peers { permanent_uuid: "95ee078f301e4d359b67c97dc849bcc0" member_type: VOTER last_known_addr { host: "127.23.12.196" port: 39771 } attrs { replace: true } } peers { permanent_uuid: "e5b36a3268ab4142a13abe01bf5a67ed" member_type: VOTER last_known_addr { host: "127.23.12.193" port: 44251 } } peers { permanent_uuid: "38e241b6dd654669b1bcf7a3ecd7665c" member_type: VOTER last_known_addr { host: "127.23.12.194" port: 38697 } } peers { permanent_uuid: "eca16f8a1b1849f6a6c7f069684a65c8" member_type: NON_VOTER last_known_addr { host: "127.23.12.195" port: 42635 } attrs { promote: true } }
I20260608 12:57:30.586254 27102 raft_consensus.cc:740] T 99eda233933044708b1901c867fbe986 P eca16f8a1b1849f6a6c7f069684a65c8 [term 2 LEARNER]: Becoming Follower/Learner. State: Replica: eca16f8a1b1849f6a6c7f069684a65c8, State: Initialized, Role: LEARNER
I20260608 12:57:30.587001 27102 consensus_queue.cc:260] T 99eda233933044708b1901c867fbe986 P eca16f8a1b1849f6a6c7f069684a65c8 [NON_LEADER]: Queue going to NON_LEADER mode. State: All replicated index: 0, Majority replicated index: 0, Committed index: 3, Last appended: 2.3, Last appended by leader: 3, Current term: 0, Majority size: -1, State: 0, Mode: NON_LEADER, active raft config: opid_index: 3 OBSOLETE_local: false peers { permanent_uuid: "95ee078f301e4d359b67c97dc849bcc0" member_type: VOTER last_known_addr { host: "127.23.12.196" port: 39771 } attrs { replace: true } } peers { permanent_uuid: "e5b36a3268ab4142a13abe01bf5a67ed" member_type: VOTER last_known_addr { host: "127.23.12.193" port: 44251 } } peers { permanent_uuid: "38e241b6dd654669b1bcf7a3ecd7665c" member_type: VOTER last_known_addr { host: "127.23.12.194" port: 38697 } } peers { permanent_uuid: "eca16f8a1b1849f6a6c7f069684a65c8" member_type: NON_VOTER last_known_addr { host: "127.23.12.195" port: 42635 } attrs { promote: true } }
I20260608 12:57:30.588143 26639 raft_consensus.cc:1275] T eba8ecf541fc41c7af6f827b5f04755e P 38e241b6dd654669b1bcf7a3ecd7665c [term 2 FOLLOWER]: Refusing update from remote peer 95ee078f301e4d359b67c97dc849bcc0: Log matching property violated. Preceding OpId in replica: term: 1 index: 4. Preceding OpId from leader: term: 2 index: 5. (index mismatch)
I20260608 12:57:30.590395 27102 ts_tablet_manager.cc:1434] T 99eda233933044708b1901c867fbe986 P eca16f8a1b1849f6a6c7f069684a65c8: Time spent starting tablet: real 0.008s	user 0.006s	sys 0.000s
I20260608 12:57:30.591326 27020 consensus_queue.cc:1048] T eba8ecf541fc41c7af6f827b5f04755e P 95ee078f301e4d359b67c97dc849bcc0 [LEADER]: Connected to new peer: Peer: permanent_uuid: "38e241b6dd654669b1bcf7a3ecd7665c" member_type: VOTER last_known_addr { host: "127.23.12.194" port: 38697 }, Status: LMP_MISMATCH, Last received: 0.0, Next index: 5, Last known committed idx: 4, Time since last communication: 0.000s
I20260608 12:57:30.596627 26649 tablet_copy_service.cc:342] P 38e241b6dd654669b1bcf7a3ecd7665c: Request end of tablet copy session eca16f8a1b1849f6a6c7f069684a65c8-99eda233933044708b1901c867fbe986 received from {username='slave'} at 127.0.0.1:32908
I20260608 12:57:30.597119 26649 tablet_copy_service.cc:434] P 38e241b6dd654669b1bcf7a3ecd7665c: ending tablet copy session eca16f8a1b1849f6a6c7f069684a65c8-99eda233933044708b1901c867fbe986 on tablet 99eda233933044708b1901c867fbe986 with peer eca16f8a1b1849f6a6c7f069684a65c8
I20260608 12:57:30.627378 27107 ts_tablet_manager.cc:933] T af08aa2a8eb24db29787605ec49ef2f7 P 38e241b6dd654669b1bcf7a3ecd7665c: Initiating tablet copy from peer e5b36a3268ab4142a13abe01bf5a67ed (127.23.12.193:44251)
I20260608 12:57:30.641376 27107 tablet_copy_client.cc:323] T af08aa2a8eb24db29787605ec49ef2f7 P 38e241b6dd654669b1bcf7a3ecd7665c: tablet copy: Beginning tablet copy session from remote peer at address 127.23.12.193:44251
I20260608 12:57:30.643340 26574 tablet_copy_service.cc:140] P e5b36a3268ab4142a13abe01bf5a67ed: Received BeginTabletCopySession request for tablet af08aa2a8eb24db29787605ec49ef2f7 from peer 38e241b6dd654669b1bcf7a3ecd7665c ({username='slave'} at 127.0.0.1:44166)
I20260608 12:57:30.643898 26574 tablet_copy_service.cc:161] P e5b36a3268ab4142a13abe01bf5a67ed: Beginning new tablet copy session on tablet af08aa2a8eb24db29787605ec49ef2f7 from peer 38e241b6dd654669b1bcf7a3ecd7665c at {username='slave'} at 127.0.0.1:44166: session id = 38e241b6dd654669b1bcf7a3ecd7665c-af08aa2a8eb24db29787605ec49ef2f7
I20260608 12:57:30.646266 26713 raft_consensus.cc:1275] T eba8ecf541fc41c7af6f827b5f04755e P eca16f8a1b1849f6a6c7f069684a65c8 [term 2 FOLLOWER]: Refusing update from remote peer 95ee078f301e4d359b67c97dc849bcc0: Log matching property violated. Preceding OpId in replica: term: 1 index: 4. Preceding OpId from leader: term: 2 index: 5. (index mismatch)
I20260608 12:57:30.648182 27020 consensus_queue.cc:1048] T eba8ecf541fc41c7af6f827b5f04755e P 95ee078f301e4d359b67c97dc849bcc0 [LEADER]: Connected to new peer: Peer: permanent_uuid: "eca16f8a1b1849f6a6c7f069684a65c8" member_type: VOTER last_known_addr { host: "127.23.12.195" port: 42635 }, Status: LMP_MISMATCH, Last received: 0.0, Next index: 5, Last known committed idx: 4, Time since last communication: 0.000s
I20260608 12:57:30.651329 26574 tablet_copy_source_session.cc:215] T af08aa2a8eb24db29787605ec49ef2f7 P e5b36a3268ab4142a13abe01bf5a67ed: Tablet Copy: opened 0 blocks and 1 log segments
I20260608 12:57:30.655233 27107 data_dirs.cc:400] Could only allocate 1 dirs of requested 3 for tablet af08aa2a8eb24db29787605ec49ef2f7. 1 dirs total, 0 dirs full, 0 dirs failed
I20260608 12:57:30.685593 27107 tablet_copy_client.cc:806] T af08aa2a8eb24db29787605ec49ef2f7 P 38e241b6dd654669b1bcf7a3ecd7665c: tablet copy: Starting download of 0 data blocks...
I20260608 12:57:30.686687 27107 tablet_copy_client.cc:670] T af08aa2a8eb24db29787605ec49ef2f7 P 38e241b6dd654669b1bcf7a3ecd7665c: tablet copy: Starting download of 1 WAL segments...
I20260608 12:57:30.691136 27107 tablet_copy_client.cc:538] T af08aa2a8eb24db29787605ec49ef2f7 P 38e241b6dd654669b1bcf7a3ecd7665c: tablet copy: Tablet Copy complete. Replacing tablet superblock.
I20260608 12:57:30.696545 27113 ts_tablet_manager.cc:933] T 2cd32b1721a3416f811276c0014f0bc4 P 95ee078f301e4d359b67c97dc849bcc0: Initiating tablet copy from peer e5b36a3268ab4142a13abe01bf5a67ed (127.23.12.193:44251)
I20260608 12:57:30.704895 27107 tablet_bootstrap.cc:492] T af08aa2a8eb24db29787605ec49ef2f7 P 38e241b6dd654669b1bcf7a3ecd7665c: Bootstrap starting.
I20260608 12:57:30.706423 27113 tablet_copy_client.cc:323] T 2cd32b1721a3416f811276c0014f0bc4 P 95ee078f301e4d359b67c97dc849bcc0: tablet copy: Beginning tablet copy session from remote peer at address 127.23.12.193:44251
I20260608 12:57:30.708516 26574 tablet_copy_service.cc:140] P e5b36a3268ab4142a13abe01bf5a67ed: Received BeginTabletCopySession request for tablet 2cd32b1721a3416f811276c0014f0bc4 from peer 95ee078f301e4d359b67c97dc849bcc0 ({username='slave'} at 127.0.0.1:44188)
I20260608 12:57:30.709087 26574 tablet_copy_service.cc:161] P e5b36a3268ab4142a13abe01bf5a67ed: Beginning new tablet copy session on tablet 2cd32b1721a3416f811276c0014f0bc4 from peer 95ee078f301e4d359b67c97dc849bcc0 at {username='slave'} at 127.0.0.1:44188: session id = 95ee078f301e4d359b67c97dc849bcc0-2cd32b1721a3416f811276c0014f0bc4
I20260608 12:57:30.723881 26574 tablet_copy_source_session.cc:215] T 2cd32b1721a3416f811276c0014f0bc4 P e5b36a3268ab4142a13abe01bf5a67ed: Tablet Copy: opened 0 blocks and 1 log segments
I20260608 12:57:30.734954 27113 data_dirs.cc:400] Could only allocate 1 dirs of requested 3 for tablet 2cd32b1721a3416f811276c0014f0bc4. 1 dirs total, 0 dirs full, 0 dirs failed
I20260608 12:57:30.740394 27107 tablet_bootstrap.cc:492] T af08aa2a8eb24db29787605ec49ef2f7 P 38e241b6dd654669b1bcf7a3ecd7665c: Bootstrap replayed 1/1 log segments. Stats: ops{read=2 overwritten=0 applied=2 ignored=0} inserts{seen=0 ignored=0} mutations{seen=0 ignored=0} orphaned_commits=0. Pending: 0 replicates
I20260608 12:57:30.741518 27107 tablet_bootstrap.cc:492] T af08aa2a8eb24db29787605ec49ef2f7 P 38e241b6dd654669b1bcf7a3ecd7665c: Bootstrap complete.
I20260608 12:57:30.742281 27107 ts_tablet_manager.cc:1403] T af08aa2a8eb24db29787605ec49ef2f7 P 38e241b6dd654669b1bcf7a3ecd7665c: Time spent bootstrapping tablet: real 0.042s	user 0.018s	sys 0.013s
I20260608 12:57:30.745548 27107 raft_consensus.cc:359] T af08aa2a8eb24db29787605ec49ef2f7 P 38e241b6dd654669b1bcf7a3ecd7665c [term 1 LEARNER]: Replica starting. Triggering 0 pending ops. Active config: opid_index: 2 OBSOLETE_local: false peers { permanent_uuid: "eca16f8a1b1849f6a6c7f069684a65c8" member_type: VOTER last_known_addr { host: "127.23.12.195" port: 42635 } } peers { permanent_uuid: "95ee078f301e4d359b67c97dc849bcc0" member_type: VOTER last_known_addr { host: "127.23.12.196" port: 39771 } attrs { replace: true } } peers { permanent_uuid: "e5b36a3268ab4142a13abe01bf5a67ed" member_type: VOTER last_known_addr { host: "127.23.12.193" port: 44251 } } peers { permanent_uuid: "38e241b6dd654669b1bcf7a3ecd7665c" member_type: NON_VOTER last_known_addr { host: "127.23.12.194" port: 38697 } attrs { promote: true } }
I20260608 12:57:30.746459 27107 raft_consensus.cc:740] T af08aa2a8eb24db29787605ec49ef2f7 P 38e241b6dd654669b1bcf7a3ecd7665c [term 1 LEARNER]: Becoming Follower/Learner. State: Replica: 38e241b6dd654669b1bcf7a3ecd7665c, State: Initialized, Role: LEARNER
I20260608 12:57:30.747196 27107 consensus_queue.cc:260] T af08aa2a8eb24db29787605ec49ef2f7 P 38e241b6dd654669b1bcf7a3ecd7665c [NON_LEADER]: Queue going to NON_LEADER mode. State: All replicated index: 0, Majority replicated index: 0, Committed index: 2, Last appended: 1.2, Last appended by leader: 2, Current term: 0, Majority size: -1, State: 0, Mode: NON_LEADER, active raft config: opid_index: 2 OBSOLETE_local: false peers { permanent_uuid: "eca16f8a1b1849f6a6c7f069684a65c8" member_type: VOTER last_known_addr { host: "127.23.12.195" port: 42635 } } peers { permanent_uuid: "95ee078f301e4d359b67c97dc849bcc0" member_type: VOTER last_known_addr { host: "127.23.12.196" port: 39771 } attrs { replace: true } } peers { permanent_uuid: "e5b36a3268ab4142a13abe01bf5a67ed" member_type: VOTER last_known_addr { host: "127.23.12.193" port: 44251 } } peers { permanent_uuid: "38e241b6dd654669b1bcf7a3ecd7665c" member_type: NON_VOTER last_known_addr { host: "127.23.12.194" port: 38697 } attrs { promote: true } }
I20260608 12:57:30.750101 27107 ts_tablet_manager.cc:1434] T af08aa2a8eb24db29787605ec49ef2f7 P 38e241b6dd654669b1bcf7a3ecd7665c: Time spent starting tablet: real 0.007s	user 0.005s	sys 0.000s
I20260608 12:57:30.752878 26574 tablet_copy_service.cc:342] P e5b36a3268ab4142a13abe01bf5a67ed: Request end of tablet copy session 38e241b6dd654669b1bcf7a3ecd7665c-af08aa2a8eb24db29787605ec49ef2f7 received from {username='slave'} at 127.0.0.1:44166
I20260608 12:57:30.753324 26574 tablet_copy_service.cc:434] P e5b36a3268ab4142a13abe01bf5a67ed: ending tablet copy session 38e241b6dd654669b1bcf7a3ecd7665c-af08aa2a8eb24db29787605ec49ef2f7 on tablet af08aa2a8eb24db29787605ec49ef2f7 with peer 38e241b6dd654669b1bcf7a3ecd7665c
I20260608 12:57:30.760951 27113 tablet_copy_client.cc:806] T 2cd32b1721a3416f811276c0014f0bc4 P 95ee078f301e4d359b67c97dc849bcc0: tablet copy: Starting download of 0 data blocks...
I20260608 12:57:30.761646 27113 tablet_copy_client.cc:670] T 2cd32b1721a3416f811276c0014f0bc4 P 95ee078f301e4d359b67c97dc849bcc0: tablet copy: Starting download of 1 WAL segments...
I20260608 12:57:30.767803 27113 tablet_copy_client.cc:538] T 2cd32b1721a3416f811276c0014f0bc4 P 95ee078f301e4d359b67c97dc849bcc0: tablet copy: Tablet Copy complete. Replacing tablet superblock.
I20260608 12:57:30.774582 27113 tablet_bootstrap.cc:492] T 2cd32b1721a3416f811276c0014f0bc4 P 95ee078f301e4d359b67c97dc849bcc0: Bootstrap starting.
I20260608 12:57:30.792019 27113 tablet_bootstrap.cc:492] T 2cd32b1721a3416f811276c0014f0bc4 P 95ee078f301e4d359b67c97dc849bcc0: Bootstrap replayed 1/1 log segments. Stats: ops{read=2 overwritten=0 applied=2 ignored=0} inserts{seen=0 ignored=0} mutations{seen=0 ignored=0} orphaned_commits=0. Pending: 0 replicates
I20260608 12:57:30.792733 27113 tablet_bootstrap.cc:492] T 2cd32b1721a3416f811276c0014f0bc4 P 95ee078f301e4d359b67c97dc849bcc0: Bootstrap complete.
I20260608 12:57:30.793304 27113 ts_tablet_manager.cc:1403] T 2cd32b1721a3416f811276c0014f0bc4 P 95ee078f301e4d359b67c97dc849bcc0: Time spent bootstrapping tablet: real 0.019s	user 0.008s	sys 0.008s
I20260608 12:57:30.795668 27113 raft_consensus.cc:359] T 2cd32b1721a3416f811276c0014f0bc4 P 95ee078f301e4d359b67c97dc849bcc0 [term 1 LEARNER]: Replica starting. Triggering 0 pending ops. Active config: opid_index: 2 OBSOLETE_local: false peers { permanent_uuid: "e5b36a3268ab4142a13abe01bf5a67ed" member_type: VOTER last_known_addr { host: "127.23.12.193" port: 44251 } } peers { permanent_uuid: "38e241b6dd654669b1bcf7a3ecd7665c" member_type: VOTER last_known_addr { host: "127.23.12.194" port: 38697 } } peers { permanent_uuid: "eca16f8a1b1849f6a6c7f069684a65c8" member_type: VOTER last_known_addr { host: "127.23.12.195" port: 42635 } attrs { replace: true } } peers { permanent_uuid: "95ee078f301e4d359b67c97dc849bcc0" member_type: NON_VOTER last_known_addr { host: "127.23.12.196" port: 39771 } attrs { promote: true } }
I20260608 12:57:30.796260 27113 raft_consensus.cc:740] T 2cd32b1721a3416f811276c0014f0bc4 P 95ee078f301e4d359b67c97dc849bcc0 [term 1 LEARNER]: Becoming Follower/Learner. State: Replica: 95ee078f301e4d359b67c97dc849bcc0, State: Initialized, Role: LEARNER
I20260608 12:57:30.796774 27113 consensus_queue.cc:260] T 2cd32b1721a3416f811276c0014f0bc4 P 95ee078f301e4d359b67c97dc849bcc0 [NON_LEADER]: Queue going to NON_LEADER mode. State: All replicated index: 0, Majority replicated index: 0, Committed index: 2, Last appended: 1.2, Last appended by leader: 2, Current term: 0, Majority size: -1, State: 0, Mode: NON_LEADER, active raft config: opid_index: 2 OBSOLETE_local: false peers { permanent_uuid: "e5b36a3268ab4142a13abe01bf5a67ed" member_type: VOTER last_known_addr { host: "127.23.12.193" port: 44251 } } peers { permanent_uuid: "38e241b6dd654669b1bcf7a3ecd7665c" member_type: VOTER last_known_addr { host: "127.23.12.194" port: 38697 } } peers { permanent_uuid: "eca16f8a1b1849f6a6c7f069684a65c8" member_type: VOTER last_known_addr { host: "127.23.12.195" port: 42635 } attrs { replace: true } } peers { permanent_uuid: "95ee078f301e4d359b67c97dc849bcc0" member_type: NON_VOTER last_known_addr { host: "127.23.12.196" port: 39771 } attrs { promote: true } }
I20260608 12:57:30.799542 27113 ts_tablet_manager.cc:1434] T 2cd32b1721a3416f811276c0014f0bc4 P 95ee078f301e4d359b67c97dc849bcc0: Time spent starting tablet: real 0.006s	user 0.007s	sys 0.001s
I20260608 12:57:30.801306 26574 tablet_copy_service.cc:342] P e5b36a3268ab4142a13abe01bf5a67ed: Request end of tablet copy session 95ee078f301e4d359b67c97dc849bcc0-2cd32b1721a3416f811276c0014f0bc4 received from {username='slave'} at 127.0.0.1:44188
I20260608 12:57:30.801757 26574 tablet_copy_service.cc:434] P e5b36a3268ab4142a13abe01bf5a67ed: ending tablet copy session 95ee078f301e4d359b67c97dc849bcc0-2cd32b1721a3416f811276c0014f0bc4 on tablet 2cd32b1721a3416f811276c0014f0bc4 with peer 95ee078f301e4d359b67c97dc849bcc0
I20260608 12:57:30.874738 27113 ts_tablet_manager.cc:933] T 86cbe9533ec94aebaf26613e52f4019f P 95ee078f301e4d359b67c97dc849bcc0: Initiating tablet copy from peer eca16f8a1b1849f6a6c7f069684a65c8 (127.23.12.195:42635)
I20260608 12:57:30.876397 27113 tablet_copy_client.cc:323] T 86cbe9533ec94aebaf26613e52f4019f P 95ee078f301e4d359b67c97dc849bcc0: tablet copy: Beginning tablet copy session from remote peer at address 127.23.12.195:42635
I20260608 12:57:30.877879 26723 tablet_copy_service.cc:140] P eca16f8a1b1849f6a6c7f069684a65c8: Received BeginTabletCopySession request for tablet 86cbe9533ec94aebaf26613e52f4019f from peer 95ee078f301e4d359b67c97dc849bcc0 ({username='slave'} at 127.0.0.1:43604)
I20260608 12:57:30.878367 26723 tablet_copy_service.cc:161] P eca16f8a1b1849f6a6c7f069684a65c8: Beginning new tablet copy session on tablet 86cbe9533ec94aebaf26613e52f4019f from peer 95ee078f301e4d359b67c97dc849bcc0 at {username='slave'} at 127.0.0.1:43604: session id = 95ee078f301e4d359b67c97dc849bcc0-86cbe9533ec94aebaf26613e52f4019f
I20260608 12:57:30.884831 26723 tablet_copy_source_session.cc:215] T 86cbe9533ec94aebaf26613e52f4019f P eca16f8a1b1849f6a6c7f069684a65c8: Tablet Copy: opened 0 blocks and 1 log segments
I20260608 12:57:30.887470 27113 data_dirs.cc:400] Could only allocate 1 dirs of requested 3 for tablet 86cbe9533ec94aebaf26613e52f4019f. 1 dirs total, 0 dirs full, 0 dirs failed
I20260608 12:57:30.907634 26713 raft_consensus.cc:1217] T 99eda233933044708b1901c867fbe986 P eca16f8a1b1849f6a6c7f069684a65c8 [term 2 LEARNER]: Deduplicated request from leader. Original: 2.2->[2.3-2.3]   Dedup: 2.3->[]
I20260608 12:57:30.912521 27113 tablet_copy_client.cc:806] T 86cbe9533ec94aebaf26613e52f4019f P 95ee078f301e4d359b67c97dc849bcc0: tablet copy: Starting download of 0 data blocks...
I20260608 12:57:30.913261 27113 tablet_copy_client.cc:670] T 86cbe9533ec94aebaf26613e52f4019f P 95ee078f301e4d359b67c97dc849bcc0: tablet copy: Starting download of 1 WAL segments...
I20260608 12:57:30.917860 27113 tablet_copy_client.cc:538] T 86cbe9533ec94aebaf26613e52f4019f P 95ee078f301e4d359b67c97dc849bcc0: tablet copy: Tablet Copy complete. Replacing tablet superblock.
I20260608 12:57:30.926998 27113 tablet_bootstrap.cc:492] T 86cbe9533ec94aebaf26613e52f4019f P 95ee078f301e4d359b67c97dc849bcc0: Bootstrap starting.
I20260608 12:57:30.948609 27113 tablet_bootstrap.cc:492] T 86cbe9533ec94aebaf26613e52f4019f P 95ee078f301e4d359b67c97dc849bcc0: Bootstrap replayed 1/1 log segments. Stats: ops{read=2 overwritten=0 applied=2 ignored=0} inserts{seen=0 ignored=0} mutations{seen=0 ignored=0} orphaned_commits=0. Pending: 0 replicates
I20260608 12:57:30.949637 27113 tablet_bootstrap.cc:492] T 86cbe9533ec94aebaf26613e52f4019f P 95ee078f301e4d359b67c97dc849bcc0: Bootstrap complete.
I20260608 12:57:30.950378 27113 ts_tablet_manager.cc:1403] T 86cbe9533ec94aebaf26613e52f4019f P 95ee078f301e4d359b67c97dc849bcc0: Time spent bootstrapping tablet: real 0.024s	user 0.018s	sys 0.004s
I20260608 12:57:30.954397 27113 raft_consensus.cc:359] T 86cbe9533ec94aebaf26613e52f4019f P 95ee078f301e4d359b67c97dc849bcc0 [term 1 LEARNER]: Replica starting. Triggering 0 pending ops. Active config: opid_index: 2 OBSOLETE_local: false peers { permanent_uuid: "e5b36a3268ab4142a13abe01bf5a67ed" member_type: VOTER last_known_addr { host: "127.23.12.193" port: 44251 } } peers { permanent_uuid: "38e241b6dd654669b1bcf7a3ecd7665c" member_type: VOTER last_known_addr { host: "127.23.12.194" port: 38697 } attrs { replace: true } } peers { permanent_uuid: "eca16f8a1b1849f6a6c7f069684a65c8" member_type: VOTER last_known_addr { host: "127.23.12.195" port: 42635 } } peers { permanent_uuid: "95ee078f301e4d359b67c97dc849bcc0" member_type: NON_VOTER last_known_addr { host: "127.23.12.196" port: 39771 } attrs { promote: true } }
I20260608 12:57:30.955330 27113 raft_consensus.cc:740] T 86cbe9533ec94aebaf26613e52f4019f P 95ee078f301e4d359b67c97dc849bcc0 [term 1 LEARNER]: Becoming Follower/Learner. State: Replica: 95ee078f301e4d359b67c97dc849bcc0, State: Initialized, Role: LEARNER
I20260608 12:57:30.956074 27113 consensus_queue.cc:260] T 86cbe9533ec94aebaf26613e52f4019f P 95ee078f301e4d359b67c97dc849bcc0 [NON_LEADER]: Queue going to NON_LEADER mode. State: All replicated index: 0, Majority replicated index: 0, Committed index: 2, Last appended: 1.2, Last appended by leader: 2, Current term: 0, Majority size: -1, State: 0, Mode: NON_LEADER, active raft config: opid_index: 2 OBSOLETE_local: false peers { permanent_uuid: "e5b36a3268ab4142a13abe01bf5a67ed" member_type: VOTER last_known_addr { host: "127.23.12.193" port: 44251 } } peers { permanent_uuid: "38e241b6dd654669b1bcf7a3ecd7665c" member_type: VOTER last_known_addr { host: "127.23.12.194" port: 38697 } attrs { replace: true } } peers { permanent_uuid: "eca16f8a1b1849f6a6c7f069684a65c8" member_type: VOTER last_known_addr { host: "127.23.12.195" port: 42635 } } peers { permanent_uuid: "95ee078f301e4d359b67c97dc849bcc0" member_type: NON_VOTER last_known_addr { host: "127.23.12.196" port: 39771 } attrs { promote: true } }
I20260608 12:57:30.958498 27113 ts_tablet_manager.cc:1434] T 86cbe9533ec94aebaf26613e52f4019f P 95ee078f301e4d359b67c97dc849bcc0: Time spent starting tablet: real 0.008s	user 0.007s	sys 0.000s
I20260608 12:57:30.961074 26723 tablet_copy_service.cc:342] P eca16f8a1b1849f6a6c7f069684a65c8: Request end of tablet copy session 95ee078f301e4d359b67c97dc849bcc0-86cbe9533ec94aebaf26613e52f4019f received from {username='slave'} at 127.0.0.1:43604
I20260608 12:57:30.961511 26723 tablet_copy_service.cc:434] P eca16f8a1b1849f6a6c7f069684a65c8: ending tablet copy session 95ee078f301e4d359b67c97dc849bcc0-86cbe9533ec94aebaf26613e52f4019f on tablet 86cbe9533ec94aebaf26613e52f4019f with peer 95ee078f301e4d359b67c97dc849bcc0
I20260608 12:57:31.120651 26639 raft_consensus.cc:1217] T af08aa2a8eb24db29787605ec49ef2f7 P 38e241b6dd654669b1bcf7a3ecd7665c [term 1 LEARNER]: Deduplicated request from leader. Original: 1.1->[1.2-1.2]   Dedup: 1.2->[]
I20260608 12:57:31.263639 26861 raft_consensus.cc:1217] T 2cd32b1721a3416f811276c0014f0bc4 P 95ee078f301e4d359b67c97dc849bcc0 [term 1 LEARNER]: Deduplicated request from leader. Original: 1.1->[1.2-1.2]   Dedup: 1.2->[]
I20260608 12:57:31.485031 27120 raft_consensus.cc:1064] T 99eda233933044708b1901c867fbe986 P 38e241b6dd654669b1bcf7a3ecd7665c: attempting to promote NON_VOTER eca16f8a1b1849f6a6c7f069684a65c8 to VOTER
I20260608 12:57:31.487915 27120 consensus_queue.cc:237] T 99eda233933044708b1901c867fbe986 P 38e241b6dd654669b1bcf7a3ecd7665c [LEADER]: Queue going to LEADER mode. State: All replicated index: 0, Majority replicated index: 3, Committed index: 3, Last appended: 2.3, Last appended by leader: 1, Current term: 2, Majority size: 3, State: 0, Mode: LEADER, active raft config: opid_index: 4 OBSOLETE_local: false peers { permanent_uuid: "95ee078f301e4d359b67c97dc849bcc0" member_type: VOTER last_known_addr { host: "127.23.12.196" port: 39771 } attrs { replace: true } } peers { permanent_uuid: "e5b36a3268ab4142a13abe01bf5a67ed" member_type: VOTER last_known_addr { host: "127.23.12.193" port: 44251 } } peers { permanent_uuid: "38e241b6dd654669b1bcf7a3ecd7665c" member_type: VOTER last_known_addr { host: "127.23.12.194" port: 38697 } } peers { permanent_uuid: "eca16f8a1b1849f6a6c7f069684a65c8" member_type: VOTER last_known_addr { host: "127.23.12.195" port: 42635 } attrs { promote: false } }
I20260608 12:57:31.497150 26861 raft_consensus.cc:1217] T 86cbe9533ec94aebaf26613e52f4019f P 95ee078f301e4d359b67c97dc849bcc0 [term 1 LEARNER]: Deduplicated request from leader. Original: 1.1->[1.2-1.2]   Dedup: 1.2->[]
I20260608 12:57:31.512173 26562 raft_consensus.cc:1275] T 99eda233933044708b1901c867fbe986 P e5b36a3268ab4142a13abe01bf5a67ed [term 2 FOLLOWER]: Refusing update from remote peer 38e241b6dd654669b1bcf7a3ecd7665c: Log matching property violated. Preceding OpId in replica: term: 2 index: 3. Preceding OpId from leader: term: 2 index: 4. (index mismatch)
I20260608 12:57:31.514074 26713 raft_consensus.cc:1275] T 99eda233933044708b1901c867fbe986 P eca16f8a1b1849f6a6c7f069684a65c8 [term 2 LEARNER]: Refusing update from remote peer 38e241b6dd654669b1bcf7a3ecd7665c: Log matching property violated. Preceding OpId in replica: term: 2 index: 3. Preceding OpId from leader: term: 2 index: 4. (index mismatch)
I20260608 12:57:31.516063 26861 raft_consensus.cc:1275] T 99eda233933044708b1901c867fbe986 P 95ee078f301e4d359b67c97dc849bcc0 [term 2 FOLLOWER]: Refusing update from remote peer 38e241b6dd654669b1bcf7a3ecd7665c: Log matching property violated. Preceding OpId in replica: term: 2 index: 3. Preceding OpId from leader: term: 2 index: 4. (index mismatch)
I20260608 12:57:31.514746 27123 consensus_queue.cc:1048] T 99eda233933044708b1901c867fbe986 P 38e241b6dd654669b1bcf7a3ecd7665c [LEADER]: Connected to new peer: Peer: permanent_uuid: "e5b36a3268ab4142a13abe01bf5a67ed" member_type: VOTER last_known_addr { host: "127.23.12.193" port: 44251 }, Status: LMP_MISMATCH, Last received: 0.0, Next index: 4, Last known committed idx: 3, Time since last communication: 0.003s
I20260608 12:57:31.519562 27127 consensus_queue.cc:1048] T 99eda233933044708b1901c867fbe986 P 38e241b6dd654669b1bcf7a3ecd7665c [LEADER]: Connected to new peer: Peer: permanent_uuid: "eca16f8a1b1849f6a6c7f069684a65c8" member_type: VOTER last_known_addr { host: "127.23.12.195" port: 42635 } attrs { promote: false }, Status: LMP_MISMATCH, Last received: 0.0, Next index: 4, Last known committed idx: 3, Time since last communication: 0.002s
I20260608 12:57:31.530457 27120 consensus_queue.cc:1048] T 99eda233933044708b1901c867fbe986 P 38e241b6dd654669b1bcf7a3ecd7665c [LEADER]: Connected to new peer: Peer: permanent_uuid: "95ee078f301e4d359b67c97dc849bcc0" member_type: VOTER last_known_addr { host: "127.23.12.196" port: 39771 } attrs { replace: true }, Status: LMP_MISMATCH, Last received: 0.0, Next index: 4, Last known committed idx: 3, Time since last communication: 0.001s
I20260608 12:57:31.546257 27127 raft_consensus.cc:2955] T 99eda233933044708b1901c867fbe986 P 38e241b6dd654669b1bcf7a3ecd7665c [term 2 LEADER]: Committing config change with OpId 2.4: config changed from index 3 to 4, eca16f8a1b1849f6a6c7f069684a65c8 (127.23.12.195) changed from NON_VOTER to VOTER. New config: { opid_index: 4 OBSOLETE_local: false peers { permanent_uuid: "95ee078f301e4d359b67c97dc849bcc0" member_type: VOTER last_known_addr { host: "127.23.12.196" port: 39771 } attrs { replace: true } } peers { permanent_uuid: "e5b36a3268ab4142a13abe01bf5a67ed" member_type: VOTER last_known_addr { host: "127.23.12.193" port: 44251 } } peers { permanent_uuid: "38e241b6dd654669b1bcf7a3ecd7665c" member_type: VOTER last_known_addr { host: "127.23.12.194" port: 38697 } } peers { permanent_uuid: "eca16f8a1b1849f6a6c7f069684a65c8" member_type: VOTER last_known_addr { host: "127.23.12.195" port: 42635 } attrs { promote: false } } }
I20260608 12:57:31.551844 26713 raft_consensus.cc:2955] T 99eda233933044708b1901c867fbe986 P eca16f8a1b1849f6a6c7f069684a65c8 [term 2 FOLLOWER]: Committing config change with OpId 2.4: config changed from index 3 to 4, eca16f8a1b1849f6a6c7f069684a65c8 (127.23.12.195) changed from NON_VOTER to VOTER. New config: { opid_index: 4 OBSOLETE_local: false peers { permanent_uuid: "95ee078f301e4d359b67c97dc849bcc0" member_type: VOTER last_known_addr { host: "127.23.12.196" port: 39771 } attrs { replace: true } } peers { permanent_uuid: "e5b36a3268ab4142a13abe01bf5a67ed" member_type: VOTER last_known_addr { host: "127.23.12.193" port: 44251 } } peers { permanent_uuid: "38e241b6dd654669b1bcf7a3ecd7665c" member_type: VOTER last_known_addr { host: "127.23.12.194" port: 38697 } } peers { permanent_uuid: "eca16f8a1b1849f6a6c7f069684a65c8" member_type: VOTER last_known_addr { host: "127.23.12.195" port: 42635 } attrs { promote: false } } }
I20260608 12:57:31.559309 26562 raft_consensus.cc:2955] T 99eda233933044708b1901c867fbe986 P e5b36a3268ab4142a13abe01bf5a67ed [term 2 FOLLOWER]: Committing config change with OpId 2.4: config changed from index 3 to 4, eca16f8a1b1849f6a6c7f069684a65c8 (127.23.12.195) changed from NON_VOTER to VOTER. New config: { opid_index: 4 OBSOLETE_local: false peers { permanent_uuid: "95ee078f301e4d359b67c97dc849bcc0" member_type: VOTER last_known_addr { host: "127.23.12.196" port: 39771 } attrs { replace: true } } peers { permanent_uuid: "e5b36a3268ab4142a13abe01bf5a67ed" member_type: VOTER last_known_addr { host: "127.23.12.193" port: 44251 } } peers { permanent_uuid: "38e241b6dd654669b1bcf7a3ecd7665c" member_type: VOTER last_known_addr { host: "127.23.12.194" port: 38697 } } peers { permanent_uuid: "eca16f8a1b1849f6a6c7f069684a65c8" member_type: VOTER last_known_addr { host: "127.23.12.195" port: 42635 } attrs { promote: false } } }
I20260608 12:57:31.562161 26458 catalog_manager.cc:5696] T 99eda233933044708b1901c867fbe986 P 38e241b6dd654669b1bcf7a3ecd7665c reported cstate change: config changed from index 3 to 4, eca16f8a1b1849f6a6c7f069684a65c8 (127.23.12.195) changed from NON_VOTER to VOTER. New cstate: current_term: 2 leader_uuid: "38e241b6dd654669b1bcf7a3ecd7665c" committed_config { opid_index: 4 OBSOLETE_local: false peers { permanent_uuid: "95ee078f301e4d359b67c97dc849bcc0" member_type: VOTER last_known_addr { host: "127.23.12.196" port: 39771 } attrs { replace: true } health_report { overall_health: HEALTHY } } peers { permanent_uuid: "e5b36a3268ab4142a13abe01bf5a67ed" member_type: VOTER last_known_addr { host: "127.23.12.193" port: 44251 } health_report { overall_health: HEALTHY } } peers { permanent_uuid: "38e241b6dd654669b1bcf7a3ecd7665c" member_type: VOTER last_known_addr { host: "127.23.12.194" port: 38697 } health_report { overall_health: HEALTHY } } peers { permanent_uuid: "eca16f8a1b1849f6a6c7f069684a65c8" member_type: VOTER last_known_addr { host: "127.23.12.195" port: 42635 } attrs { promote: false } health_report { overall_health: HEALTHY } } }
I20260608 12:57:31.567096 26861 raft_consensus.cc:2955] T 99eda233933044708b1901c867fbe986 P 95ee078f301e4d359b67c97dc849bcc0 [term 2 FOLLOWER]: Committing config change with OpId 2.4: config changed from index 3 to 4, eca16f8a1b1849f6a6c7f069684a65c8 (127.23.12.195) changed from NON_VOTER to VOTER. New config: { opid_index: 4 OBSOLETE_local: false peers { permanent_uuid: "95ee078f301e4d359b67c97dc849bcc0" member_type: VOTER last_known_addr { host: "127.23.12.196" port: 39771 } attrs { replace: true } } peers { permanent_uuid: "e5b36a3268ab4142a13abe01bf5a67ed" member_type: VOTER last_known_addr { host: "127.23.12.193" port: 44251 } } peers { permanent_uuid: "38e241b6dd654669b1bcf7a3ecd7665c" member_type: VOTER last_known_addr { host: "127.23.12.194" port: 38697 } } peers { permanent_uuid: "eca16f8a1b1849f6a6c7f069684a65c8" member_type: VOTER last_known_addr { host: "127.23.12.195" port: 42635 } attrs { promote: false } } }
I20260608 12:57:31.607771 26639 consensus_queue.cc:237] T 99eda233933044708b1901c867fbe986 P 38e241b6dd654669b1bcf7a3ecd7665c [LEADER]: Queue going to LEADER mode. State: All replicated index: 0, Majority replicated index: 4, Committed index: 4, Last appended: 2.4, Last appended by leader: 1, Current term: 2, Majority size: 2, State: 0, Mode: LEADER, active raft config: opid_index: 5 OBSOLETE_local: false peers { permanent_uuid: "e5b36a3268ab4142a13abe01bf5a67ed" member_type: VOTER last_known_addr { host: "127.23.12.193" port: 44251 } } peers { permanent_uuid: "38e241b6dd654669b1bcf7a3ecd7665c" member_type: VOTER last_known_addr { host: "127.23.12.194" port: 38697 } } peers { permanent_uuid: "eca16f8a1b1849f6a6c7f069684a65c8" member_type: VOTER last_known_addr { host: "127.23.12.195" port: 42635 } attrs { promote: false } }
I20260608 12:57:31.613505 26713 raft_consensus.cc:1275] T 99eda233933044708b1901c867fbe986 P eca16f8a1b1849f6a6c7f069684a65c8 [term 2 FOLLOWER]: Refusing update from remote peer 38e241b6dd654669b1bcf7a3ecd7665c: Log matching property violated. Preceding OpId in replica: term: 2 index: 4. Preceding OpId from leader: term: 2 index: 5. (index mismatch)
I20260608 12:57:31.615625 27120 consensus_queue.cc:1048] T 99eda233933044708b1901c867fbe986 P 38e241b6dd654669b1bcf7a3ecd7665c [LEADER]: Connected to new peer: Peer: permanent_uuid: "eca16f8a1b1849f6a6c7f069684a65c8" member_type: VOTER last_known_addr { host: "127.23.12.195" port: 42635 } attrs { promote: false }, Status: LMP_MISMATCH, Last received: 0.0, Next index: 5, Last known committed idx: 4, Time since last communication: 0.000s
I20260608 12:57:31.621078 26562 raft_consensus.cc:1275] T 99eda233933044708b1901c867fbe986 P e5b36a3268ab4142a13abe01bf5a67ed [term 2 FOLLOWER]: Refusing update from remote peer 38e241b6dd654669b1bcf7a3ecd7665c: Log matching property violated. Preceding OpId in replica: term: 2 index: 4. Preceding OpId from leader: term: 2 index: 5. (index mismatch)
I20260608 12:57:31.624699 27127 consensus_queue.cc:1048] T 99eda233933044708b1901c867fbe986 P 38e241b6dd654669b1bcf7a3ecd7665c [LEADER]: Connected to new peer: Peer: permanent_uuid: "e5b36a3268ab4142a13abe01bf5a67ed" member_type: VOTER last_known_addr { host: "127.23.12.193" port: 44251 }, Status: LMP_MISMATCH, Last received: 0.0, Next index: 5, Last known committed idx: 4, Time since last communication: 0.000s
I20260608 12:57:31.627024 27123 raft_consensus.cc:2955] T 99eda233933044708b1901c867fbe986 P 38e241b6dd654669b1bcf7a3ecd7665c [term 2 LEADER]: Committing config change with OpId 2.5: config changed from index 4 to 5, VOTER 95ee078f301e4d359b67c97dc849bcc0 (127.23.12.196) evicted. New config: { opid_index: 5 OBSOLETE_local: false peers { permanent_uuid: "e5b36a3268ab4142a13abe01bf5a67ed" member_type: VOTER last_known_addr { host: "127.23.12.193" port: 44251 } } peers { permanent_uuid: "38e241b6dd654669b1bcf7a3ecd7665c" member_type: VOTER last_known_addr { host: "127.23.12.194" port: 38697 } } peers { permanent_uuid: "eca16f8a1b1849f6a6c7f069684a65c8" member_type: VOTER last_known_addr { host: "127.23.12.195" port: 42635 } attrs { promote: false } } }
I20260608 12:57:31.629015 26713 raft_consensus.cc:2955] T 99eda233933044708b1901c867fbe986 P eca16f8a1b1849f6a6c7f069684a65c8 [term 2 FOLLOWER]: Committing config change with OpId 2.5: config changed from index 4 to 5, VOTER 95ee078f301e4d359b67c97dc849bcc0 (127.23.12.196) evicted. New config: { opid_index: 5 OBSOLETE_local: false peers { permanent_uuid: "e5b36a3268ab4142a13abe01bf5a67ed" member_type: VOTER last_known_addr { host: "127.23.12.193" port: 44251 } } peers { permanent_uuid: "38e241b6dd654669b1bcf7a3ecd7665c" member_type: VOTER last_known_addr { host: "127.23.12.194" port: 38697 } } peers { permanent_uuid: "eca16f8a1b1849f6a6c7f069684a65c8" member_type: VOTER last_known_addr { host: "127.23.12.195" port: 42635 } attrs { promote: false } } }
I20260608 12:57:31.642863 26459 catalog_manager.cc:5696] T 99eda233933044708b1901c867fbe986 P eca16f8a1b1849f6a6c7f069684a65c8 reported cstate change: config changed from index 4 to 5, VOTER 95ee078f301e4d359b67c97dc849bcc0 (127.23.12.196) evicted. New cstate: current_term: 2 leader_uuid: "38e241b6dd654669b1bcf7a3ecd7665c" committed_config { opid_index: 5 OBSOLETE_local: false peers { permanent_uuid: "e5b36a3268ab4142a13abe01bf5a67ed" member_type: VOTER last_known_addr { host: "127.23.12.193" port: 44251 } } peers { permanent_uuid: "38e241b6dd654669b1bcf7a3ecd7665c" member_type: VOTER last_known_addr { host: "127.23.12.194" port: 38697 } } peers { permanent_uuid: "eca16f8a1b1849f6a6c7f069684a65c8" member_type: VOTER last_known_addr { host: "127.23.12.195" port: 42635 } attrs { promote: false } } }
I20260608 12:57:31.647639 26446 catalog_manager.cc:5209] ChangeConfig:REMOVE_PEER RPC for tablet 99eda233933044708b1901c867fbe986 with cas_config_opid_index 4: ChangeConfig:REMOVE_PEER succeeded (attempt 1)
I20260608 12:57:31.650163 26563 raft_consensus.cc:2955] T 99eda233933044708b1901c867fbe986 P e5b36a3268ab4142a13abe01bf5a67ed [term 2 FOLLOWER]: Committing config change with OpId 2.5: config changed from index 4 to 5, VOTER 95ee078f301e4d359b67c97dc849bcc0 (127.23.12.196) evicted. New config: { opid_index: 5 OBSOLETE_local: false peers { permanent_uuid: "e5b36a3268ab4142a13abe01bf5a67ed" member_type: VOTER last_known_addr { host: "127.23.12.193" port: 44251 } } peers { permanent_uuid: "38e241b6dd654669b1bcf7a3ecd7665c" member_type: VOTER last_known_addr { host: "127.23.12.194" port: 38697 } } peers { permanent_uuid: "eca16f8a1b1849f6a6c7f069684a65c8" member_type: VOTER last_known_addr { host: "127.23.12.195" port: 42635 } attrs { promote: false } } }
I20260608 12:57:31.659786 26845 tablet_service.cc:1558] Processing DeleteTablet for tablet 99eda233933044708b1901c867fbe986 with delete_type TABLET_DATA_TOMBSTONED (TS 95ee078f301e4d359b67c97dc849bcc0 not found in new config with opid_index 5) from {username='slave'} at 127.0.0.1:55392
I20260608 12:57:31.666656 26803 raft_consensus.cc:1064] T af08aa2a8eb24db29787605ec49ef2f7 P e5b36a3268ab4142a13abe01bf5a67ed: attempting to promote NON_VOTER 38e241b6dd654669b1bcf7a3ecd7665c to VOTER
I20260608 12:57:31.669498 26803 consensus_queue.cc:237] T af08aa2a8eb24db29787605ec49ef2f7 P e5b36a3268ab4142a13abe01bf5a67ed [LEADER]: Queue going to LEADER mode. State: All replicated index: 0, Majority replicated index: 2, Committed index: 2, Last appended: 1.2, Last appended by leader: 0, Current term: 1, Majority size: 3, State: 0, Mode: LEADER, active raft config: opid_index: 3 OBSOLETE_local: false peers { permanent_uuid: "eca16f8a1b1849f6a6c7f069684a65c8" member_type: VOTER last_known_addr { host: "127.23.12.195" port: 42635 } } peers { permanent_uuid: "95ee078f301e4d359b67c97dc849bcc0" member_type: VOTER last_known_addr { host: "127.23.12.196" port: 39771 } attrs { replace: true } } peers { permanent_uuid: "e5b36a3268ab4142a13abe01bf5a67ed" member_type: VOTER last_known_addr { host: "127.23.12.193" port: 44251 } } peers { permanent_uuid: "38e241b6dd654669b1bcf7a3ecd7665c" member_type: VOTER last_known_addr { host: "127.23.12.194" port: 38697 } attrs { promote: false } }
I20260608 12:57:31.677811 27135 tablet_replica.cc:333] T 99eda233933044708b1901c867fbe986 P 95ee078f301e4d359b67c97dc849bcc0: stopping tablet replica
I20260608 12:57:31.678848 27135 raft_consensus.cc:2243] T 99eda233933044708b1901c867fbe986 P 95ee078f301e4d359b67c97dc849bcc0 [term 2 FOLLOWER]: Raft consensus shutting down.
I20260608 12:57:31.680027 27135 raft_consensus.cc:2272] T 99eda233933044708b1901c867fbe986 P 95ee078f301e4d359b67c97dc849bcc0 [term 2 FOLLOWER]: Raft consensus is shut down!
I20260608 12:57:31.683445 27135 ts_tablet_manager.cc:1916] T 99eda233933044708b1901c867fbe986 P 95ee078f301e4d359b67c97dc849bcc0: Deleting tablet data with delete state TABLET_DATA_TOMBSTONED
I20260608 12:57:31.691594 26639 raft_consensus.cc:1275] T af08aa2a8eb24db29787605ec49ef2f7 P 38e241b6dd654669b1bcf7a3ecd7665c [term 1 LEARNER]: Refusing update from remote peer e5b36a3268ab4142a13abe01bf5a67ed: Log matching property violated. Preceding OpId in replica: term: 1 index: 2. Preceding OpId from leader: term: 1 index: 3. (index mismatch)
I20260608 12:57:31.691908 26861 raft_consensus.cc:1275] T af08aa2a8eb24db29787605ec49ef2f7 P 95ee078f301e4d359b67c97dc849bcc0 [term 1 FOLLOWER]: Refusing update from remote peer e5b36a3268ab4142a13abe01bf5a67ed: Log matching property violated. Preceding OpId in replica: term: 1 index: 2. Preceding OpId from leader: term: 1 index: 3. (index mismatch)
I20260608 12:57:31.693475 27092 consensus_queue.cc:1048] T af08aa2a8eb24db29787605ec49ef2f7 P e5b36a3268ab4142a13abe01bf5a67ed [LEADER]: Connected to new peer: Peer: permanent_uuid: "38e241b6dd654669b1bcf7a3ecd7665c" member_type: VOTER last_known_addr { host: "127.23.12.194" port: 38697 } attrs { promote: false }, Status: LMP_MISMATCH, Last received: 0.0, Next index: 3, Last known committed idx: 2, Time since last communication: 0.000s
