I20260608 12:37:40.500006  3912 raft_consensus.cc:2272] T 6b6b390a95a240fba60f6285bd037be6 P d3d479c0d77b4091a3e036a66f435746 [term 1 FOLLOWER]: Raft consensus is shut down!
I20260608 12:37:40.509140  3912 ts_tablet_manager.cc:1916] T 6b6b390a95a240fba60f6285bd037be6 P d3d479c0d77b4091a3e036a66f435746: Deleting tablet data with delete state TABLET_DATA_TOMBSTONED
I20260608 12:37:40.508816  3595 consensus_queue.cc:237] T da5bc0f88ec74b409c1bbc7f1a23c1db P 1f2b703844cc4ed19d663a2047152edf [LEADER]: Queue going to LEADER mode. State: All replicated index: 0, Majority replicated index: 3, Committed index: 3, Last appended: 1.3, Last appended by leader: 0, Current term: 1, Majority size: 2, State: 0, Mode: LEADER, active raft config: opid_index: 4 OBSOLETE_local: false peers { permanent_uuid: "d3d479c0d77b4091a3e036a66f435746" member_type: VOTER last_known_addr { host: "127.0.107.194" port: 44063 } } peers { permanent_uuid: "1f2b703844cc4ed19d663a2047152edf" member_type: VOTER last_known_addr { host: "127.0.107.195" port: 34569 } } peers { permanent_uuid: "1feb81d2019b45dbbff8be24cfa36502" member_type: VOTER last_known_addr { host: "127.0.107.196" port: 42245 } attrs { promote: false } }
I20260608 12:37:40.521598  3743 raft_consensus.cc:1275] T da5bc0f88ec74b409c1bbc7f1a23c1db P 1feb81d2019b45dbbff8be24cfa36502 [term 1 FOLLOWER]: Refusing update from remote peer 1f2b703844cc4ed19d663a2047152edf: Log matching property violated. Preceding OpId in replica: term: 1 index: 3. Preceding OpId from leader: term: 1 index: 4. (index mismatch)
I20260608 12:37:40.523319  3519 raft_consensus.cc:1275] T da5bc0f88ec74b409c1bbc7f1a23c1db P d3d479c0d77b4091a3e036a66f435746 [term 1 FOLLOWER]: Refusing update from remote peer 1f2b703844cc4ed19d663a2047152edf: Log matching property violated. Preceding OpId in replica: term: 1 index: 3. Preceding OpId from leader: term: 1 index: 4. (index mismatch)
I20260608 12:37:40.523461  3911 consensus_queue.cc:1048] T da5bc0f88ec74b409c1bbc7f1a23c1db P 1f2b703844cc4ed19d663a2047152edf [LEADER]: Connected to new peer: Peer: permanent_uuid: "1feb81d2019b45dbbff8be24cfa36502" member_type: VOTER last_known_addr { host: "127.0.107.196" port: 42245 } attrs { promote: false }, Status: LMP_MISMATCH, Last received: 0.0, Next index: 4, Last known committed idx: 3, Time since last communication: 0.001s
I20260608 12:37:40.525377  3899 consensus_queue.cc:1048] T da5bc0f88ec74b409c1bbc7f1a23c1db P 1f2b703844cc4ed19d663a2047152edf [LEADER]: Connected to new peer: Peer: permanent_uuid: "d3d479c0d77b4091a3e036a66f435746" member_type: VOTER last_known_addr { host: "127.0.107.194" port: 44063 }, Status: LMP_MISMATCH, Last received: 0.0, Next index: 4, Last known committed idx: 3, Time since last communication: 0.000s
I20260608 12:37:40.528735  3912 ts_tablet_manager.cc:1929] T 6b6b390a95a240fba60f6285bd037be6 P d3d479c0d77b4091a3e036a66f435746: tablet deleted with delete type TABLET_DATA_TOMBSTONED: last-logged OpId 1.3
I20260608 12:37:40.529345  3912 log.cc:1199] T 6b6b390a95a240fba60f6285bd037be6 P d3d479c0d77b4091a3e036a66f435746: Deleting WAL directory at /tmp/dist-test-taskvguQlw/test-tmp/auto_rebalancer-test.0.AutoRebalancerTest.RangeAwareRebalancesNewRangeReplicas.1780922178909894-431-0/minicluster-data/ts-1-root/wals/6b6b390a95a240fba60f6285bd037be6
I20260608 12:37:40.531478  3331 catalog_manager.cc:5027] TS d3d479c0d77b4091a3e036a66f435746 (127.0.107.194:44063): tablet 6b6b390a95a240fba60f6285bd037be6 (table range_aware_rebalance_new_range [id=7d1fb980d0c14b318ab609094aa55275]) successfully deleted
I20260608 12:37:40.533360  3899 raft_consensus.cc:2955] T da5bc0f88ec74b409c1bbc7f1a23c1db P 1f2b703844cc4ed19d663a2047152edf [term 1 LEADER]: Committing config change with OpId 1.4: config changed from index 3 to 4, VOTER d02778a2418f4b98875702a483c62e20 (127.0.107.193) evicted. New config: { opid_index: 4 OBSOLETE_local: false peers { permanent_uuid: "d3d479c0d77b4091a3e036a66f435746" member_type: VOTER last_known_addr { host: "127.0.107.194" port: 44063 } } peers { permanent_uuid: "1f2b703844cc4ed19d663a2047152edf" member_type: VOTER last_known_addr { host: "127.0.107.195" port: 34569 } } peers { permanent_uuid: "1feb81d2019b45dbbff8be24cfa36502" member_type: VOTER last_known_addr { host: "127.0.107.196" port: 42245 } attrs { promote: false } } }
I20260608 12:37:40.535152  3520 raft_consensus.cc:2955] T da5bc0f88ec74b409c1bbc7f1a23c1db P d3d479c0d77b4091a3e036a66f435746 [term 1 FOLLOWER]: Committing config change with OpId 1.4: config changed from index 3 to 4, VOTER d02778a2418f4b98875702a483c62e20 (127.0.107.193) evicted. New config: { opid_index: 4 OBSOLETE_local: false peers { permanent_uuid: "d3d479c0d77b4091a3e036a66f435746" member_type: VOTER last_known_addr { host: "127.0.107.194" port: 44063 } } peers { permanent_uuid: "1f2b703844cc4ed19d663a2047152edf" member_type: VOTER last_known_addr { host: "127.0.107.195" port: 34569 } } peers { permanent_uuid: "1feb81d2019b45dbbff8be24cfa36502" member_type: VOTER last_known_addr { host: "127.0.107.196" port: 42245 } attrs { promote: false } } }
I20260608 12:37:40.535991  3743 raft_consensus.cc:2955] T da5bc0f88ec74b409c1bbc7f1a23c1db P 1feb81d2019b45dbbff8be24cfa36502 [term 1 FOLLOWER]: Committing config change with OpId 1.4: config changed from index 3 to 4, VOTER d02778a2418f4b98875702a483c62e20 (127.0.107.193) evicted. New config: { opid_index: 4 OBSOLETE_local: false peers { permanent_uuid: "d3d479c0d77b4091a3e036a66f435746" member_type: VOTER last_known_addr { host: "127.0.107.194" port: 44063 } } peers { permanent_uuid: "1f2b703844cc4ed19d663a2047152edf" member_type: VOTER last_known_addr { host: "127.0.107.195" port: 34569 } } peers { permanent_uuid: "1feb81d2019b45dbbff8be24cfa36502" member_type: VOTER last_known_addr { host: "127.0.107.196" port: 42245 } attrs { promote: false } } }
I20260608 12:37:40.544425  3331 catalog_manager.cc:5209] ChangeConfig:REMOVE_PEER RPC for tablet da5bc0f88ec74b409c1bbc7f1a23c1db with cas_config_opid_index 3: ChangeConfig:REMOVE_PEER succeeded (attempt 1)
I20260608 12:37:40.550194  3342 catalog_manager.cc:5696] T da5bc0f88ec74b409c1bbc7f1a23c1db P 1feb81d2019b45dbbff8be24cfa36502 reported cstate change: config changed from index 3 to 4, VOTER d02778a2418f4b98875702a483c62e20 (127.0.107.193) evicted. New cstate: current_term: 1 leader_uuid: "1f2b703844cc4ed19d663a2047152edf" committed_config { opid_index: 4 OBSOLETE_local: false peers { permanent_uuid: "d3d479c0d77b4091a3e036a66f435746" member_type: VOTER last_known_addr { host: "127.0.107.194" port: 44063 } } peers { permanent_uuid: "1f2b703844cc4ed19d663a2047152edf" member_type: VOTER last_known_addr { host: "127.0.107.195" port: 34569 } } peers { permanent_uuid: "1feb81d2019b45dbbff8be24cfa36502" member_type: VOTER last_known_addr { host: "127.0.107.196" port: 42245 } attrs { promote: false } } }
I20260608 12:37:40.560647  3436 tablet_service.cc:1558] Processing DeleteTablet for tablet da5bc0f88ec74b409c1bbc7f1a23c1db with delete_type TABLET_DATA_TOMBSTONED (TS d02778a2418f4b98875702a483c62e20 not found in new config with opid_index 4) from {username='slave'} at 127.0.0.1:50224
I20260608 12:37:40.569079  3913 tablet_replica.cc:333] T da5bc0f88ec74b409c1bbc7f1a23c1db P d02778a2418f4b98875702a483c62e20: stopping tablet replica
I20260608 12:37:40.570206  3913 raft_consensus.cc:2243] T da5bc0f88ec74b409c1bbc7f1a23c1db P d02778a2418f4b98875702a483c62e20 [term 1 FOLLOWER]: Raft consensus shutting down.
I20260608 12:37:40.570926  3913 raft_consensus.cc:2272] T da5bc0f88ec74b409c1bbc7f1a23c1db P d02778a2418f4b98875702a483c62e20 [term 1 FOLLOWER]: Raft consensus is shut down!
I20260608 12:37:40.574470  3913 ts_tablet_manager.cc:1916] T da5bc0f88ec74b409c1bbc7f1a23c1db P d02778a2418f4b98875702a483c62e20: Deleting tablet data with delete state TABLET_DATA_TOMBSTONED
I20260608 12:37:40.585919  3913 ts_tablet_manager.cc:1929] T da5bc0f88ec74b409c1bbc7f1a23c1db P d02778a2418f4b98875702a483c62e20: tablet deleted with delete type TABLET_DATA_TOMBSTONED: last-logged OpId 1.3
I20260608 12:37:40.586246  3913 log.cc:1199] T da5bc0f88ec74b409c1bbc7f1a23c1db P d02778a2418f4b98875702a483c62e20: Deleting WAL directory at /tmp/dist-test-taskvguQlw/test-tmp/auto_rebalancer-test.0.AutoRebalancerTest.RangeAwareRebalancesNewRangeReplicas.1780922178909894-431-0/minicluster-data/ts-0-root/wals/da5bc0f88ec74b409c1bbc7f1a23c1db
I20260608 12:37:40.587942  3328 catalog_manager.cc:5027] TS d02778a2418f4b98875702a483c62e20 (127.0.107.193:41917): tablet da5bc0f88ec74b409c1bbc7f1a23c1db (table range_aware_rebalance_new_range [id=7d1fb980d0c14b318ab609094aa55275]) successfully deleted
I20260608 12:37:40.657591  3825 raft_consensus.cc:1064] T ce15ad9a95594526835982e8d3672b40 P d02778a2418f4b98875702a483c62e20: attempting to promote NON_VOTER 1feb81d2019b45dbbff8be24cfa36502 to VOTER
I20260608 12:37:40.660230  3825 consensus_queue.cc:237] T ce15ad9a95594526835982e8d3672b40 P d02778a2418f4b98875702a483c62e20 [LEADER]: Queue going to LEADER mode. State: All replicated index: 0, Majority replicated index: 2, Committed index: 2, Last appended: 1.2, Last appended by leader: 0, Current term: 1, Majority size: 3, State: 0, Mode: LEADER, active raft config: opid_index: 3 OBSOLETE_local: false peers { permanent_uuid: "d02778a2418f4b98875702a483c62e20" member_type: VOTER last_known_addr { host: "127.0.107.193" port: 41917 } } peers { permanent_uuid: "d3d479c0d77b4091a3e036a66f435746" member_type: VOTER last_known_addr { host: "127.0.107.194" port: 44063 } } peers { permanent_uuid: "1f2b703844cc4ed19d663a2047152edf" member_type: VOTER last_known_addr { host: "127.0.107.195" port: 34569 } attrs { replace: true } } peers { permanent_uuid: "1feb81d2019b45dbbff8be24cfa36502" member_type: VOTER last_known_addr { host: "127.0.107.196" port: 42245 } attrs { promote: false } }
I20260608 12:37:40.668368  3743 raft_consensus.cc:1275] T ce15ad9a95594526835982e8d3672b40 P 1feb81d2019b45dbbff8be24cfa36502 [term 1 LEARNER]: Refusing update from remote peer d02778a2418f4b98875702a483c62e20: Log matching property violated. Preceding OpId in replica: term: 1 index: 2. Preceding OpId from leader: term: 1 index: 3. (index mismatch)
I20260608 12:37:40.670152  3520 raft_consensus.cc:1275] T ce15ad9a95594526835982e8d3672b40 P d3d479c0d77b4091a3e036a66f435746 [term 1 FOLLOWER]: Refusing update from remote peer d02778a2418f4b98875702a483c62e20: Log matching property violated. Preceding OpId in replica: term: 1 index: 2. Preceding OpId from leader: term: 1 index: 3. (index mismatch)
I20260608 12:37:40.670441  3595 raft_consensus.cc:1275] T ce15ad9a95594526835982e8d3672b40 P 1f2b703844cc4ed19d663a2047152edf [term 1 FOLLOWER]: Refusing update from remote peer d02778a2418f4b98875702a483c62e20: Log matching property violated. Preceding OpId in replica: term: 1 index: 2. Preceding OpId from leader: term: 1 index: 3. (index mismatch)
I20260608 12:37:40.672221  3661 consensus_queue.cc:1048] T ce15ad9a95594526835982e8d3672b40 P d02778a2418f4b98875702a483c62e20 [LEADER]: Connected to new peer: Peer: permanent_uuid: "d3d479c0d77b4091a3e036a66f435746" member_type: VOTER last_known_addr { host: "127.0.107.194" port: 44063 }, Status: LMP_MISMATCH, Last received: 0.0, Next index: 3, Last known committed idx: 2, Time since last communication: 0.000s
I20260608 12:37:40.673067  3863 consensus_queue.cc:1048] T ce15ad9a95594526835982e8d3672b40 P d02778a2418f4b98875702a483c62e20 [LEADER]: Connected to new peer: Peer: permanent_uuid: "1feb81d2019b45dbbff8be24cfa36502" member_type: VOTER last_known_addr { host: "127.0.107.196" port: 42245 } attrs { promote: false }, Status: LMP_MISMATCH, Last received: 0.0, Next index: 3, Last known committed idx: 2, Time since last communication: 0.000s
I20260608 12:37:40.673974  3825 consensus_queue.cc:1048] T ce15ad9a95594526835982e8d3672b40 P d02778a2418f4b98875702a483c62e20 [LEADER]: Connected to new peer: Peer: permanent_uuid: "1f2b703844cc4ed19d663a2047152edf" member_type: VOTER last_known_addr { host: "127.0.107.195" port: 34569 } attrs { replace: true }, Status: LMP_MISMATCH, Last received: 0.0, Next index: 3, Last known committed idx: 2, Time since last communication: 0.000s
I20260608 12:37:40.688483  3661 raft_consensus.cc:2955] T ce15ad9a95594526835982e8d3672b40 P d02778a2418f4b98875702a483c62e20 [term 1 LEADER]: Committing config change with OpId 1.3: config changed from index 2 to 3, 1feb81d2019b45dbbff8be24cfa36502 (127.0.107.196) changed from NON_VOTER to VOTER. New config: { opid_index: 3 OBSOLETE_local: false peers { permanent_uuid: "d02778a2418f4b98875702a483c62e20" member_type: VOTER last_known_addr { host: "127.0.107.193" port: 41917 } } peers { permanent_uuid: "d3d479c0d77b4091a3e036a66f435746" member_type: VOTER last_known_addr { host: "127.0.107.194" port: 44063 } } peers { permanent_uuid: "1f2b703844cc4ed19d663a2047152edf" member_type: VOTER last_known_addr { host: "127.0.107.195" port: 34569 } attrs { replace: true } } peers { permanent_uuid: "1feb81d2019b45dbbff8be24cfa36502" member_type: VOTER last_known_addr { host: "127.0.107.196" port: 42245 } attrs { promote: false } } }
I20260608 12:37:40.690698  3743 raft_consensus.cc:2955] T ce15ad9a95594526835982e8d3672b40 P 1feb81d2019b45dbbff8be24cfa36502 [term 1 FOLLOWER]: Committing config change with OpId 1.3: config changed from index 2 to 3, 1feb81d2019b45dbbff8be24cfa36502 (127.0.107.196) changed from NON_VOTER to VOTER. New config: { opid_index: 3 OBSOLETE_local: false peers { permanent_uuid: "d02778a2418f4b98875702a483c62e20" member_type: VOTER last_known_addr { host: "127.0.107.193" port: 41917 } } peers { permanent_uuid: "d3d479c0d77b4091a3e036a66f435746" member_type: VOTER last_known_addr { host: "127.0.107.194" port: 44063 } } peers { permanent_uuid: "1f2b703844cc4ed19d663a2047152edf" member_type: VOTER last_known_addr { host: "127.0.107.195" port: 34569 } attrs { replace: true } } peers { permanent_uuid: "1feb81d2019b45dbbff8be24cfa36502" member_type: VOTER last_known_addr { host: "127.0.107.196" port: 42245 } attrs { promote: false } } }
I20260608 12:37:40.703253  3341 catalog_manager.cc:5696] T ce15ad9a95594526835982e8d3672b40 P d02778a2418f4b98875702a483c62e20 reported cstate change: config changed from index 2 to 3, 1feb81d2019b45dbbff8be24cfa36502 (127.0.107.196) changed from NON_VOTER to VOTER. New cstate: current_term: 1 leader_uuid: "d02778a2418f4b98875702a483c62e20" committed_config { opid_index: 3 OBSOLETE_local: false peers { permanent_uuid: "d02778a2418f4b98875702a483c62e20" member_type: VOTER last_known_addr { host: "127.0.107.193" port: 41917 } health_report { overall_health: HEALTHY } } peers { permanent_uuid: "d3d479c0d77b4091a3e036a66f435746" member_type: VOTER last_known_addr { host: "127.0.107.194" port: 44063 } health_report { overall_health: HEALTHY } } peers { permanent_uuid: "1f2b703844cc4ed19d663a2047152edf" member_type: VOTER last_known_addr { host: "127.0.107.195" port: 34569 } attrs { replace: true } health_report { overall_health: HEALTHY } } peers { permanent_uuid: "1feb81d2019b45dbbff8be24cfa36502" member_type: VOTER last_known_addr { host: "127.0.107.196" port: 42245 } attrs { promote: false } health_report { overall_health: HEALTHY } } }
I20260608 12:37:40.703809  3520 raft_consensus.cc:2955] T ce15ad9a95594526835982e8d3672b40 P d3d479c0d77b4091a3e036a66f435746 [term 1 FOLLOWER]: Committing config change with OpId 1.3: config changed from index 2 to 3, 1feb81d2019b45dbbff8be24cfa36502 (127.0.107.196) changed from NON_VOTER to VOTER. New config: { opid_index: 3 OBSOLETE_local: false peers { permanent_uuid: "d02778a2418f4b98875702a483c62e20" member_type: VOTER last_known_addr { host: "127.0.107.193" port: 41917 } } peers { permanent_uuid: "d3d479c0d77b4091a3e036a66f435746" member_type: VOTER last_known_addr { host: "127.0.107.194" port: 44063 } } peers { permanent_uuid: "1f2b703844cc4ed19d663a2047152edf" member_type: VOTER last_known_addr { host: "127.0.107.195" port: 34569 } attrs { replace: true } } peers { permanent_uuid: "1feb81d2019b45dbbff8be24cfa36502" member_type: VOTER last_known_addr { host: "127.0.107.196" port: 42245 } attrs { promote: false } } }
I20260608 12:37:40.707268  3595 raft_consensus.cc:2955] T ce15ad9a95594526835982e8d3672b40 P 1f2b703844cc4ed19d663a2047152edf [term 1 FOLLOWER]: Committing config change with OpId 1.3: config changed from index 2 to 3, 1feb81d2019b45dbbff8be24cfa36502 (127.0.107.196) changed from NON_VOTER to VOTER. New config: { opid_index: 3 OBSOLETE_local: false peers { permanent_uuid: "d02778a2418f4b98875702a483c62e20" member_type: VOTER last_known_addr { host: "127.0.107.193" port: 41917 } } peers { permanent_uuid: "d3d479c0d77b4091a3e036a66f435746" member_type: VOTER last_known_addr { host: "127.0.107.194" port: 44063 } } peers { permanent_uuid: "1f2b703844cc4ed19d663a2047152edf" member_type: VOTER last_known_addr { host: "127.0.107.195" port: 34569 } attrs { replace: true } } peers { permanent_uuid: "1feb81d2019b45dbbff8be24cfa36502" member_type: VOTER last_known_addr { host: "127.0.107.196" port: 42245 } attrs { promote: false } } }
I20260608 12:37:40.723109  3445 consensus_queue.cc:237] T ce15ad9a95594526835982e8d3672b40 P d02778a2418f4b98875702a483c62e20 [LEADER]: Queue going to LEADER mode. State: All replicated index: 0, Majority replicated index: 3, Committed index: 3, Last appended: 1.3, Last appended by leader: 0, Current term: 1, Majority size: 2, State: 0, Mode: LEADER, active raft config: opid_index: 4 OBSOLETE_local: false peers { permanent_uuid: "d02778a2418f4b98875702a483c62e20" member_type: VOTER last_known_addr { host: "127.0.107.193" port: 41917 } } peers { permanent_uuid: "d3d479c0d77b4091a3e036a66f435746" member_type: VOTER last_known_addr { host: "127.0.107.194" port: 44063 } } peers { permanent_uuid: "1feb81d2019b45dbbff8be24cfa36502" member_type: VOTER last_known_addr { host: "127.0.107.196" port: 42245 } attrs { promote: false } }
I20260608 12:37:40.732048  3743 raft_consensus.cc:1275] T ce15ad9a95594526835982e8d3672b40 P 1feb81d2019b45dbbff8be24cfa36502 [term 1 FOLLOWER]: Refusing update from remote peer d02778a2418f4b98875702a483c62e20: Log matching property violated. Preceding OpId in replica: term: 1 index: 3. Preceding OpId from leader: term: 1 index: 4. (index mismatch)
I20260608 12:37:40.733582  3520 raft_consensus.cc:1275] T ce15ad9a95594526835982e8d3672b40 P d3d479c0d77b4091a3e036a66f435746 [term 1 FOLLOWER]: Refusing update from remote peer d02778a2418f4b98875702a483c62e20: Log matching property violated. Preceding OpId in replica: term: 1 index: 3. Preceding OpId from leader: term: 1 index: 4. (index mismatch)
I20260608 12:37:40.733580  3863 consensus_queue.cc:1048] T ce15ad9a95594526835982e8d3672b40 P d02778a2418f4b98875702a483c62e20 [LEADER]: Connected to new peer: Peer: permanent_uuid: "1feb81d2019b45dbbff8be24cfa36502" member_type: VOTER last_known_addr { host: "127.0.107.196" port: 42245 } attrs { promote: false }, Status: LMP_MISMATCH, Last received: 0.0, Next index: 4, Last known committed idx: 3, Time since last communication: 0.001s
I20260608 12:37:40.735119  3825 consensus_queue.cc:1048] T ce15ad9a95594526835982e8d3672b40 P d02778a2418f4b98875702a483c62e20 [LEADER]: Connected to new peer: Peer: permanent_uuid: "d3d479c0d77b4091a3e036a66f435746" member_type: VOTER last_known_addr { host: "127.0.107.194" port: 44063 }, Status: LMP_MISMATCH, Last received: 0.0, Next index: 4, Last known committed idx: 3, Time since last communication: 0.000s
I20260608 12:37:40.744472  3863 raft_consensus.cc:2955] T ce15ad9a95594526835982e8d3672b40 P d02778a2418f4b98875702a483c62e20 [term 1 LEADER]: Committing config change with OpId 1.4: config changed from index 3 to 4, VOTER 1f2b703844cc4ed19d663a2047152edf (127.0.107.195) evicted. New config: { opid_index: 4 OBSOLETE_local: false peers { permanent_uuid: "d02778a2418f4b98875702a483c62e20" member_type: VOTER last_known_addr { host: "127.0.107.193" port: 41917 } } peers { permanent_uuid: "d3d479c0d77b4091a3e036a66f435746" member_type: VOTER last_known_addr { host: "127.0.107.194" port: 44063 } } peers { permanent_uuid: "1feb81d2019b45dbbff8be24cfa36502" member_type: VOTER last_known_addr { host: "127.0.107.196" port: 42245 } attrs { promote: false } } }
I20260608 12:37:40.746515  3743 raft_consensus.cc:2955] T ce15ad9a95594526835982e8d3672b40 P 1feb81d2019b45dbbff8be24cfa36502 [term 1 FOLLOWER]: Committing config change with OpId 1.4: config changed from index 3 to 4, VOTER 1f2b703844cc4ed19d663a2047152edf (127.0.107.195) evicted. New config: { opid_index: 4 OBSOLETE_local: false peers { permanent_uuid: "d02778a2418f4b98875702a483c62e20" member_type: VOTER last_known_addr { host: "127.0.107.193" port: 41917 } } peers { permanent_uuid: "d3d479c0d77b4091a3e036a66f435746" member_type: VOTER last_known_addr { host: "127.0.107.194" port: 44063 } } peers { permanent_uuid: "1feb81d2019b45dbbff8be24cfa36502" member_type: VOTER last_known_addr { host: "127.0.107.196" port: 42245 } attrs { promote: false } } }
I20260608 12:37:40.753669  3328 catalog_manager.cc:5209] ChangeConfig:REMOVE_PEER RPC for tablet ce15ad9a95594526835982e8d3672b40 with cas_config_opid_index 3: ChangeConfig:REMOVE_PEER succeeded (attempt 1)
I20260608 12:37:40.751910  3521 raft_consensus.cc:2955] T ce15ad9a95594526835982e8d3672b40 P d3d479c0d77b4091a3e036a66f435746 [term 1 FOLLOWER]: Committing config change with OpId 1.4: config changed from index 3 to 4, VOTER 1f2b703844cc4ed19d663a2047152edf (127.0.107.195) evicted. New config: { opid_index: 4 OBSOLETE_local: false peers { permanent_uuid: "d02778a2418f4b98875702a483c62e20" member_type: VOTER last_known_addr { host: "127.0.107.193" port: 41917 } } peers { permanent_uuid: "d3d479c0d77b4091a3e036a66f435746" member_type: VOTER last_known_addr { host: "127.0.107.194" port: 44063 } } peers { permanent_uuid: "1feb81d2019b45dbbff8be24cfa36502" member_type: VOTER last_known_addr { host: "127.0.107.196" port: 42245 } attrs { promote: false } } }
I20260608 12:37:40.758397  3340 catalog_manager.cc:5696] T ce15ad9a95594526835982e8d3672b40 P d02778a2418f4b98875702a483c62e20 reported cstate change: config changed from index 3 to 4, VOTER 1f2b703844cc4ed19d663a2047152edf (127.0.107.195) evicted. New cstate: current_term: 1 leader_uuid: "d02778a2418f4b98875702a483c62e20" committed_config { opid_index: 4 OBSOLETE_local: false peers { permanent_uuid: "d02778a2418f4b98875702a483c62e20" member_type: VOTER last_known_addr { host: "127.0.107.193" port: 41917 } health_report { overall_health: HEALTHY } } peers { permanent_uuid: "d3d479c0d77b4091a3e036a66f435746" member_type: VOTER last_known_addr { host: "127.0.107.194" port: 44063 } health_report { overall_health: HEALTHY } } peers { permanent_uuid: "1feb81d2019b45dbbff8be24cfa36502" member_type: VOTER last_known_addr { host: "127.0.107.196" port: 42245 } attrs { promote: false } health_report { overall_health: HEALTHY } } }
I20260608 12:37:40.771348  3585 tablet_service.cc:1558] Processing DeleteTablet for tablet ce15ad9a95594526835982e8d3672b40 with delete_type TABLET_DATA_TOMBSTONED (TS 1f2b703844cc4ed19d663a2047152edf not found in new config with opid_index 4) from {username='slave'} at 127.0.0.1:58748
I20260608 12:37:40.774541  3918 tablet_replica.cc:333] T ce15ad9a95594526835982e8d3672b40 P 1f2b703844cc4ed19d663a2047152edf: stopping tablet replica
I20260608 12:37:40.775381  3918 raft_consensus.cc:2243] T ce15ad9a95594526835982e8d3672b40 P 1f2b703844cc4ed19d663a2047152edf [term 1 FOLLOWER]: Raft consensus shutting down.
I20260608 12:37:40.776031  3918 raft_consensus.cc:2272] T ce15ad9a95594526835982e8d3672b40 P 1f2b703844cc4ed19d663a2047152edf [term 1 FOLLOWER]: Raft consensus is shut down!
I20260608 12:37:40.778955  3918 ts_tablet_manager.cc:1916] T ce15ad9a95594526835982e8d3672b40 P 1f2b703844cc4ed19d663a2047152edf: Deleting tablet data with delete state TABLET_DATA_TOMBSTONED
I20260608 12:37:40.790704  3918 ts_tablet_manager.cc:1929] T ce15ad9a95594526835982e8d3672b40 P 1f2b703844cc4ed19d663a2047152edf: tablet deleted with delete type TABLET_DATA_TOMBSTONED: last-logged OpId 1.3
I20260608 12:37:40.791040  3918 log.cc:1199] T ce15ad9a95594526835982e8d3672b40 P 1f2b703844cc4ed19d663a2047152edf: Deleting WAL directory at /tmp/dist-test-taskvguQlw/test-tmp/auto_rebalancer-test.0.AutoRebalancerTest.RangeAwareRebalancesNewRangeReplicas.1780922178909894-431-0/minicluster-data/ts-2-root/wals/ce15ad9a95594526835982e8d3672b40
I20260608 12:37:40.792485  3331 catalog_manager.cc:5027] TS 1f2b703844cc4ed19d663a2047152edf (127.0.107.195:34569): tablet ce15ad9a95594526835982e8d3672b40 (table range_aware_rebalance_new_range [id=7d1fb980d0c14b318ab609094aa55275]) successfully deleted
I20260608 12:37:40.823638  3397 auto_leader_rebalancer.cc:140] leader rebalance for table range_aware_rebalance_new_range
I20260608 12:37:40.853287  3799 raft_consensus.cc:1064] T 09e65c9bf12f4842ab319d11fcf8e334 P d3d479c0d77b4091a3e036a66f435746: attempting to promote NON_VOTER 1feb81d2019b45dbbff8be24cfa36502 to VOTER
I20260608 12:37:40.855062  3521 tablet_service.cc:2072] Received LeaderStepDown RPC: tablet_id: "09e65c9bf12f4842ab319d11fcf8e334"
dest_uuid: "d3d479c0d77b4091a3e036a66f435746"
mode: GRACEFUL
new_leader_uuid: "d02778a2418f4b98875702a483c62e20"
 from {username='slave'} at 127.0.0.1:36678
I20260608 12:37:40.856153  3799 consensus_queue.cc:237] T 09e65c9bf12f4842ab319d11fcf8e334 P d3d479c0d77b4091a3e036a66f435746 [LEADER]: Queue going to LEADER mode. State: All replicated index: 0, Majority replicated index: 2, Committed index: 2, Last appended: 1.2, Last appended by leader: 0, Current term: 1, Majority size: 3, State: 0, Mode: LEADER, active raft config: opid_index: 3 OBSOLETE_local: false peers { permanent_uuid: "d3d479c0d77b4091a3e036a66f435746" member_type: VOTER last_known_addr { host: "127.0.107.194" port: 44063 } } peers { permanent_uuid: "d02778a2418f4b98875702a483c62e20" member_type: VOTER last_known_addr { host: "127.0.107.193" port: 41917 } attrs { replace: true } } peers { permanent_uuid: "1f2b703844cc4ed19d663a2047152edf" member_type: VOTER last_known_addr { host: "127.0.107.195" port: 34569 } } peers { permanent_uuid: "1feb81d2019b45dbbff8be24cfa36502" member_type: VOTER last_known_addr { host: "127.0.107.196" port: 42245 } attrs { promote: false } }
I20260608 12:37:40.860952  3521 raft_consensus.cc:606] T 09e65c9bf12f4842ab319d11fcf8e334 P d3d479c0d77b4091a3e036a66f435746 [term 1 LEADER]: Received request to transfer leadership to TS d02778a2418f4b98875702a483c62e20
I20260608 12:37:40.867107  3743 raft_consensus.cc:1275] T 09e65c9bf12f4842ab319d11fcf8e334 P 1feb81d2019b45dbbff8be24cfa36502 [term 1 LEARNER]: Refusing update from remote peer d3d479c0d77b4091a3e036a66f435746: Log matching property violated. Preceding OpId in replica: term: 1 index: 2. Preceding OpId from leader: term: 1 index: 3. (index mismatch)
I20260608 12:37:40.870605  3445 raft_consensus.cc:1275] T 09e65c9bf12f4842ab319d11fcf8e334 P d02778a2418f4b98875702a483c62e20 [term 1 FOLLOWER]: Refusing update from remote peer d3d479c0d77b4091a3e036a66f435746: Log matching property violated. Preceding OpId in replica: term: 1 index: 2. Preceding OpId from leader: term: 1 index: 3. (index mismatch)
I20260608 12:37:40.870896  3595 raft_consensus.cc:1275] T 09e65c9bf12f4842ab319d11fcf8e334 P 1f2b703844cc4ed19d663a2047152edf [term 1 FOLLOWER]: Refusing update from remote peer d3d479c0d77b4091a3e036a66f435746: Log matching property violated. Preceding OpId in replica: term: 1 index: 2. Preceding OpId from leader: term: 1 index: 3. (index mismatch)
I20260608 12:37:40.877817  3683 consensus_queue.cc:1048] T 09e65c9bf12f4842ab319d11fcf8e334 P d3d479c0d77b4091a3e036a66f435746 [LEADER]: Connected to new peer: Peer: permanent_uuid: "d02778a2418f4b98875702a483c62e20" member_type: VOTER last_known_addr { host: "127.0.107.193" port: 41917 } attrs { replace: true }, Status: LMP_MISMATCH, Last received: 0.0, Next index: 3, Last known committed idx: 2, Time since last communication: 0.001s
I20260608 12:37:40.881187  3926 consensus_queue.cc:1048] T 09e65c9bf12f4842ab319d11fcf8e334 P d3d479c0d77b4091a3e036a66f435746 [LEADER]: Connected to new peer: Peer: permanent_uuid: "1f2b703844cc4ed19d663a2047152edf" member_type: VOTER last_known_addr { host: "127.0.107.195" port: 34569 }, Status: LMP_MISMATCH, Last received: 0.0, Next index: 3, Last known committed idx: 2, Time since last communication: 0.001s
I20260608 12:37:40.886426  3922 consensus_queue.cc:1048] T 09e65c9bf12f4842ab319d11fcf8e334 P d3d479c0d77b4091a3e036a66f435746 [LEADER]: Connected to new peer: Peer: permanent_uuid: "1feb81d2019b45dbbff8be24cfa36502" member_type: VOTER last_known_addr { host: "127.0.107.196" port: 42245 } attrs { promote: false }, Status: LMP_MISMATCH, Last received: 0.0, Next index: 3, Last known committed idx: 2, Time since last communication: 0.001s
I20260608 12:37:40.905541  3926 raft_consensus.cc:993] T 09e65c9bf12f4842ab319d11fcf8e334 P d3d479c0d77b4091a3e036a66f435746: : Instructing follower d02778a2418f4b98875702a483c62e20 to start an election
I20260608 12:37:40.906013  3926 raft_consensus.cc:1081] T 09e65c9bf12f4842ab319d11fcf8e334 P d3d479c0d77b4091a3e036a66f435746 [term 1 LEADER]: Signalling peer d02778a2418f4b98875702a483c62e20 to start an election
I20260608 12:37:40.906859  3926 raft_consensus.cc:2955] T 09e65c9bf12f4842ab319d11fcf8e334 P d3d479c0d77b4091a3e036a66f435746 [term 1 LEADER]: Committing config change with OpId 1.3: config changed from index 2 to 3, 1feb81d2019b45dbbff8be24cfa36502 (127.0.107.196) changed from NON_VOTER to VOTER. New config: { opid_index: 3 OBSOLETE_local: false peers { permanent_uuid: "d3d479c0d77b4091a3e036a66f435746" member_type: VOTER last_known_addr { host: "127.0.107.194" port: 44063 } } peers { permanent_uuid: "d02778a2418f4b98875702a483c62e20" member_type: VOTER last_known_addr { host: "127.0.107.193" port: 41917 } attrs { replace: true } } peers { permanent_uuid: "1f2b703844cc4ed19d663a2047152edf" member_type: VOTER last_known_addr { host: "127.0.107.195" port: 34569 } } peers { permanent_uuid: "1feb81d2019b45dbbff8be24cfa36502" member_type: VOTER last_known_addr { host: "127.0.107.196" port: 42245 } attrs { promote: false } } }
I20260608 12:37:40.909405  3446 tablet_service.cc:2072] Received LeaderStepDown RPC: tablet_id: "db336729ce30432e866fc0b575243907"
dest_uuid: "d02778a2418f4b98875702a483c62e20"
mode: GRACEFUL
new_leader_uuid: "1feb81d2019b45dbbff8be24cfa36502"
 from {username='slave'} at 127.0.0.1:50276
I20260608 12:37:40.909725  3445 tablet_service.cc:2044] Received Run Leader Election RPC: tablet_id: "09e65c9bf12f4842ab319d11fcf8e334"
dest_uuid: "d02778a2418f4b98875702a483c62e20"
 from {username='slave'} at 127.0.0.1:50238
I20260608 12:37:40.910060  3446 raft_consensus.cc:606] T db336729ce30432e866fc0b575243907 P d02778a2418f4b98875702a483c62e20 [term 1 LEADER]: Received request to transfer leadership to TS 1feb81d2019b45dbbff8be24cfa36502
I20260608 12:37:40.910317  3445 raft_consensus.cc:493] T 09e65c9bf12f4842ab319d11fcf8e334 P d02778a2418f4b98875702a483c62e20 [term 1 FOLLOWER]: Starting forced leader election (received explicit request)
I20260608 12:37:40.910728  3445 raft_consensus.cc:3060] T 09e65c9bf12f4842ab319d11fcf8e334 P d02778a2418f4b98875702a483c62e20 [term 1 FOLLOWER]: Advancing to term 2
I20260608 12:37:40.911995  3397 auto_leader_rebalancer.cc:388] table: range_aware_rebalance_new_range, leader rebalance finish, leader transfer count: 2
I20260608 12:37:40.912880  3397 auto_leader_rebalancer.cc:451] All tables' leader rebalancing finished this round
I20260608 12:37:40.915934  3593 raft_consensus.cc:2955] T 09e65c9bf12f4842ab319d11fcf8e334 P 1f2b703844cc4ed19d663a2047152edf [term 1 FOLLOWER]: Committing config change with OpId 1.3: config changed from index 2 to 3, 1feb81d2019b45dbbff8be24cfa36502 (127.0.107.196) changed from NON_VOTER to VOTER. New config: { opid_index: 3 OBSOLETE_local: false peers { permanent_uuid: "d3d479c0d77b4091a3e036a66f435746" member_type: VOTER last_known_addr { host: "127.0.107.194" port: 44063 } } peers { permanent_uuid: "d02778a2418f4b98875702a483c62e20" member_type: VOTER last_known_addr { host: "127.0.107.193" port: 41917 } attrs { replace: true } } peers { permanent_uuid: "1f2b703844cc4ed19d663a2047152edf" member_type: VOTER last_known_addr { host: "127.0.107.195" port: 34569 } } peers { permanent_uuid: "1feb81d2019b45dbbff8be24cfa36502" member_type: VOTER last_known_addr { host: "127.0.107.196" port: 42245 } attrs { promote: false } } }
I20260608 12:37:40.918257  3445 raft_consensus.cc:515] T 09e65c9bf12f4842ab319d11fcf8e334 P d02778a2418f4b98875702a483c62e20 [term 2 FOLLOWER]: Starting forced leader election with config: opid_index: 3 OBSOLETE_local: false peers { permanent_uuid: "d3d479c0d77b4091a3e036a66f435746" member_type: VOTER last_known_addr { host: "127.0.107.194" port: 44063 } } peers { permanent_uuid: "d02778a2418f4b98875702a483c62e20" member_type: VOTER last_known_addr { host: "127.0.107.193" port: 41917 } attrs { replace: true } } peers { permanent_uuid: "1f2b703844cc4ed19d663a2047152edf" member_type: VOTER last_known_addr { host: "127.0.107.195" port: 34569 } } peers { permanent_uuid: "1feb81d2019b45dbbff8be24cfa36502" member_type: VOTER last_known_addr { host: "127.0.107.196" port: 42245 } attrs { promote: false } }
I20260608 12:37:40.919353  3446 raft_consensus.cc:1240] T 09e65c9bf12f4842ab319d11fcf8e334 P d02778a2418f4b98875702a483c62e20 [term 2 FOLLOWER]: Rejecting Update request from peer d3d479c0d77b4091a3e036a66f435746 for earlier term 1. Current term is 2. Ops: []
I20260608 12:37:40.920868  3445 leader_election.cc:290] T 09e65c9bf12f4842ab319d11fcf8e334 P d02778a2418f4b98875702a483c62e20 [CANDIDATE]: Term 2 election: Requested vote from peers d3d479c0d77b4091a3e036a66f435746 (127.0.107.194:44063), 1f2b703844cc4ed19d663a2047152edf (127.0.107.195:34569), 1feb81d2019b45dbbff8be24cfa36502 (127.0.107.196:42245)
I20260608 12:37:40.922983  3521 tablet_service.cc:1917] Received RequestConsensusVote() RPC: tablet_id: "09e65c9bf12f4842ab319d11fcf8e334" candidate_uuid: "d02778a2418f4b98875702a483c62e20" candidate_term: 2 candidate_status { last_received { term: 1 index: 3 } } ignore_live_leader: true dest_uuid: "d3d479c0d77b4091a3e036a66f435746"
I20260608 12:37:40.923817  3743 tablet_service.cc:1917] Received RequestConsensusVote() RPC: tablet_id: "09e65c9bf12f4842ab319d11fcf8e334" candidate_uuid: "d02778a2418f4b98875702a483c62e20" candidate_term: 2 candidate_status { last_received { term: 1 index: 3 } } ignore_live_leader: true dest_uuid: "1feb81d2019b45dbbff8be24cfa36502"
I20260608 12:37:40.923956  3595 tablet_service.cc:1917] Received RequestConsensusVote() RPC: tablet_id: "09e65c9bf12f4842ab319d11fcf8e334" candidate_uuid: "d02778a2418f4b98875702a483c62e20" candidate_term: 2 candidate_status { last_received { term: 1 index: 3 } } ignore_live_leader: true dest_uuid: "1f2b703844cc4ed19d663a2047152edf"
I20260608 12:37:40.924393  3743 raft_consensus.cc:3060] T 09e65c9bf12f4842ab319d11fcf8e334 P 1feb81d2019b45dbbff8be24cfa36502 [term 1 FOLLOWER]: Advancing to term 2
I20260608 12:37:40.929175  3683 consensus_queue.cc:1059] T 09e65c9bf12f4842ab319d11fcf8e334 P d3d479c0d77b4091a3e036a66f435746 [LEADER]: Peer responded invalid term: Peer: permanent_uuid: "d02778a2418f4b98875702a483c62e20" member_type: VOTER last_known_addr { host: "127.0.107.193" port: 41917 } attrs { replace: true }, Status: INVALID_TERM, Last received: 1.3, Next index: 4, Last known committed idx: 2, Time since last communication: 0.000s
I20260608 12:37:40.933416  3521 raft_consensus.cc:3055] T 09e65c9bf12f4842ab319d11fcf8e334 P d3d479c0d77b4091a3e036a66f435746 [term 1 LEADER]: Stepping down as leader of term 1
I20260608 12:37:40.933410  3743 raft_consensus.cc:2468] T 09e65c9bf12f4842ab319d11fcf8e334 P 1feb81d2019b45dbbff8be24cfa36502 [term 2 FOLLOWER]: Leader election vote request: Granting yes vote for candidate d02778a2418f4b98875702a483c62e20 in term 2.
I20260608 12:37:40.933919  3521 raft_consensus.cc:740] T 09e65c9bf12f4842ab319d11fcf8e334 P d3d479c0d77b4091a3e036a66f435746 [term 1 LEADER]: Becoming Follower/Learner. State: Replica: d3d479c0d77b4091a3e036a66f435746, State: Running, Role: LEADER
I20260608 12:37:40.934402  3744 raft_consensus.cc:1240] T 09e65c9bf12f4842ab319d11fcf8e334 P 1feb81d2019b45dbbff8be24cfa36502 [term 2 FOLLOWER]: Rejecting Update request from peer d3d479c0d77b4091a3e036a66f435746 for earlier term 1. Current term is 2. Ops: []
I20260608 12:37:40.934887  3521 consensus_queue.cc:260] T 09e65c9bf12f4842ab319d11fcf8e334 P d3d479c0d77b4091a3e036a66f435746 [NON_LEADER]: Queue going to NON_LEADER mode. State: All replicated index: 0, Majority replicated index: 3, Committed index: 3, Last appended: 1.3, Last appended by leader: 3, Current term: 1, Majority size: -1, State: 0, Mode: NON_LEADER, active raft config: opid_index: 3 OBSOLETE_local: false peers { permanent_uuid: "d3d479c0d77b4091a3e036a66f435746" member_type: VOTER last_known_addr { host: "127.0.107.194" port: 44063 } } peers { permanent_uuid: "d02778a2418f4b98875702a483c62e20" member_type: VOTER last_known_addr { host: "127.0.107.193" port: 41917 } attrs { replace: true } } peers { permanent_uuid: "1f2b703844cc4ed19d663a2047152edf" member_type: VOTER last_known_addr { host: "127.0.107.195" port: 34569 } } peers { permanent_uuid: "1feb81d2019b45dbbff8be24cfa36502" member_type: VOTER last_known_addr { host: "127.0.107.196" port: 42245 } attrs { promote: false } }
I20260608 12:37:40.936390  3521 raft_consensus.cc:3060] T 09e65c9bf12f4842ab319d11fcf8e334 P d3d479c0d77b4091a3e036a66f435746 [term 1 FOLLOWER]: Advancing to term 2
I20260608 12:37:40.941169  3341 catalog_manager.cc:5696] T 09e65c9bf12f4842ab319d11fcf8e334 P 1f2b703844cc4ed19d663a2047152edf reported cstate change: config changed from index 2 to 3, 1feb81d2019b45dbbff8be24cfa36502 (127.0.107.196) changed from NON_VOTER to VOTER. New cstate: current_term: 1 leader_uuid: "d3d479c0d77b4091a3e036a66f435746" committed_config { opid_index: 3 OBSOLETE_local: false peers { permanent_uuid: "d3d479c0d77b4091a3e036a66f435746" member_type: VOTER last_known_addr { host: "127.0.107.194" port: 44063 } } peers { permanent_uuid: "d02778a2418f4b98875702a483c62e20" member_type: VOTER last_known_addr { host: "127.0.107.193" port: 41917 } attrs { replace: true } } peers { permanent_uuid: "1f2b703844cc4ed19d663a2047152edf" member_type: VOTER last_known_addr { host: "127.0.107.195" port: 34569 } } peers { permanent_uuid: "1feb81d2019b45dbbff8be24cfa36502" member_type: VOTER last_known_addr { host: "127.0.107.196" port: 42245 } attrs { promote: false } } }
I20260608 12:37:40.945031  3521 raft_consensus.cc:2468] T 09e65c9bf12f4842ab319d11fcf8e334 P d3d479c0d77b4091a3e036a66f435746 [term 2 FOLLOWER]: Leader election vote request: Granting yes vote for candidate d02778a2418f4b98875702a483c62e20 in term 2.
W20260608 12:37:40.945555  3799 raft_consensus.cc:936] Couldn't advance consensus term.: Illegal state: Can't advance term to: 2 current term: 2 is higher.
I20260608 12:37:40.948297  3412 leader_election.cc:304] T 09e65c9bf12f4842ab319d11fcf8e334 P d02778a2418f4b98875702a483c62e20 [CANDIDATE]: Term 2 election: Election decided. Result: candidate won. Election summary: received 4 responses out of 4 voters: 3 yes votes; 1 no votes. yes voters: 1feb81d2019b45dbbff8be24cfa36502, d02778a2418f4b98875702a483c62e20, d3d479c0d77b4091a3e036a66f435746; no voters: 1f2b703844cc4ed19d663a2047152edf
I20260608 12:37:40.949226  3825 raft_consensus.cc:2804] T 09e65c9bf12f4842ab319d11fcf8e334 P d02778a2418f4b98875702a483c62e20 [term 2 FOLLOWER]: Leader election won for term 2
I20260608 12:37:40.949717  3825 raft_consensus.cc:697] T 09e65c9bf12f4842ab319d11fcf8e334 P d02778a2418f4b98875702a483c62e20 [term 2 LEADER]: Becoming Leader. State: Replica: d02778a2418f4b98875702a483c62e20, State: Running, Role: LEADER
I20260608 12:37:40.950613  3825 consensus_queue.cc:237] T 09e65c9bf12f4842ab319d11fcf8e334 P d02778a2418f4b98875702a483c62e20 [LEADER]: Queue going to LEADER mode. State: All replicated index: 0, Majority replicated index: 2, Committed index: 2, Last appended: 1.3, Last appended by leader: 3, Current term: 2, Majority size: 3, State: 0, Mode: LEADER, active raft config: opid_index: 3 OBSOLETE_local: false peers { permanent_uuid: "d3d479c0d77b4091a3e036a66f435746" member_type: VOTER last_known_addr { host: "127.0.107.194" port: 44063 } } peers { permanent_uuid: "d02778a2418f4b98875702a483c62e20" member_type: VOTER last_known_addr { host: "127.0.107.193" port: 41917 } attrs { replace: true } } peers { permanent_uuid: "1f2b703844cc4ed19d663a2047152edf" member_type: VOTER last_known_addr { host: "127.0.107.195" port: 34569 } } peers { permanent_uuid: "1feb81d2019b45dbbff8be24cfa36502" member_type: VOTER last_known_addr { host: "127.0.107.196" port: 42245 } attrs { promote: false } }
I20260608 12:37:40.961673  3340 catalog_manager.cc:5696] T 09e65c9bf12f4842ab319d11fcf8e334 P d02778a2418f4b98875702a483c62e20 reported cstate change: config changed from index 3 to 2, term changed from 1 to 2, leader changed from d3d479c0d77b4091a3e036a66f435746 (127.0.107.194) to d02778a2418f4b98875702a483c62e20 (127.0.107.193), 1feb81d2019b45dbbff8be24cfa36502 (127.0.107.196) changed from VOTER to NON_VOTER, now has a pending config: VOTER d3d479c0d77b4091a3e036a66f435746 (127.0.107.194), VOTER d02778a2418f4b98875702a483c62e20 (127.0.107.193), VOTER 1f2b703844cc4ed19d663a2047152edf (127.0.107.195), VOTER 1feb81d2019b45dbbff8be24cfa36502 (127.0.107.196). New cstate: current_term: 2 leader_uuid: "d02778a2418f4b98875702a483c62e20" committed_config { opid_index: 2 OBSOLETE_local: false peers { permanent_uuid: "d3d479c0d77b4091a3e036a66f435746" member_type: VOTER last_known_addr { host: "127.0.107.194" port: 44063 } health_report { overall_health: UNKNOWN } } peers { permanent_uuid: "d02778a2418f4b98875702a483c62e20" member_type: VOTER last_known_addr { host: "127.0.107.193" port: 41917 } attrs { replace: true } health_report { overall_health: HEALTHY } } peers { permanent_uuid: "1f2b703844cc4ed19d663a2047152edf" member_type: VOTER last_known_addr { host: "127.0.107.195" port: 34569 } health_report { overall_health: UNKNOWN } } peers { permanent_uuid: "1feb81d2019b45dbbff8be24cfa36502" member_type: NON_VOTER last_known_addr { host: "127.0.107.196" port: 42245 } attrs { promote: true } health_report { overall_health: UNKNOWN } } } pending_config { opid_index: 3 OBSOLETE_local: false peers { permanent_uuid: "d3d479c0d77b4091a3e036a66f435746" member_type: VOTER last_known_addr { host: "127.0.107.194" port: 44063 } } peers { permanent_uuid: "d02778a2418f4b98875702a483c62e20" member_type: VOTER last_known_addr { host: "127.0.107.193" port: 41917 } attrs { replace: true } } peers { permanent_uuid: "1f2b703844cc4ed19d663a2047152edf" member_type: VOTER last_known_addr { host: "127.0.107.195" port: 34569 } } peers { permanent_uuid: "1feb81d2019b45dbbff8be24cfa36502" member_type: VOTER last_known_addr { host: "127.0.107.196" port: 42245 } attrs { promote: false } } }
I20260608 12:37:40.973624  3446 tablet_service.cc:2072] Received LeaderStepDown RPC: tablet_id: "09e65c9bf12f4842ab319d11fcf8e334"
dest_uuid: "d02778a2418f4b98875702a483c62e20"
mode: GRACEFUL
 from {username='slave'} at 127.0.0.1:50224
I20260608 12:37:40.974205  3446 raft_consensus.cc:606] T 09e65c9bf12f4842ab319d11fcf8e334 P d02778a2418f4b98875702a483c62e20 [term 2 LEADER]: Received request to transfer leadership
I20260608 12:37:40.976999  3446 tablet_service.cc:2072] Received LeaderStepDown RPC: tablet_id: "09e65c9bf12f4842ab319d11fcf8e334"
dest_uuid: "d02778a2418f4b98875702a483c62e20"
mode: GRACEFUL
 from {username='slave'} at 127.0.0.1:50224
I20260608 12:37:40.977452  3446 raft_consensus.cc:606] T 09e65c9bf12f4842ab319d11fcf8e334 P d02778a2418f4b98875702a483c62e20 [term 2 LEADER]: Received request to transfer leadership
W20260608 12:37:40.978451  3328 proxy.cc:239] Call had error, refreshing address and retrying: Remote error: Service unavailable: leadership transfer for 09e65c9bf12f4842ab319d11fcf8e334 already in progress [suppressed 13 similar messages]
I20260608 12:37:40.981161  3446 tablet_service.cc:2072] Received LeaderStepDown RPC: tablet_id: "09e65c9bf12f4842ab319d11fcf8e334"
dest_uuid: "d02778a2418f4b98875702a483c62e20"
mode: GRACEFUL
 from {username='slave'} at 127.0.0.1:50224
I20260608 12:37:40.981599  3446 raft_consensus.cc:606] T 09e65c9bf12f4842ab319d11fcf8e334 P d02778a2418f4b98875702a483c62e20 [term 2 LEADER]: Received request to transfer leadership
W20260608 12:37:40.986128  3392 auto_rebalancer.cc:855] Removing replace marker failed: Service unavailable: leader transfer in progress
W20260608 12:37:40.986433  3392 auto_rebalancer.cc:863] Could not move replica: Remote error: Service unavailable: leadership transfer for 09e65c9bf12f4842ab319d11fcf8e334 already in progress
W20260608 12:37:40.986621  3392 auto_rebalancer.cc:301] scheduled replica move failed to complete: Remote error: Service unavailable: leadership transfer for 09e65c9bf12f4842ab319d11fcf8e334 already in progress
I20260608 12:37:41.183753  3863 raft_consensus.cc:993] T db336729ce30432e866fc0b575243907 P d02778a2418f4b98875702a483c62e20: : Instructing follower 1feb81d2019b45dbbff8be24cfa36502 to start an election
I20260608 12:37:41.184219  3825 raft_consensus.cc:1081] T db336729ce30432e866fc0b575243907 P d02778a2418f4b98875702a483c62e20 [term 1 LEADER]: Signalling peer 1feb81d2019b45dbbff8be24cfa36502 to start an election
I20260608 12:37:41.185887  3743 tablet_service.cc:2044] Received Run Leader Election RPC: tablet_id: "db336729ce30432e866fc0b575243907"
dest_uuid: "1feb81d2019b45dbbff8be24cfa36502"
 from {username='slave'} at 127.0.0.1:54078
I20260608 12:37:41.186352  3743 raft_consensus.cc:493] T db336729ce30432e866fc0b575243907 P 1feb81d2019b45dbbff8be24cfa36502 [term 1 FOLLOWER]: Starting forced leader election (received explicit request)
I20260608 12:37:41.186612  3743 raft_consensus.cc:3060] T db336729ce30432e866fc0b575243907 P 1feb81d2019b45dbbff8be24cfa36502 [term 1 FOLLOWER]: Advancing to term 2
I20260608 12:37:41.190769  3743 raft_consensus.cc:515] T db336729ce30432e866fc0b575243907 P 1feb81d2019b45dbbff8be24cfa36502 [term 2 FOLLOWER]: Starting forced leader election with config: opid_index: -1 OBSOLETE_local: false peers { permanent_uuid: "1feb81d2019b45dbbff8be24cfa36502" member_type: VOTER last_known_addr { host: "127.0.107.196" port: 42245 } } peers { permanent_uuid: "d02778a2418f4b98875702a483c62e20" member_type: VOTER last_known_addr { host: "127.0.107.193" port: 41917 } } peers { permanent_uuid: "d3d479c0d77b4091a3e036a66f435746" member_type: VOTER last_known_addr { host: "127.0.107.194" port: 44063 } }
I20260608 12:37:41.192435  3743 leader_election.cc:290] T db336729ce30432e866fc0b575243907 P 1feb81d2019b45dbbff8be24cfa36502 [CANDIDATE]: Term 2 election: Requested vote from peers d02778a2418f4b98875702a483c62e20 (127.0.107.193:41917), d3d479c0d77b4091a3e036a66f435746 (127.0.107.194:44063)
I20260608 12:37:41.193480  3446 tablet_service.cc:1917] Received RequestConsensusVote() RPC: tablet_id: "db336729ce30432e866fc0b575243907" candidate_uuid: "1feb81d2019b45dbbff8be24cfa36502" candidate_term: 2 candidate_status { last_received { term: 1 index: 1 } } ignore_live_leader: true dest_uuid: "d02778a2418f4b98875702a483c62e20"
I20260608 12:37:41.193673  3521 tablet_service.cc:1917] Received RequestConsensusVote() RPC: tablet_id: "db336729ce30432e866fc0b575243907" candidate_uuid: "1feb81d2019b45dbbff8be24cfa36502" candidate_term: 2 candidate_status { last_received { term: 1 index: 1 } } ignore_live_leader: true dest_uuid: "d3d479c0d77b4091a3e036a66f435746"
I20260608 12:37:41.194103  3446 raft_consensus.cc:3055] T db336729ce30432e866fc0b575243907 P d02778a2418f4b98875702a483c62e20 [term 1 LEADER]: Stepping down as leader of term 1
I20260608 12:37:41.194227  3521 raft_consensus.cc:3060] T db336729ce30432e866fc0b575243907 P d3d479c0d77b4091a3e036a66f435746 [term 1 FOLLOWER]: Advancing to term 2
I20260608 12:37:41.194450  3446 raft_consensus.cc:740] T db336729ce30432e866fc0b575243907 P d02778a2418f4b98875702a483c62e20 [term 1 LEADER]: Becoming Follower/Learner. State: Replica: d02778a2418f4b98875702a483c62e20, State: Running, Role: LEADER
I20260608 12:37:41.195287  3446 consensus_queue.cc:260] T db336729ce30432e866fc0b575243907 P d02778a2418f4b98875702a483c62e20 [NON_LEADER]: Queue going to NON_LEADER mode. State: All replicated index: 0, Majority replicated index: 1, Committed index: 1, Last appended: 1.1, Last appended by leader: 1, Current term: 1, Majority size: -1, State: 0, Mode: NON_LEADER, active raft config: opid_index: -1 OBSOLETE_local: false peers { permanent_uuid: "1feb81d2019b45dbbff8be24cfa36502" member_type: VOTER last_known_addr { host: "127.0.107.196" port: 42245 } } peers { permanent_uuid: "d02778a2418f4b98875702a483c62e20" member_type: VOTER last_known_addr { host: "127.0.107.193" port: 41917 } } peers { permanent_uuid: "d3d479c0d77b4091a3e036a66f435746" member_type: VOTER last_known_addr { host: "127.0.107.194" port: 44063 } }
I20260608 12:37:41.196300  3446 raft_consensus.cc:3060] T db336729ce30432e866fc0b575243907 P d02778a2418f4b98875702a483c62e20 [term 1 FOLLOWER]: Advancing to term 2
I20260608 12:37:41.199542  3521 raft_consensus.cc:2468] T db336729ce30432e866fc0b575243907 P d3d479c0d77b4091a3e036a66f435746 [term 2 FOLLOWER]: Leader election vote request: Granting yes vote for candidate 1feb81d2019b45dbbff8be24cfa36502 in term 2.
I20260608 12:37:41.200832  3710 leader_election.cc:304] T db336729ce30432e866fc0b575243907 P 1feb81d2019b45dbbff8be24cfa36502 [CANDIDATE]: Term 2 election: Election decided. Result: candidate won. Election summary: received 2 responses out of 3 voters: 2 yes votes; 0 no votes. yes voters: 1feb81d2019b45dbbff8be24cfa36502, d3d479c0d77b4091a3e036a66f435746; no voters: 
