I20260608 12:57:16.533110 20425 raft_consensus.cc:515] T c09a3044ee04496cb6c14f9ec29f806a P 40dd4801a05047b584c78e7d49f160b5 [term 0 FOLLOWER]: Starting pre-election with config: opid_index: -1 OBSOLETE_local: false peers { permanent_uuid: "3659569ee1a24ec29b1bc452b38dd2c3" member_type: VOTER last_known_addr { host: "127.16.202.2" port: 44293 } } peers { permanent_uuid: "40dd4801a05047b584c78e7d49f160b5" member_type: VOTER last_known_addr { host: "127.16.202.1" port: 43693 } } peers { permanent_uuid: "76053b4ba8af4cda9f64a903991a11a0" member_type: VOTER last_known_addr { host: "127.16.202.4" port: 37815 } }
I20260608 12:57:16.537531 20425 leader_election.cc:290] T c09a3044ee04496cb6c14f9ec29f806a P 40dd4801a05047b584c78e7d49f160b5 [CANDIDATE]: Term 1 pre-election: Requested pre-vote from peers 3659569ee1a24ec29b1bc452b38dd2c3 (127.16.202.2:44293), 76053b4ba8af4cda9f64a903991a11a0 (127.16.202.4:37815)
I20260608 12:57:16.539656 20267 tablet_service.cc:1917] Received RequestConsensusVote() RPC: tablet_id: "c09a3044ee04496cb6c14f9ec29f806a" candidate_uuid: "40dd4801a05047b584c78e7d49f160b5" candidate_term: 1 candidate_status { last_received { term: 0 index: 0 } } ignore_live_leader: false dest_uuid: "3659569ee1a24ec29b1bc452b38dd2c3" is_pre_election: true
I20260608 12:57:16.541245 20540 tablet_bootstrap.cc:492] T 786b13548507461da38883b360b33538 P 3c108ce7a45d4681bc89f01971bec830: No bootstrap required, opened a new log
I20260608 12:57:16.541334 20267 raft_consensus.cc:2468] T c09a3044ee04496cb6c14f9ec29f806a P 3659569ee1a24ec29b1bc452b38dd2c3 [term 0 FOLLOWER]: Leader pre-election vote request: Granting yes vote for candidate 40dd4801a05047b584c78e7d49f160b5 in term 0.
I20260608 12:57:16.542011 20540 ts_tablet_manager.cc:1403] T 786b13548507461da38883b360b33538 P 3c108ce7a45d4681bc89f01971bec830: Time spent bootstrapping tablet: real 0.277s	user 0.014s	sys 0.008s
I20260608 12:57:16.543843 20160 leader_election.cc:304] T c09a3044ee04496cb6c14f9ec29f806a P 40dd4801a05047b584c78e7d49f160b5 [CANDIDATE]: Term 1 pre-election: Election decided. Result: candidate won. Election summary: received 2 responses out of 3 voters: 2 yes votes; 0 no votes. yes voters: 3659569ee1a24ec29b1bc452b38dd2c3, 40dd4801a05047b584c78e7d49f160b5; no voters: 
I20260608 12:57:16.544842 20389 tablet_bootstrap.cc:492] T 4e81f77ad3c544e6b3c93e8d5b4493aa P 40dd4801a05047b584c78e7d49f160b5: No bootstrap required, opened a new log
I20260608 12:57:16.544843 20390 tablet_bootstrap.cc:492] T 786b13548507461da38883b360b33538 P 3659569ee1a24ec29b1bc452b38dd2c3: No bootstrap required, opened a new log
I20260608 12:57:16.545497 20389 ts_tablet_manager.cc:1403] T 4e81f77ad3c544e6b3c93e8d5b4493aa P 40dd4801a05047b584c78e7d49f160b5: Time spent bootstrapping tablet: real 0.206s	user 0.022s	sys 0.012s
I20260608 12:57:16.571084 20390 ts_tablet_manager.cc:1403] T 786b13548507461da38883b360b33538 P 3659569ee1a24ec29b1bc452b38dd2c3: Time spent bootstrapping tablet: real 0.175s	user 0.014s	sys 0.011s
I20260608 12:57:16.571374 20425 raft_consensus.cc:2804] T c09a3044ee04496cb6c14f9ec29f806a P 40dd4801a05047b584c78e7d49f160b5 [term 0 FOLLOWER]: Leader pre-election won for term 1
I20260608 12:57:16.572089 20425 raft_consensus.cc:493] T c09a3044ee04496cb6c14f9ec29f806a P 40dd4801a05047b584c78e7d49f160b5 [term 0 FOLLOWER]: Starting leader election (no leader contacted us within the election timeout)
I20260608 12:57:16.572546 20425 raft_consensus.cc:3060] T c09a3044ee04496cb6c14f9ec29f806a P 40dd4801a05047b584c78e7d49f160b5 [term 0 FOLLOWER]: Advancing to term 1
I20260608 12:57:16.572463 20389 raft_consensus.cc:359] T 4e81f77ad3c544e6b3c93e8d5b4493aa P 40dd4801a05047b584c78e7d49f160b5 [term 0 FOLLOWER]: Replica starting. Triggering 0 pending ops. Active config: opid_index: -1 OBSOLETE_local: false peers { permanent_uuid: "40dd4801a05047b584c78e7d49f160b5" member_type: VOTER last_known_addr { host: "127.16.202.1" port: 43693 } } peers { permanent_uuid: "76053b4ba8af4cda9f64a903991a11a0" member_type: VOTER last_known_addr { host: "127.16.202.4" port: 37815 } } peers { permanent_uuid: "3659569ee1a24ec29b1bc452b38dd2c3" member_type: VOTER last_known_addr { host: "127.16.202.2" port: 44293 } }
I20260608 12:57:16.573275 20389 raft_consensus.cc:385] T 4e81f77ad3c544e6b3c93e8d5b4493aa P 40dd4801a05047b584c78e7d49f160b5 [term 0 FOLLOWER]: Consensus starting up: Expiring failure detector timer to make a prompt election more likely
I20260608 12:57:16.573599 20389 raft_consensus.cc:740] T 4e81f77ad3c544e6b3c93e8d5b4493aa P 40dd4801a05047b584c78e7d49f160b5 [term 0 FOLLOWER]: Becoming Follower/Learner. State: Replica: 40dd4801a05047b584c78e7d49f160b5, State: Initialized, Role: FOLLOWER
I20260608 12:57:16.574462 20389 consensus_queue.cc:260] T 4e81f77ad3c544e6b3c93e8d5b4493aa P 40dd4801a05047b584c78e7d49f160b5 [NON_LEADER]: Queue going to NON_LEADER mode. State: All replicated index: 0, Majority replicated index: 0, Committed index: 0, Last appended: 0.0, Last appended by leader: 0, Current term: 0, Majority size: -1, State: 0, Mode: NON_LEADER, active raft config: opid_index: -1 OBSOLETE_local: false peers { permanent_uuid: "40dd4801a05047b584c78e7d49f160b5" member_type: VOTER last_known_addr { host: "127.16.202.1" port: 43693 } } peers { permanent_uuid: "76053b4ba8af4cda9f64a903991a11a0" member_type: VOTER last_known_addr { host: "127.16.202.4" port: 37815 } } peers { permanent_uuid: "3659569ee1a24ec29b1bc452b38dd2c3" member_type: VOTER last_known_addr { host: "127.16.202.2" port: 44293 } }
I20260608 12:57:16.576910 20389 ts_tablet_manager.cc:1434] T 4e81f77ad3c544e6b3c93e8d5b4493aa P 40dd4801a05047b584c78e7d49f160b5: Time spent starting tablet: real 0.031s	user 0.003s	sys 0.020s
I20260608 12:57:16.577916 20389 tablet_bootstrap.cc:492] T 3d584c326237478abca48b4c7ad76fec P 40dd4801a05047b584c78e7d49f160b5: Bootstrap starting.
I20260608 12:57:16.577801 20425 raft_consensus.cc:515] T c09a3044ee04496cb6c14f9ec29f806a P 40dd4801a05047b584c78e7d49f160b5 [term 1 FOLLOWER]: Starting leader election with config: opid_index: -1 OBSOLETE_local: false peers { permanent_uuid: "3659569ee1a24ec29b1bc452b38dd2c3" member_type: VOTER last_known_addr { host: "127.16.202.2" port: 44293 } } peers { permanent_uuid: "40dd4801a05047b584c78e7d49f160b5" member_type: VOTER last_known_addr { host: "127.16.202.1" port: 43693 } } peers { permanent_uuid: "76053b4ba8af4cda9f64a903991a11a0" member_type: VOTER last_known_addr { host: "127.16.202.4" port: 37815 } }
I20260608 12:57:16.579367 20550 tablet_bootstrap.cc:654] T 3d584c326237478abca48b4c7ad76fec P 76053b4ba8af4cda9f64a903991a11a0: Neither blocks nor log segments found. Creating new log.
I20260608 12:57:16.581216 20267 tablet_service.cc:1917] Received RequestConsensusVote() RPC: tablet_id: "c09a3044ee04496cb6c14f9ec29f806a" candidate_uuid: "40dd4801a05047b584c78e7d49f160b5" candidate_term: 1 candidate_status { last_received { term: 0 index: 0 } } ignore_live_leader: false dest_uuid: "3659569ee1a24ec29b1bc452b38dd2c3"
I20260608 12:57:16.581919 20267 raft_consensus.cc:3060] T c09a3044ee04496cb6c14f9ec29f806a P 3659569ee1a24ec29b1bc452b38dd2c3 [term 0 FOLLOWER]: Advancing to term 1
I20260608 12:57:16.581704 20390 raft_consensus.cc:359] T 786b13548507461da38883b360b33538 P 3659569ee1a24ec29b1bc452b38dd2c3 [term 0 FOLLOWER]: Replica starting. Triggering 0 pending ops. Active config: opid_index: -1 OBSOLETE_local: false peers { permanent_uuid: "3c108ce7a45d4681bc89f01971bec830" member_type: VOTER last_known_addr { host: "127.16.202.3" port: 40701 } } peers { permanent_uuid: "3659569ee1a24ec29b1bc452b38dd2c3" member_type: VOTER last_known_addr { host: "127.16.202.2" port: 44293 } } peers { permanent_uuid: "76053b4ba8af4cda9f64a903991a11a0" member_type: VOTER last_known_addr { host: "127.16.202.4" port: 37815 } }
I20260608 12:57:16.582572 20390 raft_consensus.cc:385] T 786b13548507461da38883b360b33538 P 3659569ee1a24ec29b1bc452b38dd2c3 [term 0 FOLLOWER]: Consensus starting up: Expiring failure detector timer to make a prompt election more likely
I20260608 12:57:16.582957 20390 raft_consensus.cc:740] T 786b13548507461da38883b360b33538 P 3659569ee1a24ec29b1bc452b38dd2c3 [term 0 FOLLOWER]: Becoming Follower/Learner. State: Replica: 3659569ee1a24ec29b1bc452b38dd2c3, State: Initialized, Role: FOLLOWER
I20260608 12:57:16.583716 20390 consensus_queue.cc:260] T 786b13548507461da38883b360b33538 P 3659569ee1a24ec29b1bc452b38dd2c3 [NON_LEADER]: Queue going to NON_LEADER mode. State: All replicated index: 0, Majority replicated index: 0, Committed index: 0, Last appended: 0.0, Last appended by leader: 0, Current term: 0, Majority size: -1, State: 0, Mode: NON_LEADER, active raft config: opid_index: -1 OBSOLETE_local: false peers { permanent_uuid: "3c108ce7a45d4681bc89f01971bec830" member_type: VOTER last_known_addr { host: "127.16.202.3" port: 40701 } } peers { permanent_uuid: "3659569ee1a24ec29b1bc452b38dd2c3" member_type: VOTER last_known_addr { host: "127.16.202.2" port: 44293 } } peers { permanent_uuid: "76053b4ba8af4cda9f64a903991a11a0" member_type: VOTER last_known_addr { host: "127.16.202.4" port: 37815 } }
I20260608 12:57:16.586407 20390 ts_tablet_manager.cc:1434] T 786b13548507461da38883b360b33538 P 3659569ee1a24ec29b1bc452b38dd2c3: Time spent starting tablet: real 0.015s	user 0.007s	sys 0.001s
I20260608 12:57:16.587540 20390 tablet_bootstrap.cc:492] T 4e81f77ad3c544e6b3c93e8d5b4493aa P 3659569ee1a24ec29b1bc452b38dd2c3: Bootstrap starting.
I20260608 12:57:16.592108 20267 raft_consensus.cc:2468] T c09a3044ee04496cb6c14f9ec29f806a P 3659569ee1a24ec29b1bc452b38dd2c3 [term 1 FOLLOWER]: Leader election vote request: Granting yes vote for candidate 40dd4801a05047b584c78e7d49f160b5 in term 1.
I20260608 12:57:16.593547 20160 leader_election.cc:304] T c09a3044ee04496cb6c14f9ec29f806a P 40dd4801a05047b584c78e7d49f160b5 [CANDIDATE]: Term 1 election: Election decided. Result: candidate won. Election summary: received 2 responses out of 3 voters: 2 yes votes; 0 no votes. yes voters: 3659569ee1a24ec29b1bc452b38dd2c3, 40dd4801a05047b584c78e7d49f160b5; no voters: 
I20260608 12:57:16.594730 20390 tablet_bootstrap.cc:654] T 4e81f77ad3c544e6b3c93e8d5b4493aa P 3659569ee1a24ec29b1bc452b38dd2c3: Neither blocks nor log segments found. Creating new log.
I20260608 12:57:16.594609 20436 raft_consensus.cc:2804] T c09a3044ee04496cb6c14f9ec29f806a P 40dd4801a05047b584c78e7d49f160b5 [term 1 FOLLOWER]: Leader election won for term 1
I20260608 12:57:16.595468 20436 raft_consensus.cc:697] T c09a3044ee04496cb6c14f9ec29f806a P 40dd4801a05047b584c78e7d49f160b5 [term 1 LEADER]: Becoming Leader. State: Replica: 40dd4801a05047b584c78e7d49f160b5, State: Running, Role: LEADER
I20260608 12:57:16.596868 20436 consensus_queue.cc:237] T c09a3044ee04496cb6c14f9ec29f806a P 40dd4801a05047b584c78e7d49f160b5 [LEADER]: Queue going to LEADER mode. State: All replicated index: 0, Majority replicated index: 0, Committed index: 0, Last appended: 0.0, Last appended by leader: 0, Current term: 1, Majority size: 2, State: 0, Mode: LEADER, active raft config: opid_index: -1 OBSOLETE_local: false peers { permanent_uuid: "3659569ee1a24ec29b1bc452b38dd2c3" member_type: VOTER last_known_addr { host: "127.16.202.2" port: 44293 } } peers { permanent_uuid: "40dd4801a05047b584c78e7d49f160b5" member_type: VOTER last_known_addr { host: "127.16.202.1" port: 43693 } } peers { permanent_uuid: "76053b4ba8af4cda9f64a903991a11a0" member_type: VOTER last_known_addr { host: "127.16.202.4" port: 37815 } }
I20260608 12:57:16.599668 20540 raft_consensus.cc:359] T 786b13548507461da38883b360b33538 P 3c108ce7a45d4681bc89f01971bec830 [term 0 FOLLOWER]: Replica starting. Triggering 0 pending ops. Active config: opid_index: -1 OBSOLETE_local: false peers { permanent_uuid: "3c108ce7a45d4681bc89f01971bec830" member_type: VOTER last_known_addr { host: "127.16.202.3" port: 40701 } } peers { permanent_uuid: "3659569ee1a24ec29b1bc452b38dd2c3" member_type: VOTER last_known_addr { host: "127.16.202.2" port: 44293 } } peers { permanent_uuid: "76053b4ba8af4cda9f64a903991a11a0" member_type: VOTER last_known_addr { host: "127.16.202.4" port: 37815 } }
I20260608 12:57:16.600580 20540 raft_consensus.cc:385] T 786b13548507461da38883b360b33538 P 3c108ce7a45d4681bc89f01971bec830 [term 0 FOLLOWER]: Consensus starting up: Expiring failure detector timer to make a prompt election more likely
I20260608 12:57:16.600917 20540 raft_consensus.cc:740] T 786b13548507461da38883b360b33538 P 3c108ce7a45d4681bc89f01971bec830 [term 0 FOLLOWER]: Becoming Follower/Learner. State: Replica: 3c108ce7a45d4681bc89f01971bec830, State: Initialized, Role: FOLLOWER
I20260608 12:57:16.595638 20425 leader_election.cc:290] T c09a3044ee04496cb6c14f9ec29f806a P 40dd4801a05047b584c78e7d49f160b5 [CANDIDATE]: Term 1 election: Requested vote from peers 3659569ee1a24ec29b1bc452b38dd2c3 (127.16.202.2:44293), 76053b4ba8af4cda9f64a903991a11a0 (127.16.202.4:37815)
I20260608 12:57:16.606027 20389 tablet_bootstrap.cc:654] T 3d584c326237478abca48b4c7ad76fec P 40dd4801a05047b584c78e7d49f160b5: Neither blocks nor log segments found. Creating new log.
I20260608 12:57:16.606050 20540 consensus_queue.cc:260] T 786b13548507461da38883b360b33538 P 3c108ce7a45d4681bc89f01971bec830 [NON_LEADER]: Queue going to NON_LEADER mode. State: All replicated index: 0, Majority replicated index: 0, Committed index: 0, Last appended: 0.0, Last appended by leader: 0, Current term: 0, Majority size: -1, State: 0, Mode: NON_LEADER, active raft config: opid_index: -1 OBSOLETE_local: false peers { permanent_uuid: "3c108ce7a45d4681bc89f01971bec830" member_type: VOTER last_known_addr { host: "127.16.202.3" port: 40701 } } peers { permanent_uuid: "3659569ee1a24ec29b1bc452b38dd2c3" member_type: VOTER last_known_addr { host: "127.16.202.2" port: 44293 } } peers { permanent_uuid: "76053b4ba8af4cda9f64a903991a11a0" member_type: VOTER last_known_addr { host: "127.16.202.4" port: 37815 } }
I20260608 12:57:16.614924 20389 tablet_bootstrap.cc:492] T 3d584c326237478abca48b4c7ad76fec P 40dd4801a05047b584c78e7d49f160b5: No bootstrap required, opened a new log
I20260608 12:57:16.615438 20389 ts_tablet_manager.cc:1403] T 3d584c326237478abca48b4c7ad76fec P 40dd4801a05047b584c78e7d49f160b5: Time spent bootstrapping tablet: real 0.038s	user 0.011s	sys 0.002s
I20260608 12:57:16.618342 20389 raft_consensus.cc:359] T 3d584c326237478abca48b4c7ad76fec P 40dd4801a05047b584c78e7d49f160b5 [term 0 FOLLOWER]: Replica starting. Triggering 0 pending ops. Active config: opid_index: -1 OBSOLETE_local: false peers { permanent_uuid: "76053b4ba8af4cda9f64a903991a11a0" member_type: VOTER last_known_addr { host: "127.16.202.4" port: 37815 } } peers { permanent_uuid: "3c108ce7a45d4681bc89f01971bec830" member_type: VOTER last_known_addr { host: "127.16.202.3" port: 40701 } } peers { permanent_uuid: "40dd4801a05047b584c78e7d49f160b5" member_type: VOTER last_known_addr { host: "127.16.202.1" port: 43693 } }
I20260608 12:57:16.618114 20091 catalog_manager.cc:5696] T c09a3044ee04496cb6c14f9ec29f806a P 40dd4801a05047b584c78e7d49f160b5 reported cstate change: term changed from 0 to 1, leader changed from <none> to 40dd4801a05047b584c78e7d49f160b5 (127.16.202.1). New cstate: current_term: 1 leader_uuid: "40dd4801a05047b584c78e7d49f160b5" committed_config { opid_index: -1 OBSOLETE_local: false peers { permanent_uuid: "3659569ee1a24ec29b1bc452b38dd2c3" member_type: VOTER last_known_addr { host: "127.16.202.2" port: 44293 } health_report { overall_health: UNKNOWN } } peers { permanent_uuid: "40dd4801a05047b584c78e7d49f160b5" member_type: VOTER last_known_addr { host: "127.16.202.1" port: 43693 } health_report { overall_health: HEALTHY } } peers { permanent_uuid: "76053b4ba8af4cda9f64a903991a11a0" member_type: VOTER last_known_addr { host: "127.16.202.4" port: 37815 } health_report { overall_health: UNKNOWN } } }
I20260608 12:57:16.619326 20550 tablet_bootstrap.cc:492] T 3d584c326237478abca48b4c7ad76fec P 76053b4ba8af4cda9f64a903991a11a0: No bootstrap required, opened a new log
I20260608 12:57:16.619833 20550 ts_tablet_manager.cc:1403] T 3d584c326237478abca48b4c7ad76fec P 76053b4ba8af4cda9f64a903991a11a0: Time spent bootstrapping tablet: real 0.091s	user 0.008s	sys 0.010s
I20260608 12:57:16.620066 20494 tablet_service.cc:1917] Received RequestConsensusVote() RPC: tablet_id: "c09a3044ee04496cb6c14f9ec29f806a" candidate_uuid: "40dd4801a05047b584c78e7d49f160b5" candidate_term: 1 candidate_status { last_received { term: 0 index: 0 } } ignore_live_leader: false dest_uuid: "76053b4ba8af4cda9f64a903991a11a0" is_pre_election: true
I20260608 12:57:16.620481 20493 tablet_service.cc:1917] Received RequestConsensusVote() RPC: tablet_id: "c09a3044ee04496cb6c14f9ec29f806a" candidate_uuid: "40dd4801a05047b584c78e7d49f160b5" candidate_term: 1 candidate_status { last_received { term: 0 index: 0 } } ignore_live_leader: false dest_uuid: "76053b4ba8af4cda9f64a903991a11a0"
I20260608 12:57:16.619050 20389 raft_consensus.cc:385] T 3d584c326237478abca48b4c7ad76fec P 40dd4801a05047b584c78e7d49f160b5 [term 0 FOLLOWER]: Consensus starting up: Expiring failure detector timer to make a prompt election more likely
I20260608 12:57:16.622494 20389 raft_consensus.cc:740] T 3d584c326237478abca48b4c7ad76fec P 40dd4801a05047b584c78e7d49f160b5 [term 0 FOLLOWER]: Becoming Follower/Learner. State: Replica: 40dd4801a05047b584c78e7d49f160b5, State: Initialized, Role: FOLLOWER
I20260608 12:57:16.623178 20550 raft_consensus.cc:359] T 3d584c326237478abca48b4c7ad76fec P 76053b4ba8af4cda9f64a903991a11a0 [term 0 FOLLOWER]: Replica starting. Triggering 0 pending ops. Active config: opid_index: -1 OBSOLETE_local: false peers { permanent_uuid: "76053b4ba8af4cda9f64a903991a11a0" member_type: VOTER last_known_addr { host: "127.16.202.4" port: 37815 } } peers { permanent_uuid: "3c108ce7a45d4681bc89f01971bec830" member_type: VOTER last_known_addr { host: "127.16.202.3" port: 40701 } } peers { permanent_uuid: "40dd4801a05047b584c78e7d49f160b5" member_type: VOTER last_known_addr { host: "127.16.202.1" port: 43693 } }
I20260608 12:57:16.623930 20550 raft_consensus.cc:385] T 3d584c326237478abca48b4c7ad76fec P 76053b4ba8af4cda9f64a903991a11a0 [term 0 FOLLOWER]: Consensus starting up: Expiring failure detector timer to make a prompt election more likely
I20260608 12:57:16.623466 20389 consensus_queue.cc:260] T 3d584c326237478abca48b4c7ad76fec P 40dd4801a05047b584c78e7d49f160b5 [NON_LEADER]: Queue going to NON_LEADER mode. State: All replicated index: 0, Majority replicated index: 0, Committed index: 0, Last appended: 0.0, Last appended by leader: 0, Current term: 0, Majority size: -1, State: 0, Mode: NON_LEADER, active raft config: opid_index: -1 OBSOLETE_local: false peers { permanent_uuid: "76053b4ba8af4cda9f64a903991a11a0" member_type: VOTER last_known_addr { host: "127.16.202.4" port: 37815 } } peers { permanent_uuid: "3c108ce7a45d4681bc89f01971bec830" member_type: VOTER last_known_addr { host: "127.16.202.3" port: 40701 } } peers { permanent_uuid: "40dd4801a05047b584c78e7d49f160b5" member_type: VOTER last_known_addr { host: "127.16.202.1" port: 43693 } }
I20260608 12:57:16.624244 20550 raft_consensus.cc:740] T 3d584c326237478abca48b4c7ad76fec P 76053b4ba8af4cda9f64a903991a11a0 [term 0 FOLLOWER]: Becoming Follower/Learner. State: Replica: 76053b4ba8af4cda9f64a903991a11a0, State: Initialized, Role: FOLLOWER
W20260608 12:57:16.626006 20159 leader_election.cc:343] T c09a3044ee04496cb6c14f9ec29f806a P 40dd4801a05047b584c78e7d49f160b5 [CANDIDATE]: Term 1 pre-election: Tablet error from VoteRequest() call to peer 76053b4ba8af4cda9f64a903991a11a0 (127.16.202.4:37815): Illegal state: must be running to vote when last-logged opid is not known
W20260608 12:57:16.627148 20159 leader_election.cc:343] T c09a3044ee04496cb6c14f9ec29f806a P 40dd4801a05047b584c78e7d49f160b5 [CANDIDATE]: Term 1 election: Tablet error from VoteRequest() call to peer 76053b4ba8af4cda9f64a903991a11a0 (127.16.202.4:37815): Illegal state: must be running to vote when last-logged opid is not known
I20260608 12:57:16.627069 20550 consensus_queue.cc:260] T 3d584c326237478abca48b4c7ad76fec P 76053b4ba8af4cda9f64a903991a11a0 [NON_LEADER]: Queue going to NON_LEADER mode. State: All replicated index: 0, Majority replicated index: 0, Committed index: 0, Last appended: 0.0, Last appended by leader: 0, Current term: 0, Majority size: -1, State: 0, Mode: NON_LEADER, active raft config: opid_index: -1 OBSOLETE_local: false peers { permanent_uuid: "76053b4ba8af4cda9f64a903991a11a0" member_type: VOTER last_known_addr { host: "127.16.202.4" port: 37815 } } peers { permanent_uuid: "3c108ce7a45d4681bc89f01971bec830" member_type: VOTER last_known_addr { host: "127.16.202.3" port: 40701 } } peers { permanent_uuid: "40dd4801a05047b584c78e7d49f160b5" member_type: VOTER last_known_addr { host: "127.16.202.1" port: 43693 } }
I20260608 12:57:16.629684 20540 ts_tablet_manager.cc:1434] T 786b13548507461da38883b360b33538 P 3c108ce7a45d4681bc89f01971bec830: Time spent starting tablet: real 0.087s	user 0.009s	sys 0.001s
I20260608 12:57:16.630313 20390 tablet_bootstrap.cc:492] T 4e81f77ad3c544e6b3c93e8d5b4493aa P 3659569ee1a24ec29b1bc452b38dd2c3: No bootstrap required, opened a new log
I20260608 12:57:16.628737 20389 ts_tablet_manager.cc:1434] T 3d584c326237478abca48b4c7ad76fec P 40dd4801a05047b584c78e7d49f160b5: Time spent starting tablet: real 0.013s	user 0.006s	sys 0.002s
I20260608 12:57:16.630788 20390 ts_tablet_manager.cc:1403] T 4e81f77ad3c544e6b3c93e8d5b4493aa P 3659569ee1a24ec29b1bc452b38dd2c3: Time spent bootstrapping tablet: real 0.043s	user 0.008s	sys 0.004s
I20260608 12:57:16.631361 20389 tablet_bootstrap.cc:492] T 0bcd84886ec84412a00af74eeb194e7a P 40dd4801a05047b584c78e7d49f160b5: Bootstrap starting.
I20260608 12:57:16.633054 20420 raft_consensus.cc:493] T 786b13548507461da38883b360b33538 P 3c108ce7a45d4681bc89f01971bec830 [term 0 FOLLOWER]: Starting pre-election (no leader contacted us within the election timeout)
I20260608 12:57:16.633560 20420 raft_consensus.cc:515] T 786b13548507461da38883b360b33538 P 3c108ce7a45d4681bc89f01971bec830 [term 0 FOLLOWER]: Starting pre-election with config: opid_index: -1 OBSOLETE_local: false peers { permanent_uuid: "3c108ce7a45d4681bc89f01971bec830" member_type: VOTER last_known_addr { host: "127.16.202.3" port: 40701 } } peers { permanent_uuid: "3659569ee1a24ec29b1bc452b38dd2c3" member_type: VOTER last_known_addr { host: "127.16.202.2" port: 44293 } } peers { permanent_uuid: "76053b4ba8af4cda9f64a903991a11a0" member_type: VOTER last_known_addr { host: "127.16.202.4" port: 37815 } }
I20260608 12:57:16.634747 20390 raft_consensus.cc:359] T 4e81f77ad3c544e6b3c93e8d5b4493aa P 3659569ee1a24ec29b1bc452b38dd2c3 [term 0 FOLLOWER]: Replica starting. Triggering 0 pending ops. Active config: opid_index: -1 OBSOLETE_local: false peers { permanent_uuid: "40dd4801a05047b584c78e7d49f160b5" member_type: VOTER last_known_addr { host: "127.16.202.1" port: 43693 } } peers { permanent_uuid: "76053b4ba8af4cda9f64a903991a11a0" member_type: VOTER last_known_addr { host: "127.16.202.4" port: 37815 } } peers { permanent_uuid: "3659569ee1a24ec29b1bc452b38dd2c3" member_type: VOTER last_known_addr { host: "127.16.202.2" port: 44293 } }
I20260608 12:57:16.635627 20390 raft_consensus.cc:385] T 4e81f77ad3c544e6b3c93e8d5b4493aa P 3659569ee1a24ec29b1bc452b38dd2c3 [term 0 FOLLOWER]: Consensus starting up: Expiring failure detector timer to make a prompt election more likely
I20260608 12:57:16.635978 20390 raft_consensus.cc:740] T 4e81f77ad3c544e6b3c93e8d5b4493aa P 3659569ee1a24ec29b1bc452b38dd2c3 [term 0 FOLLOWER]: Becoming Follower/Learner. State: Replica: 3659569ee1a24ec29b1bc452b38dd2c3, State: Initialized, Role: FOLLOWER
I20260608 12:57:16.636955 20390 consensus_queue.cc:260] T 4e81f77ad3c544e6b3c93e8d5b4493aa P 3659569ee1a24ec29b1bc452b38dd2c3 [NON_LEADER]: Queue going to NON_LEADER mode. State: All replicated index: 0, Majority replicated index: 0, Committed index: 0, Last appended: 0.0, Last appended by leader: 0, Current term: 0, Majority size: -1, State: 0, Mode: NON_LEADER, active raft config: opid_index: -1 OBSOLETE_local: false peers { permanent_uuid: "40dd4801a05047b584c78e7d49f160b5" member_type: VOTER last_known_addr { host: "127.16.202.1" port: 43693 } } peers { permanent_uuid: "76053b4ba8af4cda9f64a903991a11a0" member_type: VOTER last_known_addr { host: "127.16.202.4" port: 37815 } } peers { permanent_uuid: "3659569ee1a24ec29b1bc452b38dd2c3" member_type: VOTER last_known_addr { host: "127.16.202.2" port: 44293 } }
I20260608 12:57:16.638907 20389 tablet_bootstrap.cc:654] T 0bcd84886ec84412a00af74eeb194e7a P 40dd4801a05047b584c78e7d49f160b5: Neither blocks nor log segments found. Creating new log.
I20260608 12:57:16.640834 20420 leader_election.cc:290] T 786b13548507461da38883b360b33538 P 3c108ce7a45d4681bc89f01971bec830 [CANDIDATE]: Term 1 pre-election: Requested pre-vote from peers 3659569ee1a24ec29b1bc452b38dd2c3 (127.16.202.2:44293), 76053b4ba8af4cda9f64a903991a11a0 (127.16.202.4:37815)
I20260608 12:57:16.641016 20267 tablet_service.cc:1917] Received RequestConsensusVote() RPC: tablet_id: "786b13548507461da38883b360b33538" candidate_uuid: "3c108ce7a45d4681bc89f01971bec830" candidate_term: 1 candidate_status { last_received { term: 0 index: 0 } } ignore_live_leader: false dest_uuid: "3659569ee1a24ec29b1bc452b38dd2c3" is_pre_election: true
I20260608 12:57:16.641695 20267 raft_consensus.cc:2468] T 786b13548507461da38883b360b33538 P 3659569ee1a24ec29b1bc452b38dd2c3 [term 0 FOLLOWER]: Leader pre-election vote request: Granting yes vote for candidate 3c108ce7a45d4681bc89f01971bec830 in term 0.
I20260608 12:57:16.642829 20309 leader_election.cc:304] T 786b13548507461da38883b360b33538 P 3c108ce7a45d4681bc89f01971bec830 [CANDIDATE]: Term 1 pre-election: Election decided. Result: candidate won. Election summary: received 2 responses out of 3 voters: 2 yes votes; 0 no votes. yes voters: 3659569ee1a24ec29b1bc452b38dd2c3, 3c108ce7a45d4681bc89f01971bec830; no voters: 
I20260608 12:57:16.643472 20550 ts_tablet_manager.cc:1434] T 3d584c326237478abca48b4c7ad76fec P 76053b4ba8af4cda9f64a903991a11a0: Time spent starting tablet: real 0.023s	user 0.009s	sys 0.000s
I20260608 12:57:16.643882 20420 raft_consensus.cc:2804] T 786b13548507461da38883b360b33538 P 3c108ce7a45d4681bc89f01971bec830 [term 0 FOLLOWER]: Leader pre-election won for term 1
I20260608 12:57:16.644420 20420 raft_consensus.cc:493] T 786b13548507461da38883b360b33538 P 3c108ce7a45d4681bc89f01971bec830 [term 0 FOLLOWER]: Starting leader election (no leader contacted us within the election timeout)
I20260608 12:57:16.644937 20420 raft_consensus.cc:3060] T 786b13548507461da38883b360b33538 P 3c108ce7a45d4681bc89f01971bec830 [term 0 FOLLOWER]: Advancing to term 1
I20260608 12:57:16.650831 20550 tablet_bootstrap.cc:492] T 0c2474479a3d45f082931d1f60ebfc8a P 76053b4ba8af4cda9f64a903991a11a0: Bootstrap starting.
I20260608 12:57:16.654518 20520 heartbeater.cc:499] Master 127.16.202.62:38861 was elected leader, sending a full tablet report...
I20260608 12:57:16.656231 20540 tablet_bootstrap.cc:492] T 2b620f1aa2c44e748dccb363a42333cb P 3c108ce7a45d4681bc89f01971bec830: Bootstrap starting.
I20260608 12:57:16.659359 20390 ts_tablet_manager.cc:1434] T 4e81f77ad3c544e6b3c93e8d5b4493aa P 3659569ee1a24ec29b1bc452b38dd2c3: Time spent starting tablet: real 0.028s	user 0.007s	sys 0.000s
I20260608 12:57:16.661123 20390 tablet_bootstrap.cc:492] T 2b620f1aa2c44e748dccb363a42333cb P 3659569ee1a24ec29b1bc452b38dd2c3: Bootstrap starting.
I20260608 12:57:16.667177 20560 raft_consensus.cc:493] T 3d584c326237478abca48b4c7ad76fec P 76053b4ba8af4cda9f64a903991a11a0 [term 0 FOLLOWER]: Starting pre-election (no leader contacted us within the election timeout)
I20260608 12:57:16.667817 20560 raft_consensus.cc:515] T 3d584c326237478abca48b4c7ad76fec P 76053b4ba8af4cda9f64a903991a11a0 [term 0 FOLLOWER]: Starting pre-election with config: opid_index: -1 OBSOLETE_local: false peers { permanent_uuid: "76053b4ba8af4cda9f64a903991a11a0" member_type: VOTER last_known_addr { host: "127.16.202.4" port: 37815 } } peers { permanent_uuid: "3c108ce7a45d4681bc89f01971bec830" member_type: VOTER last_known_addr { host: "127.16.202.3" port: 40701 } } peers { permanent_uuid: "40dd4801a05047b584c78e7d49f160b5" member_type: VOTER last_known_addr { host: "127.16.202.1" port: 43693 } }
I20260608 12:57:16.683476 20550 tablet_bootstrap.cc:654] T 0c2474479a3d45f082931d1f60ebfc8a P 76053b4ba8af4cda9f64a903991a11a0: Neither blocks nor log segments found. Creating new log.
I20260608 12:57:16.687296 20493 tablet_service.cc:1917] Received RequestConsensusVote() RPC: tablet_id: "786b13548507461da38883b360b33538" candidate_uuid: "3c108ce7a45d4681bc89f01971bec830" candidate_term: 1 candidate_status { last_received { term: 0 index: 0 } } ignore_live_leader: false dest_uuid: "76053b4ba8af4cda9f64a903991a11a0" is_pre_election: true
I20260608 12:57:16.700290 20390 tablet_bootstrap.cc:654] T 2b620f1aa2c44e748dccb363a42333cb P 3659569ee1a24ec29b1bc452b38dd2c3: Neither blocks nor log segments found. Creating new log.
W20260608 12:57:16.707343 20308 leader_election.cc:343] T 786b13548507461da38883b360b33538 P 3c108ce7a45d4681bc89f01971bec830 [CANDIDATE]: Term 1 pre-election: Tablet error from VoteRequest() call to peer 76053b4ba8af4cda9f64a903991a11a0 (127.16.202.4:37815): Illegal state: must be running to vote when last-logged opid is not known
I20260608 12:57:16.708668 20389 tablet_bootstrap.cc:492] T 0bcd84886ec84412a00af74eeb194e7a P 40dd4801a05047b584c78e7d49f160b5: No bootstrap required, opened a new log
I20260608 12:57:16.709138 20389 ts_tablet_manager.cc:1403] T 0bcd84886ec84412a00af74eeb194e7a P 40dd4801a05047b584c78e7d49f160b5: Time spent bootstrapping tablet: real 0.078s	user 0.019s	sys 0.019s
I20260608 12:57:16.709079 20560 leader_election.cc:290] T 3d584c326237478abca48b4c7ad76fec P 76053b4ba8af4cda9f64a903991a11a0 [CANDIDATE]: Term 1 pre-election: Requested pre-vote from peers 3c108ce7a45d4681bc89f01971bec830 (127.16.202.3:40701), 40dd4801a05047b584c78e7d49f160b5 (127.16.202.1:43693)
I20260608 12:57:16.691258 20420 raft_consensus.cc:515] T 786b13548507461da38883b360b33538 P 3c108ce7a45d4681bc89f01971bec830 [term 1 FOLLOWER]: Starting leader election with config: opid_index: -1 OBSOLETE_local: false peers { permanent_uuid: "3c108ce7a45d4681bc89f01971bec830" member_type: VOTER last_known_addr { host: "127.16.202.3" port: 40701 } } peers { permanent_uuid: "3659569ee1a24ec29b1bc452b38dd2c3" member_type: VOTER last_known_addr { host: "127.16.202.2" port: 44293 } } peers { permanent_uuid: "76053b4ba8af4cda9f64a903991a11a0" member_type: VOTER last_known_addr { host: "127.16.202.4" port: 37815 } }
I20260608 12:57:16.724699 20270 tablet_service.cc:1917] Received RequestConsensusVote() RPC: tablet_id: "786b13548507461da38883b360b33538" candidate_uuid: "3c108ce7a45d4681bc89f01971bec830" candidate_term: 1 candidate_status { last_received { term: 0 index: 0 } } ignore_live_leader: false dest_uuid: "3659569ee1a24ec29b1bc452b38dd2c3"
I20260608 12:57:16.725549 20270 raft_consensus.cc:3060] T 786b13548507461da38883b360b33538 P 3659569ee1a24ec29b1bc452b38dd2c3 [term 0 FOLLOWER]: Advancing to term 1
I20260608 12:57:16.792833 20270 raft_consensus.cc:2468] T 786b13548507461da38883b360b33538 P 3659569ee1a24ec29b1bc452b38dd2c3 [term 1 FOLLOWER]: Leader election vote request: Granting yes vote for candidate 3c108ce7a45d4681bc89f01971bec830 in term 1.
I20260608 12:57:16.792945 20389 raft_consensus.cc:359] T 0bcd84886ec84412a00af74eeb194e7a P 40dd4801a05047b584c78e7d49f160b5 [term 0 FOLLOWER]: Replica starting. Triggering 0 pending ops. Active config: opid_index: -1 OBSOLETE_local: false peers { permanent_uuid: "76053b4ba8af4cda9f64a903991a11a0" member_type: VOTER last_known_addr { host: "127.16.202.4" port: 37815 } } peers { permanent_uuid: "40dd4801a05047b584c78e7d49f160b5" member_type: VOTER last_known_addr { host: "127.16.202.1" port: 43693 } } peers { permanent_uuid: "3659569ee1a24ec29b1bc452b38dd2c3" member_type: VOTER last_known_addr { host: "127.16.202.2" port: 44293 } }
I20260608 12:57:16.793515 20420 leader_election.cc:290] T 786b13548507461da38883b360b33538 P 3c108ce7a45d4681bc89f01971bec830 [CANDIDATE]: Term 1 election: Requested vote from peers 3659569ee1a24ec29b1bc452b38dd2c3 (127.16.202.2:44293), 76053b4ba8af4cda9f64a903991a11a0 (127.16.202.4:37815)
I20260608 12:57:16.793740 20389 raft_consensus.cc:385] T 0bcd84886ec84412a00af74eeb194e7a P 40dd4801a05047b584c78e7d49f160b5 [term 0 FOLLOWER]: Consensus starting up: Expiring failure detector timer to make a prompt election more likely
I20260608 12:57:16.794046 20389 raft_consensus.cc:740] T 0bcd84886ec84412a00af74eeb194e7a P 40dd4801a05047b584c78e7d49f160b5 [term 0 FOLLOWER]: Becoming Follower/Learner. State: Replica: 40dd4801a05047b584c78e7d49f160b5, State: Initialized, Role: FOLLOWER
I20260608 12:57:16.794312 20309 leader_election.cc:304] T 786b13548507461da38883b360b33538 P 3c108ce7a45d4681bc89f01971bec830 [CANDIDATE]: Term 1 election: Election decided. Result: candidate won. Election summary: received 2 responses out of 3 voters: 2 yes votes; 0 no votes. yes voters: 3659569ee1a24ec29b1bc452b38dd2c3, 3c108ce7a45d4681bc89f01971bec830; no voters: 
I20260608 12:57:16.794824 20389 consensus_queue.cc:260] T 0bcd84886ec84412a00af74eeb194e7a P 40dd4801a05047b584c78e7d49f160b5 [NON_LEADER]: Queue going to NON_LEADER mode. State: All replicated index: 0, Majority replicated index: 0, Committed index: 0, Last appended: 0.0, Last appended by leader: 0, Current term: 0, Majority size: -1, State: 0, Mode: NON_LEADER, active raft config: opid_index: -1 OBSOLETE_local: false peers { permanent_uuid: "76053b4ba8af4cda9f64a903991a11a0" member_type: VOTER last_known_addr { host: "127.16.202.4" port: 37815 } } peers { permanent_uuid: "40dd4801a05047b584c78e7d49f160b5" member_type: VOTER last_known_addr { host: "127.16.202.1" port: 43693 } } peers { permanent_uuid: "3659569ee1a24ec29b1bc452b38dd2c3" member_type: VOTER last_known_addr { host: "127.16.202.2" port: 44293 } }
I20260608 12:57:16.798035 20550 tablet_bootstrap.cc:492] T 0c2474479a3d45f082931d1f60ebfc8a P 76053b4ba8af4cda9f64a903991a11a0: No bootstrap required, opened a new log
I20260608 12:57:16.798730 20550 ts_tablet_manager.cc:1403] T 0c2474479a3d45f082931d1f60ebfc8a P 76053b4ba8af4cda9f64a903991a11a0: Time spent bootstrapping tablet: real 0.148s	user 0.044s	sys 0.017s
I20260608 12:57:16.800048 20420 raft_consensus.cc:2804] T 786b13548507461da38883b360b33538 P 3c108ce7a45d4681bc89f01971bec830 [term 1 FOLLOWER]: Leader election won for term 1
I20260608 12:57:16.802237 20420 raft_consensus.cc:697] T 786b13548507461da38883b360b33538 P 3c108ce7a45d4681bc89f01971bec830 [term 1 LEADER]: Becoming Leader. State: Replica: 3c108ce7a45d4681bc89f01971bec830, State: Running, Role: LEADER
I20260608 12:57:16.803170 20420 consensus_queue.cc:237] T 786b13548507461da38883b360b33538 P 3c108ce7a45d4681bc89f01971bec830 [LEADER]: Queue going to LEADER mode. State: All replicated index: 0, Majority replicated index: 0, Committed index: 0, Last appended: 0.0, Last appended by leader: 0, Current term: 1, Majority size: 2, State: 0, Mode: LEADER, active raft config: opid_index: -1 OBSOLETE_local: false peers { permanent_uuid: "3c108ce7a45d4681bc89f01971bec830" member_type: VOTER last_known_addr { host: "127.16.202.3" port: 40701 } } peers { permanent_uuid: "3659569ee1a24ec29b1bc452b38dd2c3" member_type: VOTER last_known_addr { host: "127.16.202.2" port: 44293 } } peers { permanent_uuid: "76053b4ba8af4cda9f64a903991a11a0" member_type: VOTER last_known_addr { host: "127.16.202.4" port: 37815 } }
I20260608 12:57:16.805722 20540 tablet_bootstrap.cc:654] T 2b620f1aa2c44e748dccb363a42333cb P 3c108ce7a45d4681bc89f01971bec830: Neither blocks nor log segments found. Creating new log.
I20260608 12:57:16.810184 20088 catalog_manager.cc:6241] T 00000000000000000000000000000000 P e4ce6f4f23214c3d8047daac60915361: range_aware_rebalance_new_range [id=b7a9820b05924ec2a07b8cba9f30cc8e] alter complete (version 0)
I20260608 12:57:16.816128 20390 tablet_bootstrap.cc:492] T 2b620f1aa2c44e748dccb363a42333cb P 3659569ee1a24ec29b1bc452b38dd2c3: No bootstrap required, opened a new log
I20260608 12:57:16.817836 20493 tablet_service.cc:1917] Received RequestConsensusVote() RPC: tablet_id: "786b13548507461da38883b360b33538" candidate_uuid: "3c108ce7a45d4681bc89f01971bec830" candidate_term: 1 candidate_status { last_received { term: 0 index: 0 } } ignore_live_leader: false dest_uuid: "76053b4ba8af4cda9f64a903991a11a0"
I20260608 12:57:16.835685 20389 ts_tablet_manager.cc:1434] T 0bcd84886ec84412a00af74eeb194e7a P 40dd4801a05047b584c78e7d49f160b5: Time spent starting tablet: real 0.126s	user 0.038s	sys 0.029s
W20260608 12:57:16.863430 20308 leader_election.cc:343] T 786b13548507461da38883b360b33538 P 3c108ce7a45d4681bc89f01971bec830 [CANDIDATE]: Term 1 election: Tablet error from VoteRequest() call to peer 76053b4ba8af4cda9f64a903991a11a0 (127.16.202.4:37815): Illegal state: must be running to vote when last-logged opid is not known
I20260608 12:57:16.840816 20089 catalog_manager.cc:5696] T 786b13548507461da38883b360b33538 P 3c108ce7a45d4681bc89f01971bec830 reported cstate change: term changed from 0 to 1, leader changed from <none> to 3c108ce7a45d4681bc89f01971bec830 (127.16.202.3). New cstate: current_term: 1 leader_uuid: "3c108ce7a45d4681bc89f01971bec830" committed_config { opid_index: -1 OBSOLETE_local: false peers { permanent_uuid: "3c108ce7a45d4681bc89f01971bec830" member_type: VOTER last_known_addr { host: "127.16.202.3" port: 40701 } health_report { overall_health: HEALTHY } } peers { permanent_uuid: "3659569ee1a24ec29b1bc452b38dd2c3" member_type: VOTER last_known_addr { host: "127.16.202.2" port: 44293 } health_report { overall_health: UNKNOWN } } peers { permanent_uuid: "76053b4ba8af4cda9f64a903991a11a0" member_type: VOTER last_known_addr { host: "127.16.202.4" port: 37815 } health_report { overall_health: UNKNOWN } } }
I20260608 12:57:16.802228 20550 raft_consensus.cc:359] T 0c2474479a3d45f082931d1f60ebfc8a P 76053b4ba8af4cda9f64a903991a11a0 [term 0 FOLLOWER]: Replica starting. Triggering 0 pending ops. Active config: opid_index: -1 OBSOLETE_local: false peers { permanent_uuid: "76053b4ba8af4cda9f64a903991a11a0" member_type: VOTER last_known_addr { host: "127.16.202.4" port: 37815 } } peers { permanent_uuid: "40dd4801a05047b584c78e7d49f160b5" member_type: VOTER last_known_addr { host: "127.16.202.1" port: 43693 } } peers { permanent_uuid: "3c108ce7a45d4681bc89f01971bec830" member_type: VOTER last_known_addr { host: "127.16.202.3" port: 40701 } }
I20260608 12:57:16.865319 20389 tablet_bootstrap.cc:492] T 0c2474479a3d45f082931d1f60ebfc8a P 40dd4801a05047b584c78e7d49f160b5: Bootstrap starting.
I20260608 12:57:16.866570 20195 tablet_service.cc:1917] Received RequestConsensusVote() RPC: tablet_id: "3d584c326237478abca48b4c7ad76fec" candidate_uuid: "76053b4ba8af4cda9f64a903991a11a0" candidate_term: 1 candidate_status { last_received { term: 0 index: 0 } } ignore_live_leader: false dest_uuid: "40dd4801a05047b584c78e7d49f160b5" is_pre_election: true
I20260608 12:57:16.866055 20550 raft_consensus.cc:385] T 0c2474479a3d45f082931d1f60ebfc8a P 76053b4ba8af4cda9f64a903991a11a0 [term 0 FOLLOWER]: Consensus starting up: Expiring failure detector timer to make a prompt election more likely
I20260608 12:57:16.867537 20195 raft_consensus.cc:2468] T 3d584c326237478abca48b4c7ad76fec P 40dd4801a05047b584c78e7d49f160b5 [term 0 FOLLOWER]: Leader pre-election vote request: Granting yes vote for candidate 76053b4ba8af4cda9f64a903991a11a0 in term 0.
I20260608 12:57:16.865353 20390 ts_tablet_manager.cc:1403] T 2b620f1aa2c44e748dccb363a42333cb P 3659569ee1a24ec29b1bc452b38dd2c3: Time spent bootstrapping tablet: real 0.205s	user 0.018s	sys 0.011s
I20260608 12:57:16.867558 20550 raft_consensus.cc:740] T 0c2474479a3d45f082931d1f60ebfc8a P 76053b4ba8af4cda9f64a903991a11a0 [term 0 FOLLOWER]: Becoming Follower/Learner. State: Replica: 76053b4ba8af4cda9f64a903991a11a0, State: Initialized, Role: FOLLOWER
I20260608 12:57:16.872599 20340 tablet_service.cc:1917] Received RequestConsensusVote() RPC: tablet_id: "3d584c326237478abca48b4c7ad76fec" candidate_uuid: "76053b4ba8af4cda9f64a903991a11a0" candidate_term: 1 candidate_status { last_received { term: 0 index: 0 } } ignore_live_leader: false dest_uuid: "3c108ce7a45d4681bc89f01971bec830" is_pre_election: true
I20260608 12:57:16.871922 20460 leader_election.cc:304] T 3d584c326237478abca48b4c7ad76fec P 76053b4ba8af4cda9f64a903991a11a0 [CANDIDATE]: Term 1 pre-election: Election decided. Result: candidate won. Election summary: received 2 responses out of 3 voters: 2 yes votes; 0 no votes. yes voters: 40dd4801a05047b584c78e7d49f160b5, 76053b4ba8af4cda9f64a903991a11a0; no voters: 
I20260608 12:57:16.874825 20396 raft_consensus.cc:493] T 4e81f77ad3c544e6b3c93e8d5b4493aa P 3659569ee1a24ec29b1bc452b38dd2c3 [term 0 FOLLOWER]: Starting pre-election (no leader contacted us within the election timeout)
I20260608 12:57:16.875197 20390 raft_consensus.cc:359] T 2b620f1aa2c44e748dccb363a42333cb P 3659569ee1a24ec29b1bc452b38dd2c3 [term 0 FOLLOWER]: Replica starting. Triggering 0 pending ops. Active config: opid_index: -1 OBSOLETE_local: false peers { permanent_uuid: "3c108ce7a45d4681bc89f01971bec830" member_type: VOTER last_known_addr { host: "127.16.202.3" port: 40701 } } peers { permanent_uuid: "76053b4ba8af4cda9f64a903991a11a0" member_type: VOTER last_known_addr { host: "127.16.202.4" port: 37815 } } peers { permanent_uuid: "3659569ee1a24ec29b1bc452b38dd2c3" member_type: VOTER last_known_addr { host: "127.16.202.2" port: 44293 } }
I20260608 12:57:16.875970 20390 raft_consensus.cc:385] T 2b620f1aa2c44e748dccb363a42333cb P 3659569ee1a24ec29b1bc452b38dd2c3 [term 0 FOLLOWER]: Consensus starting up: Expiring failure detector timer to make a prompt election more likely
I20260608 12:57:16.876571 20390 raft_consensus.cc:740] T 2b620f1aa2c44e748dccb363a42333cb P 3659569ee1a24ec29b1bc452b38dd2c3 [term 0 FOLLOWER]: Becoming Follower/Learner. State: Replica: 3659569ee1a24ec29b1bc452b38dd2c3, State: Initialized, Role: FOLLOWER
W20260608 12:57:16.875941 20457 leader_election.cc:343] T 3d584c326237478abca48b4c7ad76fec P 76053b4ba8af4cda9f64a903991a11a0 [CANDIDATE]: Term 1 pre-election: Tablet error from VoteRequest() call to peer 3c108ce7a45d4681bc89f01971bec830 (127.16.202.3:40701): Illegal state: must be running to vote when last-logged opid is not known
I20260608 12:57:16.877215 20560 raft_consensus.cc:2804] T 3d584c326237478abca48b4c7ad76fec P 76053b4ba8af4cda9f64a903991a11a0 [term 0 FOLLOWER]: Leader pre-election won for term 1
I20260608 12:57:16.876013 20396 raft_consensus.cc:515] T 4e81f77ad3c544e6b3c93e8d5b4493aa P 3659569ee1a24ec29b1bc452b38dd2c3 [term 0 FOLLOWER]: Starting pre-election with config: opid_index: -1 OBSOLETE_local: false peers { permanent_uuid: "40dd4801a05047b584c78e7d49f160b5" member_type: VOTER last_known_addr { host: "127.16.202.1" port: 43693 } } peers { permanent_uuid: "76053b4ba8af4cda9f64a903991a11a0" member_type: VOTER last_known_addr { host: "127.16.202.4" port: 37815 } } peers { permanent_uuid: "3659569ee1a24ec29b1bc452b38dd2c3" member_type: VOTER last_known_addr { host: "127.16.202.2" port: 44293 } }
I20260608 12:57:16.879135 20560 raft_consensus.cc:493] T 3d584c326237478abca48b4c7ad76fec P 76053b4ba8af4cda9f64a903991a11a0 [term 0 FOLLOWER]: Starting leader election (no leader contacted us within the election timeout)
I20260608 12:57:16.879233 20390 consensus_queue.cc:260] T 2b620f1aa2c44e748dccb363a42333cb P 3659569ee1a24ec29b1bc452b38dd2c3 [NON_LEADER]: Queue going to NON_LEADER mode. State: All replicated index: 0, Majority replicated index: 0, Committed index: 0, Last appended: 0.0, Last appended by leader: 0, Current term: 0, Majority size: -1, State: 0, Mode: NON_LEADER, active raft config: opid_index: -1 OBSOLETE_local: false peers { permanent_uuid: "3c108ce7a45d4681bc89f01971bec830" member_type: VOTER last_known_addr { host: "127.16.202.3" port: 40701 } } peers { permanent_uuid: "76053b4ba8af4cda9f64a903991a11a0" member_type: VOTER last_known_addr { host: "127.16.202.4" port: 37815 } } peers { permanent_uuid: "3659569ee1a24ec29b1bc452b38dd2c3" member_type: VOTER last_known_addr { host: "127.16.202.2" port: 44293 } }
I20260608 12:57:16.879848 20560 raft_consensus.cc:3060] T 3d584c326237478abca48b4c7ad76fec P 76053b4ba8af4cda9f64a903991a11a0 [term 0 FOLLOWER]: Advancing to term 1
I20260608 12:57:16.883455 20396 leader_election.cc:290] T 4e81f77ad3c544e6b3c93e8d5b4493aa P 3659569ee1a24ec29b1bc452b38dd2c3 [CANDIDATE]: Term 1 pre-election: Requested pre-vote from peers 40dd4801a05047b584c78e7d49f160b5 (127.16.202.1:43693), 76053b4ba8af4cda9f64a903991a11a0 (127.16.202.4:37815)
I20260608 12:57:16.871142 20550 consensus_queue.cc:260] T 0c2474479a3d45f082931d1f60ebfc8a P 76053b4ba8af4cda9f64a903991a11a0 [NON_LEADER]: Queue going to NON_LEADER mode. State: All replicated index: 0, Majority replicated index: 0, Committed index: 0, Last appended: 0.0, Last appended by leader: 0, Current term: 0, Majority size: -1, State: 0, Mode: NON_LEADER, active raft config: opid_index: -1 OBSOLETE_local: false peers { permanent_uuid: "76053b4ba8af4cda9f64a903991a11a0" member_type: VOTER last_known_addr { host: "127.16.202.4" port: 37815 } } peers { permanent_uuid: "40dd4801a05047b584c78e7d49f160b5" member_type: VOTER last_known_addr { host: "127.16.202.1" port: 43693 } } peers { permanent_uuid: "3c108ce7a45d4681bc89f01971bec830" member_type: VOTER last_known_addr { host: "127.16.202.3" port: 40701 } }
I20260608 12:57:16.890002 20195 tablet_service.cc:1917] Received RequestConsensusVote() RPC: tablet_id: "4e81f77ad3c544e6b3c93e8d5b4493aa" candidate_uuid: "3659569ee1a24ec29b1bc452b38dd2c3" candidate_term: 1 candidate_status { last_received { term: 0 index: 0 } } ignore_live_leader: false dest_uuid: "40dd4801a05047b584c78e7d49f160b5" is_pre_election: true
I20260608 12:57:16.890830 20195 raft_consensus.cc:2468] T 4e81f77ad3c544e6b3c93e8d5b4493aa P 40dd4801a05047b584c78e7d49f160b5 [term 0 FOLLOWER]: Leader pre-election vote request: Granting yes vote for candidate 3659569ee1a24ec29b1bc452b38dd2c3 in term 0.
I20260608 12:57:16.899832 20236 leader_election.cc:304] T 4e81f77ad3c544e6b3c93e8d5b4493aa P 3659569ee1a24ec29b1bc452b38dd2c3 [CANDIDATE]: Term 1 pre-election: Election decided. Result: candidate won. Election summary: received 2 responses out of 3 voters: 2 yes votes; 0 no votes. yes voters: 3659569ee1a24ec29b1bc452b38dd2c3, 40dd4801a05047b584c78e7d49f160b5; no voters: 
I20260608 12:57:16.909174 20396 raft_consensus.cc:2804] T 4e81f77ad3c544e6b3c93e8d5b4493aa P 3659569ee1a24ec29b1bc452b38dd2c3 [term 0 FOLLOWER]: Leader pre-election won for term 1
I20260608 12:57:16.909725 20396 raft_consensus.cc:493] T 4e81f77ad3c544e6b3c93e8d5b4493aa P 3659569ee1a24ec29b1bc452b38dd2c3 [term 0 FOLLOWER]: Starting leader election (no leader contacted us within the election timeout)
I20260608 12:57:16.910166 20396 raft_consensus.cc:3060] T 4e81f77ad3c544e6b3c93e8d5b4493aa P 3659569ee1a24ec29b1bc452b38dd2c3 [term 0 FOLLOWER]: Advancing to term 1
I20260608 12:57:16.895267 20550 ts_tablet_manager.cc:1434] T 0c2474479a3d45f082931d1f60ebfc8a P 76053b4ba8af4cda9f64a903991a11a0: Time spent starting tablet: real 0.096s	user 0.004s	sys 0.011s
I20260608 12:57:16.896813 20540 tablet_bootstrap.cc:492] T 2b620f1aa2c44e748dccb363a42333cb P 3c108ce7a45d4681bc89f01971bec830: No bootstrap required, opened a new log
I20260608 12:57:16.896591 20560 raft_consensus.cc:515] T 3d584c326237478abca48b4c7ad76fec P 76053b4ba8af4cda9f64a903991a11a0 [term 1 FOLLOWER]: Starting leader election with config: opid_index: -1 OBSOLETE_local: false peers { permanent_uuid: "76053b4ba8af4cda9f64a903991a11a0" member_type: VOTER last_known_addr { host: "127.16.202.4" port: 37815 } } peers { permanent_uuid: "3c108ce7a45d4681bc89f01971bec830" member_type: VOTER last_known_addr { host: "127.16.202.3" port: 40701 } } peers { permanent_uuid: "40dd4801a05047b584c78e7d49f160b5" member_type: VOTER last_known_addr { host: "127.16.202.1" port: 43693 } }
I20260608 12:57:16.914839 20389 tablet_bootstrap.cc:654] T 0c2474479a3d45f082931d1f60ebfc8a P 40dd4801a05047b584c78e7d49f160b5: Neither blocks nor log segments found. Creating new log.
I20260608 12:57:16.918614 20540 ts_tablet_manager.cc:1403] T 2b620f1aa2c44e748dccb363a42333cb P 3c108ce7a45d4681bc89f01971bec830: Time spent bootstrapping tablet: real 0.263s	user 0.025s	sys 0.015s
I20260608 12:57:16.920475 20560 leader_election.cc:290] T 3d584c326237478abca48b4c7ad76fec P 76053b4ba8af4cda9f64a903991a11a0 [CANDIDATE]: Term 1 election: Requested vote from peers 3c108ce7a45d4681bc89f01971bec830 (127.16.202.3:40701), 40dd4801a05047b584c78e7d49f160b5 (127.16.202.1:43693)
I20260608 12:57:16.921660 20195 tablet_service.cc:1917] Received RequestConsensusVote() RPC: tablet_id: "3d584c326237478abca48b4c7ad76fec" candidate_uuid: "76053b4ba8af4cda9f64a903991a11a0" candidate_term: 1 candidate_status { last_received { term: 0 index: 0 } } ignore_live_leader: false dest_uuid: "40dd4801a05047b584c78e7d49f160b5"
I20260608 12:57:16.922212 20390 ts_tablet_manager.cc:1434] T 2b620f1aa2c44e748dccb363a42333cb P 3659569ee1a24ec29b1bc452b38dd2c3: Time spent starting tablet: real 0.053s	user 0.004s	sys 0.020s
I20260608 12:57:16.924973 20195 raft_consensus.cc:3060] T 3d584c326237478abca48b4c7ad76fec P 40dd4801a05047b584c78e7d49f160b5 [term 0 FOLLOWER]: Advancing to term 1
I20260608 12:57:16.923537 20340 tablet_service.cc:1917] Received RequestConsensusVote() RPC: tablet_id: "3d584c326237478abca48b4c7ad76fec" candidate_uuid: "76053b4ba8af4cda9f64a903991a11a0" candidate_term: 1 candidate_status { last_received { term: 0 index: 0 } } ignore_live_leader: false dest_uuid: "3c108ce7a45d4681bc89f01971bec830"
