I20260608 12:57:12.042598 20031 raft_consensus.cc:359] T 93fd656a9dd4406780043c69042a7e60 P 7aa62c03d5274911bc4220954e4813ee [term 0 FOLLOWER]: Replica starting. Triggering 0 pending ops. Active config: opid_index: -1 OBSOLETE_local: false peers { permanent_uuid: "7aa62c03d5274911bc4220954e4813ee" member_type: VOTER last_known_addr { host: "127.16.202.129" port: 36591 } } peers { permanent_uuid: "f27e7b3f319d4048856de345d495edf1" member_type: VOTER last_known_addr { host: "127.16.202.130" port: 42505 } } peers { permanent_uuid: "def65b832f0d4bffae43247e2779fe21" member_type: VOTER last_known_addr { host: "127.16.202.131" port: 39013 } }
I20260608 12:57:12.043949 20031 raft_consensus.cc:385] T 93fd656a9dd4406780043c69042a7e60 P 7aa62c03d5274911bc4220954e4813ee [term 0 FOLLOWER]: Consensus starting up: Expiring failure detector timer to make a prompt election more likely
I20260608 12:57:12.044348 20031 raft_consensus.cc:740] T 93fd656a9dd4406780043c69042a7e60 P 7aa62c03d5274911bc4220954e4813ee [term 0 FOLLOWER]: Becoming Follower/Learner. State: Replica: 7aa62c03d5274911bc4220954e4813ee, State: Initialized, Role: FOLLOWER
I20260608 12:57:12.045470 20031 consensus_queue.cc:260] T 93fd656a9dd4406780043c69042a7e60 P 7aa62c03d5274911bc4220954e4813ee [NON_LEADER]: Queue going to NON_LEADER mode. State: All replicated index: 0, Majority replicated index: 0, Committed index: 0, Last appended: 0.0, Last appended by leader: 0, Current term: 0, Majority size: -1, State: 0, Mode: NON_LEADER, active raft config: opid_index: -1 OBSOLETE_local: false peers { permanent_uuid: "7aa62c03d5274911bc4220954e4813ee" member_type: VOTER last_known_addr { host: "127.16.202.129" port: 36591 } } peers { permanent_uuid: "f27e7b3f319d4048856de345d495edf1" member_type: VOTER last_known_addr { host: "127.16.202.130" port: 42505 } } peers { permanent_uuid: "def65b832f0d4bffae43247e2779fe21" member_type: VOTER last_known_addr { host: "127.16.202.131" port: 39013 } }
I20260608 12:57:12.049126 20031 ts_tablet_manager.cc:1434] T 93fd656a9dd4406780043c69042a7e60 P 7aa62c03d5274911bc4220954e4813ee: Time spent starting tablet: real 0.010s	user 0.004s	sys 0.004s
I20260608 12:57:12.038370 20028 consensus_queue.cc:260] T 8250ec618c3b4a22b0cbaba97fb75330 P f27e7b3f319d4048856de345d495edf1 [NON_LEADER]: Queue going to NON_LEADER mode. State: All replicated index: 0, Majority replicated index: 0, Committed index: 0, Last appended: 0.0, Last appended by leader: 0, Current term: 0, Majority size: -1, State: 0, Mode: NON_LEADER, active raft config: opid_index: -1 OBSOLETE_local: false peers { permanent_uuid: "7aa62c03d5274911bc4220954e4813ee" member_type: VOTER last_known_addr { host: "127.16.202.129" port: 36591 } } peers { permanent_uuid: "f27e7b3f319d4048856de345d495edf1" member_type: VOTER last_known_addr { host: "127.16.202.130" port: 42505 } } peers { permanent_uuid: "def65b832f0d4bffae43247e2779fe21" member_type: VOTER last_known_addr { host: "127.16.202.131" port: 39013 } }
I20260608 12:57:12.052309 20028 ts_tablet_manager.cc:1434] T 8250ec618c3b4a22b0cbaba97fb75330 P f27e7b3f319d4048856de345d495edf1: Time spent starting tablet: real 0.020s	user 0.007s	sys 0.002s
I20260608 12:57:12.053745 20028 tablet_bootstrap.cc:492] T 93fd656a9dd4406780043c69042a7e60 P f27e7b3f319d4048856de345d495edf1: Bootstrap starting.
I20260608 12:57:12.062023 19910 tablet_service.cc:1917] Received RequestConsensusVote() RPC: tablet_id: "8250ec618c3b4a22b0cbaba97fb75330" candidate_uuid: "def65b832f0d4bffae43247e2779fe21" candidate_term: 1 candidate_status { last_received { term: 0 index: 0 } } ignore_live_leader: false dest_uuid: "f27e7b3f319d4048856de345d495edf1" is_pre_election: true
I20260608 12:57:12.063002 19910 raft_consensus.cc:2468] T 8250ec618c3b4a22b0cbaba97fb75330 P f27e7b3f319d4048856de345d495edf1 [term 0 FOLLOWER]: Leader pre-election vote request: Granting yes vote for candidate def65b832f0d4bffae43247e2779fe21 in term 0.
I20260608 12:57:12.063271 20028 tablet_bootstrap.cc:654] T 93fd656a9dd4406780043c69042a7e60 P f27e7b3f319d4048856de345d495edf1: Neither blocks nor log segments found. Creating new log.
I20260608 12:57:12.064860 19949 leader_election.cc:304] T 8250ec618c3b4a22b0cbaba97fb75330 P def65b832f0d4bffae43247e2779fe21 [CANDIDATE]: Term 1 pre-election: Election decided. Result: candidate won. Election summary: received 2 responses out of 3 voters: 2 yes votes; 0 no votes. yes voters: def65b832f0d4bffae43247e2779fe21, f27e7b3f319d4048856de345d495edf1; no voters: 
I20260608 12:57:12.066052 20032 raft_consensus.cc:2804] T 8250ec618c3b4a22b0cbaba97fb75330 P def65b832f0d4bffae43247e2779fe21 [term 0 FOLLOWER]: Leader pre-election won for term 1
I20260608 12:57:12.066445 20032 raft_consensus.cc:493] T 8250ec618c3b4a22b0cbaba97fb75330 P def65b832f0d4bffae43247e2779fe21 [term 0 FOLLOWER]: Starting leader election (no leader contacted us within the election timeout)
I20260608 12:57:12.066826 20032 raft_consensus.cc:3060] T 8250ec618c3b4a22b0cbaba97fb75330 P def65b832f0d4bffae43247e2779fe21 [term 0 FOLLOWER]: Advancing to term 1
I20260608 12:57:12.073328 20036 raft_consensus.cc:493] T 93fd656a9dd4406780043c69042a7e60 P 7aa62c03d5274911bc4220954e4813ee [term 0 FOLLOWER]: Starting pre-election (no leader contacted us within the election timeout)
I20260608 12:57:12.074018 20036 raft_consensus.cc:515] T 93fd656a9dd4406780043c69042a7e60 P 7aa62c03d5274911bc4220954e4813ee [term 0 FOLLOWER]: Starting pre-election with config: opid_index: -1 OBSOLETE_local: false peers { permanent_uuid: "7aa62c03d5274911bc4220954e4813ee" member_type: VOTER last_known_addr { host: "127.16.202.129" port: 36591 } } peers { permanent_uuid: "f27e7b3f319d4048856de345d495edf1" member_type: VOTER last_known_addr { host: "127.16.202.130" port: 42505 } } peers { permanent_uuid: "def65b832f0d4bffae43247e2779fe21" member_type: VOTER last_known_addr { host: "127.16.202.131" port: 39013 } }
I20260608 12:57:12.076756 20029 tablet_bootstrap.cc:492] T 46db741b0d4e439c88766be7f9948923 P def65b832f0d4bffae43247e2779fe21: No bootstrap required, opened a new log
I20260608 12:57:12.077298 19835 tablet_service.cc:1917] Received RequestConsensusVote() RPC: tablet_id: "8250ec618c3b4a22b0cbaba97fb75330" candidate_uuid: "def65b832f0d4bffae43247e2779fe21" candidate_term: 1 candidate_status { last_received { term: 0 index: 0 } } ignore_live_leader: false dest_uuid: "7aa62c03d5274911bc4220954e4813ee" is_pre_election: true
I20260608 12:57:12.078064 20029 ts_tablet_manager.cc:1403] T 46db741b0d4e439c88766be7f9948923 P def65b832f0d4bffae43247e2779fe21: Time spent bootstrapping tablet: real 0.058s	user 0.024s	sys 0.021s
I20260608 12:57:12.078313 19835 raft_consensus.cc:2468] T 8250ec618c3b4a22b0cbaba97fb75330 P 7aa62c03d5274911bc4220954e4813ee [term 0 FOLLOWER]: Leader pre-election vote request: Granting yes vote for candidate def65b832f0d4bffae43247e2779fe21 in term 0.
I20260608 12:57:12.080107 20042 raft_consensus.cc:493] T 93fd656a9dd4406780043c69042a7e60 P def65b832f0d4bffae43247e2779fe21 [term 0 FOLLOWER]: Starting pre-election (no leader contacted us within the election timeout)
I20260608 12:57:12.081002 20042 raft_consensus.cc:515] T 93fd656a9dd4406780043c69042a7e60 P def65b832f0d4bffae43247e2779fe21 [term 0 FOLLOWER]: Starting pre-election with config: opid_index: -1 OBSOLETE_local: false peers { permanent_uuid: "7aa62c03d5274911bc4220954e4813ee" member_type: VOTER last_known_addr { host: "127.16.202.129" port: 36591 } } peers { permanent_uuid: "f27e7b3f319d4048856de345d495edf1" member_type: VOTER last_known_addr { host: "127.16.202.130" port: 42505 } } peers { permanent_uuid: "def65b832f0d4bffae43247e2779fe21" member_type: VOTER last_known_addr { host: "127.16.202.131" port: 39013 } }
I20260608 12:57:12.084350 20032 raft_consensus.cc:515] T 8250ec618c3b4a22b0cbaba97fb75330 P def65b832f0d4bffae43247e2779fe21 [term 1 FOLLOWER]: Starting leader election with config: opid_index: -1 OBSOLETE_local: false peers { permanent_uuid: "7aa62c03d5274911bc4220954e4813ee" member_type: VOTER last_known_addr { host: "127.16.202.129" port: 36591 } } peers { permanent_uuid: "f27e7b3f319d4048856de345d495edf1" member_type: VOTER last_known_addr { host: "127.16.202.130" port: 42505 } } peers { permanent_uuid: "def65b832f0d4bffae43247e2779fe21" member_type: VOTER last_known_addr { host: "127.16.202.131" port: 39013 } }
I20260608 12:57:12.086999 20032 leader_election.cc:290] T 8250ec618c3b4a22b0cbaba97fb75330 P def65b832f0d4bffae43247e2779fe21 [CANDIDATE]: Term 1 election: Requested vote from peers 7aa62c03d5274911bc4220954e4813ee (127.16.202.129:36591), f27e7b3f319d4048856de345d495edf1 (127.16.202.130:42505)
I20260608 12:57:12.087508 19910 tablet_service.cc:1917] Received RequestConsensusVote() RPC: tablet_id: "93fd656a9dd4406780043c69042a7e60" candidate_uuid: "def65b832f0d4bffae43247e2779fe21" candidate_term: 1 candidate_status { last_received { term: 0 index: 0 } } ignore_live_leader: false dest_uuid: "f27e7b3f319d4048856de345d495edf1" is_pre_election: true
I20260608 12:57:12.088085 20036 leader_election.cc:290] T 93fd656a9dd4406780043c69042a7e60 P 7aa62c03d5274911bc4220954e4813ee [CANDIDATE]: Term 1 pre-election: Requested pre-vote from peers f27e7b3f319d4048856de345d495edf1 (127.16.202.130:42505), def65b832f0d4bffae43247e2779fe21 (127.16.202.131:39013)
W20260608 12:57:12.090536 19949 leader_election.cc:343] T 93fd656a9dd4406780043c69042a7e60 P def65b832f0d4bffae43247e2779fe21 [CANDIDATE]: Term 1 pre-election: Tablet error from VoteRequest() call to peer f27e7b3f319d4048856de345d495edf1 (127.16.202.130:42505): Illegal state: must be running to vote when last-logged opid is not known
I20260608 12:57:12.084682 20042 leader_election.cc:290] T 93fd656a9dd4406780043c69042a7e60 P def65b832f0d4bffae43247e2779fe21 [CANDIDATE]: Term 1 pre-election: Requested pre-vote from peers 7aa62c03d5274911bc4220954e4813ee (127.16.202.129:36591), f27e7b3f319d4048856de345d495edf1 (127.16.202.130:42505)
I20260608 12:57:12.091337 19910 tablet_service.cc:1917] Received RequestConsensusVote() RPC: tablet_id: "8250ec618c3b4a22b0cbaba97fb75330" candidate_uuid: "def65b832f0d4bffae43247e2779fe21" candidate_term: 1 candidate_status { last_received { term: 0 index: 0 } } ignore_live_leader: false dest_uuid: "f27e7b3f319d4048856de345d495edf1"
I20260608 12:57:12.092540 19910 raft_consensus.cc:3060] T 8250ec618c3b4a22b0cbaba97fb75330 P f27e7b3f319d4048856de345d495edf1 [term 0 FOLLOWER]: Advancing to term 1
I20260608 12:57:12.093618 20028 tablet_bootstrap.cc:492] T 93fd656a9dd4406780043c69042a7e60 P f27e7b3f319d4048856de345d495edf1: No bootstrap required, opened a new log
I20260608 12:57:12.094475 20028 ts_tablet_manager.cc:1403] T 93fd656a9dd4406780043c69042a7e60 P f27e7b3f319d4048856de345d495edf1: Time spent bootstrapping tablet: real 0.041s	user 0.028s	sys 0.008s
I20260608 12:57:12.098019 20029 raft_consensus.cc:359] T 46db741b0d4e439c88766be7f9948923 P def65b832f0d4bffae43247e2779fe21 [term 0 FOLLOWER]: Replica starting. Triggering 0 pending ops. Active config: opid_index: -1 OBSOLETE_local: false peers { permanent_uuid: "7aa62c03d5274911bc4220954e4813ee" member_type: VOTER last_known_addr { host: "127.16.202.129" port: 36591 } } peers { permanent_uuid: "f27e7b3f319d4048856de345d495edf1" member_type: VOTER last_known_addr { host: "127.16.202.130" port: 42505 } } peers { permanent_uuid: "def65b832f0d4bffae43247e2779fe21" member_type: VOTER last_known_addr { host: "127.16.202.131" port: 39013 } }
I20260608 12:57:12.098923 20029 raft_consensus.cc:385] T 46db741b0d4e439c88766be7f9948923 P def65b832f0d4bffae43247e2779fe21 [term 0 FOLLOWER]: Consensus starting up: Expiring failure detector timer to make a prompt election more likely
I20260608 12:57:12.099303 20029 raft_consensus.cc:740] T 46db741b0d4e439c88766be7f9948923 P def65b832f0d4bffae43247e2779fe21 [term 0 FOLLOWER]: Becoming Follower/Learner. State: Replica: def65b832f0d4bffae43247e2779fe21, State: Initialized, Role: FOLLOWER
I20260608 12:57:12.099390 19910 raft_consensus.cc:2468] T 8250ec618c3b4a22b0cbaba97fb75330 P f27e7b3f319d4048856de345d495edf1 [term 1 FOLLOWER]: Leader election vote request: Granting yes vote for candidate def65b832f0d4bffae43247e2779fe21 in term 1.
I20260608 12:57:12.099239 20028 raft_consensus.cc:359] T 93fd656a9dd4406780043c69042a7e60 P f27e7b3f319d4048856de345d495edf1 [term 0 FOLLOWER]: Replica starting. Triggering 0 pending ops. Active config: opid_index: -1 OBSOLETE_local: false peers { permanent_uuid: "7aa62c03d5274911bc4220954e4813ee" member_type: VOTER last_known_addr { host: "127.16.202.129" port: 36591 } } peers { permanent_uuid: "f27e7b3f319d4048856de345d495edf1" member_type: VOTER last_known_addr { host: "127.16.202.130" port: 42505 } } peers { permanent_uuid: "def65b832f0d4bffae43247e2779fe21" member_type: VOTER last_known_addr { host: "127.16.202.131" port: 39013 } }
I20260608 12:57:12.100587 20028 raft_consensus.cc:385] T 93fd656a9dd4406780043c69042a7e60 P f27e7b3f319d4048856de345d495edf1 [term 0 FOLLOWER]: Consensus starting up: Expiring failure detector timer to make a prompt election more likely
I20260608 12:57:12.100950 20029 consensus_queue.cc:260] T 46db741b0d4e439c88766be7f9948923 P def65b832f0d4bffae43247e2779fe21 [NON_LEADER]: Queue going to NON_LEADER mode. State: All replicated index: 0, Majority replicated index: 0, Committed index: 0, Last appended: 0.0, Last appended by leader: 0, Current term: 0, Majority size: -1, State: 0, Mode: NON_LEADER, active raft config: opid_index: -1 OBSOLETE_local: false peers { permanent_uuid: "7aa62c03d5274911bc4220954e4813ee" member_type: VOTER last_known_addr { host: "127.16.202.129" port: 36591 } } peers { permanent_uuid: "f27e7b3f319d4048856de345d495edf1" member_type: VOTER last_known_addr { host: "127.16.202.130" port: 42505 } } peers { permanent_uuid: "def65b832f0d4bffae43247e2779fe21" member_type: VOTER last_known_addr { host: "127.16.202.131" port: 39013 } }
I20260608 12:57:12.103919 20029 ts_tablet_manager.cc:1434] T 46db741b0d4e439c88766be7f9948923 P def65b832f0d4bffae43247e2779fe21: Time spent starting tablet: real 0.025s	user 0.005s	sys 0.004s
I20260608 12:57:12.100972 20028 raft_consensus.cc:740] T 93fd656a9dd4406780043c69042a7e60 P f27e7b3f319d4048856de345d495edf1 [term 0 FOLLOWER]: Becoming Follower/Learner. State: Replica: f27e7b3f319d4048856de345d495edf1, State: Initialized, Role: FOLLOWER
I20260608 12:57:12.105381 20028 consensus_queue.cc:260] T 93fd656a9dd4406780043c69042a7e60 P f27e7b3f319d4048856de345d495edf1 [NON_LEADER]: Queue going to NON_LEADER mode. State: All replicated index: 0, Majority replicated index: 0, Committed index: 0, Last appended: 0.0, Last appended by leader: 0, Current term: 0, Majority size: -1, State: 0, Mode: NON_LEADER, active raft config: opid_index: -1 OBSOLETE_local: false peers { permanent_uuid: "7aa62c03d5274911bc4220954e4813ee" member_type: VOTER last_known_addr { host: "127.16.202.129" port: 36591 } } peers { permanent_uuid: "f27e7b3f319d4048856de345d495edf1" member_type: VOTER last_known_addr { host: "127.16.202.130" port: 42505 } } peers { permanent_uuid: "def65b832f0d4bffae43247e2779fe21" member_type: VOTER last_known_addr { host: "127.16.202.131" port: 39013 } }
I20260608 12:57:12.106158 19949 leader_election.cc:304] T 8250ec618c3b4a22b0cbaba97fb75330 P def65b832f0d4bffae43247e2779fe21 [CANDIDATE]: Term 1 election: Election decided. Result: candidate won. Election summary: received 2 responses out of 3 voters: 2 yes votes; 0 no votes. yes voters: def65b832f0d4bffae43247e2779fe21, f27e7b3f319d4048856de345d495edf1; no voters: 
I20260608 12:57:12.107087 20042 raft_consensus.cc:2804] T 8250ec618c3b4a22b0cbaba97fb75330 P def65b832f0d4bffae43247e2779fe21 [term 1 FOLLOWER]: Leader election won for term 1
I20260608 12:57:12.107601 20042 raft_consensus.cc:697] T 8250ec618c3b4a22b0cbaba97fb75330 P def65b832f0d4bffae43247e2779fe21 [term 1 LEADER]: Becoming Leader. State: Replica: def65b832f0d4bffae43247e2779fe21, State: Running, Role: LEADER
I20260608 12:57:12.108048 20028 ts_tablet_manager.cc:1434] T 93fd656a9dd4406780043c69042a7e60 P f27e7b3f319d4048856de345d495edf1: Time spent starting tablet: real 0.013s	user 0.010s	sys 0.003s
I20260608 12:57:12.108510 20042 consensus_queue.cc:237] T 8250ec618c3b4a22b0cbaba97fb75330 P def65b832f0d4bffae43247e2779fe21 [LEADER]: Queue going to LEADER mode. State: All replicated index: 0, Majority replicated index: 0, Committed index: 0, Last appended: 0.0, Last appended by leader: 0, Current term: 1, Majority size: 2, State: 0, Mode: LEADER, active raft config: opid_index: -1 OBSOLETE_local: false peers { permanent_uuid: "7aa62c03d5274911bc4220954e4813ee" member_type: VOTER last_known_addr { host: "127.16.202.129" port: 36591 } } peers { permanent_uuid: "f27e7b3f319d4048856de345d495edf1" member_type: VOTER last_known_addr { host: "127.16.202.130" port: 42505 } } peers { permanent_uuid: "def65b832f0d4bffae43247e2779fe21" member_type: VOTER last_known_addr { host: "127.16.202.131" port: 39013 } }
I20260608 12:57:12.117112 19835 tablet_service.cc:1917] Received RequestConsensusVote() RPC: tablet_id: "93fd656a9dd4406780043c69042a7e60" candidate_uuid: "def65b832f0d4bffae43247e2779fe21" candidate_term: 1 candidate_status { last_received { term: 0 index: 0 } } ignore_live_leader: false dest_uuid: "7aa62c03d5274911bc4220954e4813ee" is_pre_election: true
I20260608 12:57:12.118021 19835 raft_consensus.cc:2468] T 93fd656a9dd4406780043c69042a7e60 P 7aa62c03d5274911bc4220954e4813ee [term 0 FOLLOWER]: Leader pre-election vote request: Granting yes vote for candidate def65b832f0d4bffae43247e2779fe21 in term 0.
I20260608 12:57:12.118366 19910 tablet_service.cc:1917] Received RequestConsensusVote() RPC: tablet_id: "93fd656a9dd4406780043c69042a7e60" candidate_uuid: "7aa62c03d5274911bc4220954e4813ee" candidate_term: 1 candidate_status { last_received { term: 0 index: 0 } } ignore_live_leader: false dest_uuid: "f27e7b3f319d4048856de345d495edf1" is_pre_election: true
I20260608 12:57:12.119454 19910 raft_consensus.cc:2468] T 93fd656a9dd4406780043c69042a7e60 P f27e7b3f319d4048856de345d495edf1 [term 0 FOLLOWER]: Leader pre-election vote request: Granting yes vote for candidate 7aa62c03d5274911bc4220954e4813ee in term 0.
I20260608 12:57:12.119531 19834 tablet_service.cc:1917] Received RequestConsensusVote() RPC: tablet_id: "8250ec618c3b4a22b0cbaba97fb75330" candidate_uuid: "def65b832f0d4bffae43247e2779fe21" candidate_term: 1 candidate_status { last_received { term: 0 index: 0 } } ignore_live_leader: false dest_uuid: "7aa62c03d5274911bc4220954e4813ee"
I20260608 12:57:12.120157 19949 leader_election.cc:304] T 93fd656a9dd4406780043c69042a7e60 P def65b832f0d4bffae43247e2779fe21 [CANDIDATE]: Term 1 pre-election: Election decided. Result: candidate won. Election summary: received 3 responses out of 3 voters: 2 yes votes; 1 no votes. yes voters: 7aa62c03d5274911bc4220954e4813ee, def65b832f0d4bffae43247e2779fe21; no voters: f27e7b3f319d4048856de345d495edf1
I20260608 12:57:12.120510 20032 raft_consensus.cc:493] T 46db741b0d4e439c88766be7f9948923 P def65b832f0d4bffae43247e2779fe21 [term 0 FOLLOWER]: Starting pre-election (no leader contacted us within the election timeout)
I20260608 12:57:12.120319 19834 raft_consensus.cc:3060] T 8250ec618c3b4a22b0cbaba97fb75330 P 7aa62c03d5274911bc4220954e4813ee [term 0 FOLLOWER]: Advancing to term 1
I20260608 12:57:12.121085 20032 raft_consensus.cc:515] T 46db741b0d4e439c88766be7f9948923 P def65b832f0d4bffae43247e2779fe21 [term 0 FOLLOWER]: Starting pre-election with config: opid_index: -1 OBSOLETE_local: false peers { permanent_uuid: "7aa62c03d5274911bc4220954e4813ee" member_type: VOTER last_known_addr { host: "127.16.202.129" port: 36591 } } peers { permanent_uuid: "f27e7b3f319d4048856de345d495edf1" member_type: VOTER last_known_addr { host: "127.16.202.130" port: 42505 } } peers { permanent_uuid: "def65b832f0d4bffae43247e2779fe21" member_type: VOTER last_known_addr { host: "127.16.202.131" port: 39013 } }
I20260608 12:57:12.123505 20032 leader_election.cc:290] T 46db741b0d4e439c88766be7f9948923 P def65b832f0d4bffae43247e2779fe21 [CANDIDATE]: Term 1 pre-election: Requested pre-vote from peers 7aa62c03d5274911bc4220954e4813ee (127.16.202.129:36591), f27e7b3f319d4048856de345d495edf1 (127.16.202.130:42505)
I20260608 12:57:12.124037 20032 raft_consensus.cc:2804] T 93fd656a9dd4406780043c69042a7e60 P def65b832f0d4bffae43247e2779fe21 [term 0 FOLLOWER]: Leader pre-election won for term 1
I20260608 12:57:12.124387 20032 raft_consensus.cc:493] T 93fd656a9dd4406780043c69042a7e60 P def65b832f0d4bffae43247e2779fe21 [term 0 FOLLOWER]: Starting leader election (no leader contacted us within the election timeout)
I20260608 12:57:12.124711 20032 raft_consensus.cc:3060] T 93fd656a9dd4406780043c69042a7e60 P def65b832f0d4bffae43247e2779fe21 [term 0 FOLLOWER]: Advancing to term 1
I20260608 12:57:12.129298 19834 raft_consensus.cc:2468] T 8250ec618c3b4a22b0cbaba97fb75330 P 7aa62c03d5274911bc4220954e4813ee [term 1 FOLLOWER]: Leader election vote request: Granting yes vote for candidate def65b832f0d4bffae43247e2779fe21 in term 1.
I20260608 12:57:12.131882 19800 leader_election.cc:304] T 93fd656a9dd4406780043c69042a7e60 P 7aa62c03d5274911bc4220954e4813ee [CANDIDATE]: Term 1 pre-election: Election decided. Result: candidate won. Election summary: received 2 responses out of 3 voters: 2 yes votes; 0 no votes. yes voters: 7aa62c03d5274911bc4220954e4813ee, f27e7b3f319d4048856de345d495edf1; no voters: 
I20260608 12:57:12.132103 20035 raft_consensus.cc:493] T a625e404f51b4c5faaac19875217b31a P f27e7b3f319d4048856de345d495edf1 [term 0 FOLLOWER]: Starting pre-election (no leader contacted us within the election timeout)
I20260608 12:57:12.132548 20032 raft_consensus.cc:515] T 93fd656a9dd4406780043c69042a7e60 P def65b832f0d4bffae43247e2779fe21 [term 1 FOLLOWER]: Starting leader election with config: opid_index: -1 OBSOLETE_local: false peers { permanent_uuid: "7aa62c03d5274911bc4220954e4813ee" member_type: VOTER last_known_addr { host: "127.16.202.129" port: 36591 } } peers { permanent_uuid: "f27e7b3f319d4048856de345d495edf1" member_type: VOTER last_known_addr { host: "127.16.202.130" port: 42505 } } peers { permanent_uuid: "def65b832f0d4bffae43247e2779fe21" member_type: VOTER last_known_addr { host: "127.16.202.131" port: 39013 } }
I20260608 12:57:12.133051 19910 tablet_service.cc:1917] Received RequestConsensusVote() RPC: tablet_id: "46db741b0d4e439c88766be7f9948923" candidate_uuid: "def65b832f0d4bffae43247e2779fe21" candidate_term: 1 candidate_status { last_received { term: 0 index: 0 } } ignore_live_leader: false dest_uuid: "f27e7b3f319d4048856de345d495edf1" is_pre_election: true
I20260608 12:57:12.132848 20035 raft_consensus.cc:515] T a625e404f51b4c5faaac19875217b31a P f27e7b3f319d4048856de345d495edf1 [term 0 FOLLOWER]: Starting pre-election with config: opid_index: -1 OBSOLETE_local: false peers { permanent_uuid: "f27e7b3f319d4048856de345d495edf1" member_type: VOTER last_known_addr { host: "127.16.202.130" port: 42505 } } peers { permanent_uuid: "def65b832f0d4bffae43247e2779fe21" member_type: VOTER last_known_addr { host: "127.16.202.131" port: 39013 } } peers { permanent_uuid: "7aa62c03d5274911bc4220954e4813ee" member_type: VOTER last_known_addr { host: "127.16.202.129" port: 36591 } }
I20260608 12:57:12.133723 19910 raft_consensus.cc:2468] T 46db741b0d4e439c88766be7f9948923 P f27e7b3f319d4048856de345d495edf1 [term 0 FOLLOWER]: Leader pre-election vote request: Granting yes vote for candidate def65b832f0d4bffae43247e2779fe21 in term 0.
I20260608 12:57:12.135057 20032 leader_election.cc:290] T 93fd656a9dd4406780043c69042a7e60 P def65b832f0d4bffae43247e2779fe21 [CANDIDATE]: Term 1 election: Requested vote from peers 7aa62c03d5274911bc4220954e4813ee (127.16.202.129:36591), f27e7b3f319d4048856de345d495edf1 (127.16.202.130:42505)
I20260608 12:57:12.135387 19949 leader_election.cc:304] T 46db741b0d4e439c88766be7f9948923 P def65b832f0d4bffae43247e2779fe21 [CANDIDATE]: Term 1 pre-election: Election decided. Result: candidate won. Election summary: received 2 responses out of 3 voters: 2 yes votes; 0 no votes. yes voters: def65b832f0d4bffae43247e2779fe21, f27e7b3f319d4048856de345d495edf1; no voters: 
I20260608 12:57:12.136390 20036 raft_consensus.cc:2804] T 93fd656a9dd4406780043c69042a7e60 P 7aa62c03d5274911bc4220954e4813ee [term 0 FOLLOWER]: Leader pre-election won for term 1
I20260608 12:57:12.137002 20036 raft_consensus.cc:493] T 93fd656a9dd4406780043c69042a7e60 P 7aa62c03d5274911bc4220954e4813ee [term 0 FOLLOWER]: Starting leader election (no leader contacted us within the election timeout)
I20260608 12:57:12.137392 20036 raft_consensus.cc:3060] T 93fd656a9dd4406780043c69042a7e60 P 7aa62c03d5274911bc4220954e4813ee [term 0 FOLLOWER]: Advancing to term 1
I20260608 12:57:12.137791 19834 tablet_service.cc:1917] Received RequestConsensusVote() RPC: tablet_id: "46db741b0d4e439c88766be7f9948923" candidate_uuid: "def65b832f0d4bffae43247e2779fe21" candidate_term: 1 candidate_status { last_received { term: 0 index: 0 } } ignore_live_leader: false dest_uuid: "7aa62c03d5274911bc4220954e4813ee" is_pre_election: true
I20260608 12:57:12.138533 19834 raft_consensus.cc:2468] T 46db741b0d4e439c88766be7f9948923 P 7aa62c03d5274911bc4220954e4813ee [term 0 FOLLOWER]: Leader pre-election vote request: Granting yes vote for candidate def65b832f0d4bffae43247e2779fe21 in term 0.
I20260608 12:57:12.138964 19835 tablet_service.cc:1917] Received RequestConsensusVote() RPC: tablet_id: "93fd656a9dd4406780043c69042a7e60" candidate_uuid: "def65b832f0d4bffae43247e2779fe21" candidate_term: 1 candidate_status { last_received { term: 0 index: 0 } } ignore_live_leader: false dest_uuid: "7aa62c03d5274911bc4220954e4813ee"
I20260608 12:57:12.140813 19732 catalog_manager.cc:5696] T 8250ec618c3b4a22b0cbaba97fb75330 P def65b832f0d4bffae43247e2779fe21 reported cstate change: term changed from 0 to 1, leader changed from <none> to def65b832f0d4bffae43247e2779fe21 (127.16.202.131). New cstate: current_term: 1 leader_uuid: "def65b832f0d4bffae43247e2779fe21" committed_config { opid_index: -1 OBSOLETE_local: false peers { permanent_uuid: "7aa62c03d5274911bc4220954e4813ee" member_type: VOTER last_known_addr { host: "127.16.202.129" port: 36591 } health_report { overall_health: UNKNOWN } } peers { permanent_uuid: "f27e7b3f319d4048856de345d495edf1" member_type: VOTER last_known_addr { host: "127.16.202.130" port: 42505 } health_report { overall_health: UNKNOWN } } peers { permanent_uuid: "def65b832f0d4bffae43247e2779fe21" member_type: VOTER last_known_addr { host: "127.16.202.131" port: 39013 } health_report { overall_health: HEALTHY } } }
I20260608 12:57:12.141991 20035 leader_election.cc:290] T a625e404f51b4c5faaac19875217b31a P f27e7b3f319d4048856de345d495edf1 [CANDIDATE]: Term 1 pre-election: Requested pre-vote from peers def65b832f0d4bffae43247e2779fe21 (127.16.202.131:39013), 7aa62c03d5274911bc4220954e4813ee (127.16.202.129:36591)
I20260608 12:57:12.142537 20032 raft_consensus.cc:2804] T 46db741b0d4e439c88766be7f9948923 P def65b832f0d4bffae43247e2779fe21 [term 0 FOLLOWER]: Leader pre-election won for term 1
I20260608 12:57:12.143016 20032 raft_consensus.cc:493] T 46db741b0d4e439c88766be7f9948923 P def65b832f0d4bffae43247e2779fe21 [term 0 FOLLOWER]: Starting leader election (no leader contacted us within the election timeout)
I20260608 12:57:12.143069 19910 tablet_service.cc:1917] Received RequestConsensusVote() RPC: tablet_id: "93fd656a9dd4406780043c69042a7e60" candidate_uuid: "def65b832f0d4bffae43247e2779fe21" candidate_term: 1 candidate_status { last_received { term: 0 index: 0 } } ignore_live_leader: false dest_uuid: "f27e7b3f319d4048856de345d495edf1"
I20260608 12:57:12.143659 20032 raft_consensus.cc:3060] T 46db741b0d4e439c88766be7f9948923 P def65b832f0d4bffae43247e2779fe21 [term 0 FOLLOWER]: Advancing to term 1
I20260608 12:57:12.143776 19910 raft_consensus.cc:3060] T 93fd656a9dd4406780043c69042a7e60 P f27e7b3f319d4048856de345d495edf1 [term 0 FOLLOWER]: Advancing to term 1
I20260608 12:57:12.148170 20036 raft_consensus.cc:515] T 93fd656a9dd4406780043c69042a7e60 P 7aa62c03d5274911bc4220954e4813ee [term 1 FOLLOWER]: Starting leader election with config: opid_index: -1 OBSOLETE_local: false peers { permanent_uuid: "7aa62c03d5274911bc4220954e4813ee" member_type: VOTER last_known_addr { host: "127.16.202.129" port: 36591 } } peers { permanent_uuid: "f27e7b3f319d4048856de345d495edf1" member_type: VOTER last_known_addr { host: "127.16.202.130" port: 42505 } } peers { permanent_uuid: "def65b832f0d4bffae43247e2779fe21" member_type: VOTER last_known_addr { host: "127.16.202.131" port: 39013 } }
I20260608 12:57:12.149550 19835 raft_consensus.cc:2393] T 93fd656a9dd4406780043c69042a7e60 P 7aa62c03d5274911bc4220954e4813ee [term 1 FOLLOWER]: Leader election vote request: Denying vote to candidate def65b832f0d4bffae43247e2779fe21 in current term 1: Already voted for candidate 7aa62c03d5274911bc4220954e4813ee in this term.
I20260608 12:57:12.150736 19984 tablet_service.cc:1917] Received RequestConsensusVote() RPC: tablet_id: "93fd656a9dd4406780043c69042a7e60" candidate_uuid: "7aa62c03d5274911bc4220954e4813ee" candidate_term: 1 candidate_status { last_received { term: 0 index: 0 } } ignore_live_leader: false dest_uuid: "def65b832f0d4bffae43247e2779fe21" is_pre_election: true
I20260608 12:57:12.151690 19984 raft_consensus.cc:2393] T 93fd656a9dd4406780043c69042a7e60 P def65b832f0d4bffae43247e2779fe21 [term 1 FOLLOWER]: Leader pre-election vote request: Denying vote to candidate 7aa62c03d5274911bc4220954e4813ee in current term 1: Already voted for candidate def65b832f0d4bffae43247e2779fe21 in this term.
I20260608 12:57:12.155508 20032 raft_consensus.cc:515] T 46db741b0d4e439c88766be7f9948923 P def65b832f0d4bffae43247e2779fe21 [term 1 FOLLOWER]: Starting leader election with config: opid_index: -1 OBSOLETE_local: false peers { permanent_uuid: "7aa62c03d5274911bc4220954e4813ee" member_type: VOTER last_known_addr { host: "127.16.202.129" port: 36591 } } peers { permanent_uuid: "f27e7b3f319d4048856de345d495edf1" member_type: VOTER last_known_addr { host: "127.16.202.130" port: 42505 } } peers { permanent_uuid: "def65b832f0d4bffae43247e2779fe21" member_type: VOTER last_known_addr { host: "127.16.202.131" port: 39013 } }
I20260608 12:57:12.158628 19834 tablet_service.cc:1917] Received RequestConsensusVote() RPC: tablet_id: "46db741b0d4e439c88766be7f9948923" candidate_uuid: "def65b832f0d4bffae43247e2779fe21" candidate_term: 1 candidate_status { last_received { term: 0 index: 0 } } ignore_live_leader: false dest_uuid: "7aa62c03d5274911bc4220954e4813ee"
I20260608 12:57:12.159204 19834 raft_consensus.cc:3060] T 46db741b0d4e439c88766be7f9948923 P 7aa62c03d5274911bc4220954e4813ee [term 0 FOLLOWER]: Advancing to term 1
I20260608 12:57:12.166441 19834 raft_consensus.cc:2468] T 46db741b0d4e439c88766be7f9948923 P 7aa62c03d5274911bc4220954e4813ee [term 1 FOLLOWER]: Leader election vote request: Granting yes vote for candidate def65b832f0d4bffae43247e2779fe21 in term 1.
I20260608 12:57:12.167750 19949 leader_election.cc:304] T 46db741b0d4e439c88766be7f9948923 P def65b832f0d4bffae43247e2779fe21 [CANDIDATE]: Term 1 election: Election decided. Result: candidate won. Election summary: received 2 responses out of 3 voters: 2 yes votes; 0 no votes. yes voters: 7aa62c03d5274911bc4220954e4813ee, def65b832f0d4bffae43247e2779fe21; no voters: 
I20260608 12:57:12.167768 20032 leader_election.cc:290] T 46db741b0d4e439c88766be7f9948923 P def65b832f0d4bffae43247e2779fe21 [CANDIDATE]: Term 1 election: Requested vote from peers 7aa62c03d5274911bc4220954e4813ee (127.16.202.129:36591), f27e7b3f319d4048856de345d495edf1 (127.16.202.130:42505)
I20260608 12:57:12.169659 20052 raft_consensus.cc:2804] T 46db741b0d4e439c88766be7f9948923 P def65b832f0d4bffae43247e2779fe21 [term 1 FOLLOWER]: Leader election won for term 1
I20260608 12:57:12.170457 20052 raft_consensus.cc:697] T 46db741b0d4e439c88766be7f9948923 P def65b832f0d4bffae43247e2779fe21 [term 1 LEADER]: Becoming Leader. State: Replica: def65b832f0d4bffae43247e2779fe21, State: Running, Role: LEADER
I20260608 12:57:12.170778 19909 tablet_service.cc:1917] Received RequestConsensusVote() RPC: tablet_id: "46db741b0d4e439c88766be7f9948923" candidate_uuid: "def65b832f0d4bffae43247e2779fe21" candidate_term: 1 candidate_status { last_received { term: 0 index: 0 } } ignore_live_leader: false dest_uuid: "f27e7b3f319d4048856de345d495edf1"
I20260608 12:57:12.171795 19909 raft_consensus.cc:3060] T 46db741b0d4e439c88766be7f9948923 P f27e7b3f319d4048856de345d495edf1 [term 0 FOLLOWER]: Advancing to term 1
I20260608 12:57:12.173259 19984 tablet_service.cc:1917] Received RequestConsensusVote() RPC: tablet_id: "a625e404f51b4c5faaac19875217b31a" candidate_uuid: "f27e7b3f319d4048856de345d495edf1" candidate_term: 1 candidate_status { last_received { term: 0 index: 0 } } ignore_live_leader: false dest_uuid: "def65b832f0d4bffae43247e2779fe21" is_pre_election: true
I20260608 12:57:12.173826 20036 leader_election.cc:290] T 93fd656a9dd4406780043c69042a7e60 P 7aa62c03d5274911bc4220954e4813ee [CANDIDATE]: Term 1 election: Requested vote from peers f27e7b3f319d4048856de345d495edf1 (127.16.202.130:42505), def65b832f0d4bffae43247e2779fe21 (127.16.202.131:39013)
I20260608 12:57:12.173997 19984 raft_consensus.cc:2468] T a625e404f51b4c5faaac19875217b31a P def65b832f0d4bffae43247e2779fe21 [term 0 FOLLOWER]: Leader pre-election vote request: Granting yes vote for candidate f27e7b3f319d4048856de345d495edf1 in term 0.
I20260608 12:57:12.171865 20052 consensus_queue.cc:237] T 46db741b0d4e439c88766be7f9948923 P def65b832f0d4bffae43247e2779fe21 [LEADER]: Queue going to LEADER mode. State: All replicated index: 0, Majority replicated index: 0, Committed index: 0, Last appended: 0.0, Last appended by leader: 0, Current term: 1, Majority size: 2, State: 0, Mode: LEADER, active raft config: opid_index: -1 OBSOLETE_local: false peers { permanent_uuid: "7aa62c03d5274911bc4220954e4813ee" member_type: VOTER last_known_addr { host: "127.16.202.129" port: 36591 } } peers { permanent_uuid: "f27e7b3f319d4048856de345d495edf1" member_type: VOTER last_known_addr { host: "127.16.202.130" port: 42505 } } peers { permanent_uuid: "def65b832f0d4bffae43247e2779fe21" member_type: VOTER last_known_addr { host: "127.16.202.131" port: 39013 } }
I20260608 12:57:12.176342 19908 tablet_service.cc:1917] Received RequestConsensusVote() RPC: tablet_id: "93fd656a9dd4406780043c69042a7e60" candidate_uuid: "7aa62c03d5274911bc4220954e4813ee" candidate_term: 1 candidate_status { last_received { term: 0 index: 0 } } ignore_live_leader: false dest_uuid: "f27e7b3f319d4048856de345d495edf1"
I20260608 12:57:12.176674 19875 leader_election.cc:304] T a625e404f51b4c5faaac19875217b31a P f27e7b3f319d4048856de345d495edf1 [CANDIDATE]: Term 1 pre-election: Election decided. Result: candidate won. Election summary: received 2 responses out of 3 voters: 2 yes votes; 0 no votes. yes voters: def65b832f0d4bffae43247e2779fe21, f27e7b3f319d4048856de345d495edf1; no voters: 
I20260608 12:57:12.176797 19984 tablet_service.cc:1917] Received RequestConsensusVote() RPC: tablet_id: "93fd656a9dd4406780043c69042a7e60" candidate_uuid: "7aa62c03d5274911bc4220954e4813ee" candidate_term: 1 candidate_status { last_received { term: 0 index: 0 } } ignore_live_leader: false dest_uuid: "def65b832f0d4bffae43247e2779fe21"
I20260608 12:57:12.177652 19984 raft_consensus.cc:2393] T 93fd656a9dd4406780043c69042a7e60 P def65b832f0d4bffae43247e2779fe21 [term 1 FOLLOWER]: Leader election vote request: Denying vote to candidate 7aa62c03d5274911bc4220954e4813ee in current term 1: Already voted for candidate def65b832f0d4bffae43247e2779fe21 in this term.
I20260608 12:57:12.179210 20035 raft_consensus.cc:2804] T a625e404f51b4c5faaac19875217b31a P f27e7b3f319d4048856de345d495edf1 [term 0 FOLLOWER]: Leader pre-election won for term 1
I20260608 12:57:12.179221 19800 leader_election.cc:304] T 93fd656a9dd4406780043c69042a7e60 P 7aa62c03d5274911bc4220954e4813ee [CANDIDATE]: Term 1 election: Election decided. Result: candidate lost. Election summary: received 3 responses out of 3 voters: 1 yes votes; 2 no votes. yes voters: 7aa62c03d5274911bc4220954e4813ee; no voters: def65b832f0d4bffae43247e2779fe21, f27e7b3f319d4048856de345d495edf1
I20260608 12:57:12.179903 20035 raft_consensus.cc:493] T a625e404f51b4c5faaac19875217b31a P f27e7b3f319d4048856de345d495edf1 [term 0 FOLLOWER]: Starting leader election (no leader contacted us within the election timeout)
I20260608 12:57:12.180496 20035 raft_consensus.cc:3060] T a625e404f51b4c5faaac19875217b31a P f27e7b3f319d4048856de345d495edf1 [term 0 FOLLOWER]: Advancing to term 1
I20260608 12:57:12.185963 19909 raft_consensus.cc:2468] T 46db741b0d4e439c88766be7f9948923 P f27e7b3f319d4048856de345d495edf1 [term 1 FOLLOWER]: Leader election vote request: Granting yes vote for candidate def65b832f0d4bffae43247e2779fe21 in term 1.
I20260608 12:57:12.171772 19910 raft_consensus.cc:2468] T 93fd656a9dd4406780043c69042a7e60 P f27e7b3f319d4048856de345d495edf1 [term 1 FOLLOWER]: Leader election vote request: Granting yes vote for candidate def65b832f0d4bffae43247e2779fe21 in term 1.
I20260608 12:57:12.188634 19834 tablet_service.cc:1917] Received RequestConsensusVote() RPC: tablet_id: "a625e404f51b4c5faaac19875217b31a" candidate_uuid: "f27e7b3f319d4048856de345d495edf1" candidate_term: 1 candidate_status { last_received { term: 0 index: 0 } } ignore_live_leader: false dest_uuid: "7aa62c03d5274911bc4220954e4813ee" is_pre_election: true
I20260608 12:57:12.189739 19834 raft_consensus.cc:2468] T a625e404f51b4c5faaac19875217b31a P 7aa62c03d5274911bc4220954e4813ee [term 0 FOLLOWER]: Leader pre-election vote request: Granting yes vote for candidate f27e7b3f319d4048856de345d495edf1 in term 0.
I20260608 12:57:12.190428 19949 leader_election.cc:304] T 93fd656a9dd4406780043c69042a7e60 P def65b832f0d4bffae43247e2779fe21 [CANDIDATE]: Term 1 election: Election decided. Result: candidate won. Election summary: received 3 responses out of 3 voters: 2 yes votes; 1 no votes. yes voters: def65b832f0d4bffae43247e2779fe21, f27e7b3f319d4048856de345d495edf1; no voters: 7aa62c03d5274911bc4220954e4813ee
I20260608 12:57:12.188565 20036 raft_consensus.cc:2749] T 93fd656a9dd4406780043c69042a7e60 P 7aa62c03d5274911bc4220954e4813ee [term 1 FOLLOWER]: Leader election lost for term 1. Reason: could not achieve majority
I20260608 12:57:12.192219 20032 raft_consensus.cc:2804] T 93fd656a9dd4406780043c69042a7e60 P def65b832f0d4bffae43247e2779fe21 [term 1 FOLLOWER]: Leader election won for term 1
I20260608 12:57:12.192829 20032 raft_consensus.cc:697] T 93fd656a9dd4406780043c69042a7e60 P def65b832f0d4bffae43247e2779fe21 [term 1 LEADER]: Becoming Leader. State: Replica: def65b832f0d4bffae43247e2779fe21, State: Running, Role: LEADER
I20260608 12:57:12.193759 20035 raft_consensus.cc:515] T a625e404f51b4c5faaac19875217b31a P f27e7b3f319d4048856de345d495edf1 [term 1 FOLLOWER]: Starting leader election with config: opid_index: -1 OBSOLETE_local: false peers { permanent_uuid: "f27e7b3f319d4048856de345d495edf1" member_type: VOTER last_known_addr { host: "127.16.202.130" port: 42505 } } peers { permanent_uuid: "def65b832f0d4bffae43247e2779fe21" member_type: VOTER last_known_addr { host: "127.16.202.131" port: 39013 } } peers { permanent_uuid: "7aa62c03d5274911bc4220954e4813ee" member_type: VOTER last_known_addr { host: "127.16.202.129" port: 36591 } }
I20260608 12:57:12.193807 20032 consensus_queue.cc:237] T 93fd656a9dd4406780043c69042a7e60 P def65b832f0d4bffae43247e2779fe21 [LEADER]: Queue going to LEADER mode. State: All replicated index: 0, Majority replicated index: 0, Committed index: 0, Last appended: 0.0, Last appended by leader: 0, Current term: 1, Majority size: 2, State: 0, Mode: LEADER, active raft config: opid_index: -1 OBSOLETE_local: false peers { permanent_uuid: "7aa62c03d5274911bc4220954e4813ee" member_type: VOTER last_known_addr { host: "127.16.202.129" port: 36591 } } peers { permanent_uuid: "f27e7b3f319d4048856de345d495edf1" member_type: VOTER last_known_addr { host: "127.16.202.130" port: 42505 } } peers { permanent_uuid: "def65b832f0d4bffae43247e2779fe21" member_type: VOTER last_known_addr { host: "127.16.202.131" port: 39013 } }
I20260608 12:57:12.197124 19984 tablet_service.cc:1917] Received RequestConsensusVote() RPC: tablet_id: "a625e404f51b4c5faaac19875217b31a" candidate_uuid: "f27e7b3f319d4048856de345d495edf1" candidate_term: 1 candidate_status { last_received { term: 0 index: 0 } } ignore_live_leader: false dest_uuid: "def65b832f0d4bffae43247e2779fe21"
I20260608 12:57:12.197882 20035 leader_election.cc:290] T a625e404f51b4c5faaac19875217b31a P f27e7b3f319d4048856de345d495edf1 [CANDIDATE]: Term 1 election: Requested vote from peers def65b832f0d4bffae43247e2779fe21 (127.16.202.131:39013), 7aa62c03d5274911bc4220954e4813ee (127.16.202.129:36591)
I20260608 12:57:12.197976 19984 raft_consensus.cc:3060] T a625e404f51b4c5faaac19875217b31a P def65b832f0d4bffae43247e2779fe21 [term 0 FOLLOWER]: Advancing to term 1
I20260608 12:57:12.198230 19834 tablet_service.cc:1917] Received RequestConsensusVote() RPC: tablet_id: "a625e404f51b4c5faaac19875217b31a" candidate_uuid: "f27e7b3f319d4048856de345d495edf1" candidate_term: 1 candidate_status { last_received { term: 0 index: 0 } } ignore_live_leader: false dest_uuid: "7aa62c03d5274911bc4220954e4813ee"
I20260608 12:57:12.199224 19834 raft_consensus.cc:3060] T a625e404f51b4c5faaac19875217b31a P 7aa62c03d5274911bc4220954e4813ee [term 0 FOLLOWER]: Advancing to term 1
I20260608 12:57:12.199295 19732 catalog_manager.cc:5696] T 46db741b0d4e439c88766be7f9948923 P def65b832f0d4bffae43247e2779fe21 reported cstate change: term changed from 0 to 1, leader changed from <none> to def65b832f0d4bffae43247e2779fe21 (127.16.202.131). New cstate: current_term: 1 leader_uuid: "def65b832f0d4bffae43247e2779fe21" committed_config { opid_index: -1 OBSOLETE_local: false peers { permanent_uuid: "7aa62c03d5274911bc4220954e4813ee" member_type: VOTER last_known_addr { host: "127.16.202.129" port: 36591 } health_report { overall_health: UNKNOWN } } peers { permanent_uuid: "f27e7b3f319d4048856de345d495edf1" member_type: VOTER last_known_addr { host: "127.16.202.130" port: 42505 } health_report { overall_health: UNKNOWN } } peers { permanent_uuid: "def65b832f0d4bffae43247e2779fe21" member_type: VOTER last_known_addr { host: "127.16.202.131" port: 39013 } health_report { overall_health: HEALTHY } } }
I20260608 12:57:12.207726 19984 raft_consensus.cc:2468] T a625e404f51b4c5faaac19875217b31a P def65b832f0d4bffae43247e2779fe21 [term 1 FOLLOWER]: Leader election vote request: Granting yes vote for candidate f27e7b3f319d4048856de345d495edf1 in term 1.
I20260608 12:57:12.208220 19834 raft_consensus.cc:2468] T a625e404f51b4c5faaac19875217b31a P 7aa62c03d5274911bc4220954e4813ee [term 1 FOLLOWER]: Leader election vote request: Granting yes vote for candidate f27e7b3f319d4048856de345d495edf1 in term 1.
I20260608 12:57:12.209034 19875 leader_election.cc:304] T a625e404f51b4c5faaac19875217b31a P f27e7b3f319d4048856de345d495edf1 [CANDIDATE]: Term 1 election: Election decided. Result: candidate won. Election summary: received 2 responses out of 3 voters: 2 yes votes; 0 no votes. yes voters: def65b832f0d4bffae43247e2779fe21, f27e7b3f319d4048856de345d495edf1; no voters: 
I20260608 12:57:12.210377 20035 raft_consensus.cc:2804] T a625e404f51b4c5faaac19875217b31a P f27e7b3f319d4048856de345d495edf1 [term 1 FOLLOWER]: Leader election won for term 1
I20260608 12:57:12.211715 20035 raft_consensus.cc:697] T a625e404f51b4c5faaac19875217b31a P f27e7b3f319d4048856de345d495edf1 [term 1 LEADER]: Becoming Leader. State: Replica: f27e7b3f319d4048856de345d495edf1, State: Running, Role: LEADER
I20260608 12:57:12.212551 20035 consensus_queue.cc:237] T a625e404f51b4c5faaac19875217b31a P f27e7b3f319d4048856de345d495edf1 [LEADER]: Queue going to LEADER mode. State: All replicated index: 0, Majority replicated index: 0, Committed index: 0, Last appended: 0.0, Last appended by leader: 0, Current term: 1, Majority size: 2, State: 0, Mode: LEADER, active raft config: opid_index: -1 OBSOLETE_local: false peers { permanent_uuid: "f27e7b3f319d4048856de345d495edf1" member_type: VOTER last_known_addr { host: "127.16.202.130" port: 42505 } } peers { permanent_uuid: "def65b832f0d4bffae43247e2779fe21" member_type: VOTER last_known_addr { host: "127.16.202.131" port: 39013 } } peers { permanent_uuid: "7aa62c03d5274911bc4220954e4813ee" member_type: VOTER last_known_addr { host: "127.16.202.129" port: 36591 } }
I20260608 12:57:12.216924 19732 catalog_manager.cc:5696] T 93fd656a9dd4406780043c69042a7e60 P def65b832f0d4bffae43247e2779fe21 reported cstate change: term changed from 0 to 1, leader changed from <none> to def65b832f0d4bffae43247e2779fe21 (127.16.202.131). New cstate: current_term: 1 leader_uuid: "def65b832f0d4bffae43247e2779fe21" committed_config { opid_index: -1 OBSOLETE_local: false peers { permanent_uuid: "7aa62c03d5274911bc4220954e4813ee" member_type: VOTER last_known_addr { host: "127.16.202.129" port: 36591 } health_report { overall_health: UNKNOWN } } peers { permanent_uuid: "f27e7b3f319d4048856de345d495edf1" member_type: VOTER last_known_addr { host: "127.16.202.130" port: 42505 } health_report { overall_health: UNKNOWN } } peers { permanent_uuid: "def65b832f0d4bffae43247e2779fe21" member_type: VOTER last_known_addr { host: "127.16.202.131" port: 39013 } health_report { overall_health: HEALTHY } } }
I20260608 12:57:12.222139 19731 catalog_manager.cc:5696] T a625e404f51b4c5faaac19875217b31a P f27e7b3f319d4048856de345d495edf1 reported cstate change: term changed from 0 to 1, leader changed from <none> to f27e7b3f319d4048856de345d495edf1 (127.16.202.130). New cstate: current_term: 1 leader_uuid: "f27e7b3f319d4048856de345d495edf1" committed_config { opid_index: -1 OBSOLETE_local: false peers { permanent_uuid: "f27e7b3f319d4048856de345d495edf1" member_type: VOTER last_known_addr { host: "127.16.202.130" port: 42505 } health_report { overall_health: HEALTHY } } peers { permanent_uuid: "def65b832f0d4bffae43247e2779fe21" member_type: VOTER last_known_addr { host: "127.16.202.131" port: 39013 } health_report { overall_health: UNKNOWN } } peers { permanent_uuid: "7aa62c03d5274911bc4220954e4813ee" member_type: VOTER last_known_addr { host: "127.16.202.129" port: 36591 } health_report { overall_health: UNKNOWN } } }
I20260608 12:57:12.245929 19786 auto_leader_rebalancer.cc:140] leader rebalance for table range_aware_auto_rebalancer_test
I20260608 12:57:12.262959 19984 tablet_service.cc:2072] Received LeaderStepDown RPC: tablet_id: "93fd656a9dd4406780043c69042a7e60"
dest_uuid: "def65b832f0d4bffae43247e2779fe21"
mode: GRACEFUL
new_leader_uuid: "7aa62c03d5274911bc4220954e4813ee"
 from {username='slave'} at 127.0.0.1:42122
I20260608 12:57:12.263688 19984 raft_consensus.cc:606] T 93fd656a9dd4406780043c69042a7e60 P def65b832f0d4bffae43247e2779fe21 [term 1 LEADER]: Received request to transfer leadership to TS 7aa62c03d5274911bc4220954e4813ee
I20260608 12:57:12.265235 19786 auto_leader_rebalancer.cc:388] table: range_aware_auto_rebalancer_test, leader rebalance finish, leader transfer count: 1
I20260608 12:57:12.265695 19786 auto_leader_rebalancer.cc:451] All tables' leader rebalancing finished this round
I20260608 12:57:12.330104 17194 tablet_server.cc:179] TabletServer@127.16.202.129:0 shutting down...
I20260608 12:57:12.354336 17194 ts_tablet_manager.cc:1507] Shutting down tablet manager...
I20260608 12:57:12.355235 17194 tablet_replica.cc:333] T 93fd656a9dd4406780043c69042a7e60 P 7aa62c03d5274911bc4220954e4813ee: stopping tablet replica
I20260608 12:57:12.356007 17194 raft_consensus.cc:2243] T 93fd656a9dd4406780043c69042a7e60 P 7aa62c03d5274911bc4220954e4813ee [term 1 FOLLOWER]: Raft consensus shutting down.
I20260608 12:57:12.356506 17194 raft_consensus.cc:2272] T 93fd656a9dd4406780043c69042a7e60 P 7aa62c03d5274911bc4220954e4813ee [term 1 FOLLOWER]: Raft consensus is shut down!
I20260608 12:57:12.358731 17194 tablet_replica.cc:333] T 8250ec618c3b4a22b0cbaba97fb75330 P 7aa62c03d5274911bc4220954e4813ee: stopping tablet replica
I20260608 12:57:12.359272 17194 raft_consensus.cc:2243] T 8250ec618c3b4a22b0cbaba97fb75330 P 7aa62c03d5274911bc4220954e4813ee [term 1 FOLLOWER]: Raft consensus shutting down.
I20260608 12:57:12.359735 17194 raft_consensus.cc:2272] T 8250ec618c3b4a22b0cbaba97fb75330 P 7aa62c03d5274911bc4220954e4813ee [term 1 FOLLOWER]: Raft consensus is shut down!
I20260608 12:57:12.361991 17194 tablet_replica.cc:333] T 46db741b0d4e439c88766be7f9948923 P 7aa62c03d5274911bc4220954e4813ee: stopping tablet replica
I20260608 12:57:12.362524 17194 raft_consensus.cc:2243] T 46db741b0d4e439c88766be7f9948923 P 7aa62c03d5274911bc4220954e4813ee [term 1 FOLLOWER]: Raft consensus shutting down.
I20260608 12:57:12.362919 17194 raft_consensus.cc:2272] T 46db741b0d4e439c88766be7f9948923 P 7aa62c03d5274911bc4220954e4813ee [term 1 FOLLOWER]: Raft consensus is shut down!
I20260608 12:57:12.364910 17194 tablet_replica.cc:333] T a625e404f51b4c5faaac19875217b31a P 7aa62c03d5274911bc4220954e4813ee: stopping tablet replica
I20260608 12:57:12.365605 17194 raft_consensus.cc:2243] T a625e404f51b4c5faaac19875217b31a P 7aa62c03d5274911bc4220954e4813ee [term 1 FOLLOWER]: Raft consensus shutting down.
I20260608 12:57:12.366029 17194 raft_consensus.cc:2272] T a625e404f51b4c5faaac19875217b31a P 7aa62c03d5274911bc4220954e4813ee [term 1 FOLLOWER]: Raft consensus is shut down!
I20260608 12:57:12.390761 17194 tablet_server.cc:196] TabletServer@127.16.202.129:0 shutdown complete.
I20260608 12:57:12.404238 17194 tablet_server.cc:179] TabletServer@127.16.202.130:0 shutting down...
I20260608 12:57:12.427209 17194 ts_tablet_manager.cc:1507] Shutting down tablet manager...
I20260608 12:57:12.428297 17194 tablet_replica.cc:333] T 93fd656a9dd4406780043c69042a7e60 P f27e7b3f319d4048856de345d495edf1: stopping tablet replica
