I20260608 12:56:06.613216 18703 raft_consensus.cc:359] T 163395abf1844f6e96999040cbeddd2f P c88bee93c38f44e199956b263621b196 [term 2 LEARNER]: Replica starting. Triggering 0 pending ops. Active config: opid_index: 2 OBSOLETE_local: false peers { permanent_uuid: "a47a903a9248469ea1641ec31719595d" member_type: VOTER last_known_addr { host: "127.17.51.129" port: 42695 } } peers { permanent_uuid: "f06ebed3bf0e421490f8f858816db542" member_type: VOTER last_known_addr { host: "127.17.51.130" port: 40697 } attrs { replace: true } } peers { permanent_uuid: "853a2a0c72854ee0b9224680a8986d1e" member_type: VOTER last_known_addr { host: "127.17.51.131" port: 34277 } } peers { permanent_uuid: "c88bee93c38f44e199956b263621b196" member_type: NON_VOTER last_known_addr { host: "127.17.51.132" port: 44469 } attrs { promote: true } }
I20260608 12:56:06.614713 18703 raft_consensus.cc:740] T 163395abf1844f6e96999040cbeddd2f P c88bee93c38f44e199956b263621b196 [term 2 LEARNER]: Becoming Follower/Learner. State: Replica: c88bee93c38f44e199956b263621b196, State: Initialized, Role: LEARNER
I20260608 12:56:06.617473 18703 consensus_queue.cc:260] T 163395abf1844f6e96999040cbeddd2f P c88bee93c38f44e199956b263621b196 [NON_LEADER]: Queue going to NON_LEADER mode. State: All replicated index: 0, Majority replicated index: 0, Committed index: 2, Last appended: 2.2, Last appended by leader: 2, Current term: 0, Majority size: -1, State: 0, Mode: NON_LEADER, active raft config: opid_index: 2 OBSOLETE_local: false peers { permanent_uuid: "a47a903a9248469ea1641ec31719595d" member_type: VOTER last_known_addr { host: "127.17.51.129" port: 42695 } } peers { permanent_uuid: "f06ebed3bf0e421490f8f858816db542" member_type: VOTER last_known_addr { host: "127.17.51.130" port: 40697 } attrs { replace: true } } peers { permanent_uuid: "853a2a0c72854ee0b9224680a8986d1e" member_type: VOTER last_known_addr { host: "127.17.51.131" port: 34277 } } peers { permanent_uuid: "c88bee93c38f44e199956b263621b196" member_type: NON_VOTER last_known_addr { host: "127.17.51.132" port: 44469 } attrs { promote: true } }
I20260608 12:56:06.621794 18289 tablet_service.cc:1917] Received RequestConsensusVote() RPC: tablet_id: "de4f08920b0145199fb58ed68c1cc52d" candidate_uuid: "853a2a0c72854ee0b9224680a8986d1e" candidate_term: 3 candidate_status { last_received { term: 1 index: 1 } } ignore_live_leader: false dest_uuid: "a47a903a9248469ea1641ec31719595d"
I20260608 12:56:06.622457 18715 ts_tablet_manager.cc:933] T 129a7f2e8efc44b28593cf41eb22e8ac P c88bee93c38f44e199956b263621b196: Initiating tablet copy from peer f06ebed3bf0e421490f8f858816db542 (127.17.51.130:40697)
I20260608 12:56:06.630978 18360 tablet_service.cc:1917] Received RequestConsensusVote() RPC: tablet_id: "de4f08920b0145199fb58ed68c1cc52d" candidate_uuid: "853a2a0c72854ee0b9224680a8986d1e" candidate_term: 3 candidate_status { last_received { term: 1 index: 1 } } ignore_live_leader: false dest_uuid: "f06ebed3bf0e421490f8f858816db542"
I20260608 12:56:06.631670 18360 raft_consensus.cc:3060] T de4f08920b0145199fb58ed68c1cc52d P f06ebed3bf0e421490f8f858816db542 [term 2 FOLLOWER]: Advancing to term 3
I20260608 12:56:06.641103 18360 raft_consensus.cc:2468] T de4f08920b0145199fb58ed68c1cc52d P f06ebed3bf0e421490f8f858816db542 [term 3 FOLLOWER]: Leader election vote request: Granting yes vote for candidate 853a2a0c72854ee0b9224680a8986d1e in term 3.
I20260608 12:56:06.643163 18402 leader_election.cc:304] T de4f08920b0145199fb58ed68c1cc52d P 853a2a0c72854ee0b9224680a8986d1e [CANDIDATE]: Term 3 election: Election decided. Result: candidate won. Election summary: received 3 responses out of 3 voters: 2 yes votes; 1 no votes. yes voters: 853a2a0c72854ee0b9224680a8986d1e, f06ebed3bf0e421490f8f858816db542; no voters: a47a903a9248469ea1641ec31719595d
I20260608 12:56:06.644232 18712 raft_consensus.cc:2804] T de4f08920b0145199fb58ed68c1cc52d P 853a2a0c72854ee0b9224680a8986d1e [term 3 FOLLOWER]: Leader election won for term 3
I20260608 12:56:06.646543 18375 tablet_copy_service.cc:140] P f06ebed3bf0e421490f8f858816db542: Received BeginTabletCopySession request for tablet 05dd2c15aafe4b20890e494a993a1594 from peer c88bee93c38f44e199956b263621b196 ({username='slave'} at 127.0.0.1:37964)
I20260608 12:56:06.647367 18375 tablet_copy_service.cc:161] P f06ebed3bf0e421490f8f858816db542: Beginning new tablet copy session on tablet 05dd2c15aafe4b20890e494a993a1594 from peer c88bee93c38f44e199956b263621b196 at {username='slave'} at 127.0.0.1:37964: session id = c88bee93c38f44e199956b263621b196-05dd2c15aafe4b20890e494a993a1594
I20260608 12:56:06.649453 18651 leader_election.cc:290] T de4f08920b0145199fb58ed68c1cc52d P 853a2a0c72854ee0b9224680a8986d1e [CANDIDATE]: Term 3 election: Requested vote from peers a47a903a9248469ea1641ec31719595d (127.17.51.129:42695), f06ebed3bf0e421490f8f858816db542 (127.17.51.130:40697)
I20260608 12:56:06.650455 18703 ts_tablet_manager.cc:1434] T 163395abf1844f6e96999040cbeddd2f P c88bee93c38f44e199956b263621b196: Time spent starting tablet: real 0.067s	user 0.008s	sys 0.001s
I20260608 12:56:06.654181 18449 tablet_copy_service.cc:342] P 853a2a0c72854ee0b9224680a8986d1e: Request end of tablet copy session c88bee93c38f44e199956b263621b196-163395abf1844f6e96999040cbeddd2f received from {username='slave'} at 127.0.0.1:48630
I20260608 12:56:06.654819 18449 tablet_copy_service.cc:434] P 853a2a0c72854ee0b9224680a8986d1e: ending tablet copy session c88bee93c38f44e199956b263621b196-163395abf1844f6e96999040cbeddd2f on tablet 163395abf1844f6e96999040cbeddd2f with peer c88bee93c38f44e199956b263621b196
I20260608 12:56:06.658707 18712 raft_consensus.cc:697] T de4f08920b0145199fb58ed68c1cc52d P 853a2a0c72854ee0b9224680a8986d1e [term 3 LEADER]: Becoming Leader. State: Replica: 853a2a0c72854ee0b9224680a8986d1e, State: Running, Role: LEADER
I20260608 12:56:06.659848 18712 consensus_queue.cc:237] T de4f08920b0145199fb58ed68c1cc52d P 853a2a0c72854ee0b9224680a8986d1e [LEADER]: Queue going to LEADER mode. State: All replicated index: 0, Majority replicated index: 1, Committed index: 1, Last appended: 1.1, Last appended by leader: 1, Current term: 3, Majority size: 2, State: 0, Mode: LEADER, active raft config: opid_index: -1 OBSOLETE_local: false peers { permanent_uuid: "a47a903a9248469ea1641ec31719595d" member_type: VOTER last_known_addr { host: "127.17.51.129" port: 42695 } } peers { permanent_uuid: "f06ebed3bf0e421490f8f858816db542" member_type: VOTER last_known_addr { host: "127.17.51.130" port: 40697 } } peers { permanent_uuid: "853a2a0c72854ee0b9224680a8986d1e" member_type: VOTER last_known_addr { host: "127.17.51.131" port: 34277 } }
I20260608 12:56:06.660749 18715 tablet_copy_client.cc:323] T 129a7f2e8efc44b28593cf41eb22e8ac P c88bee93c38f44e199956b263621b196: tablet copy: Beginning tablet copy session from remote peer at address 127.17.51.130:40697
I20260608 12:56:06.663908 18374 tablet_copy_service.cc:140] P f06ebed3bf0e421490f8f858816db542: Received BeginTabletCopySession request for tablet 129a7f2e8efc44b28593cf41eb22e8ac from peer c88bee93c38f44e199956b263621b196 ({username='slave'} at 127.0.0.1:37964)
I20260608 12:56:06.664566 18374 tablet_copy_service.cc:161] P f06ebed3bf0e421490f8f858816db542: Beginning new tablet copy session on tablet 129a7f2e8efc44b28593cf41eb22e8ac from peer c88bee93c38f44e199956b263621b196 at {username='slave'} at 127.0.0.1:37964: session id = c88bee93c38f44e199956b263621b196-129a7f2e8efc44b28593cf41eb22e8ac
I20260608 12:56:06.676988 18374 tablet_copy_source_session.cc:215] T 129a7f2e8efc44b28593cf41eb22e8ac P f06ebed3bf0e421490f8f858816db542: Tablet Copy: opened 0 blocks and 1 log segments
I20260608 12:56:06.680058 18375 tablet_copy_source_session.cc:215] T 05dd2c15aafe4b20890e494a993a1594 P f06ebed3bf0e421490f8f858816db542: Tablet Copy: opened 0 blocks and 1 log segments
I20260608 12:56:06.698475 18713 data_dirs.cc:400] Could only allocate 1 dirs of requested 3 for tablet 05dd2c15aafe4b20890e494a993a1594. 1 dirs total, 0 dirs full, 0 dirs failed
I20260608 12:56:06.708341 18715 data_dirs.cc:400] Could only allocate 1 dirs of requested 3 for tablet 129a7f2e8efc44b28593cf41eb22e8ac. 1 dirs total, 0 dirs full, 0 dirs failed
I20260608 12:56:06.723805 18187 catalog_manager.cc:5696] T de4f08920b0145199fb58ed68c1cc52d P 853a2a0c72854ee0b9224680a8986d1e reported cstate change: term changed from 1 to 3, leader changed from f06ebed3bf0e421490f8f858816db542 (127.17.51.130) to 853a2a0c72854ee0b9224680a8986d1e (127.17.51.131). New cstate: current_term: 3 leader_uuid: "853a2a0c72854ee0b9224680a8986d1e" committed_config { opid_index: -1 OBSOLETE_local: false peers { permanent_uuid: "a47a903a9248469ea1641ec31719595d" member_type: VOTER last_known_addr { host: "127.17.51.129" port: 42695 } health_report { overall_health: UNKNOWN } } peers { permanent_uuid: "f06ebed3bf0e421490f8f858816db542" member_type: VOTER last_known_addr { host: "127.17.51.130" port: 40697 } health_report { overall_health: UNKNOWN } } peers { permanent_uuid: "853a2a0c72854ee0b9224680a8986d1e" member_type: VOTER last_known_addr { host: "127.17.51.131" port: 34277 } health_report { overall_health: HEALTHY } } }
I20260608 12:56:06.732234 18713 tablet_copy_client.cc:806] T 05dd2c15aafe4b20890e494a993a1594 P c88bee93c38f44e199956b263621b196: tablet copy: Starting download of 0 data blocks...
I20260608 12:56:06.733178 18713 tablet_copy_client.cc:670] T 05dd2c15aafe4b20890e494a993a1594 P c88bee93c38f44e199956b263621b196: tablet copy: Starting download of 1 WAL segments...
I20260608 12:56:06.740027 18713 tablet_copy_client.cc:538] T 05dd2c15aafe4b20890e494a993a1594 P c88bee93c38f44e199956b263621b196: tablet copy: Tablet Copy complete. Replacing tablet superblock.
I20260608 12:56:06.748240 18715 tablet_copy_client.cc:806] T 129a7f2e8efc44b28593cf41eb22e8ac P c88bee93c38f44e199956b263621b196: tablet copy: Starting download of 0 data blocks...
I20260608 12:56:06.749078 18715 tablet_copy_client.cc:670] T 129a7f2e8efc44b28593cf41eb22e8ac P c88bee93c38f44e199956b263621b196: tablet copy: Starting download of 1 WAL segments...
I20260608 12:56:06.753656 18713 tablet_bootstrap.cc:492] T 05dd2c15aafe4b20890e494a993a1594 P c88bee93c38f44e199956b263621b196: Bootstrap starting.
I20260608 12:56:06.755409 18715 tablet_copy_client.cc:538] T 129a7f2e8efc44b28593cf41eb22e8ac P c88bee93c38f44e199956b263621b196: tablet copy: Tablet Copy complete. Replacing tablet superblock.
I20260608 12:56:06.766748 18715 tablet_bootstrap.cc:492] T 129a7f2e8efc44b28593cf41eb22e8ac P c88bee93c38f44e199956b263621b196: Bootstrap starting.
I20260608 12:56:06.770903 18617 raft_consensus.cc:1217] T 4a4249bd791946b19314dfe133a69835 P c88bee93c38f44e199956b263621b196 [term 1 LEARNER]: Deduplicated request from leader. Original: 1.1->[1.2-1.2]   Dedup: 1.2->[]
I20260608 12:56:06.790839 18713 tablet_bootstrap.cc:492] T 05dd2c15aafe4b20890e494a993a1594 P c88bee93c38f44e199956b263621b196: Bootstrap replayed 1/1 log segments. Stats: ops{read=2 overwritten=0 applied=2 ignored=0} inserts{seen=0 ignored=0} mutations{seen=0 ignored=0} orphaned_commits=0. Pending: 0 replicates
I20260608 12:56:06.792029 18713 tablet_bootstrap.cc:492] T 05dd2c15aafe4b20890e494a993a1594 P c88bee93c38f44e199956b263621b196: Bootstrap complete.
I20260608 12:56:06.793076 18713 ts_tablet_manager.cc:1403] T 05dd2c15aafe4b20890e494a993a1594 P c88bee93c38f44e199956b263621b196: Time spent bootstrapping tablet: real 0.040s	user 0.023s	sys 0.007s
I20260608 12:56:06.796651 18713 raft_consensus.cc:359] T 05dd2c15aafe4b20890e494a993a1594 P c88bee93c38f44e199956b263621b196 [term 1 LEARNER]: Replica starting. Triggering 0 pending ops. Active config: opid_index: 2 OBSOLETE_local: false peers { permanent_uuid: "a47a903a9248469ea1641ec31719595d" member_type: VOTER last_known_addr { host: "127.17.51.129" port: 42695 } } peers { permanent_uuid: "f06ebed3bf0e421490f8f858816db542" member_type: VOTER last_known_addr { host: "127.17.51.130" port: 40697 } } peers { permanent_uuid: "853a2a0c72854ee0b9224680a8986d1e" member_type: VOTER last_known_addr { host: "127.17.51.131" port: 34277 } attrs { replace: true } } peers { permanent_uuid: "c88bee93c38f44e199956b263621b196" member_type: NON_VOTER last_known_addr { host: "127.17.51.132" port: 44469 } attrs { promote: true } }
I20260608 12:56:06.797730 18713 raft_consensus.cc:740] T 05dd2c15aafe4b20890e494a993a1594 P c88bee93c38f44e199956b263621b196 [term 1 LEARNER]: Becoming Follower/Learner. State: Replica: c88bee93c38f44e199956b263621b196, State: Initialized, Role: LEARNER
I20260608 12:56:06.798574 18713 consensus_queue.cc:260] T 05dd2c15aafe4b20890e494a993a1594 P c88bee93c38f44e199956b263621b196 [NON_LEADER]: Queue going to NON_LEADER mode. State: All replicated index: 0, Majority replicated index: 0, Committed index: 2, Last appended: 1.2, Last appended by leader: 2, Current term: 0, Majority size: -1, State: 0, Mode: NON_LEADER, active raft config: opid_index: 2 OBSOLETE_local: false peers { permanent_uuid: "a47a903a9248469ea1641ec31719595d" member_type: VOTER last_known_addr { host: "127.17.51.129" port: 42695 } } peers { permanent_uuid: "f06ebed3bf0e421490f8f858816db542" member_type: VOTER last_known_addr { host: "127.17.51.130" port: 40697 } } peers { permanent_uuid: "853a2a0c72854ee0b9224680a8986d1e" member_type: VOTER last_known_addr { host: "127.17.51.131" port: 34277 } attrs { replace: true } } peers { permanent_uuid: "c88bee93c38f44e199956b263621b196" member_type: NON_VOTER last_known_addr { host: "127.17.51.132" port: 44469 } attrs { promote: true } }
I20260608 12:56:06.804847 18713 ts_tablet_manager.cc:1434] T 05dd2c15aafe4b20890e494a993a1594 P c88bee93c38f44e199956b263621b196: Time spent starting tablet: real 0.011s	user 0.006s	sys 0.000s
I20260608 12:56:06.810171 18374 tablet_copy_service.cc:342] P f06ebed3bf0e421490f8f858816db542: Request end of tablet copy session c88bee93c38f44e199956b263621b196-05dd2c15aafe4b20890e494a993a1594 received from {username='slave'} at 127.0.0.1:37964
I20260608 12:56:06.810782 18374 tablet_copy_service.cc:434] P f06ebed3bf0e421490f8f858816db542: ending tablet copy session c88bee93c38f44e199956b263621b196-05dd2c15aafe4b20890e494a993a1594 on tablet 05dd2c15aafe4b20890e494a993a1594 with peer c88bee93c38f44e199956b263621b196
I20260608 12:56:06.814810 18715 tablet_bootstrap.cc:492] T 129a7f2e8efc44b28593cf41eb22e8ac P c88bee93c38f44e199956b263621b196: Bootstrap replayed 1/1 log segments. Stats: ops{read=2 overwritten=0 applied=2 ignored=0} inserts{seen=0 ignored=0} mutations{seen=0 ignored=0} orphaned_commits=0. Pending: 0 replicates
I20260608 12:56:06.815994 18715 tablet_bootstrap.cc:492] T 129a7f2e8efc44b28593cf41eb22e8ac P c88bee93c38f44e199956b263621b196: Bootstrap complete.
I20260608 12:56:06.816833 18715 ts_tablet_manager.cc:1403] T 129a7f2e8efc44b28593cf41eb22e8ac P c88bee93c38f44e199956b263621b196: Time spent bootstrapping tablet: real 0.050s	user 0.027s	sys 0.016s
I20260608 12:56:06.820148 18715 raft_consensus.cc:359] T 129a7f2e8efc44b28593cf41eb22e8ac P c88bee93c38f44e199956b263621b196 [term 2 LEARNER]: Replica starting. Triggering 0 pending ops. Active config: opid_index: 2 OBSOLETE_local: false peers { permanent_uuid: "a47a903a9248469ea1641ec31719595d" member_type: VOTER last_known_addr { host: "127.17.51.129" port: 42695 } } peers { permanent_uuid: "f06ebed3bf0e421490f8f858816db542" member_type: VOTER last_known_addr { host: "127.17.51.130" port: 40697 } } peers { permanent_uuid: "853a2a0c72854ee0b9224680a8986d1e" member_type: VOTER last_known_addr { host: "127.17.51.131" port: 34277 } attrs { replace: true } } peers { permanent_uuid: "c88bee93c38f44e199956b263621b196" member_type: NON_VOTER last_known_addr { host: "127.17.51.132" port: 44469 } attrs { promote: true } }
I20260608 12:56:06.820935 18715 raft_consensus.cc:740] T 129a7f2e8efc44b28593cf41eb22e8ac P c88bee93c38f44e199956b263621b196 [term 2 LEARNER]: Becoming Follower/Learner. State: Replica: c88bee93c38f44e199956b263621b196, State: Initialized, Role: LEARNER
I20260608 12:56:06.821518 18715 consensus_queue.cc:260] T 129a7f2e8efc44b28593cf41eb22e8ac P c88bee93c38f44e199956b263621b196 [NON_LEADER]: Queue going to NON_LEADER mode. State: All replicated index: 0, Majority replicated index: 0, Committed index: 2, Last appended: 2.2, Last appended by leader: 2, Current term: 0, Majority size: -1, State: 0, Mode: NON_LEADER, active raft config: opid_index: 2 OBSOLETE_local: false peers { permanent_uuid: "a47a903a9248469ea1641ec31719595d" member_type: VOTER last_known_addr { host: "127.17.51.129" port: 42695 } } peers { permanent_uuid: "f06ebed3bf0e421490f8f858816db542" member_type: VOTER last_known_addr { host: "127.17.51.130" port: 40697 } } peers { permanent_uuid: "853a2a0c72854ee0b9224680a8986d1e" member_type: VOTER last_known_addr { host: "127.17.51.131" port: 34277 } attrs { replace: true } } peers { permanent_uuid: "c88bee93c38f44e199956b263621b196" member_type: NON_VOTER last_known_addr { host: "127.17.51.132" port: 44469 } attrs { promote: true } }
I20260608 12:56:06.824070 18715 ts_tablet_manager.cc:1434] T 129a7f2e8efc44b28593cf41eb22e8ac P c88bee93c38f44e199956b263621b196: Time spent starting tablet: real 0.007s	user 0.004s	sys 0.000s
I20260608 12:56:06.826316 18374 tablet_copy_service.cc:342] P f06ebed3bf0e421490f8f858816db542: Request end of tablet copy session c88bee93c38f44e199956b263621b196-129a7f2e8efc44b28593cf41eb22e8ac received from {username='slave'} at 127.0.0.1:37964
I20260608 12:56:06.826808 18374 tablet_copy_service.cc:434] P f06ebed3bf0e421490f8f858816db542: ending tablet copy session c88bee93c38f44e199956b263621b196-129a7f2e8efc44b28593cf41eb22e8ac on tablet 129a7f2e8efc44b28593cf41eb22e8ac with peer c88bee93c38f44e199956b263621b196
I20260608 12:56:06.841720 18651 raft_consensus.cc:993] T 163395abf1844f6e96999040cbeddd2f P 853a2a0c72854ee0b9224680a8986d1e: : Instructing follower a47a903a9248469ea1641ec31719595d to start an election
I20260608 12:56:06.842490 18712 raft_consensus.cc:1081] T 163395abf1844f6e96999040cbeddd2f P 853a2a0c72854ee0b9224680a8986d1e [term 2 LEADER]: Signalling peer a47a903a9248469ea1641ec31719595d to start an election
I20260608 12:56:06.845482 18289 tablet_service.cc:2044] Received Run Leader Election RPC: tablet_id: "163395abf1844f6e96999040cbeddd2f"
dest_uuid: "a47a903a9248469ea1641ec31719595d"
 from {username='slave'} at 127.0.0.1:48388
I20260608 12:56:06.846299 18289 raft_consensus.cc:493] T 163395abf1844f6e96999040cbeddd2f P a47a903a9248469ea1641ec31719595d [term 2 FOLLOWER]: Starting forced leader election (received explicit request)
I20260608 12:56:06.846694 18289 raft_consensus.cc:3060] T 163395abf1844f6e96999040cbeddd2f P a47a903a9248469ea1641ec31719595d [term 2 FOLLOWER]: Advancing to term 3
I20260608 12:56:06.855000 18289 raft_consensus.cc:515] T 163395abf1844f6e96999040cbeddd2f P a47a903a9248469ea1641ec31719595d [term 3 FOLLOWER]: Starting forced leader election with config: opid_index: 2 OBSOLETE_local: false peers { permanent_uuid: "a47a903a9248469ea1641ec31719595d" member_type: VOTER last_known_addr { host: "127.17.51.129" port: 42695 } } peers { permanent_uuid: "f06ebed3bf0e421490f8f858816db542" member_type: VOTER last_known_addr { host: "127.17.51.130" port: 40697 } attrs { replace: true } } peers { permanent_uuid: "853a2a0c72854ee0b9224680a8986d1e" member_type: VOTER last_known_addr { host: "127.17.51.131" port: 34277 } } peers { permanent_uuid: "c88bee93c38f44e199956b263621b196" member_type: NON_VOTER last_known_addr { host: "127.17.51.132" port: 44469 } attrs { promote: true } }
I20260608 12:56:06.860710 18360 tablet_service.cc:1917] Received RequestConsensusVote() RPC: tablet_id: "163395abf1844f6e96999040cbeddd2f" candidate_uuid: "a47a903a9248469ea1641ec31719595d" candidate_term: 3 candidate_status { last_received { term: 2 index: 2 } } ignore_live_leader: true dest_uuid: "f06ebed3bf0e421490f8f858816db542"
I20260608 12:56:06.861773 18360 raft_consensus.cc:3060] T 163395abf1844f6e96999040cbeddd2f P f06ebed3bf0e421490f8f858816db542 [term 2 FOLLOWER]: Advancing to term 3
I20260608 12:56:06.863438 18437 tablet_service.cc:1917] Received RequestConsensusVote() RPC: tablet_id: "163395abf1844f6e96999040cbeddd2f" candidate_uuid: "a47a903a9248469ea1641ec31719595d" candidate_term: 3 candidate_status { last_received { term: 2 index: 2 } } ignore_live_leader: true dest_uuid: "853a2a0c72854ee0b9224680a8986d1e"
I20260608 12:56:06.863821 18662 raft_consensus.cc:493] T de4f08920b0145199fb58ed68c1cc52d P a47a903a9248469ea1641ec31719595d [term 1 FOLLOWER]: Starting pre-election (detected failure of leader f06ebed3bf0e421490f8f858816db542)
I20260608 12:56:06.864217 18437 raft_consensus.cc:3055] T 163395abf1844f6e96999040cbeddd2f P 853a2a0c72854ee0b9224680a8986d1e [term 2 LEADER]: Stepping down as leader of term 2
I20260608 12:56:06.864650 18437 raft_consensus.cc:740] T 163395abf1844f6e96999040cbeddd2f P 853a2a0c72854ee0b9224680a8986d1e [term 2 LEADER]: Becoming Follower/Learner. State: Replica: 853a2a0c72854ee0b9224680a8986d1e, State: Running, Role: LEADER
I20260608 12:56:06.864611 18662 raft_consensus.cc:515] T de4f08920b0145199fb58ed68c1cc52d P a47a903a9248469ea1641ec31719595d [term 1 FOLLOWER]: Starting pre-election with config: opid_index: -1 OBSOLETE_local: false peers { permanent_uuid: "a47a903a9248469ea1641ec31719595d" member_type: VOTER last_known_addr { host: "127.17.51.129" port: 42695 } } peers { permanent_uuid: "f06ebed3bf0e421490f8f858816db542" member_type: VOTER last_known_addr { host: "127.17.51.130" port: 40697 } } peers { permanent_uuid: "853a2a0c72854ee0b9224680a8986d1e" member_type: VOTER last_known_addr { host: "127.17.51.131" port: 34277 } }
I20260608 12:56:06.866108 18437 consensus_queue.cc:260] T 163395abf1844f6e96999040cbeddd2f P 853a2a0c72854ee0b9224680a8986d1e [NON_LEADER]: Queue going to NON_LEADER mode. State: All replicated index: 0, Majority replicated index: 2, Committed index: 2, Last appended: 2.2, Last appended by leader: 2, Current term: 2, Majority size: -1, State: 0, Mode: NON_LEADER, active raft config: opid_index: 2 OBSOLETE_local: false peers { permanent_uuid: "a47a903a9248469ea1641ec31719595d" member_type: VOTER last_known_addr { host: "127.17.51.129" port: 42695 } } peers { permanent_uuid: "f06ebed3bf0e421490f8f858816db542" member_type: VOTER last_known_addr { host: "127.17.51.130" port: 40697 } attrs { replace: true } } peers { permanent_uuid: "853a2a0c72854ee0b9224680a8986d1e" member_type: VOTER last_known_addr { host: "127.17.51.131" port: 34277 } } peers { permanent_uuid: "c88bee93c38f44e199956b263621b196" member_type: NON_VOTER last_known_addr { host: "127.17.51.132" port: 44469 } attrs { promote: true } }
I20260608 12:56:06.867856 18437 raft_consensus.cc:3060] T 163395abf1844f6e96999040cbeddd2f P 853a2a0c72854ee0b9224680a8986d1e [term 2 FOLLOWER]: Advancing to term 3
I20260608 12:56:06.868182 18662 leader_election.cc:290] T de4f08920b0145199fb58ed68c1cc52d P a47a903a9248469ea1641ec31719595d [CANDIDATE]: Term 2 pre-election: Requested pre-vote from peers f06ebed3bf0e421490f8f858816db542 (127.17.51.130:40697), 853a2a0c72854ee0b9224680a8986d1e (127.17.51.131:34277)
I20260608 12:56:06.869441 18365 tablet_service.cc:1917] Received RequestConsensusVote() RPC: tablet_id: "de4f08920b0145199fb58ed68c1cc52d" candidate_uuid: "a47a903a9248469ea1641ec31719595d" candidate_term: 2 candidate_status { last_received { term: 1 index: 1 } } ignore_live_leader: false dest_uuid: "f06ebed3bf0e421490f8f858816db542" is_pre_election: true
I20260608 12:56:06.870434 18365 raft_consensus.cc:2368] T de4f08920b0145199fb58ed68c1cc52d P f06ebed3bf0e421490f8f858816db542 [term 3 FOLLOWER]: Leader pre-election vote request: Denying vote to candidate a47a903a9248469ea1641ec31719595d for earlier term 2. Current term is 3.
I20260608 12:56:06.871181 18438 tablet_service.cc:1917] Received RequestConsensusVote() RPC: tablet_id: "de4f08920b0145199fb58ed68c1cc52d" candidate_uuid: "a47a903a9248469ea1641ec31719595d" candidate_term: 2 candidate_status { last_received { term: 1 index: 1 } } ignore_live_leader: false dest_uuid: "853a2a0c72854ee0b9224680a8986d1e" is_pre_election: true
I20260608 12:56:06.872735 18253 leader_election.cc:400] T de4f08920b0145199fb58ed68c1cc52d P a47a903a9248469ea1641ec31719595d [CANDIDATE]: Term 2 pre-election: Vote denied by peer f06ebed3bf0e421490f8f858816db542 (127.17.51.130:40697) with higher term. Message: Invalid argument: T de4f08920b0145199fb58ed68c1cc52d P f06ebed3bf0e421490f8f858816db542 [term 3 FOLLOWER]: Leader pre-election vote request: Denying vote to candidate a47a903a9248469ea1641ec31719595d for earlier term 2. Current term is 3.
I20260608 12:56:06.873291 18253 leader_election.cc:403] T de4f08920b0145199fb58ed68c1cc52d P a47a903a9248469ea1641ec31719595d [CANDIDATE]: Term 2 pre-election: Cancelling election due to peer responding with higher term
I20260608 12:56:06.863106 18289 leader_election.cc:290] T 163395abf1844f6e96999040cbeddd2f P a47a903a9248469ea1641ec31719595d [CANDIDATE]: Term 3 election: Requested vote from peers f06ebed3bf0e421490f8f858816db542 (127.17.51.130:40697), 853a2a0c72854ee0b9224680a8986d1e (127.17.51.131:34277)
I20260608 12:56:06.874631 18709 raft_consensus.cc:3060] T de4f08920b0145199fb58ed68c1cc52d P a47a903a9248469ea1641ec31719595d [term 1 FOLLOWER]: Advancing to term 3
I20260608 12:56:06.885290 18437 raft_consensus.cc:2468] T 163395abf1844f6e96999040cbeddd2f P 853a2a0c72854ee0b9224680a8986d1e [term 3 FOLLOWER]: Leader election vote request: Granting yes vote for candidate a47a903a9248469ea1641ec31719595d in term 3.
I20260608 12:56:06.887341 18254 leader_election.cc:304] T 163395abf1844f6e96999040cbeddd2f P a47a903a9248469ea1641ec31719595d [CANDIDATE]: Term 3 election: Election decided. Result: candidate won. Election summary: received 2 responses out of 3 voters: 2 yes votes; 0 no votes. yes voters: 853a2a0c72854ee0b9224680a8986d1e, a47a903a9248469ea1641ec31719595d; no voters: 
I20260608 12:56:06.888558 18662 raft_consensus.cc:2804] T 163395abf1844f6e96999040cbeddd2f P a47a903a9248469ea1641ec31719595d [term 3 FOLLOWER]: Leader election won for term 3
I20260608 12:56:06.891110 18709 raft_consensus.cc:2749] T de4f08920b0145199fb58ed68c1cc52d P a47a903a9248469ea1641ec31719595d [term 3 FOLLOWER]: Leader pre-election lost for term 2. Reason: Vote denied by peer f06ebed3bf0e421490f8f858816db542 (127.17.51.130:40697) with higher term. Message: Invalid argument: T de4f08920b0145199fb58ed68c1cc52d P f06ebed3bf0e421490f8f858816db542 [term 3 FOLLOWER]: Leader pre-election vote request: Denying vote to candidate a47a903a9248469ea1641ec31719595d for earlier term 2. Current term is 3.
I20260608 12:56:06.893993 18360 raft_consensus.cc:2468] T 163395abf1844f6e96999040cbeddd2f P f06ebed3bf0e421490f8f858816db542 [term 3 FOLLOWER]: Leader election vote request: Granting yes vote for candidate a47a903a9248469ea1641ec31719595d in term 3.
I20260608 12:56:06.898661 18662 raft_consensus.cc:697] T 163395abf1844f6e96999040cbeddd2f P a47a903a9248469ea1641ec31719595d [term 3 LEADER]: Becoming Leader. State: Replica: a47a903a9248469ea1641ec31719595d, State: Running, Role: LEADER
I20260608 12:56:06.900143 18662 consensus_queue.cc:237] T 163395abf1844f6e96999040cbeddd2f P a47a903a9248469ea1641ec31719595d [LEADER]: Queue going to LEADER mode. State: All replicated index: 0, Majority replicated index: 2, Committed index: 2, Last appended: 2.2, Last appended by leader: 2, Current term: 3, Majority size: 2, State: 0, Mode: LEADER, active raft config: opid_index: 2 OBSOLETE_local: false peers { permanent_uuid: "a47a903a9248469ea1641ec31719595d" member_type: VOTER last_known_addr { host: "127.17.51.129" port: 42695 } } peers { permanent_uuid: "f06ebed3bf0e421490f8f858816db542" member_type: VOTER last_known_addr { host: "127.17.51.130" port: 40697 } attrs { replace: true } } peers { permanent_uuid: "853a2a0c72854ee0b9224680a8986d1e" member_type: VOTER last_known_addr { host: "127.17.51.131" port: 34277 } } peers { permanent_uuid: "c88bee93c38f44e199956b263621b196" member_type: NON_VOTER last_known_addr { host: "127.17.51.132" port: 44469 } attrs { promote: true } }
I20260608 12:56:06.912642 18188 catalog_manager.cc:5696] T 163395abf1844f6e96999040cbeddd2f P a47a903a9248469ea1641ec31719595d reported cstate change: term changed from 2 to 3, leader changed from 853a2a0c72854ee0b9224680a8986d1e (127.17.51.131) to a47a903a9248469ea1641ec31719595d (127.17.51.129). New cstate: current_term: 3 leader_uuid: "a47a903a9248469ea1641ec31719595d" committed_config { opid_index: 2 OBSOLETE_local: false peers { permanent_uuid: "a47a903a9248469ea1641ec31719595d" member_type: VOTER last_known_addr { host: "127.17.51.129" port: 42695 } health_report { overall_health: HEALTHY } } peers { permanent_uuid: "f06ebed3bf0e421490f8f858816db542" member_type: VOTER last_known_addr { host: "127.17.51.130" port: 40697 } attrs { replace: true } health_report { overall_health: UNKNOWN } } peers { permanent_uuid: "853a2a0c72854ee0b9224680a8986d1e" member_type: VOTER last_known_addr { host: "127.17.51.131" port: 34277 } health_report { overall_health: UNKNOWN } } peers { permanent_uuid: "c88bee93c38f44e199956b263621b196" member_type: NON_VOTER last_known_addr { host: "127.17.51.132" port: 44469 } attrs { promote: true } health_report { overall_health: UNKNOWN } } }
I20260608 12:56:07.034991 18617 raft_consensus.cc:1217] T 129a7f2e8efc44b28593cf41eb22e8ac P c88bee93c38f44e199956b263621b196 [term 2 LEARNER]: Deduplicated request from leader. Original: 2.1->[2.2-2.2]   Dedup: 2.2->[]
I20260608 12:56:07.044355 17614 tablet_server.cc:179] TabletServer@127.17.51.129:0 shutting down...
W20260608 12:56:07.082506 18402 proxy.cc:239] Call had error, refreshing address and retrying: Remote error: Service unavailable: service kudu.consensus.ConsensusService not registered on TabletServer [suppressed 3 similar messages]
W20260608 12:56:07.105551 18328 outbound_call.cc:321] RPC callback for RPC call kudu.consensus.ConsensusService.UpdateConsensus -> {remote=127.17.51.132:44469, user_credentials={real_user=slave}} blocked reactor thread for 54361.6us
W20260608 12:56:07.110324 18402 consensus_peers.cc:597] T f988a6b9bf21498ca3873374c90615a1 P 853a2a0c72854ee0b9224680a8986d1e -> Peer a47a903a9248469ea1641ec31719595d (127.17.51.129:42695): Couldn't send request to peer a47a903a9248469ea1641ec31719595d. Status: Remote error: Service unavailable: service kudu.consensus.ConsensusService not registered on TabletServer. This is attempt 1: this message will repeat every 5th retry.
I20260608 12:56:07.126148 18437 raft_consensus.cc:1275] T 7133cf71f28e47e98e947a152bae01f1 P 853a2a0c72854ee0b9224680a8986d1e [term 3 FOLLOWER]: Refusing update from remote peer a47a903a9248469ea1641ec31719595d: Log matching property violated. Preceding OpId in replica: term: 1 index: 1. Preceding OpId from leader: term: 3 index: 2. (index mismatch)
I20260608 12:56:07.129181 18662 consensus_queue.cc:1048] T 7133cf71f28e47e98e947a152bae01f1 P a47a903a9248469ea1641ec31719595d [LEADER]: Connected to new peer: Peer: permanent_uuid: "853a2a0c72854ee0b9224680a8986d1e" member_type: VOTER last_known_addr { host: "127.17.51.131" port: 34277 }, Status: LMP_MISMATCH, Last received: 0.0, Next index: 2, Last known committed idx: 1, Time since last communication: 0.001s
I20260608 12:56:07.148590 17614 ts_tablet_manager.cc:1507] Shutting down tablet manager...
I20260608 12:56:07.150081 17614 tablet_replica.cc:333] T 129a7f2e8efc44b28593cf41eb22e8ac P a47a903a9248469ea1641ec31719595d: stopping tablet replica
W20260608 12:56:07.158236 18328 consensus_peers.cc:597] T 05dd2c15aafe4b20890e494a993a1594 P f06ebed3bf0e421490f8f858816db542 -> Peer a47a903a9248469ea1641ec31719595d (127.17.51.129:42695): Couldn't send request to peer a47a903a9248469ea1641ec31719595d. Status: Remote error: Service unavailable: service kudu.consensus.ConsensusService not registered on TabletServer. This is attempt 1: this message will repeat every 5th retry.
I20260608 12:56:07.163053 18365 raft_consensus.cc:1275] T 7133cf71f28e47e98e947a152bae01f1 P f06ebed3bf0e421490f8f858816db542 [term 3 FOLLOWER]: Refusing update from remote peer a47a903a9248469ea1641ec31719595d: Log matching property violated. Preceding OpId in replica: term: 1 index: 1. Preceding OpId from leader: term: 3 index: 2. (index mismatch)
I20260608 12:56:07.166118 17614 raft_consensus.cc:2243] T 129a7f2e8efc44b28593cf41eb22e8ac P a47a903a9248469ea1641ec31719595d [term 2 FOLLOWER]: Raft consensus shutting down.
I20260608 12:56:07.168262 17614 raft_consensus.cc:2272] T 129a7f2e8efc44b28593cf41eb22e8ac P a47a903a9248469ea1641ec31719595d [term 2 FOLLOWER]: Raft consensus is shut down!
I20260608 12:56:07.170420 18662 consensus_queue.cc:1048] T 7133cf71f28e47e98e947a152bae01f1 P a47a903a9248469ea1641ec31719595d [LEADER]: Connected to new peer: Peer: permanent_uuid: "f06ebed3bf0e421490f8f858816db542" member_type: VOTER last_known_addr { host: "127.17.51.130" port: 40697 }, Status: LMP_MISMATCH, Last received: 0.0, Next index: 2, Last known committed idx: 1, Time since last communication: 0.001s
I20260608 12:56:07.184675 18617 raft_consensus.cc:1217] T 05dd2c15aafe4b20890e494a993a1594 P c88bee93c38f44e199956b263621b196 [term 1 LEARNER]: Deduplicated request from leader. Original: 1.1->[1.2-1.2]   Dedup: 1.2->[]
I20260608 12:56:07.194053 18365 raft_consensus.cc:1275] T de4f08920b0145199fb58ed68c1cc52d P f06ebed3bf0e421490f8f858816db542 [term 3 FOLLOWER]: Refusing update from remote peer 853a2a0c72854ee0b9224680a8986d1e: Log matching property violated. Preceding OpId in replica: term: 1 index: 1. Preceding OpId from leader: term: 3 index: 2. (index mismatch)
W20260608 12:56:07.194042 18402 consensus_peers.cc:597] T ec5cdec4ec8f47fcaa63163524292a7c P 853a2a0c72854ee0b9224680a8986d1e -> Peer a47a903a9248469ea1641ec31719595d (127.17.51.129:42695): Couldn't send request to peer a47a903a9248469ea1641ec31719595d. Status: Remote error: Service unavailable: service kudu.consensus.ConsensusService not registered on TabletServer. This is attempt 1: this message will repeat every 5th retry.
I20260608 12:56:07.196349 18651 consensus_queue.cc:1048] T de4f08920b0145199fb58ed68c1cc52d P 853a2a0c72854ee0b9224680a8986d1e [LEADER]: Connected to new peer: Peer: permanent_uuid: "f06ebed3bf0e421490f8f858816db542" member_type: VOTER last_known_addr { host: "127.17.51.130" port: 40697 }, Status: LMP_MISMATCH, Last received: 0.0, Next index: 2, Last known committed idx: 1, Time since last communication: 0.001s
I20260608 12:56:07.206725 17614 tablet_replica.cc:333] T de4f08920b0145199fb58ed68c1cc52d P a47a903a9248469ea1641ec31719595d: stopping tablet replica
I20260608 12:56:07.214067 17614 raft_consensus.cc:2243] T de4f08920b0145199fb58ed68c1cc52d P a47a903a9248469ea1641ec31719595d [term 3 FOLLOWER]: Raft consensus shutting down.
I20260608 12:56:07.216612 17614 raft_consensus.cc:2272] T de4f08920b0145199fb58ed68c1cc52d P a47a903a9248469ea1641ec31719595d [term 3 FOLLOWER]: Raft consensus is shut down!
W20260608 12:56:07.224833 18402 consensus_peers.cc:597] T de4f08920b0145199fb58ed68c1cc52d P 853a2a0c72854ee0b9224680a8986d1e -> Peer a47a903a9248469ea1641ec31719595d (127.17.51.129:42695): Couldn't send request to peer a47a903a9248469ea1641ec31719595d. Status: Remote error: Service unavailable: service kudu.consensus.ConsensusService not registered on TabletServer. This is attempt 1: this message will repeat every 5th retry.
I20260608 12:56:07.228561 17614 tablet_replica.cc:333] T ec5cdec4ec8f47fcaa63163524292a7c P a47a903a9248469ea1641ec31719595d: stopping tablet replica
I20260608 12:56:07.233970 17614 raft_consensus.cc:2243] T ec5cdec4ec8f47fcaa63163524292a7c P a47a903a9248469ea1641ec31719595d [term 2 FOLLOWER]: Raft consensus shutting down.
I20260608 12:56:07.248925 18651 raft_consensus.cc:1064] T 4a4249bd791946b19314dfe133a69835 P 853a2a0c72854ee0b9224680a8986d1e: attempting to promote NON_VOTER c88bee93c38f44e199956b263621b196 to VOTER
I20260608 12:56:07.253875 18651 consensus_queue.cc:237] T 4a4249bd791946b19314dfe133a69835 P 853a2a0c72854ee0b9224680a8986d1e [LEADER]: Queue going to LEADER mode. State: All replicated index: 0, Majority replicated index: 2, Committed index: 2, Last appended: 1.2, Last appended by leader: 0, Current term: 1, Majority size: 3, State: 0, Mode: LEADER, active raft config: opid_index: 3 OBSOLETE_local: false peers { permanent_uuid: "f06ebed3bf0e421490f8f858816db542" member_type: VOTER last_known_addr { host: "127.17.51.130" port: 40697 } } peers { permanent_uuid: "a47a903a9248469ea1641ec31719595d" member_type: VOTER last_known_addr { host: "127.17.51.129" port: 42695 } attrs { replace: true } } peers { permanent_uuid: "853a2a0c72854ee0b9224680a8986d1e" member_type: VOTER last_known_addr { host: "127.17.51.131" port: 34277 } } peers { permanent_uuid: "c88bee93c38f44e199956b263621b196" member_type: VOTER last_known_addr { host: "127.17.51.132" port: 44469 } attrs { promote: false } }
I20260608 12:56:07.247004 17614 raft_consensus.cc:2272] T ec5cdec4ec8f47fcaa63163524292a7c P a47a903a9248469ea1641ec31719595d [term 2 FOLLOWER]: Raft consensus is shut down!
I20260608 12:56:07.263797 17614 tablet_replica.cc:333] T f988a6b9bf21498ca3873374c90615a1 P a47a903a9248469ea1641ec31719595d: stopping tablet replica
I20260608 12:56:07.264686 17614 raft_consensus.cc:2243] T f988a6b9bf21498ca3873374c90615a1 P a47a903a9248469ea1641ec31719595d [term 2 FOLLOWER]: Raft consensus shutting down.
I20260608 12:56:07.265321 17614 raft_consensus.cc:2272] T f988a6b9bf21498ca3873374c90615a1 P a47a903a9248469ea1641ec31719595d [term 2 FOLLOWER]: Raft consensus is shut down!
I20260608 12:56:07.268668 17614 tablet_replica.cc:333] T 05dd2c15aafe4b20890e494a993a1594 P a47a903a9248469ea1641ec31719595d: stopping tablet replica
I20260608 12:56:07.269088 18617 raft_consensus.cc:1275] T 4a4249bd791946b19314dfe133a69835 P c88bee93c38f44e199956b263621b196 [term 1 LEARNER]: Refusing update from remote peer 853a2a0c72854ee0b9224680a8986d1e: Log matching property violated. Preceding OpId in replica: term: 1 index: 2. Preceding OpId from leader: term: 1 index: 3. (index mismatch)
I20260608 12:56:07.269585 17614 raft_consensus.cc:2243] T 05dd2c15aafe4b20890e494a993a1594 P a47a903a9248469ea1641ec31719595d [term 1 FOLLOWER]: Raft consensus shutting down.
I20260608 12:56:07.270340 17614 raft_consensus.cc:2272] T 05dd2c15aafe4b20890e494a993a1594 P a47a903a9248469ea1641ec31719595d [term 1 FOLLOWER]: Raft consensus is shut down!
I20260608 12:56:07.272563 18719 consensus_queue.cc:1048] T 4a4249bd791946b19314dfe133a69835 P 853a2a0c72854ee0b9224680a8986d1e [LEADER]: Connected to new peer: Peer: permanent_uuid: "c88bee93c38f44e199956b263621b196" member_type: VOTER last_known_addr { host: "127.17.51.132" port: 44469 } attrs { promote: false }, Status: LMP_MISMATCH, Last received: 0.0, Next index: 3, Last known committed idx: 2, Time since last communication: 0.001s
I20260608 12:56:07.273605 17614 tablet_replica.cc:333] T 7133cf71f28e47e98e947a152bae01f1 P a47a903a9248469ea1641ec31719595d: stopping tablet replica
I20260608 12:56:07.274557 17614 raft_consensus.cc:2243] T 7133cf71f28e47e98e947a152bae01f1 P a47a903a9248469ea1641ec31719595d [term 3 LEADER]: Raft consensus shutting down.
I20260608 12:56:07.275691 17614 raft_consensus.cc:2272] T 7133cf71f28e47e98e947a152bae01f1 P a47a903a9248469ea1641ec31719595d [term 3 FOLLOWER]: Raft consensus is shut down!
W20260608 12:56:07.277431 18402 consensus_peers.cc:597] T 4a4249bd791946b19314dfe133a69835 P 853a2a0c72854ee0b9224680a8986d1e -> Peer a47a903a9248469ea1641ec31719595d (127.17.51.129:42695): Couldn't send request to peer a47a903a9248469ea1641ec31719595d. Status: Remote error: Service unavailable: service kudu.consensus.ConsensusService not registered on TabletServer. This is attempt 1: this message will repeat every 5th retry.
I20260608 12:56:07.281407 18360 raft_consensus.cc:1275] T 4a4249bd791946b19314dfe133a69835 P f06ebed3bf0e421490f8f858816db542 [term 1 FOLLOWER]: Refusing update from remote peer 853a2a0c72854ee0b9224680a8986d1e: Log matching property violated. Preceding OpId in replica: term: 1 index: 2. Preceding OpId from leader: term: 1 index: 3. (index mismatch)
I20260608 12:56:07.283854 18651 consensus_queue.cc:1048] T 4a4249bd791946b19314dfe133a69835 P 853a2a0c72854ee0b9224680a8986d1e [LEADER]: Connected to new peer: Peer: permanent_uuid: "f06ebed3bf0e421490f8f858816db542" member_type: VOTER last_known_addr { host: "127.17.51.130" port: 40697 }, Status: LMP_MISMATCH, Last received: 0.0, Next index: 3, Last known committed idx: 2, Time since last communication: 0.000s
I20260608 12:56:07.279349 17614 tablet_replica.cc:333] T 163395abf1844f6e96999040cbeddd2f P a47a903a9248469ea1641ec31719595d: stopping tablet replica
I20260608 12:56:07.286952 17614 raft_consensus.cc:2243] T 163395abf1844f6e96999040cbeddd2f P a47a903a9248469ea1641ec31719595d [term 3 LEADER]: Raft consensus shutting down.
I20260608 12:56:07.288125 17614 pending_rounds.cc:70] T 163395abf1844f6e96999040cbeddd2f P a47a903a9248469ea1641ec31719595d: Trying to abort 1 pending ops.
I20260608 12:56:07.288486 17614 pending_rounds.cc:77] T 163395abf1844f6e96999040cbeddd2f P a47a903a9248469ea1641ec31719595d: Aborting op as it isn't in flight: id { term: 3 index: 3 } timestamp: 7294662110842789888 op_type: NO_OP noop_request { }
I20260608 12:56:07.288957 17614 raft_consensus.cc:2889] T 163395abf1844f6e96999040cbeddd2f P a47a903a9248469ea1641ec31719595d [term 3 LEADER]: NO_OP replication failed: Aborted: Op aborted
I20260608 12:56:07.289320 17614 raft_consensus.cc:2272] T 163395abf1844f6e96999040cbeddd2f P a47a903a9248469ea1641ec31719595d [term 3 FOLLOWER]: Raft consensus is shut down!
I20260608 12:56:07.292869 17614 tablet_replica.cc:333] T 4a4249bd791946b19314dfe133a69835 P a47a903a9248469ea1641ec31719595d: stopping tablet replica
I20260608 12:56:07.296924 17614 raft_consensus.cc:2243] T 4a4249bd791946b19314dfe133a69835 P a47a903a9248469ea1641ec31719595d [term 1 FOLLOWER]: Raft consensus shutting down.
I20260608 12:56:07.297648 17614 raft_consensus.cc:2272] T 4a4249bd791946b19314dfe133a69835 P a47a903a9248469ea1641ec31719595d [term 1 FOLLOWER]: Raft consensus is shut down!
I20260608 12:56:07.314553 18651 raft_consensus.cc:2955] T 4a4249bd791946b19314dfe133a69835 P 853a2a0c72854ee0b9224680a8986d1e [term 1 LEADER]: Committing config change with OpId 1.3: config changed from index 2 to 3, c88bee93c38f44e199956b263621b196 (127.17.51.132) changed from NON_VOTER to VOTER. New config: { opid_index: 3 OBSOLETE_local: false peers { permanent_uuid: "f06ebed3bf0e421490f8f858816db542" member_type: VOTER last_known_addr { host: "127.17.51.130" port: 40697 } } peers { permanent_uuid: "a47a903a9248469ea1641ec31719595d" member_type: VOTER last_known_addr { host: "127.17.51.129" port: 42695 } attrs { replace: true } } peers { permanent_uuid: "853a2a0c72854ee0b9224680a8986d1e" member_type: VOTER last_known_addr { host: "127.17.51.131" port: 34277 } } peers { permanent_uuid: "c88bee93c38f44e199956b263621b196" member_type: VOTER last_known_addr { host: "127.17.51.132" port: 44469 } attrs { promote: false } } }
I20260608 12:56:07.319212 18365 raft_consensus.cc:2955] T 4a4249bd791946b19314dfe133a69835 P f06ebed3bf0e421490f8f858816db542 [term 1 FOLLOWER]: Committing config change with OpId 1.3: config changed from index 2 to 3, c88bee93c38f44e199956b263621b196 (127.17.51.132) changed from NON_VOTER to VOTER. New config: { opid_index: 3 OBSOLETE_local: false peers { permanent_uuid: "f06ebed3bf0e421490f8f858816db542" member_type: VOTER last_known_addr { host: "127.17.51.130" port: 40697 } } peers { permanent_uuid: "a47a903a9248469ea1641ec31719595d" member_type: VOTER last_known_addr { host: "127.17.51.129" port: 42695 } attrs { replace: true } } peers { permanent_uuid: "853a2a0c72854ee0b9224680a8986d1e" member_type: VOTER last_known_addr { host: "127.17.51.131" port: 34277 } } peers { permanent_uuid: "c88bee93c38f44e199956b263621b196" member_type: VOTER last_known_addr { host: "127.17.51.132" port: 44469 } attrs { promote: false } } }
I20260608 12:56:07.336303 18617 raft_consensus.cc:2955] T 4a4249bd791946b19314dfe133a69835 P c88bee93c38f44e199956b263621b196 [term 1 FOLLOWER]: Committing config change with OpId 1.3: config changed from index 2 to 3, c88bee93c38f44e199956b263621b196 (127.17.51.132) changed from NON_VOTER to VOTER. New config: { opid_index: 3 OBSOLETE_local: false peers { permanent_uuid: "f06ebed3bf0e421490f8f858816db542" member_type: VOTER last_known_addr { host: "127.17.51.130" port: 40697 } } peers { permanent_uuid: "a47a903a9248469ea1641ec31719595d" member_type: VOTER last_known_addr { host: "127.17.51.129" port: 42695 } attrs { replace: true } } peers { permanent_uuid: "853a2a0c72854ee0b9224680a8986d1e" member_type: VOTER last_known_addr { host: "127.17.51.131" port: 34277 } } peers { permanent_uuid: "c88bee93c38f44e199956b263621b196" member_type: VOTER last_known_addr { host: "127.17.51.132" port: 44469 } attrs { promote: false } } }
I20260608 12:56:07.346019 18188 catalog_manager.cc:5696] T 4a4249bd791946b19314dfe133a69835 P f06ebed3bf0e421490f8f858816db542 reported cstate change: config changed from index 2 to 3, c88bee93c38f44e199956b263621b196 (127.17.51.132) changed from NON_VOTER to VOTER. New cstate: current_term: 1 leader_uuid: "853a2a0c72854ee0b9224680a8986d1e" committed_config { opid_index: 3 OBSOLETE_local: false peers { permanent_uuid: "f06ebed3bf0e421490f8f858816db542" member_type: VOTER last_known_addr { host: "127.17.51.130" port: 40697 } } peers { permanent_uuid: "a47a903a9248469ea1641ec31719595d" member_type: VOTER last_known_addr { host: "127.17.51.129" port: 42695 } attrs { replace: true } } peers { permanent_uuid: "853a2a0c72854ee0b9224680a8986d1e" member_type: VOTER last_known_addr { host: "127.17.51.131" port: 34277 } } peers { permanent_uuid: "c88bee93c38f44e199956b263621b196" member_type: VOTER last_known_addr { host: "127.17.51.132" port: 44469 } attrs { promote: false } } }
I20260608 12:56:07.365342 17614 tablet_server.cc:196] TabletServer@127.17.51.129:0 shutdown complete.
I20260608 12:56:07.371918 18437 consensus_queue.cc:237] T 4a4249bd791946b19314dfe133a69835 P 853a2a0c72854ee0b9224680a8986d1e [LEADER]: Queue going to LEADER mode. State: All replicated index: 0, Majority replicated index: 3, Committed index: 3, Last appended: 1.3, Last appended by leader: 0, Current term: 1, Majority size: 2, State: 0, Mode: LEADER, active raft config: opid_index: 4 OBSOLETE_local: false peers { permanent_uuid: "f06ebed3bf0e421490f8f858816db542" member_type: VOTER last_known_addr { host: "127.17.51.130" port: 40697 } } peers { permanent_uuid: "853a2a0c72854ee0b9224680a8986d1e" member_type: VOTER last_known_addr { host: "127.17.51.131" port: 34277 } } peers { permanent_uuid: "c88bee93c38f44e199956b263621b196" member_type: VOTER last_known_addr { host: "127.17.51.132" port: 44469 } attrs { promote: false } }
W20260608 12:56:07.381278 18328 consensus_peers.cc:597] T 129a7f2e8efc44b28593cf41eb22e8ac P f06ebed3bf0e421490f8f858816db542 -> Peer a47a903a9248469ea1641ec31719595d (127.17.51.129:42695): Couldn't send request to peer a47a903a9248469ea1641ec31719595d. Status: Network error: Client connection negotiation failed: client connection to 127.17.51.129:42695: connect: Connection refused (error 111). This is attempt 1: this message will repeat every 5th retry.
I20260608 12:56:07.386220 18617 raft_consensus.cc:1275] T 4a4249bd791946b19314dfe133a69835 P c88bee93c38f44e199956b263621b196 [term 1 FOLLOWER]: Refusing update from remote peer 853a2a0c72854ee0b9224680a8986d1e: Log matching property violated. Preceding OpId in replica: term: 1 index: 3. Preceding OpId from leader: term: 1 index: 4. (index mismatch)
I20260608 12:56:07.388128 18651 consensus_queue.cc:1048] T 4a4249bd791946b19314dfe133a69835 P 853a2a0c72854ee0b9224680a8986d1e [LEADER]: Connected to new peer: Peer: permanent_uuid: "c88bee93c38f44e199956b263621b196" member_type: VOTER last_known_addr { host: "127.17.51.132" port: 44469 } attrs { promote: false }, Status: LMP_MISMATCH, Last received: 0.0, Next index: 4, Last known committed idx: 3, Time since last communication: 0.001s
I20260608 12:56:07.388736 18365 raft_consensus.cc:1275] T 4a4249bd791946b19314dfe133a69835 P f06ebed3bf0e421490f8f858816db542 [term 1 FOLLOWER]: Refusing update from remote peer 853a2a0c72854ee0b9224680a8986d1e: Log matching property violated. Preceding OpId in replica: term: 1 index: 3. Preceding OpId from leader: term: 1 index: 4. (index mismatch)
I20260608 12:56:07.393472 18651 consensus_queue.cc:1048] T 4a4249bd791946b19314dfe133a69835 P 853a2a0c72854ee0b9224680a8986d1e [LEADER]: Connected to new peer: Peer: permanent_uuid: "f06ebed3bf0e421490f8f858816db542" member_type: VOTER last_known_addr { host: "127.17.51.130" port: 40697 }, Status: LMP_MISMATCH, Last received: 0.0, Next index: 4, Last known committed idx: 3, Time since last communication: 0.001s
I20260608 12:56:07.401948 18719 raft_consensus.cc:2955] T 4a4249bd791946b19314dfe133a69835 P 853a2a0c72854ee0b9224680a8986d1e [term 1 LEADER]: Committing config change with OpId 1.4: config changed from index 3 to 4, VOTER a47a903a9248469ea1641ec31719595d (127.17.51.129) evicted. New config: { opid_index: 4 OBSOLETE_local: false peers { permanent_uuid: "f06ebed3bf0e421490f8f858816db542" member_type: VOTER last_known_addr { host: "127.17.51.130" port: 40697 } } peers { permanent_uuid: "853a2a0c72854ee0b9224680a8986d1e" member_type: VOTER last_known_addr { host: "127.17.51.131" port: 34277 } } peers { permanent_uuid: "c88bee93c38f44e199956b263621b196" member_type: VOTER last_known_addr { host: "127.17.51.132" port: 44469 } attrs { promote: false } } }
