I20260608 12:57:08.063997 20865 consensus_queue.cc:1048] T 2032456fa8fc45358aa87e5b4404a1a8 P 23acfe175a364f77a855ef2115b3eede [LEADER]: Connected to new peer: Peer: permanent_uuid: "f31166cb737347c5a342ecacf3c19f5c" member_type: VOTER last_known_addr { host: "127.17.27.3" port: 38707 }, Status: LMP_MISMATCH, Last received: 0.0, Next index: 1, Last known committed idx: 0, Time since last communication: 0.001s
I20260608 12:57:08.073892 20857 consensus_queue.cc:1048] T 35d502d92a2e4aadaf6c3058884ac5f9 P f31166cb737347c5a342ecacf3c19f5c [LEADER]: Connected to new peer: Peer: permanent_uuid: "23acfe175a364f77a855ef2115b3eede" member_type: VOTER last_known_addr { host: "127.17.27.4" port: 39519 }, Status: LMP_MISMATCH, Last received: 0.0, Next index: 1, Last known committed idx: 0, Time since last communication: 0.001s
I20260608 12:57:08.083657 20703 raft_consensus.cc:2955] T 5b200800d6b44992ab157bf7a04b4813 P 314a74e3670f49ce94ec1ebc2f918e0f [term 1 LEADER]: Committing config change with OpId 1.2: config changed from index -1 to 2, NON_VOTER 23acfe175a364f77a855ef2115b3eede (127.17.27.4) added. New config: { opid_index: 2 OBSOLETE_local: false peers { permanent_uuid: "1813c22501144ffbbee3887fdf4fad46" member_type: VOTER last_known_addr { host: "127.17.27.1" port: 35805 } } peers { permanent_uuid: "314a74e3670f49ce94ec1ebc2f918e0f" member_type: VOTER last_known_addr { host: "127.17.27.2" port: 34579 } } peers { permanent_uuid: "f31166cb737347c5a342ecacf3c19f5c" member_type: VOTER last_known_addr { host: "127.17.27.3" port: 38707 } attrs { replace: true } } peers { permanent_uuid: "23acfe175a364f77a855ef2115b3eede" member_type: NON_VOTER last_known_addr { host: "127.17.27.4" port: 39519 } attrs { promote: true } } }
I20260608 12:57:08.099912 20381 catalog_manager.cc:5696] T d1ee1abbc07649df81f512741e41bd01 P f31166cb737347c5a342ecacf3c19f5c reported cstate change: term changed from 1 to 2, leader changed from 314a74e3670f49ce94ec1ebc2f918e0f (127.17.27.2) to f31166cb737347c5a342ecacf3c19f5c (127.17.27.3). New cstate: current_term: 2 leader_uuid: "f31166cb737347c5a342ecacf3c19f5c" committed_config { opid_index: -1 OBSOLETE_local: false peers { permanent_uuid: "314a74e3670f49ce94ec1ebc2f918e0f" member_type: VOTER last_known_addr { host: "127.17.27.2" port: 34579 } health_report { overall_health: UNKNOWN } } peers { permanent_uuid: "1813c22501144ffbbee3887fdf4fad46" member_type: VOTER last_known_addr { host: "127.17.27.1" port: 35805 } health_report { overall_health: UNKNOWN } } peers { permanent_uuid: "f31166cb737347c5a342ecacf3c19f5c" member_type: VOTER last_known_addr { host: "127.17.27.3" port: 38707 } health_report { overall_health: HEALTHY } } }
I20260608 12:57:08.085022 20836 consensus_queue.cc:1048] T 2032456fa8fc45358aa87e5b4404a1a8 P 23acfe175a364f77a855ef2115b3eede [LEADER]: Connected to new peer: Peer: permanent_uuid: "1813c22501144ffbbee3887fdf4fad46" member_type: VOTER last_known_addr { host: "127.17.27.1" port: 35805 }, Status: LMP_MISMATCH, Last received: 0.0, Next index: 1, Last known committed idx: 0, Time since last communication: 0.017s
I20260608 12:57:08.106758 20482 raft_consensus.cc:2955] T 5b200800d6b44992ab157bf7a04b4813 P 1813c22501144ffbbee3887fdf4fad46 [term 1 FOLLOWER]: Committing config change with OpId 1.2: config changed from index -1 to 2, NON_VOTER 23acfe175a364f77a855ef2115b3eede (127.17.27.4) added. New config: { opid_index: 2 OBSOLETE_local: false peers { permanent_uuid: "1813c22501144ffbbee3887fdf4fad46" member_type: VOTER last_known_addr { host: "127.17.27.1" port: 35805 } } peers { permanent_uuid: "314a74e3670f49ce94ec1ebc2f918e0f" member_type: VOTER last_known_addr { host: "127.17.27.2" port: 34579 } } peers { permanent_uuid: "f31166cb737347c5a342ecacf3c19f5c" member_type: VOTER last_known_addr { host: "127.17.27.3" port: 38707 } attrs { replace: true } } peers { permanent_uuid: "23acfe175a364f77a855ef2115b3eede" member_type: NON_VOTER last_known_addr { host: "127.17.27.4" port: 39519 } attrs { promote: true } } }
I20260608 12:57:08.129734 20859 raft_consensus.cc:515] T 843068a19df64b1c86f4b0d253b1ce55 P 23acfe175a364f77a855ef2115b3eede [term 2 FOLLOWER]: Starting leader election with config: opid_index: -1 OBSOLETE_local: false peers { permanent_uuid: "23acfe175a364f77a855ef2115b3eede" member_type: VOTER last_known_addr { host: "127.17.27.4" port: 39519 } } peers { permanent_uuid: "314a74e3670f49ce94ec1ebc2f918e0f" member_type: VOTER last_known_addr { host: "127.17.27.2" port: 34579 } } peers { permanent_uuid: "f31166cb737347c5a342ecacf3c19f5c" member_type: VOTER last_known_addr { host: "127.17.27.3" port: 38707 } }
I20260608 12:57:08.132622 20786 raft_consensus.cc:1240] T 843068a19df64b1c86f4b0d253b1ce55 P 23acfe175a364f77a855ef2115b3eede [term 2 FOLLOWER]: Rejecting Update request from peer f31166cb737347c5a342ecacf3c19f5c for earlier term 1. Current term is 2. Ops: [1.1-1.1]
I20260608 12:57:08.140194 20558 consensus_queue.cc:237] T d86ff7c8e5f145a6935aea1267c10e37 P 314a74e3670f49ce94ec1ebc2f918e0f [LEADER]: Queue going to LEADER mode. State: All replicated index: 0, Majority replicated index: 1, Committed index: 1, Last appended: 1.1, Last appended by leader: 0, Current term: 1, Majority size: 2, State: 0, Mode: LEADER, active raft config: opid_index: 2 OBSOLETE_local: false peers { permanent_uuid: "314a74e3670f49ce94ec1ebc2f918e0f" member_type: VOTER last_known_addr { host: "127.17.27.2" port: 34579 } } peers { permanent_uuid: "1813c22501144ffbbee3887fdf4fad46" member_type: VOTER last_known_addr { host: "127.17.27.1" port: 35805 } attrs { replace: true } } peers { permanent_uuid: "f31166cb737347c5a342ecacf3c19f5c" member_type: VOTER last_known_addr { host: "127.17.27.3" port: 38707 } } peers { permanent_uuid: "23acfe175a364f77a855ef2115b3eede" member_type: NON_VOTER last_known_addr { host: "127.17.27.4" port: 39519 } attrs { promote: true } }
I20260608 12:57:08.140440 20633 raft_consensus.cc:2955] T 5b200800d6b44992ab157bf7a04b4813 P f31166cb737347c5a342ecacf3c19f5c [term 1 FOLLOWER]: Committing config change with OpId 1.2: config changed from index -1 to 2, NON_VOTER 23acfe175a364f77a855ef2115b3eede (127.17.27.4) added. New config: { opid_index: 2 OBSOLETE_local: false peers { permanent_uuid: "1813c22501144ffbbee3887fdf4fad46" member_type: VOTER last_known_addr { host: "127.17.27.1" port: 35805 } } peers { permanent_uuid: "314a74e3670f49ce94ec1ebc2f918e0f" member_type: VOTER last_known_addr { host: "127.17.27.2" port: 34579 } } peers { permanent_uuid: "f31166cb737347c5a342ecacf3c19f5c" member_type: VOTER last_known_addr { host: "127.17.27.3" port: 38707 } attrs { replace: true } } peers { permanent_uuid: "23acfe175a364f77a855ef2115b3eede" member_type: NON_VOTER last_known_addr { host: "127.17.27.4" port: 39519 } attrs { promote: true } } }
I20260608 12:57:08.146217 20862 consensus_queue.cc:1059] T 843068a19df64b1c86f4b0d253b1ce55 P f31166cb737347c5a342ecacf3c19f5c [LEADER]: Peer responded invalid term: Peer: permanent_uuid: "23acfe175a364f77a855ef2115b3eede" member_type: VOTER last_known_addr { host: "127.17.27.4" port: 39519 }, Status: INVALID_TERM, Last received: 0.0, Next index: 1, Last known committed idx: 0, Time since last communication: 0.000s
I20260608 12:57:08.146643 20685 consensus_queue.cc:1048] T 35d502d92a2e4aadaf6c3058884ac5f9 P f31166cb737347c5a342ecacf3c19f5c [LEADER]: Connected to new peer: Peer: permanent_uuid: "314a74e3670f49ce94ec1ebc2f918e0f" member_type: VOTER last_known_addr { host: "127.17.27.2" port: 34579 }, Status: LMP_MISMATCH, Last received: 0.0, Next index: 1, Last known committed idx: 0, Time since last communication: 0.001s
I20260608 12:57:08.171106 20557 tablet_service.cc:1917] Received RequestConsensusVote() RPC: tablet_id: "843068a19df64b1c86f4b0d253b1ce55" candidate_uuid: "23acfe175a364f77a855ef2115b3eede" candidate_term: 2 candidate_status { last_received { term: 0 index: 0 } } ignore_live_leader: false dest_uuid: "314a74e3670f49ce94ec1ebc2f918e0f"
I20260608 12:57:08.171887 20859 leader_election.cc:290] T 843068a19df64b1c86f4b0d253b1ce55 P 23acfe175a364f77a855ef2115b3eede [CANDIDATE]: Term 2 election: Requested vote from peers 314a74e3670f49ce94ec1ebc2f918e0f (127.17.27.2:34579), f31166cb737347c5a342ecacf3c19f5c (127.17.27.3:38707)
I20260608 12:57:08.164801 20381 catalog_manager.cc:5696] T 5b200800d6b44992ab157bf7a04b4813 P 314a74e3670f49ce94ec1ebc2f918e0f reported cstate change: config changed from index -1 to 2, NON_VOTER 23acfe175a364f77a855ef2115b3eede (127.17.27.4) added. New cstate: current_term: 1 leader_uuid: "314a74e3670f49ce94ec1ebc2f918e0f" committed_config { opid_index: 2 OBSOLETE_local: false peers { permanent_uuid: "1813c22501144ffbbee3887fdf4fad46" member_type: VOTER last_known_addr { host: "127.17.27.1" port: 35805 } health_report { overall_health: HEALTHY } } peers { permanent_uuid: "314a74e3670f49ce94ec1ebc2f918e0f" member_type: VOTER last_known_addr { host: "127.17.27.2" port: 34579 } health_report { overall_health: HEALTHY } } peers { permanent_uuid: "f31166cb737347c5a342ecacf3c19f5c" member_type: VOTER last_known_addr { host: "127.17.27.3" port: 38707 } attrs { replace: true } health_report { overall_health: HEALTHY } } peers { permanent_uuid: "23acfe175a364f77a855ef2115b3eede" member_type: NON_VOTER last_known_addr { host: "127.17.27.4" port: 39519 } attrs { promote: true } health_report { overall_health: UNKNOWN } } }
I20260608 12:57:08.185621 20684 raft_consensus.cc:993] T ea3b55ad5d6c47b2906981f653ec7b8b P 314a74e3670f49ce94ec1ebc2f918e0f: : Instructing follower 1813c22501144ffbbee3887fdf4fad46 to start an election
I20260608 12:57:08.186192 20684 raft_consensus.cc:1081] T ea3b55ad5d6c47b2906981f653ec7b8b P 314a74e3670f49ce94ec1ebc2f918e0f [term 1 LEADER]: Signalling peer 1813c22501144ffbbee3887fdf4fad46 to start an election
I20260608 12:57:08.189283 20786 raft_consensus.cc:3060] T 485da887ecb54f6eae849c6afe8f056e P 23acfe175a364f77a855ef2115b3eede [term 0 FOLLOWER]: Advancing to term 1
I20260608 12:57:08.189874 20634 tablet_service.cc:1917] Received RequestConsensusVote() RPC: tablet_id: "843068a19df64b1c86f4b0d253b1ce55" candidate_uuid: "23acfe175a364f77a855ef2115b3eede" candidate_term: 2 candidate_status { last_received { term: 0 index: 0 } } ignore_live_leader: false dest_uuid: "f31166cb737347c5a342ecacf3c19f5c"
I20260608 12:57:08.205766 20740 leader_election.cc:304] T 843068a19df64b1c86f4b0d253b1ce55 P 23acfe175a364f77a855ef2115b3eede [CANDIDATE]: Term 2 election: Election decided. Result: candidate lost. Election summary: received 3 responses out of 3 voters: 1 yes votes; 2 no votes. yes voters: 23acfe175a364f77a855ef2115b3eede; no voters: 314a74e3670f49ce94ec1ebc2f918e0f, f31166cb737347c5a342ecacf3c19f5c
I20260608 12:57:08.206770 20484 tablet_service.cc:2044] Received Run Leader Election RPC: tablet_id: "ea3b55ad5d6c47b2906981f653ec7b8b"
dest_uuid: "1813c22501144ffbbee3887fdf4fad46"
 from {username='slave'} at 127.0.0.1:52202
I20260608 12:57:08.207543 20484 raft_consensus.cc:493] T ea3b55ad5d6c47b2906981f653ec7b8b P 1813c22501144ffbbee3887fdf4fad46 [term 1 FOLLOWER]: Starting forced leader election (received explicit request)
I20260608 12:57:08.207562 20685 raft_consensus.cc:3055] T 843068a19df64b1c86f4b0d253b1ce55 P f31166cb737347c5a342ecacf3c19f5c [term 1 LEADER]: Stepping down as leader of term 1
I20260608 12:57:08.208237 20685 raft_consensus.cc:740] T 843068a19df64b1c86f4b0d253b1ce55 P f31166cb737347c5a342ecacf3c19f5c [term 1 LEADER]: Becoming Follower/Learner. State: Replica: f31166cb737347c5a342ecacf3c19f5c, State: Running, Role: LEADER
I20260608 12:57:08.208233 20484 raft_consensus.cc:3060] T ea3b55ad5d6c47b2906981f653ec7b8b P 1813c22501144ffbbee3887fdf4fad46 [term 1 FOLLOWER]: Advancing to term 2
I20260608 12:57:08.213737 20685 consensus_queue.cc:260] T 843068a19df64b1c86f4b0d253b1ce55 P f31166cb737347c5a342ecacf3c19f5c [NON_LEADER]: Queue going to NON_LEADER mode. State: All replicated index: 0, Majority replicated index: 0, Committed index: 0, Last appended: 1.1, Last appended by leader: 1, Current term: 1, Majority size: -1, State: 0, Mode: NON_LEADER, active raft config: opid_index: -1 OBSOLETE_local: false peers { permanent_uuid: "23acfe175a364f77a855ef2115b3eede" member_type: VOTER last_known_addr { host: "127.17.27.4" port: 39519 } } peers { permanent_uuid: "314a74e3670f49ce94ec1ebc2f918e0f" member_type: VOTER last_known_addr { host: "127.17.27.2" port: 34579 } } peers { permanent_uuid: "f31166cb737347c5a342ecacf3c19f5c" member_type: VOTER last_known_addr { host: "127.17.27.3" port: 38707 } }
I20260608 12:57:08.216763 20685 raft_consensus.cc:3060] T 843068a19df64b1c86f4b0d253b1ce55 P f31166cb737347c5a342ecacf3c19f5c [term 1 FOLLOWER]: Advancing to term 2
I20260608 12:57:08.207590 20836 raft_consensus.cc:2749] T 843068a19df64b1c86f4b0d253b1ce55 P 23acfe175a364f77a855ef2115b3eede [term 2 FOLLOWER]: Leader election lost for term 2. Reason: could not achieve majority
W20260608 12:57:08.225858 20526 consensus_peers.cc:597] T d86ff7c8e5f145a6935aea1267c10e37 P 314a74e3670f49ce94ec1ebc2f918e0f -> Peer 23acfe175a364f77a855ef2115b3eede (127.17.27.4:39519): Couldn't send request to peer 23acfe175a364f77a855ef2115b3eede. Error code: TABLET_NOT_FOUND (6). Status: Not found: Tablet not found: d86ff7c8e5f145a6935aea1267c10e37. This is attempt 1: this message will repeat every 5th retry.
I20260608 12:57:08.242885 20482 raft_consensus.cc:1275] T d86ff7c8e5f145a6935aea1267c10e37 P 1813c22501144ffbbee3887fdf4fad46 [term 1 FOLLOWER]: Refusing update from remote peer 314a74e3670f49ce94ec1ebc2f918e0f: Log matching property violated. Preceding OpId in replica: term: 1 index: 1. Preceding OpId from leader: term: 1 index: 2. (index mismatch)
I20260608 12:57:08.249020 20631 raft_consensus.cc:1275] T d86ff7c8e5f145a6935aea1267c10e37 P f31166cb737347c5a342ecacf3c19f5c [term 1 FOLLOWER]: Refusing update from remote peer 314a74e3670f49ce94ec1ebc2f918e0f: Log matching property violated. Preceding OpId in replica: term: 1 index: 1. Preceding OpId from leader: term: 1 index: 2. (index mismatch)
I20260608 12:57:08.252883 20484 raft_consensus.cc:515] T ea3b55ad5d6c47b2906981f653ec7b8b P 1813c22501144ffbbee3887fdf4fad46 [term 2 FOLLOWER]: Starting forced leader election with config: opid_index: -1 OBSOLETE_local: false peers { permanent_uuid: "1813c22501144ffbbee3887fdf4fad46" member_type: VOTER last_known_addr { host: "127.17.27.1" port: 35805 } } peers { permanent_uuid: "23acfe175a364f77a855ef2115b3eede" member_type: VOTER last_known_addr { host: "127.17.27.4" port: 39519 } } peers { permanent_uuid: "314a74e3670f49ce94ec1ebc2f918e0f" member_type: VOTER last_known_addr { host: "127.17.27.2" port: 34579 } }
I20260608 12:57:08.236341 20702 raft_consensus.cc:993] T 485da887ecb54f6eae849c6afe8f056e P 314a74e3670f49ce94ec1ebc2f918e0f: : Instructing follower 1813c22501144ffbbee3887fdf4fad46 to start an election
I20260608 12:57:08.256105 20702 raft_consensus.cc:1081] T 485da887ecb54f6eae849c6afe8f056e P 314a74e3670f49ce94ec1ebc2f918e0f [term 1 LEADER]: Signalling peer 1813c22501144ffbbee3887fdf4fad46 to start an election
I20260608 12:57:08.250666 20684 consensus_queue.cc:1048] T d86ff7c8e5f145a6935aea1267c10e37 P 314a74e3670f49ce94ec1ebc2f918e0f [LEADER]: Connected to new peer: Peer: permanent_uuid: "1813c22501144ffbbee3887fdf4fad46" member_type: VOTER last_known_addr { host: "127.17.27.1" port: 35805 } attrs { replace: true }, Status: LMP_MISMATCH, Last received: 0.0, Next index: 2, Last known committed idx: 1, Time since last communication: 0.007s
I20260608 12:57:08.257915 20911 consensus_queue.cc:1048] T d86ff7c8e5f145a6935aea1267c10e37 P 314a74e3670f49ce94ec1ebc2f918e0f [LEADER]: Connected to new peer: Peer: permanent_uuid: "f31166cb737347c5a342ecacf3c19f5c" member_type: VOTER last_known_addr { host: "127.17.27.3" port: 38707 }, Status: LMP_MISMATCH, Last received: 0.0, Next index: 2, Last known committed idx: 1, Time since last communication: 0.000s
I20260608 12:57:08.259245 20483 tablet_service.cc:2044] Received Run Leader Election RPC: tablet_id: "485da887ecb54f6eae849c6afe8f056e"
dest_uuid: "1813c22501144ffbbee3887fdf4fad46"
 from {username='slave'} at 127.0.0.1:52202
I20260608 12:57:08.259959 20483 raft_consensus.cc:493] T 485da887ecb54f6eae849c6afe8f056e P 1813c22501144ffbbee3887fdf4fad46 [term 1 FOLLOWER]: Starting forced leader election (received explicit request)
I20260608 12:57:08.260298 20483 raft_consensus.cc:3060] T 485da887ecb54f6eae849c6afe8f056e P 1813c22501144ffbbee3887fdf4fad46 [term 1 FOLLOWER]: Advancing to term 2
I20260608 12:57:08.264312 20484 leader_election.cc:290] T ea3b55ad5d6c47b2906981f653ec7b8b P 1813c22501144ffbbee3887fdf4fad46 [CANDIDATE]: Term 2 election: Requested vote from peers 23acfe175a364f77a855ef2115b3eede (127.17.27.4:39519), 314a74e3670f49ce94ec1ebc2f918e0f (127.17.27.2:34579)
I20260608 12:57:08.264556 20558 tablet_service.cc:1917] Received RequestConsensusVote() RPC: tablet_id: "ea3b55ad5d6c47b2906981f653ec7b8b" candidate_uuid: "1813c22501144ffbbee3887fdf4fad46" candidate_term: 2 candidate_status { last_received { term: 1 index: 1 } } ignore_live_leader: true dest_uuid: "314a74e3670f49ce94ec1ebc2f918e0f"
I20260608 12:57:08.265318 20558 raft_consensus.cc:3055] T ea3b55ad5d6c47b2906981f653ec7b8b P 314a74e3670f49ce94ec1ebc2f918e0f [term 1 LEADER]: Stepping down as leader of term 1
I20260608 12:57:08.265657 20558 raft_consensus.cc:740] T ea3b55ad5d6c47b2906981f653ec7b8b P 314a74e3670f49ce94ec1ebc2f918e0f [term 1 LEADER]: Becoming Follower/Learner. State: Replica: 314a74e3670f49ce94ec1ebc2f918e0f, State: Running, Role: LEADER
I20260608 12:57:08.266649 20558 consensus_queue.cc:260] T ea3b55ad5d6c47b2906981f653ec7b8b P 314a74e3670f49ce94ec1ebc2f918e0f [NON_LEADER]: Queue going to NON_LEADER mode. State: All replicated index: 0, Majority replicated index: 1, Committed index: 1, Last appended: 1.1, Last appended by leader: 1, Current term: 1, Majority size: -1, State: 0, Mode: NON_LEADER, active raft config: opid_index: -1 OBSOLETE_local: false peers { permanent_uuid: "1813c22501144ffbbee3887fdf4fad46" member_type: VOTER last_known_addr { host: "127.17.27.1" port: 35805 } } peers { permanent_uuid: "23acfe175a364f77a855ef2115b3eede" member_type: VOTER last_known_addr { host: "127.17.27.4" port: 39519 } } peers { permanent_uuid: "314a74e3670f49ce94ec1ebc2f918e0f" member_type: VOTER last_known_addr { host: "127.17.27.2" port: 34579 } }
I20260608 12:57:08.268061 20558 raft_consensus.cc:3060] T ea3b55ad5d6c47b2906981f653ec7b8b P 314a74e3670f49ce94ec1ebc2f918e0f [term 1 FOLLOWER]: Advancing to term 2
I20260608 12:57:08.268150 20483 raft_consensus.cc:515] T 485da887ecb54f6eae849c6afe8f056e P 1813c22501144ffbbee3887fdf4fad46 [term 2 FOLLOWER]: Starting forced leader election with config: opid_index: -1 OBSOLETE_local: false peers { permanent_uuid: "314a74e3670f49ce94ec1ebc2f918e0f" member_type: VOTER last_known_addr { host: "127.17.27.2" port: 34579 } } peers { permanent_uuid: "23acfe175a364f77a855ef2115b3eede" member_type: VOTER last_known_addr { host: "127.17.27.4" port: 39519 } } peers { permanent_uuid: "1813c22501144ffbbee3887fdf4fad46" member_type: VOTER last_known_addr { host: "127.17.27.1" port: 35805 } }
I20260608 12:57:08.272053 20559 tablet_service.cc:1917] Received RequestConsensusVote() RPC: tablet_id: "485da887ecb54f6eae849c6afe8f056e" candidate_uuid: "1813c22501144ffbbee3887fdf4fad46" candidate_term: 2 candidate_status { last_received { term: 1 index: 1 } } ignore_live_leader: true dest_uuid: "314a74e3670f49ce94ec1ebc2f918e0f"
I20260608 12:57:08.272825 20559 raft_consensus.cc:3055] T 485da887ecb54f6eae849c6afe8f056e P 314a74e3670f49ce94ec1ebc2f918e0f [term 1 LEADER]: Stepping down as leader of term 1
I20260608 12:57:08.273360 20559 raft_consensus.cc:740] T 485da887ecb54f6eae849c6afe8f056e P 314a74e3670f49ce94ec1ebc2f918e0f [term 1 LEADER]: Becoming Follower/Learner. State: Replica: 314a74e3670f49ce94ec1ebc2f918e0f, State: Running, Role: LEADER
I20260608 12:57:08.274387 20559 consensus_queue.cc:260] T 485da887ecb54f6eae849c6afe8f056e P 314a74e3670f49ce94ec1ebc2f918e0f [NON_LEADER]: Queue going to NON_LEADER mode. State: All replicated index: 0, Majority replicated index: 1, Committed index: 1, Last appended: 1.1, Last appended by leader: 1, Current term: 1, Majority size: -1, State: 0, Mode: NON_LEADER, active raft config: opid_index: -1 OBSOLETE_local: false peers { permanent_uuid: "314a74e3670f49ce94ec1ebc2f918e0f" member_type: VOTER last_known_addr { host: "127.17.27.2" port: 34579 } } peers { permanent_uuid: "23acfe175a364f77a855ef2115b3eede" member_type: VOTER last_known_addr { host: "127.17.27.4" port: 39519 } } peers { permanent_uuid: "1813c22501144ffbbee3887fdf4fad46" member_type: VOTER last_known_addr { host: "127.17.27.1" port: 35805 } }
I20260608 12:57:08.275468 20559 raft_consensus.cc:3060] T 485da887ecb54f6eae849c6afe8f056e P 314a74e3670f49ce94ec1ebc2f918e0f [term 1 FOLLOWER]: Advancing to term 2
I20260608 12:57:08.276044 20859 consensus_queue.cc:1048] T 53c1cd36a71b43988a8cf2a1a0ffcfda P 23acfe175a364f77a855ef2115b3eede [LEADER]: Connected to new peer: Peer: permanent_uuid: "314a74e3670f49ce94ec1ebc2f918e0f" member_type: VOTER last_known_addr { host: "127.17.27.2" port: 34579 }, Status: LMP_MISMATCH, Last received: 0.0, Next index: 1, Last known committed idx: 0, Time since last communication: 0.000s
I20260608 12:57:08.277690 20558 raft_consensus.cc:2468] T ea3b55ad5d6c47b2906981f653ec7b8b P 314a74e3670f49ce94ec1ebc2f918e0f [term 2 FOLLOWER]: Leader election vote request: Granting yes vote for candidate 1813c22501144ffbbee3887fdf4fad46 in term 2.
I20260608 12:57:08.279187 20448 leader_election.cc:304] T ea3b55ad5d6c47b2906981f653ec7b8b P 1813c22501144ffbbee3887fdf4fad46 [CANDIDATE]: Term 2 election: Election decided. Result: candidate won. Election summary: received 2 responses out of 3 voters: 2 yes votes; 0 no votes. yes voters: 1813c22501144ffbbee3887fdf4fad46, 314a74e3670f49ce94ec1ebc2f918e0f; no voters: 
I20260608 12:57:08.280328 20695 raft_consensus.cc:2804] T ea3b55ad5d6c47b2906981f653ec7b8b P 1813c22501144ffbbee3887fdf4fad46 [term 2 FOLLOWER]: Leader election won for term 2
I20260608 12:57:08.280898 20695 raft_consensus.cc:697] T ea3b55ad5d6c47b2906981f653ec7b8b P 1813c22501144ffbbee3887fdf4fad46 [term 2 LEADER]: Becoming Leader. State: Replica: 1813c22501144ffbbee3887fdf4fad46, State: Running, Role: LEADER
I20260608 12:57:08.281841 20695 consensus_queue.cc:237] T ea3b55ad5d6c47b2906981f653ec7b8b P 1813c22501144ffbbee3887fdf4fad46 [LEADER]: Queue going to LEADER mode. State: All replicated index: 0, Majority replicated index: 1, Committed index: 1, Last appended: 1.1, Last appended by leader: 1, Current term: 2, Majority size: 2, State: 0, Mode: LEADER, active raft config: opid_index: -1 OBSOLETE_local: false peers { permanent_uuid: "1813c22501144ffbbee3887fdf4fad46" member_type: VOTER last_known_addr { host: "127.17.27.1" port: 35805 } } peers { permanent_uuid: "23acfe175a364f77a855ef2115b3eede" member_type: VOTER last_known_addr { host: "127.17.27.4" port: 39519 } } peers { permanent_uuid: "314a74e3670f49ce94ec1ebc2f918e0f" member_type: VOTER last_known_addr { host: "127.17.27.2" port: 34579 } }
I20260608 12:57:08.289927 20483 leader_election.cc:290] T 485da887ecb54f6eae849c6afe8f056e P 1813c22501144ffbbee3887fdf4fad46 [CANDIDATE]: Term 2 election: Requested vote from peers 314a74e3670f49ce94ec1ebc2f918e0f (127.17.27.2:34579), 23acfe175a364f77a855ef2115b3eede (127.17.27.4:39519)
I20260608 12:57:08.293215 20559 raft_consensus.cc:2468] T 485da887ecb54f6eae849c6afe8f056e P 314a74e3670f49ce94ec1ebc2f918e0f [term 2 FOLLOWER]: Leader election vote request: Granting yes vote for candidate 1813c22501144ffbbee3887fdf4fad46 in term 2.
I20260608 12:57:08.296293 20448 leader_election.cc:304] T 485da887ecb54f6eae849c6afe8f056e P 1813c22501144ffbbee3887fdf4fad46 [CANDIDATE]: Term 2 election: Election decided. Result: candidate won. Election summary: received 2 responses out of 3 voters: 2 yes votes; 0 no votes. yes voters: 1813c22501144ffbbee3887fdf4fad46, 314a74e3670f49ce94ec1ebc2f918e0f; no voters: 
I20260608 12:57:08.298657 20695 raft_consensus.cc:2804] T 485da887ecb54f6eae849c6afe8f056e P 1813c22501144ffbbee3887fdf4fad46 [term 2 FOLLOWER]: Leader election won for term 2
I20260608 12:57:08.299355 20695 raft_consensus.cc:697] T 485da887ecb54f6eae849c6afe8f056e P 1813c22501144ffbbee3887fdf4fad46 [term 2 LEADER]: Becoming Leader. State: Replica: 1813c22501144ffbbee3887fdf4fad46, State: Running, Role: LEADER
I20260608 12:57:08.300427 20695 consensus_queue.cc:237] T 485da887ecb54f6eae849c6afe8f056e P 1813c22501144ffbbee3887fdf4fad46 [LEADER]: Queue going to LEADER mode. State: All replicated index: 0, Majority replicated index: 1, Committed index: 1, Last appended: 1.1, Last appended by leader: 1, Current term: 2, Majority size: 2, State: 0, Mode: LEADER, active raft config: opid_index: -1 OBSOLETE_local: false peers { permanent_uuid: "314a74e3670f49ce94ec1ebc2f918e0f" member_type: VOTER last_known_addr { host: "127.17.27.2" port: 34579 } } peers { permanent_uuid: "23acfe175a364f77a855ef2115b3eede" member_type: VOTER last_known_addr { host: "127.17.27.4" port: 39519 } } peers { permanent_uuid: "1813c22501144ffbbee3887fdf4fad46" member_type: VOTER last_known_addr { host: "127.17.27.1" port: 35805 } }
W20260608 12:57:08.303670 20741 outbound_call.cc:321] RPC callback for RPC call kudu.consensus.ConsensusService.UpdateConsensus -> {remote=127.17.27.1:35805, user_credentials={real_user=slave}} blocked reactor thread for 48431.2us
I20260608 12:57:08.305270 20787 tablet_service.cc:1917] Received RequestConsensusVote() RPC: tablet_id: "ea3b55ad5d6c47b2906981f653ec7b8b" candidate_uuid: "1813c22501144ffbbee3887fdf4fad46" candidate_term: 2 candidate_status { last_received { term: 1 index: 1 } } ignore_live_leader: true dest_uuid: "23acfe175a364f77a855ef2115b3eede"
I20260608 12:57:08.305941 20787 raft_consensus.cc:3060] T ea3b55ad5d6c47b2906981f653ec7b8b P 23acfe175a364f77a855ef2115b3eede [term 1 FOLLOWER]: Advancing to term 2
I20260608 12:57:08.311795 20787 raft_consensus.cc:2468] T ea3b55ad5d6c47b2906981f653ec7b8b P 23acfe175a364f77a855ef2115b3eede [term 2 FOLLOWER]: Leader election vote request: Granting yes vote for candidate 1813c22501144ffbbee3887fdf4fad46 in term 2.
I20260608 12:57:08.313302 20911 raft_consensus.cc:2955] T d86ff7c8e5f145a6935aea1267c10e37 P 314a74e3670f49ce94ec1ebc2f918e0f [term 1 LEADER]: Committing config change with OpId 1.2: config changed from index -1 to 2, NON_VOTER 23acfe175a364f77a855ef2115b3eede (127.17.27.4) added. New config: { opid_index: 2 OBSOLETE_local: false peers { permanent_uuid: "314a74e3670f49ce94ec1ebc2f918e0f" member_type: VOTER last_known_addr { host: "127.17.27.2" port: 34579 } } peers { permanent_uuid: "1813c22501144ffbbee3887fdf4fad46" member_type: VOTER last_known_addr { host: "127.17.27.1" port: 35805 } attrs { replace: true } } peers { permanent_uuid: "f31166cb737347c5a342ecacf3c19f5c" member_type: VOTER last_known_addr { host: "127.17.27.3" port: 38707 } } peers { permanent_uuid: "23acfe175a364f77a855ef2115b3eede" member_type: NON_VOTER last_known_addr { host: "127.17.27.4" port: 39519 } attrs { promote: true } } }
I20260608 12:57:08.315186 20631 raft_consensus.cc:2955] T d86ff7c8e5f145a6935aea1267c10e37 P f31166cb737347c5a342ecacf3c19f5c [term 1 FOLLOWER]: Committing config change with OpId 1.2: config changed from index -1 to 2, NON_VOTER 23acfe175a364f77a855ef2115b3eede (127.17.27.4) added. New config: { opid_index: 2 OBSOLETE_local: false peers { permanent_uuid: "314a74e3670f49ce94ec1ebc2f918e0f" member_type: VOTER last_known_addr { host: "127.17.27.2" port: 34579 } } peers { permanent_uuid: "1813c22501144ffbbee3887fdf4fad46" member_type: VOTER last_known_addr { host: "127.17.27.1" port: 35805 } attrs { replace: true } } peers { permanent_uuid: "f31166cb737347c5a342ecacf3c19f5c" member_type: VOTER last_known_addr { host: "127.17.27.3" port: 38707 } } peers { permanent_uuid: "23acfe175a364f77a855ef2115b3eede" member_type: NON_VOTER last_known_addr { host: "127.17.27.4" port: 39519 } attrs { promote: true } } }
I20260608 12:57:08.332053 20914 consensus_queue.cc:1048] T 53c1cd36a71b43988a8cf2a1a0ffcfda P 23acfe175a364f77a855ef2115b3eede [LEADER]: Connected to new peer: Peer: permanent_uuid: "1813c22501144ffbbee3887fdf4fad46" member_type: VOTER last_known_addr { host: "127.17.27.1" port: 35805 }, Status: LMP_MISMATCH, Last received: 0.0, Next index: 1, Last known committed idx: 0, Time since last communication: 0.001s
I20260608 12:57:08.332221 20787 tablet_service.cc:1917] Received RequestConsensusVote() RPC: tablet_id: "485da887ecb54f6eae849c6afe8f056e" candidate_uuid: "1813c22501144ffbbee3887fdf4fad46" candidate_term: 2 candidate_status { last_received { term: 1 index: 1 } } ignore_live_leader: true dest_uuid: "23acfe175a364f77a855ef2115b3eede"
I20260608 12:57:08.345790 20383 catalog_manager.cc:5696] T ea3b55ad5d6c47b2906981f653ec7b8b P 1813c22501144ffbbee3887fdf4fad46 reported cstate change: term changed from 1 to 2, leader changed from 314a74e3670f49ce94ec1ebc2f918e0f (127.17.27.2) to 1813c22501144ffbbee3887fdf4fad46 (127.17.27.1). New cstate: current_term: 2 leader_uuid: "1813c22501144ffbbee3887fdf4fad46" committed_config { opid_index: -1 OBSOLETE_local: false peers { permanent_uuid: "1813c22501144ffbbee3887fdf4fad46" member_type: VOTER last_known_addr { host: "127.17.27.1" port: 35805 } health_report { overall_health: HEALTHY } } peers { permanent_uuid: "23acfe175a364f77a855ef2115b3eede" member_type: VOTER last_known_addr { host: "127.17.27.4" port: 39519 } health_report { overall_health: UNKNOWN } } peers { permanent_uuid: "314a74e3670f49ce94ec1ebc2f918e0f" member_type: VOTER last_known_addr { host: "127.17.27.2" port: 34579 } health_report { overall_health: UNKNOWN } } }
I20260608 12:57:08.374450 20483 raft_consensus.cc:2955] T d86ff7c8e5f145a6935aea1267c10e37 P 1813c22501144ffbbee3887fdf4fad46 [term 1 FOLLOWER]: Committing config change with OpId 1.2: config changed from index -1 to 2, NON_VOTER 23acfe175a364f77a855ef2115b3eede (127.17.27.4) added. New config: { opid_index: 2 OBSOLETE_local: false peers { permanent_uuid: "314a74e3670f49ce94ec1ebc2f918e0f" member_type: VOTER last_known_addr { host: "127.17.27.2" port: 34579 } } peers { permanent_uuid: "1813c22501144ffbbee3887fdf4fad46" member_type: VOTER last_known_addr { host: "127.17.27.1" port: 35805 } attrs { replace: true } } peers { permanent_uuid: "f31166cb737347c5a342ecacf3c19f5c" member_type: VOTER last_known_addr { host: "127.17.27.3" port: 38707 } } peers { permanent_uuid: "23acfe175a364f77a855ef2115b3eede" member_type: NON_VOTER last_known_addr { host: "127.17.27.4" port: 39519 } attrs { promote: true } } }
I20260608 12:57:08.376895 20383 catalog_manager.cc:5696] T d86ff7c8e5f145a6935aea1267c10e37 P f31166cb737347c5a342ecacf3c19f5c reported cstate change: config changed from index -1 to 2, NON_VOTER 23acfe175a364f77a855ef2115b3eede (127.17.27.4) added. New cstate: current_term: 1 leader_uuid: "314a74e3670f49ce94ec1ebc2f918e0f" committed_config { opid_index: 2 OBSOLETE_local: false peers { permanent_uuid: "314a74e3670f49ce94ec1ebc2f918e0f" member_type: VOTER last_known_addr { host: "127.17.27.2" port: 34579 } } peers { permanent_uuid: "1813c22501144ffbbee3887fdf4fad46" member_type: VOTER last_known_addr { host: "127.17.27.1" port: 35805 } attrs { replace: true } } peers { permanent_uuid: "f31166cb737347c5a342ecacf3c19f5c" member_type: VOTER last_known_addr { host: "127.17.27.3" port: 38707 } } peers { permanent_uuid: "23acfe175a364f77a855ef2115b3eede" member_type: NON_VOTER last_known_addr { host: "127.17.27.4" port: 39519 } attrs { promote: true } } }
I20260608 12:57:08.394721 20382 catalog_manager.cc:5696] T 485da887ecb54f6eae849c6afe8f056e P 1813c22501144ffbbee3887fdf4fad46 reported cstate change: term changed from 1 to 2, leader changed from 314a74e3670f49ce94ec1ebc2f918e0f (127.17.27.2) to 1813c22501144ffbbee3887fdf4fad46 (127.17.27.1). New cstate: current_term: 2 leader_uuid: "1813c22501144ffbbee3887fdf4fad46" committed_config { opid_index: -1 OBSOLETE_local: false peers { permanent_uuid: "314a74e3670f49ce94ec1ebc2f918e0f" member_type: VOTER last_known_addr { host: "127.17.27.2" port: 34579 } health_report { overall_health: UNKNOWN } } peers { permanent_uuid: "23acfe175a364f77a855ef2115b3eede" member_type: VOTER last_known_addr { host: "127.17.27.4" port: 39519 } health_report { overall_health: UNKNOWN } } peers { permanent_uuid: "1813c22501144ffbbee3887fdf4fad46" member_type: VOTER last_known_addr { host: "127.17.27.1" port: 35805 } health_report { overall_health: HEALTHY } } }
I20260608 12:57:08.402168 20920 ts_tablet_manager.cc:933] T f4feb313a030437d9d5af199c7701ae4 P 23acfe175a364f77a855ef2115b3eede: Initiating tablet copy from peer 1813c22501144ffbbee3887fdf4fad46 (127.17.27.1:35805)
I20260608 12:57:08.410203 20920 tablet_copy_client.cc:323] T f4feb313a030437d9d5af199c7701ae4 P 23acfe175a364f77a855ef2115b3eede: tablet copy: Beginning tablet copy session from remote peer at address 127.17.27.1:35805
I20260608 12:57:08.413149 20495 tablet_copy_service.cc:140] P 1813c22501144ffbbee3887fdf4fad46: Received BeginTabletCopySession request for tablet f4feb313a030437d9d5af199c7701ae4 from peer 23acfe175a364f77a855ef2115b3eede ({username='slave'} at 127.0.0.1:52230)
I20260608 12:57:08.413947 20495 tablet_copy_service.cc:161] P 1813c22501144ffbbee3887fdf4fad46: Beginning new tablet copy session on tablet f4feb313a030437d9d5af199c7701ae4 from peer 23acfe175a364f77a855ef2115b3eede at {username='slave'} at 127.0.0.1:52230: session id = 23acfe175a364f77a855ef2115b3eede-f4feb313a030437d9d5af199c7701ae4
I20260608 12:57:08.423009 20495 tablet_copy_source_session.cc:215] T f4feb313a030437d9d5af199c7701ae4 P 1813c22501144ffbbee3887fdf4fad46: Tablet Copy: opened 0 blocks and 1 log segments
I20260608 12:57:08.426669 20920 data_dirs.cc:400] Could only allocate 1 dirs of requested 3 for tablet f4feb313a030437d9d5af199c7701ae4. 1 dirs total, 0 dirs full, 0 dirs failed
I20260608 12:57:08.439061 20920 tablet_copy_client.cc:806] T f4feb313a030437d9d5af199c7701ae4 P 23acfe175a364f77a855ef2115b3eede: tablet copy: Starting download of 0 data blocks...
I20260608 12:57:08.439642 20920 tablet_copy_client.cc:670] T f4feb313a030437d9d5af199c7701ae4 P 23acfe175a364f77a855ef2115b3eede: tablet copy: Starting download of 1 WAL segments...
I20260608 12:57:08.444950 20920 tablet_copy_client.cc:538] T f4feb313a030437d9d5af199c7701ae4 P 23acfe175a364f77a855ef2115b3eede: tablet copy: Tablet Copy complete. Replacing tablet superblock.
I20260608 12:57:08.455056 20920 tablet_bootstrap.cc:492] T f4feb313a030437d9d5af199c7701ae4 P 23acfe175a364f77a855ef2115b3eede: Bootstrap starting.
I20260608 12:57:08.476953 20920 tablet_bootstrap.cc:492] T f4feb313a030437d9d5af199c7701ae4 P 23acfe175a364f77a855ef2115b3eede: Bootstrap replayed 1/1 log segments. Stats: ops{read=2 overwritten=0 applied=2 ignored=0} inserts{seen=0 ignored=0} mutations{seen=0 ignored=0} orphaned_commits=0. Pending: 0 replicates
I20260608 12:57:08.478145 20920 tablet_bootstrap.cc:492] T f4feb313a030437d9d5af199c7701ae4 P 23acfe175a364f77a855ef2115b3eede: Bootstrap complete.
I20260608 12:57:08.478820 20920 ts_tablet_manager.cc:1403] T f4feb313a030437d9d5af199c7701ae4 P 23acfe175a364f77a855ef2115b3eede: Time spent bootstrapping tablet: real 0.024s	user 0.009s	sys 0.012s
I20260608 12:57:08.481863 20920 raft_consensus.cc:359] T f4feb313a030437d9d5af199c7701ae4 P 23acfe175a364f77a855ef2115b3eede [term 1 LEARNER]: Replica starting. Triggering 0 pending ops. Active config: opid_index: 2 OBSOLETE_local: false peers { permanent_uuid: "1813c22501144ffbbee3887fdf4fad46" member_type: VOTER last_known_addr { host: "127.17.27.1" port: 35805 } } peers { permanent_uuid: "314a74e3670f49ce94ec1ebc2f918e0f" member_type: VOTER last_known_addr { host: "127.17.27.2" port: 34579 } attrs { replace: true } } peers { permanent_uuid: "f31166cb737347c5a342ecacf3c19f5c" member_type: VOTER last_known_addr { host: "127.17.27.3" port: 38707 } } peers { permanent_uuid: "23acfe175a364f77a855ef2115b3eede" member_type: NON_VOTER last_known_addr { host: "127.17.27.4" port: 39519 } attrs { promote: true } }
I20260608 12:57:08.482733 20920 raft_consensus.cc:740] T f4feb313a030437d9d5af199c7701ae4 P 23acfe175a364f77a855ef2115b3eede [term 1 LEARNER]: Becoming Follower/Learner. State: Replica: 23acfe175a364f77a855ef2115b3eede, State: Initialized, Role: LEARNER
I20260608 12:57:08.483419 20920 consensus_queue.cc:260] T f4feb313a030437d9d5af199c7701ae4 P 23acfe175a364f77a855ef2115b3eede [NON_LEADER]: Queue going to NON_LEADER mode. State: All replicated index: 0, Majority replicated index: 0, Committed index: 2, Last appended: 1.2, Last appended by leader: 2, Current term: 0, Majority size: -1, State: 0, Mode: NON_LEADER, active raft config: opid_index: 2 OBSOLETE_local: false peers { permanent_uuid: "1813c22501144ffbbee3887fdf4fad46" member_type: VOTER last_known_addr { host: "127.17.27.1" port: 35805 } } peers { permanent_uuid: "314a74e3670f49ce94ec1ebc2f918e0f" member_type: VOTER last_known_addr { host: "127.17.27.2" port: 34579 } attrs { replace: true } } peers { permanent_uuid: "f31166cb737347c5a342ecacf3c19f5c" member_type: VOTER last_known_addr { host: "127.17.27.3" port: 38707 } } peers { permanent_uuid: "23acfe175a364f77a855ef2115b3eede" member_type: NON_VOTER last_known_addr { host: "127.17.27.4" port: 39519 } attrs { promote: true } }
I20260608 12:57:08.485954 20920 ts_tablet_manager.cc:1434] T f4feb313a030437d9d5af199c7701ae4 P 23acfe175a364f77a855ef2115b3eede: Time spent starting tablet: real 0.007s	user 0.008s	sys 0.000s
I20260608 12:57:08.488310 20495 tablet_copy_service.cc:342] P 1813c22501144ffbbee3887fdf4fad46: Request end of tablet copy session 23acfe175a364f77a855ef2115b3eede-f4feb313a030437d9d5af199c7701ae4 received from {username='slave'} at 127.0.0.1:52230
I20260608 12:57:08.488746 20495 tablet_copy_service.cc:434] P 1813c22501144ffbbee3887fdf4fad46: ending tablet copy session 23acfe175a364f77a855ef2115b3eede-f4feb313a030437d9d5af199c7701ae4 on tablet f4feb313a030437d9d5af199c7701ae4 with peer 23acfe175a364f77a855ef2115b3eede
I20260608 12:57:08.553380 20560 raft_consensus.cc:1275] T d1ee1abbc07649df81f512741e41bd01 P 314a74e3670f49ce94ec1ebc2f918e0f [term 2 FOLLOWER]: Refusing update from remote peer f31166cb737347c5a342ecacf3c19f5c: Log matching property violated. Preceding OpId in replica: term: 1 index: 1. Preceding OpId from leader: term: 2 index: 2. (index mismatch)
I20260608 12:57:08.555327 20909 consensus_queue.cc:1048] T d1ee1abbc07649df81f512741e41bd01 P f31166cb737347c5a342ecacf3c19f5c [LEADER]: Connected to new peer: Peer: permanent_uuid: "314a74e3670f49ce94ec1ebc2f918e0f" member_type: VOTER last_known_addr { host: "127.17.27.2" port: 34579 }, Status: LMP_MISMATCH, Last received: 0.0, Next index: 2, Last known committed idx: 1, Time since last communication: 0.001s
I20260608 12:57:08.564237 20920 ts_tablet_manager.cc:933] T 5b200800d6b44992ab157bf7a04b4813 P 23acfe175a364f77a855ef2115b3eede: Initiating tablet copy from peer 314a74e3670f49ce94ec1ebc2f918e0f (127.17.27.2:34579)
I20260608 12:57:08.567653 20483 raft_consensus.cc:1275] T d1ee1abbc07649df81f512741e41bd01 P 1813c22501144ffbbee3887fdf4fad46 [term 2 FOLLOWER]: Refusing update from remote peer f31166cb737347c5a342ecacf3c19f5c: Log matching property violated. Preceding OpId in replica: term: 1 index: 1. Preceding OpId from leader: term: 2 index: 2. (index mismatch)
I20260608 12:57:08.570004 20862 consensus_queue.cc:1048] T d1ee1abbc07649df81f512741e41bd01 P f31166cb737347c5a342ecacf3c19f5c [LEADER]: Connected to new peer: Peer: permanent_uuid: "1813c22501144ffbbee3887fdf4fad46" member_type: VOTER last_known_addr { host: "127.17.27.1" port: 35805 }, Status: LMP_MISMATCH, Last received: 0.0, Next index: 2, Last known committed idx: 1, Time since last communication: 0.000s
I20260608 12:57:08.575642 20920 tablet_copy_client.cc:323] T 5b200800d6b44992ab157bf7a04b4813 P 23acfe175a364f77a855ef2115b3eede: tablet copy: Beginning tablet copy session from remote peer at address 127.17.27.2:34579
I20260608 12:57:08.578861 20570 tablet_copy_service.cc:140] P 314a74e3670f49ce94ec1ebc2f918e0f: Received BeginTabletCopySession request for tablet 5b200800d6b44992ab157bf7a04b4813 from peer 23acfe175a364f77a855ef2115b3eede ({username='slave'} at 127.0.0.1:46126)
I20260608 12:57:08.579694 20570 tablet_copy_service.cc:161] P 314a74e3670f49ce94ec1ebc2f918e0f: Beginning new tablet copy session on tablet 5b200800d6b44992ab157bf7a04b4813 from peer 23acfe175a364f77a855ef2115b3eede at {username='slave'} at 127.0.0.1:46126: session id = 23acfe175a364f77a855ef2115b3eede-5b200800d6b44992ab157bf7a04b4813
I20260608 12:57:08.588973 20570 tablet_copy_source_session.cc:215] T 5b200800d6b44992ab157bf7a04b4813 P 314a74e3670f49ce94ec1ebc2f918e0f: Tablet Copy: opened 0 blocks and 1 log segments
I20260608 12:57:08.592664 20920 data_dirs.cc:400] Could only allocate 1 dirs of requested 3 for tablet 5b200800d6b44992ab157bf7a04b4813. 1 dirs total, 0 dirs full, 0 dirs failed
I20260608 12:57:08.608300 20920 tablet_copy_client.cc:806] T 5b200800d6b44992ab157bf7a04b4813 P 23acfe175a364f77a855ef2115b3eede: tablet copy: Starting download of 0 data blocks...
I20260608 12:57:08.608933 20920 tablet_copy_client.cc:670] T 5b200800d6b44992ab157bf7a04b4813 P 23acfe175a364f77a855ef2115b3eede: tablet copy: Starting download of 1 WAL segments...
I20260608 12:57:08.613647 20920 tablet_copy_client.cc:538] T 5b200800d6b44992ab157bf7a04b4813 P 23acfe175a364f77a855ef2115b3eede: tablet copy: Tablet Copy complete. Replacing tablet superblock.
I20260608 12:57:08.622749 20920 tablet_bootstrap.cc:492] T 5b200800d6b44992ab157bf7a04b4813 P 23acfe175a364f77a855ef2115b3eede: Bootstrap starting.
I20260608 12:57:08.644157 20920 tablet_bootstrap.cc:492] T 5b200800d6b44992ab157bf7a04b4813 P 23acfe175a364f77a855ef2115b3eede: Bootstrap replayed 1/1 log segments. Stats: ops{read=2 overwritten=0 applied=2 ignored=0} inserts{seen=0 ignored=0} mutations{seen=0 ignored=0} orphaned_commits=0. Pending: 0 replicates
I20260608 12:57:08.645078 20920 tablet_bootstrap.cc:492] T 5b200800d6b44992ab157bf7a04b4813 P 23acfe175a364f77a855ef2115b3eede: Bootstrap complete.
I20260608 12:57:08.645807 20920 ts_tablet_manager.cc:1403] T 5b200800d6b44992ab157bf7a04b4813 P 23acfe175a364f77a855ef2115b3eede: Time spent bootstrapping tablet: real 0.023s	user 0.018s	sys 0.005s
I20260608 12:57:08.649115 20920 raft_consensus.cc:359] T 5b200800d6b44992ab157bf7a04b4813 P 23acfe175a364f77a855ef2115b3eede [term 1 LEARNER]: Replica starting. Triggering 0 pending ops. Active config: opid_index: 2 OBSOLETE_local: false peers { permanent_uuid: "1813c22501144ffbbee3887fdf4fad46" member_type: VOTER last_known_addr { host: "127.17.27.1" port: 35805 } } peers { permanent_uuid: "314a74e3670f49ce94ec1ebc2f918e0f" member_type: VOTER last_known_addr { host: "127.17.27.2" port: 34579 } } peers { permanent_uuid: "f31166cb737347c5a342ecacf3c19f5c" member_type: VOTER last_known_addr { host: "127.17.27.3" port: 38707 } attrs { replace: true } } peers { permanent_uuid: "23acfe175a364f77a855ef2115b3eede" member_type: NON_VOTER last_known_addr { host: "127.17.27.4" port: 39519 } attrs { promote: true } }
I20260608 12:57:08.650074 20920 raft_consensus.cc:740] T 5b200800d6b44992ab157bf7a04b4813 P 23acfe175a364f77a855ef2115b3eede [term 1 LEARNER]: Becoming Follower/Learner. State: Replica: 23acfe175a364f77a855ef2115b3eede, State: Initialized, Role: LEARNER
I20260608 12:57:08.650738 20920 consensus_queue.cc:260] T 5b200800d6b44992ab157bf7a04b4813 P 23acfe175a364f77a855ef2115b3eede [NON_LEADER]: Queue going to NON_LEADER mode. State: All replicated index: 0, Majority replicated index: 0, Committed index: 2, Last appended: 1.2, Last appended by leader: 2, Current term: 0, Majority size: -1, State: 0, Mode: NON_LEADER, active raft config: opid_index: 2 OBSOLETE_local: false peers { permanent_uuid: "1813c22501144ffbbee3887fdf4fad46" member_type: VOTER last_known_addr { host: "127.17.27.1" port: 35805 } } peers { permanent_uuid: "314a74e3670f49ce94ec1ebc2f918e0f" member_type: VOTER last_known_addr { host: "127.17.27.2" port: 34579 } } peers { permanent_uuid: "f31166cb737347c5a342ecacf3c19f5c" member_type: VOTER last_known_addr { host: "127.17.27.3" port: 38707 } attrs { replace: true } } peers { permanent_uuid: "23acfe175a364f77a855ef2115b3eede" member_type: NON_VOTER last_known_addr { host: "127.17.27.4" port: 39519 } attrs { promote: true } }
I20260608 12:57:08.653228 20920 ts_tablet_manager.cc:1434] T 5b200800d6b44992ab157bf7a04b4813 P 23acfe175a364f77a855ef2115b3eede: Time spent starting tablet: real 0.007s	user 0.005s	sys 0.000s
I20260608 12:57:08.655169 20570 tablet_copy_service.cc:342] P 314a74e3670f49ce94ec1ebc2f918e0f: Request end of tablet copy session 23acfe175a364f77a855ef2115b3eede-5b200800d6b44992ab157bf7a04b4813 received from {username='slave'} at 127.0.0.1:46126
I20260608 12:57:08.655647 20570 tablet_copy_service.cc:434] P 314a74e3670f49ce94ec1ebc2f918e0f: ending tablet copy session 23acfe175a364f77a855ef2115b3eede-5b200800d6b44992ab157bf7a04b4813 on tablet 5b200800d6b44992ab157bf7a04b4813 with peer 23acfe175a364f77a855ef2115b3eede
I20260608 12:57:08.707868 20786 raft_consensus.cc:3060] T 485da887ecb54f6eae849c6afe8f056e P 23acfe175a364f77a855ef2115b3eede [term 1 FOLLOWER]: Advancing to term 2
I20260608 12:57:08.712961 20786 raft_consensus.cc:1275] T 485da887ecb54f6eae849c6afe8f056e P 23acfe175a364f77a855ef2115b3eede [term 2 FOLLOWER]: Refusing update from remote peer 1813c22501144ffbbee3887fdf4fad46: Log matching property violated. Preceding OpId in replica: term: 1 index: 1. Preceding OpId from leader: term: 2 index: 2. (index mismatch)
I20260608 12:57:08.714274 20695 consensus_queue.cc:1048] T 485da887ecb54f6eae849c6afe8f056e P 1813c22501144ffbbee3887fdf4fad46 [LEADER]: Connected to new peer: Peer: permanent_uuid: "23acfe175a364f77a855ef2115b3eede" member_type: VOTER last_known_addr { host: "127.17.27.4" port: 39519 }, Status: LMP_MISMATCH, Last received: 0.0, Next index: 2, Last known committed idx: 1, Time since last communication: 0.000s
I20260608 12:57:08.725826 20557 raft_consensus.cc:1275] T 485da887ecb54f6eae849c6afe8f056e P 314a74e3670f49ce94ec1ebc2f918e0f [term 2 FOLLOWER]: Refusing update from remote peer 1813c22501144ffbbee3887fdf4fad46: Log matching property violated. Preceding OpId in replica: term: 1 index: 1. Preceding OpId from leader: term: 2 index: 2. (index mismatch)
I20260608 12:57:08.729326 20927 consensus_queue.cc:1048] T 485da887ecb54f6eae849c6afe8f056e P 1813c22501144ffbbee3887fdf4fad46 [LEADER]: Connected to new peer: Peer: permanent_uuid: "314a74e3670f49ce94ec1ebc2f918e0f" member_type: VOTER last_known_addr { host: "127.17.27.2" port: 34579 }, Status: LMP_MISMATCH, Last received: 0.0, Next index: 2, Last known committed idx: 1, Time since last communication: 0.001s
I20260608 12:57:08.799741 20786 raft_consensus.cc:1275] T ea3b55ad5d6c47b2906981f653ec7b8b P 23acfe175a364f77a855ef2115b3eede [term 2 FOLLOWER]: Refusing update from remote peer 1813c22501144ffbbee3887fdf4fad46: Log matching property violated. Preceding OpId in replica: term: 1 index: 1. Preceding OpId from leader: term: 2 index: 2. (index mismatch)
I20260608 12:57:08.801213 20927 consensus_queue.cc:1048] T ea3b55ad5d6c47b2906981f653ec7b8b P 1813c22501144ffbbee3887fdf4fad46 [LEADER]: Connected to new peer: Peer: permanent_uuid: "23acfe175a364f77a855ef2115b3eede" member_type: VOTER last_known_addr { host: "127.17.27.4" port: 39519 }, Status: LMP_MISMATCH, Last received: 0.0, Next index: 2, Last known committed idx: 1, Time since last communication: 0.000s
I20260608 12:57:08.805680 20920 ts_tablet_manager.cc:933] T d86ff7c8e5f145a6935aea1267c10e37 P 23acfe175a364f77a855ef2115b3eede: Initiating tablet copy from peer 314a74e3670f49ce94ec1ebc2f918e0f (127.17.27.2:34579)
I20260608 12:57:08.812702 20557 raft_consensus.cc:1275] T ea3b55ad5d6c47b2906981f653ec7b8b P 314a74e3670f49ce94ec1ebc2f918e0f [term 2 FOLLOWER]: Refusing update from remote peer 1813c22501144ffbbee3887fdf4fad46: Log matching property violated. Preceding OpId in replica: term: 1 index: 1. Preceding OpId from leader: term: 2 index: 2. (index mismatch)
I20260608 12:57:08.815125 20927 consensus_queue.cc:1048] T ea3b55ad5d6c47b2906981f653ec7b8b P 1813c22501144ffbbee3887fdf4fad46 [LEADER]: Connected to new peer: Peer: permanent_uuid: "314a74e3670f49ce94ec1ebc2f918e0f" member_type: VOTER last_known_addr { host: "127.17.27.2" port: 34579 }, Status: LMP_MISMATCH, Last received: 0.0, Next index: 2, Last known committed idx: 1, Time since last communication: 0.003s
I20260608 12:57:08.817651 20920 tablet_copy_client.cc:323] T d86ff7c8e5f145a6935aea1267c10e37 P 23acfe175a364f77a855ef2115b3eede: tablet copy: Beginning tablet copy session from remote peer at address 127.17.27.2:34579
I20260608 12:57:08.819921 20570 tablet_copy_service.cc:140] P 314a74e3670f49ce94ec1ebc2f918e0f: Received BeginTabletCopySession request for tablet d86ff7c8e5f145a6935aea1267c10e37 from peer 23acfe175a364f77a855ef2115b3eede ({username='slave'} at 127.0.0.1:46126)
I20260608 12:57:08.820540 20570 tablet_copy_service.cc:161] P 314a74e3670f49ce94ec1ebc2f918e0f: Beginning new tablet copy session on tablet d86ff7c8e5f145a6935aea1267c10e37 from peer 23acfe175a364f77a855ef2115b3eede at {username='slave'} at 127.0.0.1:46126: session id = 23acfe175a364f77a855ef2115b3eede-d86ff7c8e5f145a6935aea1267c10e37
I20260608 12:57:08.836658 20570 tablet_copy_source_session.cc:215] T d86ff7c8e5f145a6935aea1267c10e37 P 314a74e3670f49ce94ec1ebc2f918e0f: Tablet Copy: opened 0 blocks and 1 log segments
I20260608 12:57:08.840538 20920 data_dirs.cc:400] Could only allocate 1 dirs of requested 3 for tablet d86ff7c8e5f145a6935aea1267c10e37. 1 dirs total, 0 dirs full, 0 dirs failed
