I20260608 12:56:58.999723 19989 ts_tablet_manager.cc:1403] T 6ec400fd837e4c88ae42cdaf6b14a9d6 P 3ae0e2e808da43f6b5320a40a6d1340a: Time spent bootstrapping tablet: real 0.137s	user 0.013s	sys 0.000s
I20260608 12:56:59.001878 19990 tablet_bootstrap.cc:492] T e5335e39461a4e7f8c43b0c33b797e27 P e6b70f4a689447e0a5b78f7a72a2da26: Bootstrap starting.
I20260608 12:56:59.003015 19989 raft_consensus.cc:359] T 6ec400fd837e4c88ae42cdaf6b14a9d6 P 3ae0e2e808da43f6b5320a40a6d1340a [term 0 FOLLOWER]: Replica starting. Triggering 0 pending ops. Active config: opid_index: -1 OBSOLETE_local: false peers { permanent_uuid: "3ae0e2e808da43f6b5320a40a6d1340a" member_type: VOTER last_known_addr { host: "127.16.109.194" port: 35603 } } peers { permanent_uuid: "9374bae52cda4b83ac82471bea0105c9" member_type: VOTER last_known_addr { host: "127.16.109.193" port: 41587 } } peers { permanent_uuid: "e6b70f4a689447e0a5b78f7a72a2da26" member_type: VOTER last_known_addr { host: "127.16.109.195" port: 41507 } }
I20260608 12:56:59.003839 19989 raft_consensus.cc:385] T 6ec400fd837e4c88ae42cdaf6b14a9d6 P 3ae0e2e808da43f6b5320a40a6d1340a [term 0 FOLLOWER]: Consensus starting up: Expiring failure detector timer to make a prompt election more likely
I20260608 12:56:59.004151 19989 raft_consensus.cc:740] T 6ec400fd837e4c88ae42cdaf6b14a9d6 P 3ae0e2e808da43f6b5320a40a6d1340a [term 0 FOLLOWER]: Becoming Follower/Learner. State: Replica: 3ae0e2e808da43f6b5320a40a6d1340a, State: Initialized, Role: FOLLOWER
I20260608 12:56:59.005046 19989 consensus_queue.cc:260] T 6ec400fd837e4c88ae42cdaf6b14a9d6 P 3ae0e2e808da43f6b5320a40a6d1340a [NON_LEADER]: Queue going to NON_LEADER mode. State: All replicated index: 0, Majority replicated index: 0, Committed index: 0, Last appended: 0.0, Last appended by leader: 0, Current term: 0, Majority size: -1, State: 0, Mode: NON_LEADER, active raft config: opid_index: -1 OBSOLETE_local: false peers { permanent_uuid: "3ae0e2e808da43f6b5320a40a6d1340a" member_type: VOTER last_known_addr { host: "127.16.109.194" port: 35603 } } peers { permanent_uuid: "9374bae52cda4b83ac82471bea0105c9" member_type: VOTER last_known_addr { host: "127.16.109.193" port: 41587 } } peers { permanent_uuid: "e6b70f4a689447e0a5b78f7a72a2da26" member_type: VOTER last_known_addr { host: "127.16.109.195" port: 41507 } }
I20260608 12:56:59.008242 19992 tablet_bootstrap.cc:492] T 6ec400fd837e4c88ae42cdaf6b14a9d6 P 9374bae52cda4b83ac82471bea0105c9: Bootstrap starting.
I20260608 12:56:59.008821 19989 ts_tablet_manager.cc:1434] T 6ec400fd837e4c88ae42cdaf6b14a9d6 P 3ae0e2e808da43f6b5320a40a6d1340a: Time spent starting tablet: real 0.009s	user 0.010s	sys 0.001s
I20260608 12:56:59.012837 19990 tablet_bootstrap.cc:654] T e5335e39461a4e7f8c43b0c33b797e27 P e6b70f4a689447e0a5b78f7a72a2da26: Neither blocks nor log segments found. Creating new log.
I20260608 12:56:59.016736 19992 tablet_bootstrap.cc:654] T 6ec400fd837e4c88ae42cdaf6b14a9d6 P 9374bae52cda4b83ac82471bea0105c9: Neither blocks nor log segments found. Creating new log.
I20260608 12:56:59.019641 19989 tablet_bootstrap.cc:492] T 2d2ae35115b648b89708bf5c4a561b52 P 3ae0e2e808da43f6b5320a40a6d1340a: Bootstrap starting.
I20260608 12:56:59.020260 19990 tablet_bootstrap.cc:492] T e5335e39461a4e7f8c43b0c33b797e27 P e6b70f4a689447e0a5b78f7a72a2da26: No bootstrap required, opened a new log
I20260608 12:56:59.020962 19990 ts_tablet_manager.cc:1403] T e5335e39461a4e7f8c43b0c33b797e27 P e6b70f4a689447e0a5b78f7a72a2da26: Time spent bootstrapping tablet: real 0.019s	user 0.015s	sys 0.000s
I20260608 12:56:59.024681 19990 raft_consensus.cc:359] T e5335e39461a4e7f8c43b0c33b797e27 P e6b70f4a689447e0a5b78f7a72a2da26 [term 0 FOLLOWER]: Replica starting. Triggering 0 pending ops. Active config: opid_index: -1 OBSOLETE_local: false peers { permanent_uuid: "3ae0e2e808da43f6b5320a40a6d1340a" member_type: VOTER last_known_addr { host: "127.16.109.194" port: 35603 } } peers { permanent_uuid: "9374bae52cda4b83ac82471bea0105c9" member_type: VOTER last_known_addr { host: "127.16.109.193" port: 41587 } } peers { permanent_uuid: "e6b70f4a689447e0a5b78f7a72a2da26" member_type: VOTER last_known_addr { host: "127.16.109.195" port: 41507 } }
I20260608 12:56:59.025684 19990 raft_consensus.cc:385] T e5335e39461a4e7f8c43b0c33b797e27 P e6b70f4a689447e0a5b78f7a72a2da26 [term 0 FOLLOWER]: Consensus starting up: Expiring failure detector timer to make a prompt election more likely
I20260608 12:56:59.026125 19990 raft_consensus.cc:740] T e5335e39461a4e7f8c43b0c33b797e27 P e6b70f4a689447e0a5b78f7a72a2da26 [term 0 FOLLOWER]: Becoming Follower/Learner. State: Replica: e6b70f4a689447e0a5b78f7a72a2da26, State: Initialized, Role: FOLLOWER
I20260608 12:56:59.027390 19989 tablet_bootstrap.cc:654] T 2d2ae35115b648b89708bf5c4a561b52 P 3ae0e2e808da43f6b5320a40a6d1340a: Neither blocks nor log segments found. Creating new log.
I20260608 12:56:59.027292 19990 consensus_queue.cc:260] T e5335e39461a4e7f8c43b0c33b797e27 P e6b70f4a689447e0a5b78f7a72a2da26 [NON_LEADER]: Queue going to NON_LEADER mode. State: All replicated index: 0, Majority replicated index: 0, Committed index: 0, Last appended: 0.0, Last appended by leader: 0, Current term: 0, Majority size: -1, State: 0, Mode: NON_LEADER, active raft config: opid_index: -1 OBSOLETE_local: false peers { permanent_uuid: "3ae0e2e808da43f6b5320a40a6d1340a" member_type: VOTER last_known_addr { host: "127.16.109.194" port: 35603 } } peers { permanent_uuid: "9374bae52cda4b83ac82471bea0105c9" member_type: VOTER last_known_addr { host: "127.16.109.193" port: 41587 } } peers { permanent_uuid: "e6b70f4a689447e0a5b78f7a72a2da26" member_type: VOTER last_known_addr { host: "127.16.109.195" port: 41507 } }
I20260608 12:56:59.030248 19990 ts_tablet_manager.cc:1434] T e5335e39461a4e7f8c43b0c33b797e27 P e6b70f4a689447e0a5b78f7a72a2da26: Time spent starting tablet: real 0.009s	user 0.007s	sys 0.000s
I20260608 12:56:59.031540 19990 tablet_bootstrap.cc:492] T 676ccd490417464da19779bbcd8b5faf P e6b70f4a689447e0a5b78f7a72a2da26: Bootstrap starting.
I20260608 12:56:59.032934 19992 tablet_bootstrap.cc:492] T 6ec400fd837e4c88ae42cdaf6b14a9d6 P 9374bae52cda4b83ac82471bea0105c9: No bootstrap required, opened a new log
I20260608 12:56:59.033530 19992 ts_tablet_manager.cc:1403] T 6ec400fd837e4c88ae42cdaf6b14a9d6 P 9374bae52cda4b83ac82471bea0105c9: Time spent bootstrapping tablet: real 0.026s	user 0.008s	sys 0.005s
I20260608 12:56:59.037319 19992 raft_consensus.cc:359] T 6ec400fd837e4c88ae42cdaf6b14a9d6 P 9374bae52cda4b83ac82471bea0105c9 [term 0 FOLLOWER]: Replica starting. Triggering 0 pending ops. Active config: opid_index: -1 OBSOLETE_local: false peers { permanent_uuid: "3ae0e2e808da43f6b5320a40a6d1340a" member_type: VOTER last_known_addr { host: "127.16.109.194" port: 35603 } } peers { permanent_uuid: "9374bae52cda4b83ac82471bea0105c9" member_type: VOTER last_known_addr { host: "127.16.109.193" port: 41587 } } peers { permanent_uuid: "e6b70f4a689447e0a5b78f7a72a2da26" member_type: VOTER last_known_addr { host: "127.16.109.195" port: 41507 } }
I20260608 12:56:59.038177 19992 raft_consensus.cc:385] T 6ec400fd837e4c88ae42cdaf6b14a9d6 P 9374bae52cda4b83ac82471bea0105c9 [term 0 FOLLOWER]: Consensus starting up: Expiring failure detector timer to make a prompt election more likely
I20260608 12:56:59.038563 19992 raft_consensus.cc:740] T 6ec400fd837e4c88ae42cdaf6b14a9d6 P 9374bae52cda4b83ac82471bea0105c9 [term 0 FOLLOWER]: Becoming Follower/Learner. State: Replica: 9374bae52cda4b83ac82471bea0105c9, State: Initialized, Role: FOLLOWER
I20260608 12:56:59.039954 19994 raft_consensus.cc:493] T e5335e39461a4e7f8c43b0c33b797e27 P e6b70f4a689447e0a5b78f7a72a2da26 [term 0 FOLLOWER]: Starting pre-election (no leader contacted us within the election timeout)
I20260608 12:56:59.039636 19992 consensus_queue.cc:260] T 6ec400fd837e4c88ae42cdaf6b14a9d6 P 9374bae52cda4b83ac82471bea0105c9 [NON_LEADER]: Queue going to NON_LEADER mode. State: All replicated index: 0, Majority replicated index: 0, Committed index: 0, Last appended: 0.0, Last appended by leader: 0, Current term: 0, Majority size: -1, State: 0, Mode: NON_LEADER, active raft config: opid_index: -1 OBSOLETE_local: false peers { permanent_uuid: "3ae0e2e808da43f6b5320a40a6d1340a" member_type: VOTER last_known_addr { host: "127.16.109.194" port: 35603 } } peers { permanent_uuid: "9374bae52cda4b83ac82471bea0105c9" member_type: VOTER last_known_addr { host: "127.16.109.193" port: 41587 } } peers { permanent_uuid: "e6b70f4a689447e0a5b78f7a72a2da26" member_type: VOTER last_known_addr { host: "127.16.109.195" port: 41507 } }
I20260608 12:56:59.040643 19994 raft_consensus.cc:515] T e5335e39461a4e7f8c43b0c33b797e27 P e6b70f4a689447e0a5b78f7a72a2da26 [term 0 FOLLOWER]: Starting pre-election with config: opid_index: -1 OBSOLETE_local: false peers { permanent_uuid: "3ae0e2e808da43f6b5320a40a6d1340a" member_type: VOTER last_known_addr { host: "127.16.109.194" port: 35603 } } peers { permanent_uuid: "9374bae52cda4b83ac82471bea0105c9" member_type: VOTER last_known_addr { host: "127.16.109.193" port: 41587 } } peers { permanent_uuid: "e6b70f4a689447e0a5b78f7a72a2da26" member_type: VOTER last_known_addr { host: "127.16.109.195" port: 41507 } }
I20260608 12:56:59.042580 19990 tablet_bootstrap.cc:654] T 676ccd490417464da19779bbcd8b5faf P e6b70f4a689447e0a5b78f7a72a2da26: Neither blocks nor log segments found. Creating new log.
I20260608 12:56:59.050246 19992 ts_tablet_manager.cc:1434] T 6ec400fd837e4c88ae42cdaf6b14a9d6 P 9374bae52cda4b83ac82471bea0105c9: Time spent starting tablet: real 0.016s	user 0.014s	sys 0.000s
I20260608 12:56:59.057310 19992 tablet_bootstrap.cc:492] T 2d2ae35115b648b89708bf5c4a561b52 P 9374bae52cda4b83ac82471bea0105c9: Bootstrap starting.
I20260608 12:56:59.060105 19995 raft_consensus.cc:493] T 6ec400fd837e4c88ae42cdaf6b14a9d6 P 3ae0e2e808da43f6b5320a40a6d1340a [term 0 FOLLOWER]: Starting pre-election (no leader contacted us within the election timeout)
I20260608 12:56:59.060972 19995 raft_consensus.cc:515] T 6ec400fd837e4c88ae42cdaf6b14a9d6 P 3ae0e2e808da43f6b5320a40a6d1340a [term 0 FOLLOWER]: Starting pre-election with config: opid_index: -1 OBSOLETE_local: false peers { permanent_uuid: "3ae0e2e808da43f6b5320a40a6d1340a" member_type: VOTER last_known_addr { host: "127.16.109.194" port: 35603 } } peers { permanent_uuid: "9374bae52cda4b83ac82471bea0105c9" member_type: VOTER last_known_addr { host: "127.16.109.193" port: 41587 } } peers { permanent_uuid: "e6b70f4a689447e0a5b78f7a72a2da26" member_type: VOTER last_known_addr { host: "127.16.109.195" port: 41507 } }
I20260608 12:56:59.065893 19992 tablet_bootstrap.cc:654] T 2d2ae35115b648b89708bf5c4a561b52 P 9374bae52cda4b83ac82471bea0105c9: Neither blocks nor log segments found. Creating new log.
I20260608 12:56:59.076548 19995 leader_election.cc:290] T 6ec400fd837e4c88ae42cdaf6b14a9d6 P 3ae0e2e808da43f6b5320a40a6d1340a [CANDIDATE]: Term 1 pre-election: Requested pre-vote from peers 9374bae52cda4b83ac82471bea0105c9 (127.16.109.193:41587), e6b70f4a689447e0a5b78f7a72a2da26 (127.16.109.195:41507)
I20260608 12:56:59.087105 19994 leader_election.cc:290] T e5335e39461a4e7f8c43b0c33b797e27 P e6b70f4a689447e0a5b78f7a72a2da26 [CANDIDATE]: Term 1 pre-election: Requested pre-vote from peers 3ae0e2e808da43f6b5320a40a6d1340a (127.16.109.194:35603), 9374bae52cda4b83ac82471bea0105c9 (127.16.109.193:41587)
I20260608 12:56:59.094615 19990 tablet_bootstrap.cc:492] T 676ccd490417464da19779bbcd8b5faf P e6b70f4a689447e0a5b78f7a72a2da26: No bootstrap required, opened a new log
I20260608 12:56:59.096870 19990 ts_tablet_manager.cc:1403] T 676ccd490417464da19779bbcd8b5faf P e6b70f4a689447e0a5b78f7a72a2da26: Time spent bootstrapping tablet: real 0.066s	user 0.016s	sys 0.015s
I20260608 12:56:59.101223 19992 tablet_bootstrap.cc:492] T 2d2ae35115b648b89708bf5c4a561b52 P 9374bae52cda4b83ac82471bea0105c9: No bootstrap required, opened a new log
I20260608 12:56:59.100862 19990 raft_consensus.cc:359] T 676ccd490417464da19779bbcd8b5faf P e6b70f4a689447e0a5b78f7a72a2da26 [term 0 FOLLOWER]: Replica starting. Triggering 0 pending ops. Active config: opid_index: -1 OBSOLETE_local: false peers { permanent_uuid: "9374bae52cda4b83ac82471bea0105c9" member_type: VOTER last_known_addr { host: "127.16.109.193" port: 41587 } } peers { permanent_uuid: "3ae0e2e808da43f6b5320a40a6d1340a" member_type: VOTER last_known_addr { host: "127.16.109.194" port: 35603 } } peers { permanent_uuid: "e6b70f4a689447e0a5b78f7a72a2da26" member_type: VOTER last_known_addr { host: "127.16.109.195" port: 41507 } }
I20260608 12:56:59.101730 19990 raft_consensus.cc:385] T 676ccd490417464da19779bbcd8b5faf P e6b70f4a689447e0a5b78f7a72a2da26 [term 0 FOLLOWER]: Consensus starting up: Expiring failure detector timer to make a prompt election more likely
I20260608 12:56:59.101853 19992 ts_tablet_manager.cc:1403] T 2d2ae35115b648b89708bf5c4a561b52 P 9374bae52cda4b83ac82471bea0105c9: Time spent bootstrapping tablet: real 0.045s	user 0.019s	sys 0.002s
I20260608 12:56:59.102125 19990 raft_consensus.cc:740] T 676ccd490417464da19779bbcd8b5faf P e6b70f4a689447e0a5b78f7a72a2da26 [term 0 FOLLOWER]: Becoming Follower/Learner. State: Replica: e6b70f4a689447e0a5b78f7a72a2da26, State: Initialized, Role: FOLLOWER
I20260608 12:56:59.095062 19989 tablet_bootstrap.cc:492] T 2d2ae35115b648b89708bf5c4a561b52 P 3ae0e2e808da43f6b5320a40a6d1340a: No bootstrap required, opened a new log
I20260608 12:56:59.103534 19989 ts_tablet_manager.cc:1403] T 2d2ae35115b648b89708bf5c4a561b52 P 3ae0e2e808da43f6b5320a40a6d1340a: Time spent bootstrapping tablet: real 0.084s	user 0.041s	sys 0.027s
I20260608 12:56:59.105738 19992 raft_consensus.cc:359] T 2d2ae35115b648b89708bf5c4a561b52 P 9374bae52cda4b83ac82471bea0105c9 [term 0 FOLLOWER]: Replica starting. Triggering 0 pending ops. Active config: opid_index: -1 OBSOLETE_local: false peers { permanent_uuid: "e6b70f4a689447e0a5b78f7a72a2da26" member_type: VOTER last_known_addr { host: "127.16.109.195" port: 41507 } } peers { permanent_uuid: "3ae0e2e808da43f6b5320a40a6d1340a" member_type: VOTER last_known_addr { host: "127.16.109.194" port: 35603 } } peers { permanent_uuid: "9374bae52cda4b83ac82471bea0105c9" member_type: VOTER last_known_addr { host: "127.16.109.193" port: 41587 } }
I20260608 12:56:59.106598 19992 raft_consensus.cc:385] T 2d2ae35115b648b89708bf5c4a561b52 P 9374bae52cda4b83ac82471bea0105c9 [term 0 FOLLOWER]: Consensus starting up: Expiring failure detector timer to make a prompt election more likely
I20260608 12:56:59.106747 19870 tablet_service.cc:1917] Received RequestConsensusVote() RPC: tablet_id: "e5335e39461a4e7f8c43b0c33b797e27" candidate_uuid: "e6b70f4a689447e0a5b78f7a72a2da26" candidate_term: 1 candidate_status { last_received { term: 0 index: 0 } } ignore_live_leader: false dest_uuid: "3ae0e2e808da43f6b5320a40a6d1340a" is_pre_election: true
I20260608 12:56:59.106933 19992 raft_consensus.cc:740] T 2d2ae35115b648b89708bf5c4a561b52 P 9374bae52cda4b83ac82471bea0105c9 [term 0 FOLLOWER]: Becoming Follower/Learner. State: Replica: 9374bae52cda4b83ac82471bea0105c9, State: Initialized, Role: FOLLOWER
I20260608 12:56:59.107043 19989 raft_consensus.cc:359] T 2d2ae35115b648b89708bf5c4a561b52 P 3ae0e2e808da43f6b5320a40a6d1340a [term 0 FOLLOWER]: Replica starting. Triggering 0 pending ops. Active config: opid_index: -1 OBSOLETE_local: false peers { permanent_uuid: "e6b70f4a689447e0a5b78f7a72a2da26" member_type: VOTER last_known_addr { host: "127.16.109.195" port: 41507 } } peers { permanent_uuid: "3ae0e2e808da43f6b5320a40a6d1340a" member_type: VOTER last_known_addr { host: "127.16.109.194" port: 35603 } } peers { permanent_uuid: "9374bae52cda4b83ac82471bea0105c9" member_type: VOTER last_known_addr { host: "127.16.109.193" port: 41587 } }
I20260608 12:56:59.107959 19989 raft_consensus.cc:385] T 2d2ae35115b648b89708bf5c4a561b52 P 3ae0e2e808da43f6b5320a40a6d1340a [term 0 FOLLOWER]: Consensus starting up: Expiring failure detector timer to make a prompt election more likely
I20260608 12:56:59.108347 19989 raft_consensus.cc:740] T 2d2ae35115b648b89708bf5c4a561b52 P 3ae0e2e808da43f6b5320a40a6d1340a [term 0 FOLLOWER]: Becoming Follower/Learner. State: Replica: 3ae0e2e808da43f6b5320a40a6d1340a, State: Initialized, Role: FOLLOWER
I20260608 12:56:59.108126 19992 consensus_queue.cc:260] T 2d2ae35115b648b89708bf5c4a561b52 P 9374bae52cda4b83ac82471bea0105c9 [NON_LEADER]: Queue going to NON_LEADER mode. State: All replicated index: 0, Majority replicated index: 0, Committed index: 0, Last appended: 0.0, Last appended by leader: 0, Current term: 0, Majority size: -1, State: 0, Mode: NON_LEADER, active raft config: opid_index: -1 OBSOLETE_local: false peers { permanent_uuid: "e6b70f4a689447e0a5b78f7a72a2da26" member_type: VOTER last_known_addr { host: "127.16.109.195" port: 41507 } } peers { permanent_uuid: "3ae0e2e808da43f6b5320a40a6d1340a" member_type: VOTER last_known_addr { host: "127.16.109.194" port: 35603 } } peers { permanent_uuid: "9374bae52cda4b83ac82471bea0105c9" member_type: VOTER last_known_addr { host: "127.16.109.193" port: 41587 } }
W20260608 12:56:59.108928 19907 leader_election.cc:343] T e5335e39461a4e7f8c43b0c33b797e27 P e6b70f4a689447e0a5b78f7a72a2da26 [CANDIDATE]: Term 1 pre-election: Tablet error from VoteRequest() call to peer 3ae0e2e808da43f6b5320a40a6d1340a (127.16.109.194:35603): Illegal state: must be running to vote when last-logged opid is not known
I20260608 12:56:59.110766 19992 ts_tablet_manager.cc:1434] T 2d2ae35115b648b89708bf5c4a561b52 P 9374bae52cda4b83ac82471bea0105c9: Time spent starting tablet: real 0.008s	user 0.006s	sys 0.002s
I20260608 12:56:59.110594 19990 consensus_queue.cc:260] T 676ccd490417464da19779bbcd8b5faf P e6b70f4a689447e0a5b78f7a72a2da26 [NON_LEADER]: Queue going to NON_LEADER mode. State: All replicated index: 0, Majority replicated index: 0, Committed index: 0, Last appended: 0.0, Last appended by leader: 0, Current term: 0, Majority size: -1, State: 0, Mode: NON_LEADER, active raft config: opid_index: -1 OBSOLETE_local: false peers { permanent_uuid: "9374bae52cda4b83ac82471bea0105c9" member_type: VOTER last_known_addr { host: "127.16.109.193" port: 41587 } } peers { permanent_uuid: "3ae0e2e808da43f6b5320a40a6d1340a" member_type: VOTER last_known_addr { host: "127.16.109.194" port: 35603 } } peers { permanent_uuid: "e6b70f4a689447e0a5b78f7a72a2da26" member_type: VOTER last_known_addr { host: "127.16.109.195" port: 41507 } }
I20260608 12:56:59.109493 19989 consensus_queue.cc:260] T 2d2ae35115b648b89708bf5c4a561b52 P 3ae0e2e808da43f6b5320a40a6d1340a [NON_LEADER]: Queue going to NON_LEADER mode. State: All replicated index: 0, Majority replicated index: 0, Committed index: 0, Last appended: 0.0, Last appended by leader: 0, Current term: 0, Majority size: -1, State: 0, Mode: NON_LEADER, active raft config: opid_index: -1 OBSOLETE_local: false peers { permanent_uuid: "e6b70f4a689447e0a5b78f7a72a2da26" member_type: VOTER last_known_addr { host: "127.16.109.195" port: 41507 } } peers { permanent_uuid: "3ae0e2e808da43f6b5320a40a6d1340a" member_type: VOTER last_known_addr { host: "127.16.109.194" port: 35603 } } peers { permanent_uuid: "9374bae52cda4b83ac82471bea0105c9" member_type: VOTER last_known_addr { host: "127.16.109.193" port: 41587 } }
I20260608 12:56:59.113708 19989 ts_tablet_manager.cc:1434] T 2d2ae35115b648b89708bf5c4a561b52 P 3ae0e2e808da43f6b5320a40a6d1340a: Time spent starting tablet: real 0.010s	user 0.008s	sys 0.000s
I20260608 12:56:59.114928 19989 tablet_bootstrap.cc:492] T 07f3b5799cea4325980884abad87bf8a P 3ae0e2e808da43f6b5320a40a6d1340a: Bootstrap starting.
I20260608 12:56:59.115768 19795 tablet_service.cc:1917] Received RequestConsensusVote() RPC: tablet_id: "e5335e39461a4e7f8c43b0c33b797e27" candidate_uuid: "e6b70f4a689447e0a5b78f7a72a2da26" candidate_term: 1 candidate_status { last_received { term: 0 index: 0 } } ignore_live_leader: false dest_uuid: "9374bae52cda4b83ac82471bea0105c9" is_pre_election: true
I20260608 12:56:59.117843 19992 tablet_bootstrap.cc:492] T 676ccd490417464da19779bbcd8b5faf P 9374bae52cda4b83ac82471bea0105c9: Bootstrap starting.
W20260608 12:56:59.117974 19908 leader_election.cc:343] T e5335e39461a4e7f8c43b0c33b797e27 P e6b70f4a689447e0a5b78f7a72a2da26 [CANDIDATE]: Term 1 pre-election: Tablet error from VoteRequest() call to peer 9374bae52cda4b83ac82471bea0105c9 (127.16.109.193:41587): Illegal state: must be running to vote when last-logged opid is not known
I20260608 12:56:59.118621 19908 leader_election.cc:304] T e5335e39461a4e7f8c43b0c33b797e27 P e6b70f4a689447e0a5b78f7a72a2da26 [CANDIDATE]: Term 1 pre-election: Election decided. Result: candidate lost. Election summary: received 3 responses out of 3 voters: 1 yes votes; 2 no votes. yes voters: e6b70f4a689447e0a5b78f7a72a2da26; no voters: 3ae0e2e808da43f6b5320a40a6d1340a, 9374bae52cda4b83ac82471bea0105c9
I20260608 12:56:59.119637 19999 raft_consensus.cc:493] T 2d2ae35115b648b89708bf5c4a561b52 P 9374bae52cda4b83ac82471bea0105c9 [term 0 FOLLOWER]: Starting pre-election (no leader contacted us within the election timeout)
I20260608 12:56:59.120201 19999 raft_consensus.cc:515] T 2d2ae35115b648b89708bf5c4a561b52 P 9374bae52cda4b83ac82471bea0105c9 [term 0 FOLLOWER]: Starting pre-election with config: opid_index: -1 OBSOLETE_local: false peers { permanent_uuid: "e6b70f4a689447e0a5b78f7a72a2da26" member_type: VOTER last_known_addr { host: "127.16.109.195" port: 41507 } } peers { permanent_uuid: "3ae0e2e808da43f6b5320a40a6d1340a" member_type: VOTER last_known_addr { host: "127.16.109.194" port: 35603 } } peers { permanent_uuid: "9374bae52cda4b83ac82471bea0105c9" member_type: VOTER last_known_addr { host: "127.16.109.193" port: 41587 } }
I20260608 12:56:59.122567 19989 tablet_bootstrap.cc:654] T 07f3b5799cea4325980884abad87bf8a P 3ae0e2e808da43f6b5320a40a6d1340a: Neither blocks nor log segments found. Creating new log.
I20260608 12:56:59.126454 19990 ts_tablet_manager.cc:1434] T 676ccd490417464da19779bbcd8b5faf P e6b70f4a689447e0a5b78f7a72a2da26: Time spent starting tablet: real 0.029s	user 0.002s	sys 0.006s
I20260608 12:56:59.126559 19992 tablet_bootstrap.cc:654] T 676ccd490417464da19779bbcd8b5faf P 9374bae52cda4b83ac82471bea0105c9: Neither blocks nor log segments found. Creating new log.
I20260608 12:56:59.128036 19990 tablet_bootstrap.cc:492] T 6ec400fd837e4c88ae42cdaf6b14a9d6 P e6b70f4a689447e0a5b78f7a72a2da26: Bootstrap starting.
I20260608 12:56:59.133066 19994 raft_consensus.cc:2749] T e5335e39461a4e7f8c43b0c33b797e27 P e6b70f4a689447e0a5b78f7a72a2da26 [term 0 FOLLOWER]: Leader pre-election lost for term 1. Reason: could not achieve majority
I20260608 12:56:59.136785 19990 tablet_bootstrap.cc:654] T 6ec400fd837e4c88ae42cdaf6b14a9d6 P e6b70f4a689447e0a5b78f7a72a2da26: Neither blocks nor log segments found. Creating new log.
I20260608 12:56:59.150400 19999 leader_election.cc:290] T 2d2ae35115b648b89708bf5c4a561b52 P 9374bae52cda4b83ac82471bea0105c9 [CANDIDATE]: Term 1 pre-election: Requested pre-vote from peers e6b70f4a689447e0a5b78f7a72a2da26 (127.16.109.195:41507), 3ae0e2e808da43f6b5320a40a6d1340a (127.16.109.194:35603)
I20260608 12:56:59.173774 19795 tablet_service.cc:1917] Received RequestConsensusVote() RPC: tablet_id: "6ec400fd837e4c88ae42cdaf6b14a9d6" candidate_uuid: "3ae0e2e808da43f6b5320a40a6d1340a" candidate_term: 1 candidate_status { last_received { term: 0 index: 0 } } ignore_live_leader: false dest_uuid: "9374bae52cda4b83ac82471bea0105c9" is_pre_election: true
I20260608 12:56:59.174798 19795 raft_consensus.cc:2468] T 6ec400fd837e4c88ae42cdaf6b14a9d6 P 9374bae52cda4b83ac82471bea0105c9 [term 0 FOLLOWER]: Leader pre-election vote request: Granting yes vote for candidate 3ae0e2e808da43f6b5320a40a6d1340a in term 0.
I20260608 12:56:59.176949 19834 leader_election.cc:304] T 6ec400fd837e4c88ae42cdaf6b14a9d6 P 3ae0e2e808da43f6b5320a40a6d1340a [CANDIDATE]: Term 1 pre-election: Election decided. Result: candidate won. Election summary: received 2 responses out of 3 voters: 2 yes votes; 0 no votes. yes voters: 3ae0e2e808da43f6b5320a40a6d1340a, 9374bae52cda4b83ac82471bea0105c9; no voters: 
I20260608 12:56:59.178059 19995 raft_consensus.cc:2804] T 6ec400fd837e4c88ae42cdaf6b14a9d6 P 3ae0e2e808da43f6b5320a40a6d1340a [term 0 FOLLOWER]: Leader pre-election won for term 1
I20260608 12:56:59.178481 19995 raft_consensus.cc:493] T 6ec400fd837e4c88ae42cdaf6b14a9d6 P 3ae0e2e808da43f6b5320a40a6d1340a [term 0 FOLLOWER]: Starting leader election (no leader contacted us within the election timeout)
I20260608 12:56:59.178870 19995 raft_consensus.cc:3060] T 6ec400fd837e4c88ae42cdaf6b14a9d6 P 3ae0e2e808da43f6b5320a40a6d1340a [term 0 FOLLOWER]: Advancing to term 1
I20260608 12:56:59.179713 19989 tablet_bootstrap.cc:492] T 07f3b5799cea4325980884abad87bf8a P 3ae0e2e808da43f6b5320a40a6d1340a: No bootstrap required, opened a new log
I20260608 12:56:59.180598 19989 ts_tablet_manager.cc:1403] T 07f3b5799cea4325980884abad87bf8a P 3ae0e2e808da43f6b5320a40a6d1340a: Time spent bootstrapping tablet: real 0.066s	user 0.016s	sys 0.016s
I20260608 12:56:59.185513 19989 raft_consensus.cc:359] T 07f3b5799cea4325980884abad87bf8a P 3ae0e2e808da43f6b5320a40a6d1340a [term 0 FOLLOWER]: Replica starting. Triggering 0 pending ops. Active config: opid_index: -1 OBSOLETE_local: false peers { permanent_uuid: "9374bae52cda4b83ac82471bea0105c9" member_type: VOTER last_known_addr { host: "127.16.109.193" port: 41587 } } peers { permanent_uuid: "3ae0e2e808da43f6b5320a40a6d1340a" member_type: VOTER last_known_addr { host: "127.16.109.194" port: 35603 } } peers { permanent_uuid: "e6b70f4a689447e0a5b78f7a72a2da26" member_type: VOTER last_known_addr { host: "127.16.109.195" port: 41507 } }
I20260608 12:56:59.186671 19989 raft_consensus.cc:385] T 07f3b5799cea4325980884abad87bf8a P 3ae0e2e808da43f6b5320a40a6d1340a [term 0 FOLLOWER]: Consensus starting up: Expiring failure detector timer to make a prompt election more likely
I20260608 12:56:59.187148 19989 raft_consensus.cc:740] T 07f3b5799cea4325980884abad87bf8a P 3ae0e2e808da43f6b5320a40a6d1340a [term 0 FOLLOWER]: Becoming Follower/Learner. State: Replica: 3ae0e2e808da43f6b5320a40a6d1340a, State: Initialized, Role: FOLLOWER
I20260608 12:56:59.189853 19995 raft_consensus.cc:515] T 6ec400fd837e4c88ae42cdaf6b14a9d6 P 3ae0e2e808da43f6b5320a40a6d1340a [term 1 FOLLOWER]: Starting leader election with config: opid_index: -1 OBSOLETE_local: false peers { permanent_uuid: "3ae0e2e808da43f6b5320a40a6d1340a" member_type: VOTER last_known_addr { host: "127.16.109.194" port: 35603 } } peers { permanent_uuid: "9374bae52cda4b83ac82471bea0105c9" member_type: VOTER last_known_addr { host: "127.16.109.193" port: 41587 } } peers { permanent_uuid: "e6b70f4a689447e0a5b78f7a72a2da26" member_type: VOTER last_known_addr { host: "127.16.109.195" port: 41507 } }
I20260608 12:56:59.193235 19795 tablet_service.cc:1917] Received RequestConsensusVote() RPC: tablet_id: "6ec400fd837e4c88ae42cdaf6b14a9d6" candidate_uuid: "3ae0e2e808da43f6b5320a40a6d1340a" candidate_term: 1 candidate_status { last_received { term: 0 index: 0 } } ignore_live_leader: false dest_uuid: "9374bae52cda4b83ac82471bea0105c9"
I20260608 12:56:59.193877 19795 raft_consensus.cc:3060] T 6ec400fd837e4c88ae42cdaf6b14a9d6 P 9374bae52cda4b83ac82471bea0105c9 [term 0 FOLLOWER]: Advancing to term 1
I20260608 12:56:59.193686 19989 consensus_queue.cc:260] T 07f3b5799cea4325980884abad87bf8a P 3ae0e2e808da43f6b5320a40a6d1340a [NON_LEADER]: Queue going to NON_LEADER mode. State: All replicated index: 0, Majority replicated index: 0, Committed index: 0, Last appended: 0.0, Last appended by leader: 0, Current term: 0, Majority size: -1, State: 0, Mode: NON_LEADER, active raft config: opid_index: -1 OBSOLETE_local: false peers { permanent_uuid: "9374bae52cda4b83ac82471bea0105c9" member_type: VOTER last_known_addr { host: "127.16.109.193" port: 41587 } } peers { permanent_uuid: "3ae0e2e808da43f6b5320a40a6d1340a" member_type: VOTER last_known_addr { host: "127.16.109.194" port: 35603 } } peers { permanent_uuid: "e6b70f4a689447e0a5b78f7a72a2da26" member_type: VOTER last_known_addr { host: "127.16.109.195" port: 41507 } }
I20260608 12:56:59.199668 19995 leader_election.cc:290] T 6ec400fd837e4c88ae42cdaf6b14a9d6 P 3ae0e2e808da43f6b5320a40a6d1340a [CANDIDATE]: Term 1 election: Requested vote from peers 9374bae52cda4b83ac82471bea0105c9 (127.16.109.193:41587), e6b70f4a689447e0a5b78f7a72a2da26 (127.16.109.195:41507)
I20260608 12:56:59.203466 19989 ts_tablet_manager.cc:1434] T 07f3b5799cea4325980884abad87bf8a P 3ae0e2e808da43f6b5320a40a6d1340a: Time spent starting tablet: real 0.022s	user 0.007s	sys 0.004s
I20260608 12:56:59.204053 19944 tablet_service.cc:1917] Received RequestConsensusVote() RPC: tablet_id: "2d2ae35115b648b89708bf5c4a561b52" candidate_uuid: "9374bae52cda4b83ac82471bea0105c9" candidate_term: 1 candidate_status { last_received { term: 0 index: 0 } } ignore_live_leader: false dest_uuid: "e6b70f4a689447e0a5b78f7a72a2da26" is_pre_election: true
I20260608 12:56:59.201078 19795 raft_consensus.cc:2468] T 6ec400fd837e4c88ae42cdaf6b14a9d6 P 9374bae52cda4b83ac82471bea0105c9 [term 1 FOLLOWER]: Leader election vote request: Granting yes vote for candidate 3ae0e2e808da43f6b5320a40a6d1340a in term 1.
I20260608 12:56:59.206406 19944 tablet_service.cc:1917] Received RequestConsensusVote() RPC: tablet_id: "6ec400fd837e4c88ae42cdaf6b14a9d6" candidate_uuid: "3ae0e2e808da43f6b5320a40a6d1340a" candidate_term: 1 candidate_status { last_received { term: 0 index: 0 } } ignore_live_leader: false dest_uuid: "e6b70f4a689447e0a5b78f7a72a2da26" is_pre_election: true
I20260608 12:56:59.206875 19834 leader_election.cc:304] T 6ec400fd837e4c88ae42cdaf6b14a9d6 P 3ae0e2e808da43f6b5320a40a6d1340a [CANDIDATE]: Term 1 election: Election decided. Result: candidate won. Election summary: received 2 responses out of 3 voters: 2 yes votes; 0 no votes. yes voters: 3ae0e2e808da43f6b5320a40a6d1340a, 9374bae52cda4b83ac82471bea0105c9; no voters: 
I20260608 12:56:59.208197 19944 tablet_service.cc:1917] Received RequestConsensusVote() RPC: tablet_id: "6ec400fd837e4c88ae42cdaf6b14a9d6" candidate_uuid: "3ae0e2e808da43f6b5320a40a6d1340a" candidate_term: 1 candidate_status { last_received { term: 0 index: 0 } } ignore_live_leader: false dest_uuid: "e6b70f4a689447e0a5b78f7a72a2da26"
I20260608 12:56:59.209061 19990 tablet_bootstrap.cc:492] T 6ec400fd837e4c88ae42cdaf6b14a9d6 P e6b70f4a689447e0a5b78f7a72a2da26: No bootstrap required, opened a new log
I20260608 12:56:59.209381 19992 tablet_bootstrap.cc:492] T 676ccd490417464da19779bbcd8b5faf P 9374bae52cda4b83ac82471bea0105c9: No bootstrap required, opened a new log
I20260608 12:56:59.209619 19990 ts_tablet_manager.cc:1403] T 6ec400fd837e4c88ae42cdaf6b14a9d6 P e6b70f4a689447e0a5b78f7a72a2da26: Time spent bootstrapping tablet: real 0.082s	user 0.021s	sys 0.020s
W20260608 12:56:59.209627 19761 leader_election.cc:343] T 2d2ae35115b648b89708bf5c4a561b52 P 9374bae52cda4b83ac82471bea0105c9 [CANDIDATE]: Term 1 pre-election: Tablet error from VoteRequest() call to peer e6b70f4a689447e0a5b78f7a72a2da26 (127.16.109.195:41507): Illegal state: must be running to vote when last-logged opid is not known
I20260608 12:56:59.209934 19992 ts_tablet_manager.cc:1403] T 676ccd490417464da19779bbcd8b5faf P 9374bae52cda4b83ac82471bea0105c9: Time spent bootstrapping tablet: real 0.092s	user 0.024s	sys 0.041s
W20260608 12:56:59.211001 19836 leader_election.cc:343] T 6ec400fd837e4c88ae42cdaf6b14a9d6 P 3ae0e2e808da43f6b5320a40a6d1340a [CANDIDATE]: Term 1 pre-election: Tablet error from VoteRequest() call to peer e6b70f4a689447e0a5b78f7a72a2da26 (127.16.109.195:41507): Illegal state: must be running to vote when last-logged opid is not known
W20260608 12:56:59.212378 19836 leader_election.cc:343] T 6ec400fd837e4c88ae42cdaf6b14a9d6 P 3ae0e2e808da43f6b5320a40a6d1340a [CANDIDATE]: Term 1 election: Tablet error from VoteRequest() call to peer e6b70f4a689447e0a5b78f7a72a2da26 (127.16.109.195:41507): Illegal state: must be running to vote when last-logged opid is not known
I20260608 12:56:59.213485 20013 raft_consensus.cc:2804] T 6ec400fd837e4c88ae42cdaf6b14a9d6 P 3ae0e2e808da43f6b5320a40a6d1340a [term 1 FOLLOWER]: Leader election won for term 1
I20260608 12:56:59.213733 19992 raft_consensus.cc:359] T 676ccd490417464da19779bbcd8b5faf P 9374bae52cda4b83ac82471bea0105c9 [term 0 FOLLOWER]: Replica starting. Triggering 0 pending ops. Active config: opid_index: -1 OBSOLETE_local: false peers { permanent_uuid: "9374bae52cda4b83ac82471bea0105c9" member_type: VOTER last_known_addr { host: "127.16.109.193" port: 41587 } } peers { permanent_uuid: "3ae0e2e808da43f6b5320a40a6d1340a" member_type: VOTER last_known_addr { host: "127.16.109.194" port: 35603 } } peers { permanent_uuid: "e6b70f4a689447e0a5b78f7a72a2da26" member_type: VOTER last_known_addr { host: "127.16.109.195" port: 41507 } }
I20260608 12:56:59.214473 20013 raft_consensus.cc:697] T 6ec400fd837e4c88ae42cdaf6b14a9d6 P 3ae0e2e808da43f6b5320a40a6d1340a [term 1 LEADER]: Becoming Leader. State: Replica: 3ae0e2e808da43f6b5320a40a6d1340a, State: Running, Role: LEADER
I20260608 12:56:59.214651 19992 raft_consensus.cc:385] T 676ccd490417464da19779bbcd8b5faf P 9374bae52cda4b83ac82471bea0105c9 [term 0 FOLLOWER]: Consensus starting up: Expiring failure detector timer to make a prompt election more likely
I20260608 12:56:59.215095 19992 raft_consensus.cc:740] T 676ccd490417464da19779bbcd8b5faf P 9374bae52cda4b83ac82471bea0105c9 [term 0 FOLLOWER]: Becoming Follower/Learner. State: Replica: 9374bae52cda4b83ac82471bea0105c9, State: Initialized, Role: FOLLOWER
I20260608 12:56:59.215790 19989 tablet_bootstrap.cc:492] T 90ebce3471934807baade9de96d35663 P 3ae0e2e808da43f6b5320a40a6d1340a: Bootstrap starting.
I20260608 12:56:59.215973 19992 consensus_queue.cc:260] T 676ccd490417464da19779bbcd8b5faf P 9374bae52cda4b83ac82471bea0105c9 [NON_LEADER]: Queue going to NON_LEADER mode. State: All replicated index: 0, Majority replicated index: 0, Committed index: 0, Last appended: 0.0, Last appended by leader: 0, Current term: 0, Majority size: -1, State: 0, Mode: NON_LEADER, active raft config: opid_index: -1 OBSOLETE_local: false peers { permanent_uuid: "9374bae52cda4b83ac82471bea0105c9" member_type: VOTER last_known_addr { host: "127.16.109.193" port: 41587 } } peers { permanent_uuid: "3ae0e2e808da43f6b5320a40a6d1340a" member_type: VOTER last_known_addr { host: "127.16.109.194" port: 35603 } } peers { permanent_uuid: "e6b70f4a689447e0a5b78f7a72a2da26" member_type: VOTER last_known_addr { host: "127.16.109.195" port: 41507 } }
I20260608 12:56:59.218533 19992 ts_tablet_manager.cc:1434] T 676ccd490417464da19779bbcd8b5faf P 9374bae52cda4b83ac82471bea0105c9: Time spent starting tablet: real 0.008s	user 0.006s	sys 0.000s
I20260608 12:56:59.219723 19992 tablet_bootstrap.cc:492] T 90ebce3471934807baade9de96d35663 P 9374bae52cda4b83ac82471bea0105c9: Bootstrap starting.
I20260608 12:56:59.213479 19990 raft_consensus.cc:359] T 6ec400fd837e4c88ae42cdaf6b14a9d6 P e6b70f4a689447e0a5b78f7a72a2da26 [term 0 FOLLOWER]: Replica starting. Triggering 0 pending ops. Active config: opid_index: -1 OBSOLETE_local: false peers { permanent_uuid: "3ae0e2e808da43f6b5320a40a6d1340a" member_type: VOTER last_known_addr { host: "127.16.109.194" port: 35603 } } peers { permanent_uuid: "9374bae52cda4b83ac82471bea0105c9" member_type: VOTER last_known_addr { host: "127.16.109.193" port: 41587 } } peers { permanent_uuid: "e6b70f4a689447e0a5b78f7a72a2da26" member_type: VOTER last_known_addr { host: "127.16.109.195" port: 41507 } }
I20260608 12:56:59.222489 19990 raft_consensus.cc:385] T 6ec400fd837e4c88ae42cdaf6b14a9d6 P e6b70f4a689447e0a5b78f7a72a2da26 [term 0 FOLLOWER]: Consensus starting up: Expiring failure detector timer to make a prompt election more likely
I20260608 12:56:59.222888 19990 raft_consensus.cc:740] T 6ec400fd837e4c88ae42cdaf6b14a9d6 P e6b70f4a689447e0a5b78f7a72a2da26 [term 0 FOLLOWER]: Becoming Follower/Learner. State: Replica: e6b70f4a689447e0a5b78f7a72a2da26, State: Initialized, Role: FOLLOWER
I20260608 12:56:59.223901 19870 tablet_service.cc:1917] Received RequestConsensusVote() RPC: tablet_id: "2d2ae35115b648b89708bf5c4a561b52" candidate_uuid: "9374bae52cda4b83ac82471bea0105c9" candidate_term: 1 candidate_status { last_received { term: 0 index: 0 } } ignore_live_leader: false dest_uuid: "3ae0e2e808da43f6b5320a40a6d1340a" is_pre_election: true
I20260608 12:56:59.224426 19989 tablet_bootstrap.cc:654] T 90ebce3471934807baade9de96d35663 P 3ae0e2e808da43f6b5320a40a6d1340a: Neither blocks nor log segments found. Creating new log.
I20260608 12:56:59.224910 19870 raft_consensus.cc:2468] T 2d2ae35115b648b89708bf5c4a561b52 P 3ae0e2e808da43f6b5320a40a6d1340a [term 0 FOLLOWER]: Leader pre-election vote request: Granting yes vote for candidate 9374bae52cda4b83ac82471bea0105c9 in term 0.
I20260608 12:56:59.226436 19758 leader_election.cc:304] T 2d2ae35115b648b89708bf5c4a561b52 P 9374bae52cda4b83ac82471bea0105c9 [CANDIDATE]: Term 1 pre-election: Election decided. Result: candidate won. Election summary: received 3 responses out of 3 voters: 2 yes votes; 1 no votes. yes voters: 3ae0e2e808da43f6b5320a40a6d1340a, 9374bae52cda4b83ac82471bea0105c9; no voters: e6b70f4a689447e0a5b78f7a72a2da26
I20260608 12:56:59.227212 19999 raft_consensus.cc:2804] T 2d2ae35115b648b89708bf5c4a561b52 P 9374bae52cda4b83ac82471bea0105c9 [term 0 FOLLOWER]: Leader pre-election won for term 1
I20260608 12:56:59.227576 19999 raft_consensus.cc:493] T 2d2ae35115b648b89708bf5c4a561b52 P 9374bae52cda4b83ac82471bea0105c9 [term 0 FOLLOWER]: Starting leader election (no leader contacted us within the election timeout)
I20260608 12:56:59.227933 19999 raft_consensus.cc:3060] T 2d2ae35115b648b89708bf5c4a561b52 P 9374bae52cda4b83ac82471bea0105c9 [term 0 FOLLOWER]: Advancing to term 1
I20260608 12:56:59.231695 19992 tablet_bootstrap.cc:654] T 90ebce3471934807baade9de96d35663 P 9374bae52cda4b83ac82471bea0105c9: Neither blocks nor log segments found. Creating new log.
I20260608 12:56:59.236199 19999 raft_consensus.cc:515] T 2d2ae35115b648b89708bf5c4a561b52 P 9374bae52cda4b83ac82471bea0105c9 [term 1 FOLLOWER]: Starting leader election with config: opid_index: -1 OBSOLETE_local: false peers { permanent_uuid: "e6b70f4a689447e0a5b78f7a72a2da26" member_type: VOTER last_known_addr { host: "127.16.109.195" port: 41507 } } peers { permanent_uuid: "3ae0e2e808da43f6b5320a40a6d1340a" member_type: VOTER last_known_addr { host: "127.16.109.194" port: 35603 } } peers { permanent_uuid: "9374bae52cda4b83ac82471bea0105c9" member_type: VOTER last_known_addr { host: "127.16.109.193" port: 41587 } }
I20260608 12:56:59.239413 19944 tablet_service.cc:1917] Received RequestConsensusVote() RPC: tablet_id: "2d2ae35115b648b89708bf5c4a561b52" candidate_uuid: "9374bae52cda4b83ac82471bea0105c9" candidate_term: 1 candidate_status { last_received { term: 0 index: 0 } } ignore_live_leader: false dest_uuid: "e6b70f4a689447e0a5b78f7a72a2da26"
W20260608 12:56:59.241245 19761 leader_election.cc:343] T 2d2ae35115b648b89708bf5c4a561b52 P 9374bae52cda4b83ac82471bea0105c9 [CANDIDATE]: Term 1 election: Tablet error from VoteRequest() call to peer e6b70f4a689447e0a5b78f7a72a2da26 (127.16.109.195:41507): Illegal state: must be running to vote when last-logged opid is not known
I20260608 12:56:59.242460 19999 leader_election.cc:290] T 2d2ae35115b648b89708bf5c4a561b52 P 9374bae52cda4b83ac82471bea0105c9 [CANDIDATE]: Term 1 election: Requested vote from peers e6b70f4a689447e0a5b78f7a72a2da26 (127.16.109.195:41507), 3ae0e2e808da43f6b5320a40a6d1340a (127.16.109.194:35603)
I20260608 12:56:59.244772 19870 tablet_service.cc:1917] Received RequestConsensusVote() RPC: tablet_id: "2d2ae35115b648b89708bf5c4a561b52" candidate_uuid: "9374bae52cda4b83ac82471bea0105c9" candidate_term: 1 candidate_status { last_received { term: 0 index: 0 } } ignore_live_leader: false dest_uuid: "3ae0e2e808da43f6b5320a40a6d1340a"
I20260608 12:56:59.245004 20013 consensus_queue.cc:237] T 6ec400fd837e4c88ae42cdaf6b14a9d6 P 3ae0e2e808da43f6b5320a40a6d1340a [LEADER]: Queue going to LEADER mode. State: All replicated index: 0, Majority replicated index: 0, Committed index: 0, Last appended: 0.0, Last appended by leader: 0, Current term: 1, Majority size: 2, State: 0, Mode: LEADER, active raft config: opid_index: -1 OBSOLETE_local: false peers { permanent_uuid: "3ae0e2e808da43f6b5320a40a6d1340a" member_type: VOTER last_known_addr { host: "127.16.109.194" port: 35603 } } peers { permanent_uuid: "9374bae52cda4b83ac82471bea0105c9" member_type: VOTER last_known_addr { host: "127.16.109.193" port: 41587 } } peers { permanent_uuid: "e6b70f4a689447e0a5b78f7a72a2da26" member_type: VOTER last_known_addr { host: "127.16.109.195" port: 41507 } }
I20260608 12:56:59.245532 19870 raft_consensus.cc:3060] T 2d2ae35115b648b89708bf5c4a561b52 P 3ae0e2e808da43f6b5320a40a6d1340a [term 0 FOLLOWER]: Advancing to term 1
I20260608 12:56:59.246692 19992 tablet_bootstrap.cc:492] T 90ebce3471934807baade9de96d35663 P 9374bae52cda4b83ac82471bea0105c9: No bootstrap required, opened a new log
I20260608 12:56:59.223919 19990 consensus_queue.cc:260] T 6ec400fd837e4c88ae42cdaf6b14a9d6 P e6b70f4a689447e0a5b78f7a72a2da26 [NON_LEADER]: Queue going to NON_LEADER mode. State: All replicated index: 0, Majority replicated index: 0, Committed index: 0, Last appended: 0.0, Last appended by leader: 0, Current term: 0, Majority size: -1, State: 0, Mode: NON_LEADER, active raft config: opid_index: -1 OBSOLETE_local: false peers { permanent_uuid: "3ae0e2e808da43f6b5320a40a6d1340a" member_type: VOTER last_known_addr { host: "127.16.109.194" port: 35603 } } peers { permanent_uuid: "9374bae52cda4b83ac82471bea0105c9" member_type: VOTER last_known_addr { host: "127.16.109.193" port: 41587 } } peers { permanent_uuid: "e6b70f4a689447e0a5b78f7a72a2da26" member_type: VOTER last_known_addr { host: "127.16.109.195" port: 41507 } }
I20260608 12:56:59.247524 19992 ts_tablet_manager.cc:1403] T 90ebce3471934807baade9de96d35663 P 9374bae52cda4b83ac82471bea0105c9: Time spent bootstrapping tablet: real 0.028s	user 0.020s	sys 0.003s
I20260608 12:56:59.246688 19989 tablet_bootstrap.cc:492] T 90ebce3471934807baade9de96d35663 P 3ae0e2e808da43f6b5320a40a6d1340a: No bootstrap required, opened a new log
I20260608 12:56:59.248337 19989 ts_tablet_manager.cc:1403] T 90ebce3471934807baade9de96d35663 P 3ae0e2e808da43f6b5320a40a6d1340a: Time spent bootstrapping tablet: real 0.033s	user 0.016s	sys 0.012s
W20260608 12:56:59.251147 19741 auto_rebalancer.cc:259] Could not retrieve cluster info: Service unavailable: Tablet not running
I20260608 12:56:59.250934 19992 raft_consensus.cc:359] T 90ebce3471934807baade9de96d35663 P 9374bae52cda4b83ac82471bea0105c9 [term 0 FOLLOWER]: Replica starting. Triggering 0 pending ops. Active config: opid_index: -1 OBSOLETE_local: false peers { permanent_uuid: "3ae0e2e808da43f6b5320a40a6d1340a" member_type: VOTER last_known_addr { host: "127.16.109.194" port: 35603 } } peers { permanent_uuid: "9374bae52cda4b83ac82471bea0105c9" member_type: VOTER last_known_addr { host: "127.16.109.193" port: 41587 } } peers { permanent_uuid: "e6b70f4a689447e0a5b78f7a72a2da26" member_type: VOTER last_known_addr { host: "127.16.109.195" port: 41507 } }
I20260608 12:56:59.251757 19992 raft_consensus.cc:385] T 90ebce3471934807baade9de96d35663 P 9374bae52cda4b83ac82471bea0105c9 [term 0 FOLLOWER]: Consensus starting up: Expiring failure detector timer to make a prompt election more likely
I20260608 12:56:59.252084 19992 raft_consensus.cc:740] T 90ebce3471934807baade9de96d35663 P 9374bae52cda4b83ac82471bea0105c9 [term 0 FOLLOWER]: Becoming Follower/Learner. State: Replica: 9374bae52cda4b83ac82471bea0105c9, State: Initialized, Role: FOLLOWER
I20260608 12:56:59.252492 19989 raft_consensus.cc:359] T 90ebce3471934807baade9de96d35663 P 3ae0e2e808da43f6b5320a40a6d1340a [term 0 FOLLOWER]: Replica starting. Triggering 0 pending ops. Active config: opid_index: -1 OBSOLETE_local: false peers { permanent_uuid: "3ae0e2e808da43f6b5320a40a6d1340a" member_type: VOTER last_known_addr { host: "127.16.109.194" port: 35603 } } peers { permanent_uuid: "9374bae52cda4b83ac82471bea0105c9" member_type: VOTER last_known_addr { host: "127.16.109.193" port: 41587 } } peers { permanent_uuid: "e6b70f4a689447e0a5b78f7a72a2da26" member_type: VOTER last_known_addr { host: "127.16.109.195" port: 41507 } }
I20260608 12:56:59.253610 19989 raft_consensus.cc:385] T 90ebce3471934807baade9de96d35663 P 3ae0e2e808da43f6b5320a40a6d1340a [term 0 FOLLOWER]: Consensus starting up: Expiring failure detector timer to make a prompt election more likely
I20260608 12:56:59.254434 19746 auto_leader_rebalancer.cc:140] leader rebalance for table range_aware_rebalance_new_range
W20260608 12:56:59.255517 19746 auto_leader_rebalancer.cc:460] the master instance isn't leader: Service unavailable: Tablet not running
I20260608 12:56:59.253033 19992 consensus_queue.cc:260] T 90ebce3471934807baade9de96d35663 P 9374bae52cda4b83ac82471bea0105c9 [NON_LEADER]: Queue going to NON_LEADER mode. State: All replicated index: 0, Majority replicated index: 0, Committed index: 0, Last appended: 0.0, Last appended by leader: 0, Current term: 0, Majority size: -1, State: 0, Mode: NON_LEADER, active raft config: opid_index: -1 OBSOLETE_local: false peers { permanent_uuid: "3ae0e2e808da43f6b5320a40a6d1340a" member_type: VOTER last_known_addr { host: "127.16.109.194" port: 35603 } } peers { permanent_uuid: "9374bae52cda4b83ac82471bea0105c9" member_type: VOTER last_known_addr { host: "127.16.109.193" port: 41587 } } peers { permanent_uuid: "e6b70f4a689447e0a5b78f7a72a2da26" member_type: VOTER last_known_addr { host: "127.16.109.195" port: 41507 } }
I20260608 12:56:59.258126 19992 ts_tablet_manager.cc:1434] T 90ebce3471934807baade9de96d35663 P 9374bae52cda4b83ac82471bea0105c9: Time spent starting tablet: real 0.010s	user 0.005s	sys 0.002s
I20260608 12:56:59.259280 19992 tablet_bootstrap.cc:492] T 07f3b5799cea4325980884abad87bf8a P 9374bae52cda4b83ac82471bea0105c9: Bootstrap starting.
I20260608 12:56:59.260273 19994 raft_consensus.cc:493] T 6ec400fd837e4c88ae42cdaf6b14a9d6 P e6b70f4a689447e0a5b78f7a72a2da26 [term 0 FOLLOWER]: Starting pre-election (no leader contacted us within the election timeout)
I20260608 12:56:59.260819 19994 raft_consensus.cc:515] T 6ec400fd837e4c88ae42cdaf6b14a9d6 P e6b70f4a689447e0a5b78f7a72a2da26 [term 0 FOLLOWER]: Starting pre-election with config: opid_index: -1 OBSOLETE_local: false peers { permanent_uuid: "3ae0e2e808da43f6b5320a40a6d1340a" member_type: VOTER last_known_addr { host: "127.16.109.194" port: 35603 } } peers { permanent_uuid: "9374bae52cda4b83ac82471bea0105c9" member_type: VOTER last_known_addr { host: "127.16.109.193" port: 41587 } } peers { permanent_uuid: "e6b70f4a689447e0a5b78f7a72a2da26" member_type: VOTER last_known_addr { host: "127.16.109.195" port: 41507 } }
I20260608 12:56:59.261826 19870 raft_consensus.cc:2468] T 2d2ae35115b648b89708bf5c4a561b52 P 3ae0e2e808da43f6b5320a40a6d1340a [term 1 FOLLOWER]: Leader election vote request: Granting yes vote for candidate 9374bae52cda4b83ac82471bea0105c9 in term 1.
I20260608 12:56:59.263170 19994 leader_election.cc:290] T 6ec400fd837e4c88ae42cdaf6b14a9d6 P e6b70f4a689447e0a5b78f7a72a2da26 [CANDIDATE]: Term 1 pre-election: Requested pre-vote from peers 3ae0e2e808da43f6b5320a40a6d1340a (127.16.109.194:35603), 9374bae52cda4b83ac82471bea0105c9 (127.16.109.193:41587)
I20260608 12:56:59.263254 19758 leader_election.cc:304] T 2d2ae35115b648b89708bf5c4a561b52 P 9374bae52cda4b83ac82471bea0105c9 [CANDIDATE]: Term 1 election: Election decided. Result: candidate won. Election summary: received 3 responses out of 3 voters: 2 yes votes; 1 no votes. yes voters: 3ae0e2e808da43f6b5320a40a6d1340a, 9374bae52cda4b83ac82471bea0105c9; no voters: e6b70f4a689447e0a5b78f7a72a2da26
I20260608 12:56:59.264573 19999 raft_consensus.cc:2804] T 2d2ae35115b648b89708bf5c4a561b52 P 9374bae52cda4b83ac82471bea0105c9 [term 1 FOLLOWER]: Leader election won for term 1
I20260608 12:56:59.265275 19869 tablet_service.cc:1917] Received RequestConsensusVote() RPC: tablet_id: "6ec400fd837e4c88ae42cdaf6b14a9d6" candidate_uuid: "e6b70f4a689447e0a5b78f7a72a2da26" candidate_term: 1 candidate_status { last_received { term: 0 index: 0 } } ignore_live_leader: false dest_uuid: "3ae0e2e808da43f6b5320a40a6d1340a" is_pre_election: true
I20260608 12:56:59.270349 19990 ts_tablet_manager.cc:1434] T 6ec400fd837e4c88ae42cdaf6b14a9d6 P e6b70f4a689447e0a5b78f7a72a2da26: Time spent starting tablet: real 0.060s	user 0.008s	sys 0.001s
I20260608 12:56:59.270785 19795 tablet_service.cc:1917] Received RequestConsensusVote() RPC: tablet_id: "6ec400fd837e4c88ae42cdaf6b14a9d6" candidate_uuid: "e6b70f4a689447e0a5b78f7a72a2da26" candidate_term: 1 candidate_status { last_received { term: 0 index: 0 } } ignore_live_leader: false dest_uuid: "9374bae52cda4b83ac82471bea0105c9" is_pre_election: true
I20260608 12:56:59.271795 19795 raft_consensus.cc:2393] T 6ec400fd837e4c88ae42cdaf6b14a9d6 P 9374bae52cda4b83ac82471bea0105c9 [term 1 FOLLOWER]: Leader pre-election vote request: Denying vote to candidate e6b70f4a689447e0a5b78f7a72a2da26 in current term 1: Already voted for candidate 3ae0e2e808da43f6b5320a40a6d1340a in this term.
I20260608 12:56:59.274935 19992 tablet_bootstrap.cc:654] T 07f3b5799cea4325980884abad87bf8a P 9374bae52cda4b83ac82471bea0105c9: Neither blocks nor log segments found. Creating new log.
I20260608 12:56:59.275295 19908 leader_election.cc:304] T 6ec400fd837e4c88ae42cdaf6b14a9d6 P e6b70f4a689447e0a5b78f7a72a2da26 [CANDIDATE]: Term 1 pre-election: Election decided. Result: candidate lost. Election summary: received 3 responses out of 3 voters: 1 yes votes; 2 no votes. yes voters: e6b70f4a689447e0a5b78f7a72a2da26; no voters: 3ae0e2e808da43f6b5320a40a6d1340a, 9374bae52cda4b83ac82471bea0105c9
I20260608 12:56:59.277033 19994 raft_consensus.cc:3060] T 6ec400fd837e4c88ae42cdaf6b14a9d6 P e6b70f4a689447e0a5b78f7a72a2da26 [term 0 FOLLOWER]: Advancing to term 1
