I20260608 12:56:51.084093 19999 tablet_service.cc:1917] Received RequestConsensusVote() RPC: tablet_id: "a08a2c5babe64f0cae44bf05010fbcab" candidate_uuid: "72530350a9ff430d8b06c69d27430652" candidate_term: 2 candidate_status { last_received { term: 1 index: 1 } } ignore_live_leader: true dest_uuid: "9bbe47bdcf184195ab2a29dbf06dc7b9"
I20260608 12:56:51.086489 19999 raft_consensus.cc:3060] T a08a2c5babe64f0cae44bf05010fbcab P 9bbe47bdcf184195ab2a29dbf06dc7b9 [term 1 FOLLOWER]: Advancing to term 2
I20260608 12:56:51.086759 19897 catalog_manager.cc:5696] T 7899660148aa4c78ae8bbd01e78c0c45 P 9ea8b00056ed40ed813a6ba4262a7599 reported cstate change: config changed from index -1 to 2, NON_VOTER 72530350a9ff430d8b06c69d27430652 (127.16.163.4) added. New cstate: current_term: 1 leader_uuid: "9ea8b00056ed40ed813a6ba4262a7599" committed_config { opid_index: 2 OBSOLETE_local: false peers { permanent_uuid: "9bbe47bdcf184195ab2a29dbf06dc7b9" member_type: VOTER last_known_addr { host: "127.16.163.1" port: 37983 } health_report { overall_health: UNKNOWN } } peers { permanent_uuid: "41786a3a87a648848ca865c1d3231507" member_type: VOTER last_known_addr { host: "127.16.163.2" port: 46777 } attrs { replace: true } health_report { overall_health: HEALTHY } } peers { permanent_uuid: "9ea8b00056ed40ed813a6ba4262a7599" member_type: VOTER last_known_addr { host: "127.16.163.3" port: 40857 } health_report { overall_health: HEALTHY } } peers { permanent_uuid: "72530350a9ff430d8b06c69d27430652" member_type: NON_VOTER last_known_addr { host: "127.16.163.4" port: 35159 } attrs { promote: true } health_report { overall_health: UNKNOWN } } }
I20260608 12:56:51.099840 20040 leader_election.cc:304] T 34263d6d683b43bea70df8b42623c7e9 P 41786a3a87a648848ca865c1d3231507 [CANDIDATE]: Term 2 election: Election decided. Result: candidate won. Election summary: received 2 responses out of 3 voters: 2 yes votes; 0 no votes. yes voters: 41786a3a87a648848ca865c1d3231507, 9ea8b00056ed40ed813a6ba4262a7599; no voters: 
I20260608 12:56:51.100358 20351 consensus_queue.cc:1048] T c2dd6b52adf04a27ac768233342fc920 P 9bbe47bdcf184195ab2a29dbf06dc7b9 [LEADER]: Connected to new peer: Peer: permanent_uuid: "41786a3a87a648848ca865c1d3231507" member_type: VOTER last_known_addr { host: "127.16.163.2" port: 46777 }, Status: LMP_MISMATCH, Last received: 0.0, Next index: 1, Last known committed idx: 0, Time since last communication: 0.001s
I20260608 12:56:51.104070 20345 raft_consensus.cc:2804] T 34263d6d683b43bea70df8b42623c7e9 P 41786a3a87a648848ca865c1d3231507 [term 2 FOLLOWER]: Leader election won for term 2
I20260608 12:56:51.104910 20345 raft_consensus.cc:697] T 34263d6d683b43bea70df8b42623c7e9 P 41786a3a87a648848ca865c1d3231507 [term 2 LEADER]: Becoming Leader. State: Replica: 41786a3a87a648848ca865c1d3231507, State: Running, Role: LEADER
I20260608 12:56:51.111444 20148 raft_consensus.cc:2468] T a08a2c5babe64f0cae44bf05010fbcab P 9ea8b00056ed40ed813a6ba4262a7599 [term 2 FOLLOWER]: Leader election vote request: Granting yes vote for candidate 72530350a9ff430d8b06c69d27430652 in term 2.
I20260608 12:56:51.113580 20075 raft_consensus.cc:1275] T 635259ff5bf144c08baf97100b892615 P 41786a3a87a648848ca865c1d3231507 [term 1 FOLLOWER]: Refusing update from remote peer 9bbe47bdcf184195ab2a29dbf06dc7b9: Log matching property violated. Preceding OpId in replica: term: 1 index: 1. Preceding OpId from leader: term: 1 index: 2. (index mismatch)
I20260608 12:56:51.106710 20345 consensus_queue.cc:237] T 34263d6d683b43bea70df8b42623c7e9 P 41786a3a87a648848ca865c1d3231507 [LEADER]: Queue going to LEADER mode. State: All replicated index: 0, Majority replicated index: 1, Committed index: 1, Last appended: 1.1, Last appended by leader: 1, Current term: 2, Majority size: 2, State: 0, Mode: LEADER, active raft config: opid_index: -1 OBSOLETE_local: false peers { permanent_uuid: "41786a3a87a648848ca865c1d3231507" member_type: VOTER last_known_addr { host: "127.16.163.2" port: 46777 } } peers { permanent_uuid: "9bbe47bdcf184195ab2a29dbf06dc7b9" member_type: VOTER last_known_addr { host: "127.16.163.1" port: 37983 } } peers { permanent_uuid: "9ea8b00056ed40ed813a6ba4262a7599" member_type: VOTER last_known_addr { host: "127.16.163.3" port: 40857 } }
I20260608 12:56:51.114691 20265 leader_election.cc:304] T a08a2c5babe64f0cae44bf05010fbcab P 72530350a9ff430d8b06c69d27430652 [CANDIDATE]: Term 2 election: Election decided. Result: candidate won. Election summary: received 2 responses out of 3 voters: 2 yes votes; 0 no votes. yes voters: 72530350a9ff430d8b06c69d27430652, 9ea8b00056ed40ed813a6ba4262a7599; no voters: 
I20260608 12:56:51.130367 20359 raft_consensus.cc:2804] T a08a2c5babe64f0cae44bf05010fbcab P 72530350a9ff430d8b06c69d27430652 [term 2 FOLLOWER]: Leader election won for term 2
I20260608 12:56:51.131052 20359 raft_consensus.cc:697] T a08a2c5babe64f0cae44bf05010fbcab P 72530350a9ff430d8b06c69d27430652 [term 2 LEADER]: Becoming Leader. State: Replica: 72530350a9ff430d8b06c69d27430652, State: Running, Role: LEADER
I20260608 12:56:51.132460 20359 consensus_queue.cc:237] T a08a2c5babe64f0cae44bf05010fbcab P 72530350a9ff430d8b06c69d27430652 [LEADER]: Queue going to LEADER mode. State: All replicated index: 0, Majority replicated index: 1, Committed index: 1, Last appended: 1.1, Last appended by leader: 1, Current term: 2, Majority size: 2, State: 0, Mode: LEADER, active raft config: opid_index: -1 OBSOLETE_local: false peers { permanent_uuid: "9ea8b00056ed40ed813a6ba4262a7599" member_type: VOTER last_known_addr { host: "127.16.163.3" port: 40857 } } peers { permanent_uuid: "72530350a9ff430d8b06c69d27430652" member_type: VOTER last_known_addr { host: "127.16.163.4" port: 35159 } } peers { permanent_uuid: "9bbe47bdcf184195ab2a29dbf06dc7b9" member_type: VOTER last_known_addr { host: "127.16.163.1" port: 37983 } }
I20260608 12:56:51.133313 20149 raft_consensus.cc:1275] T 635259ff5bf144c08baf97100b892615 P 9ea8b00056ed40ed813a6ba4262a7599 [term 1 FOLLOWER]: Refusing update from remote peer 9bbe47bdcf184195ab2a29dbf06dc7b9: Log matching property violated. Preceding OpId in replica: term: 1 index: 1. Preceding OpId from leader: term: 1 index: 2. (index mismatch)
I20260608 12:56:51.126679 20351 consensus_queue.cc:1048] T 635259ff5bf144c08baf97100b892615 P 9bbe47bdcf184195ab2a29dbf06dc7b9 [LEADER]: Connected to new peer: Peer: permanent_uuid: "41786a3a87a648848ca865c1d3231507" member_type: VOTER last_known_addr { host: "127.16.163.2" port: 46777 }, Status: LMP_MISMATCH, Last received: 0.0, Next index: 2, Last known committed idx: 1, Time since last communication: 0.001s
I20260608 12:56:51.139138 20000 raft_consensus.cc:2468] T 34263d6d683b43bea70df8b42623c7e9 P 9bbe47bdcf184195ab2a29dbf06dc7b9 [term 2 FOLLOWER]: Leader election vote request: Granting yes vote for candidate 41786a3a87a648848ca865c1d3231507 in term 2.
I20260608 12:56:51.138859 20211 consensus_queue.cc:1048] T 635259ff5bf144c08baf97100b892615 P 9bbe47bdcf184195ab2a29dbf06dc7b9 [LEADER]: Connected to new peer: Peer: permanent_uuid: "9ea8b00056ed40ed813a6ba4262a7599" member_type: VOTER last_known_addr { host: "127.16.163.3" port: 40857 } attrs { replace: true }, Status: LMP_MISMATCH, Last received: 0.0, Next index: 2, Last known committed idx: 1, Time since last communication: 0.003s
W20260608 12:56:51.151216 19963 consensus_peers.cc:597] T 635259ff5bf144c08baf97100b892615 P 9bbe47bdcf184195ab2a29dbf06dc7b9 -> Peer 72530350a9ff430d8b06c69d27430652 (127.16.163.4:35159): Couldn't send request to peer 72530350a9ff430d8b06c69d27430652. Error code: TABLET_NOT_FOUND (6). Status: Not found: Tablet not found: 635259ff5bf144c08baf97100b892615. This is attempt 1: this message will repeat every 5th retry.
I20260608 12:56:51.156107 19999 raft_consensus.cc:2468] T a08a2c5babe64f0cae44bf05010fbcab P 9bbe47bdcf184195ab2a29dbf06dc7b9 [term 2 FOLLOWER]: Leader election vote request: Granting yes vote for candidate 72530350a9ff430d8b06c69d27430652 in term 2.
I20260608 12:56:51.176034 20429 consensus_queue.cc:1048] T c2dd6b52adf04a27ac768233342fc920 P 9bbe47bdcf184195ab2a29dbf06dc7b9 [LEADER]: Connected to new peer: Peer: permanent_uuid: "72530350a9ff430d8b06c69d27430652" member_type: VOTER last_known_addr { host: "127.16.163.4" port: 35159 }, Status: LMP_MISMATCH, Last received: 0.0, Next index: 1, Last known committed idx: 0, Time since last communication: 0.001s
I20260608 12:56:51.179339 20201 raft_consensus.cc:993] T e4c1b4f2b63f48238a98f66fd515da1a P 41786a3a87a648848ca865c1d3231507: : Instructing follower 9bbe47bdcf184195ab2a29dbf06dc7b9 to start an election
I20260608 12:56:51.180133 20201 raft_consensus.cc:1081] T e4c1b4f2b63f48238a98f66fd515da1a P 41786a3a87a648848ca865c1d3231507 [term 1 LEADER]: Signalling peer 9bbe47bdcf184195ab2a29dbf06dc7b9 to start an election
I20260608 12:56:51.183411 20000 tablet_service.cc:2044] Received Run Leader Election RPC: tablet_id: "e4c1b4f2b63f48238a98f66fd515da1a"
dest_uuid: "9bbe47bdcf184195ab2a29dbf06dc7b9"
 from {username='slave'} at 127.0.0.1:48858
I20260608 12:56:51.184366 20000 raft_consensus.cc:493] T e4c1b4f2b63f48238a98f66fd515da1a P 9bbe47bdcf184195ab2a29dbf06dc7b9 [term 1 FOLLOWER]: Starting forced leader election (received explicit request)
I20260608 12:56:51.184931 20000 raft_consensus.cc:3060] T e4c1b4f2b63f48238a98f66fd515da1a P 9bbe47bdcf184195ab2a29dbf06dc7b9 [term 1 FOLLOWER]: Advancing to term 2
I20260608 12:56:51.192083 19895 catalog_manager.cc:5696] T a08a2c5babe64f0cae44bf05010fbcab P 72530350a9ff430d8b06c69d27430652 reported cstate change: term changed from 1 to 2, leader changed from 9ea8b00056ed40ed813a6ba4262a7599 (127.16.163.3) to 72530350a9ff430d8b06c69d27430652 (127.16.163.4). New cstate: current_term: 2 leader_uuid: "72530350a9ff430d8b06c69d27430652" committed_config { opid_index: -1 OBSOLETE_local: false peers { permanent_uuid: "9ea8b00056ed40ed813a6ba4262a7599" member_type: VOTER last_known_addr { host: "127.16.163.3" port: 40857 } health_report { overall_health: UNKNOWN } } peers { permanent_uuid: "72530350a9ff430d8b06c69d27430652" member_type: VOTER last_known_addr { host: "127.16.163.4" port: 35159 } health_report { overall_health: HEALTHY } } peers { permanent_uuid: "9bbe47bdcf184195ab2a29dbf06dc7b9" member_type: VOTER last_known_addr { host: "127.16.163.1" port: 37983 } health_report { overall_health: UNKNOWN } } }
I20260608 12:56:51.195202 20211 raft_consensus.cc:2955] T 635259ff5bf144c08baf97100b892615 P 9bbe47bdcf184195ab2a29dbf06dc7b9 [term 1 LEADER]: Committing config change with OpId 1.2: config changed from index -1 to 2, NON_VOTER 72530350a9ff430d8b06c69d27430652 (127.16.163.4) added. New config: { opid_index: 2 OBSOLETE_local: false peers { permanent_uuid: "41786a3a87a648848ca865c1d3231507" member_type: VOTER last_known_addr { host: "127.16.163.2" port: 46777 } } peers { permanent_uuid: "9bbe47bdcf184195ab2a29dbf06dc7b9" member_type: VOTER last_known_addr { host: "127.16.163.1" port: 37983 } } peers { permanent_uuid: "9ea8b00056ed40ed813a6ba4262a7599" member_type: VOTER last_known_addr { host: "127.16.163.3" port: 40857 } attrs { replace: true } } peers { permanent_uuid: "72530350a9ff430d8b06c69d27430652" member_type: NON_VOTER last_known_addr { host: "127.16.163.4" port: 35159 } attrs { promote: true } } }
I20260608 12:56:51.199959 19897 catalog_manager.cc:5696] T 34263d6d683b43bea70df8b42623c7e9 P 41786a3a87a648848ca865c1d3231507 reported cstate change: term changed from 1 to 2, leader changed from 9ea8b00056ed40ed813a6ba4262a7599 (127.16.163.3) to 41786a3a87a648848ca865c1d3231507 (127.16.163.2). New cstate: current_term: 2 leader_uuid: "41786a3a87a648848ca865c1d3231507" committed_config { opid_index: -1 OBSOLETE_local: false peers { permanent_uuid: "41786a3a87a648848ca865c1d3231507" member_type: VOTER last_known_addr { host: "127.16.163.2" port: 46777 } health_report { overall_health: HEALTHY } } peers { permanent_uuid: "9bbe47bdcf184195ab2a29dbf06dc7b9" member_type: VOTER last_known_addr { host: "127.16.163.1" port: 37983 } health_report { overall_health: UNKNOWN } } peers { permanent_uuid: "9ea8b00056ed40ed813a6ba4262a7599" member_type: VOTER last_known_addr { host: "127.16.163.3" port: 40857 } health_report { overall_health: UNKNOWN } } }
I20260608 12:56:51.218055 20000 raft_consensus.cc:515] T e4c1b4f2b63f48238a98f66fd515da1a P 9bbe47bdcf184195ab2a29dbf06dc7b9 [term 2 FOLLOWER]: Starting forced leader election with config: opid_index: -1 OBSOLETE_local: false peers { permanent_uuid: "41786a3a87a648848ca865c1d3231507" member_type: VOTER last_known_addr { host: "127.16.163.2" port: 46777 } } peers { permanent_uuid: "9bbe47bdcf184195ab2a29dbf06dc7b9" member_type: VOTER last_known_addr { host: "127.16.163.1" port: 37983 } } peers { permanent_uuid: "9ea8b00056ed40ed813a6ba4262a7599" member_type: VOTER last_known_addr { host: "127.16.163.3" port: 40857 } }
I20260608 12:56:51.217797 20075 raft_consensus.cc:2955] T 635259ff5bf144c08baf97100b892615 P 41786a3a87a648848ca865c1d3231507 [term 1 FOLLOWER]: Committing config change with OpId 1.2: config changed from index -1 to 2, NON_VOTER 72530350a9ff430d8b06c69d27430652 (127.16.163.4) added. New config: { opid_index: 2 OBSOLETE_local: false peers { permanent_uuid: "41786a3a87a648848ca865c1d3231507" member_type: VOTER last_known_addr { host: "127.16.163.2" port: 46777 } } peers { permanent_uuid: "9bbe47bdcf184195ab2a29dbf06dc7b9" member_type: VOTER last_known_addr { host: "127.16.163.1" port: 37983 } } peers { permanent_uuid: "9ea8b00056ed40ed813a6ba4262a7599" member_type: VOTER last_known_addr { host: "127.16.163.3" port: 40857 } attrs { replace: true } } peers { permanent_uuid: "72530350a9ff430d8b06c69d27430652" member_type: NON_VOTER last_known_addr { host: "127.16.163.4" port: 35159 } attrs { promote: true } } }
I20260608 12:56:51.220584 20148 raft_consensus.cc:2955] T 635259ff5bf144c08baf97100b892615 P 9ea8b00056ed40ed813a6ba4262a7599 [term 1 FOLLOWER]: Committing config change with OpId 1.2: config changed from index -1 to 2, NON_VOTER 72530350a9ff430d8b06c69d27430652 (127.16.163.4) added. New config: { opid_index: 2 OBSOLETE_local: false peers { permanent_uuid: "41786a3a87a648848ca865c1d3231507" member_type: VOTER last_known_addr { host: "127.16.163.2" port: 46777 } } peers { permanent_uuid: "9bbe47bdcf184195ab2a29dbf06dc7b9" member_type: VOTER last_known_addr { host: "127.16.163.1" port: 37983 } } peers { permanent_uuid: "9ea8b00056ed40ed813a6ba4262a7599" member_type: VOTER last_known_addr { host: "127.16.163.3" port: 40857 } attrs { replace: true } } peers { permanent_uuid: "72530350a9ff430d8b06c69d27430652" member_type: NON_VOTER last_known_addr { host: "127.16.163.4" port: 35159 } attrs { promote: true } } }
I20260608 12:56:51.221894 20074 tablet_service.cc:1917] Received RequestConsensusVote() RPC: tablet_id: "e4c1b4f2b63f48238a98f66fd515da1a" candidate_uuid: "9bbe47bdcf184195ab2a29dbf06dc7b9" candidate_term: 2 candidate_status { last_received { term: 1 index: 1 } } ignore_live_leader: true dest_uuid: "41786a3a87a648848ca865c1d3231507"
I20260608 12:56:51.222553 20074 raft_consensus.cc:3055] T e4c1b4f2b63f48238a98f66fd515da1a P 41786a3a87a648848ca865c1d3231507 [term 1 LEADER]: Stepping down as leader of term 1
I20260608 12:56:51.222910 20074 raft_consensus.cc:740] T e4c1b4f2b63f48238a98f66fd515da1a P 41786a3a87a648848ca865c1d3231507 [term 1 LEADER]: Becoming Follower/Learner. State: Replica: 41786a3a87a648848ca865c1d3231507, State: Running, Role: LEADER
I20260608 12:56:51.224138 20074 consensus_queue.cc:260] T e4c1b4f2b63f48238a98f66fd515da1a P 41786a3a87a648848ca865c1d3231507 [NON_LEADER]: Queue going to NON_LEADER mode. State: All replicated index: 0, Majority replicated index: 1, Committed index: 1, Last appended: 1.1, Last appended by leader: 1, Current term: 1, Majority size: -1, State: 0, Mode: NON_LEADER, active raft config: opid_index: -1 OBSOLETE_local: false peers { permanent_uuid: "41786a3a87a648848ca865c1d3231507" member_type: VOTER last_known_addr { host: "127.16.163.2" port: 46777 } } peers { permanent_uuid: "9bbe47bdcf184195ab2a29dbf06dc7b9" member_type: VOTER last_known_addr { host: "127.16.163.1" port: 37983 } } peers { permanent_uuid: "9ea8b00056ed40ed813a6ba4262a7599" member_type: VOTER last_known_addr { host: "127.16.163.3" port: 40857 } }
I20260608 12:56:51.225590 20074 raft_consensus.cc:3060] T e4c1b4f2b63f48238a98f66fd515da1a P 41786a3a87a648848ca865c1d3231507 [term 1 FOLLOWER]: Advancing to term 2
I20260608 12:56:51.250770 19897 catalog_manager.cc:5696] T 635259ff5bf144c08baf97100b892615 P 41786a3a87a648848ca865c1d3231507 reported cstate change: config changed from index -1 to 2, NON_VOTER 72530350a9ff430d8b06c69d27430652 (127.16.163.4) added. New cstate: current_term: 1 leader_uuid: "9bbe47bdcf184195ab2a29dbf06dc7b9" committed_config { opid_index: 2 OBSOLETE_local: false peers { permanent_uuid: "41786a3a87a648848ca865c1d3231507" member_type: VOTER last_known_addr { host: "127.16.163.2" port: 46777 } } peers { permanent_uuid: "9bbe47bdcf184195ab2a29dbf06dc7b9" member_type: VOTER last_known_addr { host: "127.16.163.1" port: 37983 } } peers { permanent_uuid: "9ea8b00056ed40ed813a6ba4262a7599" member_type: VOTER last_known_addr { host: "127.16.163.3" port: 40857 } attrs { replace: true } } peers { permanent_uuid: "72530350a9ff430d8b06c69d27430652" member_type: NON_VOTER last_known_addr { host: "127.16.163.4" port: 35159 } attrs { promote: true } } }
I20260608 12:56:51.253818 20074 raft_consensus.cc:2468] T e4c1b4f2b63f48238a98f66fd515da1a P 41786a3a87a648848ca865c1d3231507 [term 2 FOLLOWER]: Leader election vote request: Granting yes vote for candidate 9bbe47bdcf184195ab2a29dbf06dc7b9 in term 2.
I20260608 12:56:51.256348 20000 leader_election.cc:290] T e4c1b4f2b63f48238a98f66fd515da1a P 9bbe47bdcf184195ab2a29dbf06dc7b9 [CANDIDATE]: Term 2 election: Requested vote from peers 41786a3a87a648848ca865c1d3231507 (127.16.163.2:46777), 9ea8b00056ed40ed813a6ba4262a7599 (127.16.163.3:40857)
I20260608 12:56:51.259979 19964 leader_election.cc:304] T e4c1b4f2b63f48238a98f66fd515da1a P 9bbe47bdcf184195ab2a29dbf06dc7b9 [CANDIDATE]: Term 2 election: Election decided. Result: candidate won. Election summary: received 2 responses out of 3 voters: 2 yes votes; 0 no votes. yes voters: 41786a3a87a648848ca865c1d3231507, 9bbe47bdcf184195ab2a29dbf06dc7b9; no voters: 
I20260608 12:56:51.262403 20436 raft_consensus.cc:2804] T e4c1b4f2b63f48238a98f66fd515da1a P 9bbe47bdcf184195ab2a29dbf06dc7b9 [term 2 FOLLOWER]: Leader election won for term 2
I20260608 12:56:51.263036 20436 raft_consensus.cc:697] T e4c1b4f2b63f48238a98f66fd515da1a P 9bbe47bdcf184195ab2a29dbf06dc7b9 [term 2 LEADER]: Becoming Leader. State: Replica: 9bbe47bdcf184195ab2a29dbf06dc7b9, State: Running, Role: LEADER
W20260608 12:56:51.266943 19963 outbound_call.cc:321] RPC callback for RPC call kudu.consensus.ConsensusService.UpdateConsensus -> {remote=127.16.163.4:35159, user_credentials={real_user=slave}} blocked reactor thread for 57331.4us
I20260608 12:56:51.271095 20148 tablet_service.cc:1917] Received RequestConsensusVote() RPC: tablet_id: "e4c1b4f2b63f48238a98f66fd515da1a" candidate_uuid: "9bbe47bdcf184195ab2a29dbf06dc7b9" candidate_term: 2 candidate_status { last_received { term: 1 index: 1 } } ignore_live_leader: true dest_uuid: "9ea8b00056ed40ed813a6ba4262a7599"
I20260608 12:56:51.271799 20148 raft_consensus.cc:3060] T e4c1b4f2b63f48238a98f66fd515da1a P 9ea8b00056ed40ed813a6ba4262a7599 [term 1 FOLLOWER]: Advancing to term 2
I20260608 12:56:51.273769 20436 consensus_queue.cc:237] T e4c1b4f2b63f48238a98f66fd515da1a P 9bbe47bdcf184195ab2a29dbf06dc7b9 [LEADER]: Queue going to LEADER mode. State: All replicated index: 0, Majority replicated index: 1, Committed index: 1, Last appended: 1.1, Last appended by leader: 1, Current term: 2, Majority size: 2, State: 0, Mode: LEADER, active raft config: opid_index: -1 OBSOLETE_local: false peers { permanent_uuid: "41786a3a87a648848ca865c1d3231507" member_type: VOTER last_known_addr { host: "127.16.163.2" port: 46777 } } peers { permanent_uuid: "9bbe47bdcf184195ab2a29dbf06dc7b9" member_type: VOTER last_known_addr { host: "127.16.163.1" port: 37983 } } peers { permanent_uuid: "9ea8b00056ed40ed813a6ba4262a7599" member_type: VOTER last_known_addr { host: "127.16.163.3" port: 40857 } }
W20260608 12:56:51.277464 19946 auto_rebalancer.cc:591] Failed to schedule move for tablet a8de25a61f874f03b4e11a136fa19cba: Illegal state: Leader has not yet committed an operation in its own term
I20260608 12:56:51.281797 20148 raft_consensus.cc:2468] T e4c1b4f2b63f48238a98f66fd515da1a P 9ea8b00056ed40ed813a6ba4262a7599 [term 2 FOLLOWER]: Leader election vote request: Granting yes vote for candidate 9bbe47bdcf184195ab2a29dbf06dc7b9 in term 2.
I20260608 12:56:51.284554 19898 catalog_manager.cc:5696] T e4c1b4f2b63f48238a98f66fd515da1a P 9bbe47bdcf184195ab2a29dbf06dc7b9 reported cstate change: term changed from 1 to 2, leader changed from 41786a3a87a648848ca865c1d3231507 (127.16.163.2) to 9bbe47bdcf184195ab2a29dbf06dc7b9 (127.16.163.1). New cstate: current_term: 2 leader_uuid: "9bbe47bdcf184195ab2a29dbf06dc7b9" committed_config { opid_index: -1 OBSOLETE_local: false peers { permanent_uuid: "41786a3a87a648848ca865c1d3231507" member_type: VOTER last_known_addr { host: "127.16.163.2" port: 46777 } health_report { overall_health: UNKNOWN } } peers { permanent_uuid: "9bbe47bdcf184195ab2a29dbf06dc7b9" member_type: VOTER last_known_addr { host: "127.16.163.1" port: 37983 } health_report { overall_health: HEALTHY } } peers { permanent_uuid: "9ea8b00056ed40ed813a6ba4262a7599" member_type: VOTER last_known_addr { host: "127.16.163.3" port: 40857 } health_report { overall_health: UNKNOWN } } }
I20260608 12:56:51.289609 20198 raft_consensus.cc:993] T d59f7d88c981413e8dce209448a0545c P 9ea8b00056ed40ed813a6ba4262a7599: : Instructing follower 72530350a9ff430d8b06c69d27430652 to start an election
I20260608 12:56:51.290225 20215 raft_consensus.cc:1081] T d59f7d88c981413e8dce209448a0545c P 9ea8b00056ed40ed813a6ba4262a7599 [term 1 LEADER]: Signalling peer 72530350a9ff430d8b06c69d27430652 to start an election
I20260608 12:56:51.291961 20302 tablet_service.cc:2044] Received Run Leader Election RPC: tablet_id: "d59f7d88c981413e8dce209448a0545c"
dest_uuid: "72530350a9ff430d8b06c69d27430652"
 from {username='slave'} at 127.0.0.1:50470
I20260608 12:56:51.292403 20302 raft_consensus.cc:493] T d59f7d88c981413e8dce209448a0545c P 72530350a9ff430d8b06c69d27430652 [term 1 FOLLOWER]: Starting forced leader election (received explicit request)
I20260608 12:56:51.292771 20302 raft_consensus.cc:3060] T d59f7d88c981413e8dce209448a0545c P 72530350a9ff430d8b06c69d27430652 [term 1 FOLLOWER]: Advancing to term 2
I20260608 12:56:51.298671 20302 raft_consensus.cc:515] T d59f7d88c981413e8dce209448a0545c P 72530350a9ff430d8b06c69d27430652 [term 2 FOLLOWER]: Starting forced leader election with config: opid_index: -1 OBSOLETE_local: false peers { permanent_uuid: "72530350a9ff430d8b06c69d27430652" member_type: VOTER last_known_addr { host: "127.16.163.4" port: 35159 } } peers { permanent_uuid: "9bbe47bdcf184195ab2a29dbf06dc7b9" member_type: VOTER last_known_addr { host: "127.16.163.1" port: 37983 } } peers { permanent_uuid: "9ea8b00056ed40ed813a6ba4262a7599" member_type: VOTER last_known_addr { host: "127.16.163.3" port: 40857 } }
I20260608 12:56:51.300665 20302 leader_election.cc:290] T d59f7d88c981413e8dce209448a0545c P 72530350a9ff430d8b06c69d27430652 [CANDIDATE]: Term 2 election: Requested vote from peers 9bbe47bdcf184195ab2a29dbf06dc7b9 (127.16.163.1:37983), 9ea8b00056ed40ed813a6ba4262a7599 (127.16.163.3:40857)
I20260608 12:56:51.301384 20000 tablet_service.cc:1917] Received RequestConsensusVote() RPC: tablet_id: "d59f7d88c981413e8dce209448a0545c" candidate_uuid: "72530350a9ff430d8b06c69d27430652" candidate_term: 2 candidate_status { last_received { term: 1 index: 1 } } ignore_live_leader: true dest_uuid: "9bbe47bdcf184195ab2a29dbf06dc7b9"
I20260608 12:56:51.301821 20148 tablet_service.cc:1917] Received RequestConsensusVote() RPC: tablet_id: "d59f7d88c981413e8dce209448a0545c" candidate_uuid: "72530350a9ff430d8b06c69d27430652" candidate_term: 2 candidate_status { last_received { term: 1 index: 1 } } ignore_live_leader: true dest_uuid: "9ea8b00056ed40ed813a6ba4262a7599"
I20260608 12:56:51.302012 20000 raft_consensus.cc:3060] T d59f7d88c981413e8dce209448a0545c P 9bbe47bdcf184195ab2a29dbf06dc7b9 [term 1 FOLLOWER]: Advancing to term 2
I20260608 12:56:51.302332 20148 raft_consensus.cc:3055] T d59f7d88c981413e8dce209448a0545c P 9ea8b00056ed40ed813a6ba4262a7599 [term 1 LEADER]: Stepping down as leader of term 1
I20260608 12:56:51.302600 20148 raft_consensus.cc:740] T d59f7d88c981413e8dce209448a0545c P 9ea8b00056ed40ed813a6ba4262a7599 [term 1 LEADER]: Becoming Follower/Learner. State: Replica: 9ea8b00056ed40ed813a6ba4262a7599, State: Running, Role: LEADER
I20260608 12:56:51.303440 20148 consensus_queue.cc:260] T d59f7d88c981413e8dce209448a0545c P 9ea8b00056ed40ed813a6ba4262a7599 [NON_LEADER]: Queue going to NON_LEADER mode. State: All replicated index: 0, Majority replicated index: 1, Committed index: 1, Last appended: 1.1, Last appended by leader: 1, Current term: 1, Majority size: -1, State: 0, Mode: NON_LEADER, active raft config: opid_index: -1 OBSOLETE_local: false peers { permanent_uuid: "72530350a9ff430d8b06c69d27430652" member_type: VOTER last_known_addr { host: "127.16.163.4" port: 35159 } } peers { permanent_uuid: "9bbe47bdcf184195ab2a29dbf06dc7b9" member_type: VOTER last_known_addr { host: "127.16.163.1" port: 37983 } } peers { permanent_uuid: "9ea8b00056ed40ed813a6ba4262a7599" member_type: VOTER last_known_addr { host: "127.16.163.3" port: 40857 } }
I20260608 12:56:51.304607 20148 raft_consensus.cc:3060] T d59f7d88c981413e8dce209448a0545c P 9ea8b00056ed40ed813a6ba4262a7599 [term 1 FOLLOWER]: Advancing to term 2
I20260608 12:56:51.309221 20000 raft_consensus.cc:2468] T d59f7d88c981413e8dce209448a0545c P 9bbe47bdcf184195ab2a29dbf06dc7b9 [term 2 FOLLOWER]: Leader election vote request: Granting yes vote for candidate 72530350a9ff430d8b06c69d27430652 in term 2.
I20260608 12:56:51.309333 20148 raft_consensus.cc:2468] T d59f7d88c981413e8dce209448a0545c P 9ea8b00056ed40ed813a6ba4262a7599 [term 2 FOLLOWER]: Leader election vote request: Granting yes vote for candidate 72530350a9ff430d8b06c69d27430652 in term 2.
I20260608 12:56:51.310947 20265 leader_election.cc:304] T d59f7d88c981413e8dce209448a0545c P 72530350a9ff430d8b06c69d27430652 [CANDIDATE]: Term 2 election: Election decided. Result: candidate won. Election summary: received 2 responses out of 3 voters: 2 yes votes; 0 no votes. yes voters: 72530350a9ff430d8b06c69d27430652, 9bbe47bdcf184195ab2a29dbf06dc7b9; no voters: 
I20260608 12:56:51.311858 20359 raft_consensus.cc:2804] T d59f7d88c981413e8dce209448a0545c P 72530350a9ff430d8b06c69d27430652 [term 2 FOLLOWER]: Leader election won for term 2
I20260608 12:56:51.312343 20359 raft_consensus.cc:697] T d59f7d88c981413e8dce209448a0545c P 72530350a9ff430d8b06c69d27430652 [term 2 LEADER]: Becoming Leader. State: Replica: 72530350a9ff430d8b06c69d27430652, State: Running, Role: LEADER
I20260608 12:56:51.313355 20359 consensus_queue.cc:237] T d59f7d88c981413e8dce209448a0545c P 72530350a9ff430d8b06c69d27430652 [LEADER]: Queue going to LEADER mode. State: All replicated index: 0, Majority replicated index: 1, Committed index: 1, Last appended: 1.1, Last appended by leader: 1, Current term: 2, Majority size: 2, State: 0, Mode: LEADER, active raft config: opid_index: -1 OBSOLETE_local: false peers { permanent_uuid: "72530350a9ff430d8b06c69d27430652" member_type: VOTER last_known_addr { host: "127.16.163.4" port: 35159 } } peers { permanent_uuid: "9bbe47bdcf184195ab2a29dbf06dc7b9" member_type: VOTER last_known_addr { host: "127.16.163.1" port: 37983 } } peers { permanent_uuid: "9ea8b00056ed40ed813a6ba4262a7599" member_type: VOTER last_known_addr { host: "127.16.163.3" port: 40857 } }
I20260608 12:56:51.315183 20438 ts_tablet_manager.cc:933] T 894b3c0d3a25409494d37a226bfebc9b P 72530350a9ff430d8b06c69d27430652: Initiating tablet copy from peer 41786a3a87a648848ca865c1d3231507 (127.16.163.2:46777)
I20260608 12:56:51.319787 20438 tablet_copy_client.cc:323] T 894b3c0d3a25409494d37a226bfebc9b P 72530350a9ff430d8b06c69d27430652: tablet copy: Beginning tablet copy session from remote peer at address 127.16.163.2:46777
I20260608 12:56:51.321858 20085 tablet_copy_service.cc:140] P 41786a3a87a648848ca865c1d3231507: Received BeginTabletCopySession request for tablet 894b3c0d3a25409494d37a226bfebc9b from peer 72530350a9ff430d8b06c69d27430652 ({username='slave'} at 127.0.0.1:35698)
I20260608 12:56:51.322414 20085 tablet_copy_service.cc:161] P 41786a3a87a648848ca865c1d3231507: Beginning new tablet copy session on tablet 894b3c0d3a25409494d37a226bfebc9b from peer 72530350a9ff430d8b06c69d27430652 at {username='slave'} at 127.0.0.1:35698: session id = 72530350a9ff430d8b06c69d27430652-894b3c0d3a25409494d37a226bfebc9b
I20260608 12:56:51.322351 19898 catalog_manager.cc:5696] T d59f7d88c981413e8dce209448a0545c P 72530350a9ff430d8b06c69d27430652 reported cstate change: term changed from 1 to 2, leader changed from 9ea8b00056ed40ed813a6ba4262a7599 (127.16.163.3) to 72530350a9ff430d8b06c69d27430652 (127.16.163.4). New cstate: current_term: 2 leader_uuid: "72530350a9ff430d8b06c69d27430652" committed_config { opid_index: -1 OBSOLETE_local: false peers { permanent_uuid: "72530350a9ff430d8b06c69d27430652" member_type: VOTER last_known_addr { host: "127.16.163.4" port: 35159 } health_report { overall_health: HEALTHY } } peers { permanent_uuid: "9bbe47bdcf184195ab2a29dbf06dc7b9" member_type: VOTER last_known_addr { host: "127.16.163.1" port: 37983 } health_report { overall_health: UNKNOWN } } peers { permanent_uuid: "9ea8b00056ed40ed813a6ba4262a7599" member_type: VOTER last_known_addr { host: "127.16.163.3" port: 40857 } health_report { overall_health: UNKNOWN } } }
I20260608 12:56:51.330508 20085 tablet_copy_source_session.cc:215] T 894b3c0d3a25409494d37a226bfebc9b P 41786a3a87a648848ca865c1d3231507: Tablet Copy: opened 0 blocks and 1 log segments
I20260608 12:56:51.335127 20438 data_dirs.cc:400] Could only allocate 1 dirs of requested 3 for tablet 894b3c0d3a25409494d37a226bfebc9b. 1 dirs total, 0 dirs full, 0 dirs failed
I20260608 12:56:51.345501 20438 tablet_copy_client.cc:806] T 894b3c0d3a25409494d37a226bfebc9b P 72530350a9ff430d8b06c69d27430652: tablet copy: Starting download of 0 data blocks...
I20260608 12:56:51.346066 20438 tablet_copy_client.cc:670] T 894b3c0d3a25409494d37a226bfebc9b P 72530350a9ff430d8b06c69d27430652: tablet copy: Starting download of 1 WAL segments...
I20260608 12:56:51.349941 20438 tablet_copy_client.cc:538] T 894b3c0d3a25409494d37a226bfebc9b P 72530350a9ff430d8b06c69d27430652: tablet copy: Tablet Copy complete. Replacing tablet superblock.
I20260608 12:56:51.355654 20438 tablet_bootstrap.cc:492] T 894b3c0d3a25409494d37a226bfebc9b P 72530350a9ff430d8b06c69d27430652: Bootstrap starting.
I20260608 12:56:51.375757 20438 tablet_bootstrap.cc:492] T 894b3c0d3a25409494d37a226bfebc9b P 72530350a9ff430d8b06c69d27430652: Bootstrap replayed 1/1 log segments. Stats: ops{read=2 overwritten=0 applied=2 ignored=0} inserts{seen=0 ignored=0} mutations{seen=0 ignored=0} orphaned_commits=0. Pending: 0 replicates
I20260608 12:56:51.376897 20438 tablet_bootstrap.cc:492] T 894b3c0d3a25409494d37a226bfebc9b P 72530350a9ff430d8b06c69d27430652: Bootstrap complete.
I20260608 12:56:51.377553 20438 ts_tablet_manager.cc:1403] T 894b3c0d3a25409494d37a226bfebc9b P 72530350a9ff430d8b06c69d27430652: Time spent bootstrapping tablet: real 0.022s	user 0.012s	sys 0.008s
I20260608 12:56:51.379441 20441 ts_tablet_manager.cc:933] T 7899660148aa4c78ae8bbd01e78c0c45 P 72530350a9ff430d8b06c69d27430652: Initiating tablet copy from peer 9ea8b00056ed40ed813a6ba4262a7599 (127.16.163.3:40857)
I20260608 12:56:51.381383 20074 raft_consensus.cc:1275] T a8de25a61f874f03b4e11a136fa19cba P 41786a3a87a648848ca865c1d3231507 [term 2 FOLLOWER]: Refusing update from remote peer 9bbe47bdcf184195ab2a29dbf06dc7b9: Log matching property violated. Preceding OpId in replica: term: 1 index: 1. Preceding OpId from leader: term: 2 index: 2. (index mismatch)
I20260608 12:56:51.381253 20438 raft_consensus.cc:359] T 894b3c0d3a25409494d37a226bfebc9b P 72530350a9ff430d8b06c69d27430652 [term 1 LEARNER]: Replica starting. Triggering 0 pending ops. Active config: opid_index: 2 OBSOLETE_local: false peers { permanent_uuid: "9bbe47bdcf184195ab2a29dbf06dc7b9" member_type: VOTER last_known_addr { host: "127.16.163.1" port: 37983 } attrs { replace: true } } peers { permanent_uuid: "41786a3a87a648848ca865c1d3231507" member_type: VOTER last_known_addr { host: "127.16.163.2" port: 46777 } } peers { permanent_uuid: "9ea8b00056ed40ed813a6ba4262a7599" member_type: VOTER last_known_addr { host: "127.16.163.3" port: 40857 } } peers { permanent_uuid: "72530350a9ff430d8b06c69d27430652" member_type: NON_VOTER last_known_addr { host: "127.16.163.4" port: 35159 } attrs { promote: true } }
I20260608 12:56:51.382575 20438 raft_consensus.cc:740] T 894b3c0d3a25409494d37a226bfebc9b P 72530350a9ff430d8b06c69d27430652 [term 1 LEARNER]: Becoming Follower/Learner. State: Replica: 72530350a9ff430d8b06c69d27430652, State: Initialized, Role: LEARNER
I20260608 12:56:51.383203 20436 consensus_queue.cc:1048] T a8de25a61f874f03b4e11a136fa19cba P 9bbe47bdcf184195ab2a29dbf06dc7b9 [LEADER]: Connected to new peer: Peer: permanent_uuid: "41786a3a87a648848ca865c1d3231507" member_type: VOTER last_known_addr { host: "127.16.163.2" port: 46777 }, Status: LMP_MISMATCH, Last received: 0.0, Next index: 2, Last known committed idx: 1, Time since last communication: 0.000s
I20260608 12:56:51.383538 20438 consensus_queue.cc:260] T 894b3c0d3a25409494d37a226bfebc9b P 72530350a9ff430d8b06c69d27430652 [NON_LEADER]: Queue going to NON_LEADER mode. State: All replicated index: 0, Majority replicated index: 0, Committed index: 2, Last appended: 1.2, Last appended by leader: 2, Current term: 0, Majority size: -1, State: 0, Mode: NON_LEADER, active raft config: opid_index: 2 OBSOLETE_local: false peers { permanent_uuid: "9bbe47bdcf184195ab2a29dbf06dc7b9" member_type: VOTER last_known_addr { host: "127.16.163.1" port: 37983 } attrs { replace: true } } peers { permanent_uuid: "41786a3a87a648848ca865c1d3231507" member_type: VOTER last_known_addr { host: "127.16.163.2" port: 46777 } } peers { permanent_uuid: "9ea8b00056ed40ed813a6ba4262a7599" member_type: VOTER last_known_addr { host: "127.16.163.3" port: 40857 } } peers { permanent_uuid: "72530350a9ff430d8b06c69d27430652" member_type: NON_VOTER last_known_addr { host: "127.16.163.4" port: 35159 } attrs { promote: true } }
I20260608 12:56:51.396438 20438 ts_tablet_manager.cc:1434] T 894b3c0d3a25409494d37a226bfebc9b P 72530350a9ff430d8b06c69d27430652: Time spent starting tablet: real 0.019s	user 0.009s	sys 0.000s
I20260608 12:56:51.407470 20085 tablet_copy_service.cc:342] P 41786a3a87a648848ca865c1d3231507: Request end of tablet copy session 72530350a9ff430d8b06c69d27430652-894b3c0d3a25409494d37a226bfebc9b received from {username='slave'} at 127.0.0.1:35698
I20260608 12:56:51.408113 20085 tablet_copy_service.cc:434] P 41786a3a87a648848ca865c1d3231507: ending tablet copy session 72530350a9ff430d8b06c69d27430652-894b3c0d3a25409494d37a226bfebc9b on tablet 894b3c0d3a25409494d37a226bfebc9b with peer 72530350a9ff430d8b06c69d27430652
I20260608 12:56:51.411850 20441 tablet_copy_client.cc:323] T 7899660148aa4c78ae8bbd01e78c0c45 P 72530350a9ff430d8b06c69d27430652: tablet copy: Beginning tablet copy session from remote peer at address 127.16.163.3:40857
I20260608 12:56:51.414353 20159 tablet_copy_service.cc:140] P 9ea8b00056ed40ed813a6ba4262a7599: Received BeginTabletCopySession request for tablet 7899660148aa4c78ae8bbd01e78c0c45 from peer 72530350a9ff430d8b06c69d27430652 ({username='slave'} at 127.0.0.1:36950)
I20260608 12:56:51.414918 20159 tablet_copy_service.cc:161] P 9ea8b00056ed40ed813a6ba4262a7599: Beginning new tablet copy session on tablet 7899660148aa4c78ae8bbd01e78c0c45 from peer 72530350a9ff430d8b06c69d27430652 at {username='slave'} at 127.0.0.1:36950: session id = 72530350a9ff430d8b06c69d27430652-7899660148aa4c78ae8bbd01e78c0c45
I20260608 12:56:51.423550 20148 raft_consensus.cc:1275] T a8de25a61f874f03b4e11a136fa19cba P 9ea8b00056ed40ed813a6ba4262a7599 [term 2 FOLLOWER]: Refusing update from remote peer 9bbe47bdcf184195ab2a29dbf06dc7b9: Log matching property violated. Preceding OpId in replica: term: 1 index: 1. Preceding OpId from leader: term: 2 index: 2. (index mismatch)
I20260608 12:56:51.425370 20429 consensus_queue.cc:1048] T a8de25a61f874f03b4e11a136fa19cba P 9bbe47bdcf184195ab2a29dbf06dc7b9 [LEADER]: Connected to new peer: Peer: permanent_uuid: "9ea8b00056ed40ed813a6ba4262a7599" member_type: VOTER last_known_addr { host: "127.16.163.3" port: 40857 }, Status: LMP_MISMATCH, Last received: 0.0, Next index: 2, Last known committed idx: 1, Time since last communication: 0.000s
I20260608 12:56:51.430920 20159 tablet_copy_source_session.cc:215] T 7899660148aa4c78ae8bbd01e78c0c45 P 9ea8b00056ed40ed813a6ba4262a7599: Tablet Copy: opened 0 blocks and 1 log segments
I20260608 12:56:51.436615 20441 data_dirs.cc:400] Could only allocate 1 dirs of requested 3 for tablet 7899660148aa4c78ae8bbd01e78c0c45. 1 dirs total, 0 dirs full, 0 dirs failed
I20260608 12:56:51.453356 20441 tablet_copy_client.cc:806] T 7899660148aa4c78ae8bbd01e78c0c45 P 72530350a9ff430d8b06c69d27430652: tablet copy: Starting download of 0 data blocks...
I20260608 12:56:51.453902 20441 tablet_copy_client.cc:670] T 7899660148aa4c78ae8bbd01e78c0c45 P 72530350a9ff430d8b06c69d27430652: tablet copy: Starting download of 1 WAL segments...
I20260608 12:56:51.460861 20441 tablet_copy_client.cc:538] T 7899660148aa4c78ae8bbd01e78c0c45 P 72530350a9ff430d8b06c69d27430652: tablet copy: Tablet Copy complete. Replacing tablet superblock.
I20260608 12:56:51.469800 20441 tablet_bootstrap.cc:492] T 7899660148aa4c78ae8bbd01e78c0c45 P 72530350a9ff430d8b06c69d27430652: Bootstrap starting.
I20260608 12:56:51.490949 20441 tablet_bootstrap.cc:492] T 7899660148aa4c78ae8bbd01e78c0c45 P 72530350a9ff430d8b06c69d27430652: Bootstrap replayed 1/1 log segments. Stats: ops{read=2 overwritten=0 applied=2 ignored=0} inserts{seen=0 ignored=0} mutations{seen=0 ignored=0} orphaned_commits=0. Pending: 0 replicates
I20260608 12:56:51.491858 20441 tablet_bootstrap.cc:492] T 7899660148aa4c78ae8bbd01e78c0c45 P 72530350a9ff430d8b06c69d27430652: Bootstrap complete.
I20260608 12:56:51.492537 20441 ts_tablet_manager.cc:1403] T 7899660148aa4c78ae8bbd01e78c0c45 P 72530350a9ff430d8b06c69d27430652: Time spent bootstrapping tablet: real 0.023s	user 0.018s	sys 0.005s
I20260608 12:56:51.495661 20441 raft_consensus.cc:359] T 7899660148aa4c78ae8bbd01e78c0c45 P 72530350a9ff430d8b06c69d27430652 [term 1 LEARNER]: Replica starting. Triggering 0 pending ops. Active config: opid_index: 2 OBSOLETE_local: false peers { permanent_uuid: "9bbe47bdcf184195ab2a29dbf06dc7b9" member_type: VOTER last_known_addr { host: "127.16.163.1" port: 37983 } } peers { permanent_uuid: "41786a3a87a648848ca865c1d3231507" member_type: VOTER last_known_addr { host: "127.16.163.2" port: 46777 } attrs { replace: true } } peers { permanent_uuid: "9ea8b00056ed40ed813a6ba4262a7599" member_type: VOTER last_known_addr { host: "127.16.163.3" port: 40857 } } peers { permanent_uuid: "72530350a9ff430d8b06c69d27430652" member_type: NON_VOTER last_known_addr { host: "127.16.163.4" port: 35159 } attrs { promote: true } }
I20260608 12:56:51.496515 20441 raft_consensus.cc:740] T 7899660148aa4c78ae8bbd01e78c0c45 P 72530350a9ff430d8b06c69d27430652 [term 1 LEARNER]: Becoming Follower/Learner. State: Replica: 72530350a9ff430d8b06c69d27430652, State: Initialized, Role: LEARNER
I20260608 12:56:51.497190 20441 consensus_queue.cc:260] T 7899660148aa4c78ae8bbd01e78c0c45 P 72530350a9ff430d8b06c69d27430652 [NON_LEADER]: Queue going to NON_LEADER mode. State: All replicated index: 0, Majority replicated index: 0, Committed index: 2, Last appended: 1.2, Last appended by leader: 2, Current term: 0, Majority size: -1, State: 0, Mode: NON_LEADER, active raft config: opid_index: 2 OBSOLETE_local: false peers { permanent_uuid: "9bbe47bdcf184195ab2a29dbf06dc7b9" member_type: VOTER last_known_addr { host: "127.16.163.1" port: 37983 } } peers { permanent_uuid: "41786a3a87a648848ca865c1d3231507" member_type: VOTER last_known_addr { host: "127.16.163.2" port: 46777 } attrs { replace: true } } peers { permanent_uuid: "9ea8b00056ed40ed813a6ba4262a7599" member_type: VOTER last_known_addr { host: "127.16.163.3" port: 40857 } } peers { permanent_uuid: "72530350a9ff430d8b06c69d27430652" member_type: NON_VOTER last_known_addr { host: "127.16.163.4" port: 35159 } attrs { promote: true } }
I20260608 12:56:51.500028 20441 ts_tablet_manager.cc:1434] T 7899660148aa4c78ae8bbd01e78c0c45 P 72530350a9ff430d8b06c69d27430652: Time spent starting tablet: real 0.007s	user 0.007s	sys 0.000s
I20260608 12:56:51.502086 20159 tablet_copy_service.cc:342] P 9ea8b00056ed40ed813a6ba4262a7599: Request end of tablet copy session 72530350a9ff430d8b06c69d27430652-7899660148aa4c78ae8bbd01e78c0c45 received from {username='slave'} at 127.0.0.1:36950
I20260608 12:56:51.502530 20159 tablet_copy_service.cc:434] P 9ea8b00056ed40ed813a6ba4262a7599: ending tablet copy session 72530350a9ff430d8b06c69d27430652-7899660148aa4c78ae8bbd01e78c0c45 on tablet 7899660148aa4c78ae8bbd01e78c0c45 with peer 72530350a9ff430d8b06c69d27430652
I20260608 12:56:51.552433 20441 ts_tablet_manager.cc:933] T 635259ff5bf144c08baf97100b892615 P 72530350a9ff430d8b06c69d27430652: Initiating tablet copy from peer 9bbe47bdcf184195ab2a29dbf06dc7b9 (127.16.163.1:37983)
I20260608 12:56:51.554137 20441 tablet_copy_client.cc:323] T 635259ff5bf144c08baf97100b892615 P 72530350a9ff430d8b06c69d27430652: tablet copy: Beginning tablet copy session from remote peer at address 127.16.163.1:37983
I20260608 12:56:51.556216 20010 tablet_copy_service.cc:140] P 9bbe47bdcf184195ab2a29dbf06dc7b9: Received BeginTabletCopySession request for tablet 635259ff5bf144c08baf97100b892615 from peer 72530350a9ff430d8b06c69d27430652 ({username='slave'} at 127.0.0.1:48864)
I20260608 12:56:51.556788 20010 tablet_copy_service.cc:161] P 9bbe47bdcf184195ab2a29dbf06dc7b9: Beginning new tablet copy session on tablet 635259ff5bf144c08baf97100b892615 from peer 72530350a9ff430d8b06c69d27430652 at {username='slave'} at 127.0.0.1:48864: session id = 72530350a9ff430d8b06c69d27430652-635259ff5bf144c08baf97100b892615
I20260608 12:56:51.562397 20010 tablet_copy_source_session.cc:215] T 635259ff5bf144c08baf97100b892615 P 9bbe47bdcf184195ab2a29dbf06dc7b9: Tablet Copy: opened 0 blocks and 1 log segments
I20260608 12:56:51.565348 20441 data_dirs.cc:400] Could only allocate 1 dirs of requested 3 for tablet 635259ff5bf144c08baf97100b892615. 1 dirs total, 0 dirs full, 0 dirs failed
I20260608 12:56:51.579820 20441 tablet_copy_client.cc:806] T 635259ff5bf144c08baf97100b892615 P 72530350a9ff430d8b06c69d27430652: tablet copy: Starting download of 0 data blocks...
I20260608 12:56:51.580380 20441 tablet_copy_client.cc:670] T 635259ff5bf144c08baf97100b892615 P 72530350a9ff430d8b06c69d27430652: tablet copy: Starting download of 1 WAL segments...
I20260608 12:56:51.584576 20441 tablet_copy_client.cc:538] T 635259ff5bf144c08baf97100b892615 P 72530350a9ff430d8b06c69d27430652: tablet copy: Tablet Copy complete. Replacing tablet superblock.
I20260608 12:56:51.590111 20441 tablet_bootstrap.cc:492] T 635259ff5bf144c08baf97100b892615 P 72530350a9ff430d8b06c69d27430652: Bootstrap starting.
I20260608 12:56:51.605427 20441 tablet_bootstrap.cc:492] T 635259ff5bf144c08baf97100b892615 P 72530350a9ff430d8b06c69d27430652: Bootstrap replayed 1/1 log segments. Stats: ops{read=2 overwritten=0 applied=2 ignored=0} inserts{seen=0 ignored=0} mutations{seen=0 ignored=0} orphaned_commits=0. Pending: 0 replicates
I20260608 12:56:51.606166 20441 tablet_bootstrap.cc:492] T 635259ff5bf144c08baf97100b892615 P 72530350a9ff430d8b06c69d27430652: Bootstrap complete.
I20260608 12:56:51.606724 20441 ts_tablet_manager.cc:1403] T 635259ff5bf144c08baf97100b892615 P 72530350a9ff430d8b06c69d27430652: Time spent bootstrapping tablet: real 0.017s	user 0.011s	sys 0.004s
I20260608 12:56:51.609064 20441 raft_consensus.cc:359] T 635259ff5bf144c08baf97100b892615 P 72530350a9ff430d8b06c69d27430652 [term 1 LEARNER]: Replica starting. Triggering 0 pending ops. Active config: opid_index: 2 OBSOLETE_local: false peers { permanent_uuid: "41786a3a87a648848ca865c1d3231507" member_type: VOTER last_known_addr { host: "127.16.163.2" port: 46777 } } peers { permanent_uuid: "9bbe47bdcf184195ab2a29dbf06dc7b9" member_type: VOTER last_known_addr { host: "127.16.163.1" port: 37983 } } peers { permanent_uuid: "9ea8b00056ed40ed813a6ba4262a7599" member_type: VOTER last_known_addr { host: "127.16.163.3" port: 40857 } attrs { replace: true } } peers { permanent_uuid: "72530350a9ff430d8b06c69d27430652" member_type: NON_VOTER last_known_addr { host: "127.16.163.4" port: 35159 } attrs { promote: true } }
I20260608 12:56:51.609642 20441 raft_consensus.cc:740] T 635259ff5bf144c08baf97100b892615 P 72530350a9ff430d8b06c69d27430652 [term 1 LEARNER]: Becoming Follower/Learner. State: Replica: 72530350a9ff430d8b06c69d27430652, State: Initialized, Role: LEARNER
I20260608 12:56:51.610183 20441 consensus_queue.cc:260] T 635259ff5bf144c08baf97100b892615 P 72530350a9ff430d8b06c69d27430652 [NON_LEADER]: Queue going to NON_LEADER mode. State: All replicated index: 0, Majority replicated index: 0, Committed index: 2, Last appended: 1.2, Last appended by leader: 2, Current term: 0, Majority size: -1, State: 0, Mode: NON_LEADER, active raft config: opid_index: 2 OBSOLETE_local: false peers { permanent_uuid: "41786a3a87a648848ca865c1d3231507" member_type: VOTER last_known_addr { host: "127.16.163.2" port: 46777 } } peers { permanent_uuid: "9bbe47bdcf184195ab2a29dbf06dc7b9" member_type: VOTER last_known_addr { host: "127.16.163.1" port: 37983 } } peers { permanent_uuid: "9ea8b00056ed40ed813a6ba4262a7599" member_type: VOTER last_known_addr { host: "127.16.163.3" port: 40857 } attrs { replace: true } } peers { permanent_uuid: "72530350a9ff430d8b06c69d27430652" member_type: NON_VOTER last_known_addr { host: "127.16.163.4" port: 35159 } attrs { promote: true } }
I20260608 12:56:51.612425 20441 ts_tablet_manager.cc:1434] T 635259ff5bf144c08baf97100b892615 P 72530350a9ff430d8b06c69d27430652: Time spent starting tablet: real 0.005s	user 0.004s	sys 0.000s
I20260608 12:56:51.614305 20010 tablet_copy_service.cc:342] P 9bbe47bdcf184195ab2a29dbf06dc7b9: Request end of tablet copy session 72530350a9ff430d8b06c69d27430652-635259ff5bf144c08baf97100b892615 received from {username='slave'} at 127.0.0.1:48864
I20260608 12:56:51.614745 20010 tablet_copy_service.cc:434] P 9bbe47bdcf184195ab2a29dbf06dc7b9: ending tablet copy session 72530350a9ff430d8b06c69d27430652-635259ff5bf144c08baf97100b892615 on tablet 635259ff5bf144c08baf97100b892615 with peer 72530350a9ff430d8b06c69d27430652
I20260608 12:56:51.616611 20000 raft_consensus.cc:1275] T a08a2c5babe64f0cae44bf05010fbcab P 9bbe47bdcf184195ab2a29dbf06dc7b9 [term 2 FOLLOWER]: Refusing update from remote peer 72530350a9ff430d8b06c69d27430652: Log matching property violated. Preceding OpId in replica: term: 1 index: 1. Preceding OpId from leader: term: 2 index: 2. (index mismatch)
I20260608 12:56:51.618278 20359 consensus_queue.cc:1048] T a08a2c5babe64f0cae44bf05010fbcab P 72530350a9ff430d8b06c69d27430652 [LEADER]: Connected to new peer: Peer: permanent_uuid: "9bbe47bdcf184195ab2a29dbf06dc7b9" member_type: VOTER last_known_addr { host: "127.16.163.1" port: 37983 }, Status: LMP_MISMATCH, Last received: 0.0, Next index: 2, Last known committed idx: 1, Time since last communication: 0.000s
I20260608 12:56:51.629371 20148 raft_consensus.cc:1275] T a08a2c5babe64f0cae44bf05010fbcab P 9ea8b00056ed40ed813a6ba4262a7599 [term 2 FOLLOWER]: Refusing update from remote peer 72530350a9ff430d8b06c69d27430652: Log matching property violated. Preceding OpId in replica: term: 1 index: 1. Preceding OpId from leader: term: 2 index: 2. (index mismatch)
I20260608 12:56:51.631333 20359 consensus_queue.cc:1048] T a08a2c5babe64f0cae44bf05010fbcab P 72530350a9ff430d8b06c69d27430652 [LEADER]: Connected to new peer: Peer: permanent_uuid: "9ea8b00056ed40ed813a6ba4262a7599" member_type: VOTER last_known_addr { host: "127.16.163.3" port: 40857 }, Status: LMP_MISMATCH, Last received: 0.0, Next index: 2, Last known committed idx: 1, Time since last communication: 0.000s
I20260608 12:56:51.660032 20148 raft_consensus.cc:1275] T e4c1b4f2b63f48238a98f66fd515da1a P 9ea8b00056ed40ed813a6ba4262a7599 [term 2 FOLLOWER]: Refusing update from remote peer 9bbe47bdcf184195ab2a29dbf06dc7b9: Log matching property violated. Preceding OpId in replica: term: 1 index: 1. Preceding OpId from leader: term: 2 index: 2. (index mismatch)
I20260608 12:56:51.661506 20211 consensus_queue.cc:1048] T e4c1b4f2b63f48238a98f66fd515da1a P 9bbe47bdcf184195ab2a29dbf06dc7b9 [LEADER]: Connected to new peer: Peer: permanent_uuid: "9ea8b00056ed40ed813a6ba4262a7599" member_type: VOTER last_known_addr { host: "127.16.163.3" port: 40857 }, Status: LMP_MISMATCH, Last received: 0.0, Next index: 2, Last known committed idx: 1, Time since last communication: 0.000s
I20260608 12:56:51.676223 20074 raft_consensus.cc:1275] T e4c1b4f2b63f48238a98f66fd515da1a P 41786a3a87a648848ca865c1d3231507 [term 2 FOLLOWER]: Refusing update from remote peer 9bbe47bdcf184195ab2a29dbf06dc7b9: Log matching property violated. Preceding OpId in replica: term: 1 index: 1. Preceding OpId from leader: term: 2 index: 2. (index mismatch)
