I20260608 12:56:59.822073 17116 raft_consensus.cc:2243] T 2d39460d78924283b1e9ed62fb1a2bf9 P 1c82092d0a1f482f8a59281b3e0264b8 [term 2 FOLLOWER]: Raft consensus shutting down.
I20260608 12:56:59.822649 17116 raft_consensus.cc:2272] T 2d39460d78924283b1e9ed62fb1a2bf9 P 1c82092d0a1f482f8a59281b3e0264b8 [term 2 FOLLOWER]: Raft consensus is shut down!
W20260608 12:57:00.862594 17116 thread.cc:527] Waited for 1000ms trying to join with diag-logger (tid 20407)
I20260608 12:57:00.980985 20037 auto_leader_rebalancer.cc:140] leader rebalance for table range_aware_rebalance_new_range
W20260608 12:57:00.996295 20037 auto_leader_rebalancer.cc:460] the master instance isn't leader: Network error: Client connection negotiation failed: client connection to 127.16.183.1:33511: connect: Connection refused (error 111)
W20260608 12:57:01.863153 17116 thread.cc:527] Waited for 2000ms trying to join with diag-logger (tid 20407)
W20260608 12:57:02.863770 17116 thread.cc:527] Waited for 3000ms trying to join with diag-logger (tid 20407)
I20260608 12:57:02.942885 17116 tablet_server.cc:196] TabletServer@127.16.183.4:0 shutdown complete.
I20260608 12:57:02.975576 17116 master.cc:562] Master@127.16.183.62:38087 shutting down...
I20260608 12:57:02.996744 17116 raft_consensus.cc:2243] T 00000000000000000000000000000000 P 2bc29d57e1294a19a58b05160acf065a [term 1 LEADER]: Raft consensus shutting down.
I20260608 12:57:02.997438 17116 raft_consensus.cc:2272] T 00000000000000000000000000000000 P 2bc29d57e1294a19a58b05160acf065a [term 1 FOLLOWER]: Raft consensus is shut down!
I20260608 12:57:02.997862 17116 tablet_replica.cc:333] T 00000000000000000000000000000000 P 2bc29d57e1294a19a58b05160acf065a: stopping tablet replica
I20260608 12:57:03.019636 17116 master.cc:584] Master@127.16.183.62:38087 shutdown complete.
[       OK ] AutoRebalancerTest.RangeAwareRebalancesNewRangeReplicas (16743 ms)
[ RUN      ] AutoRebalancerTest.NoReplicaMovesIfLocationLoadSkewedByOne
I20260608 12:57:03.076709 17116 internal_mini_cluster.cc:156] Creating distributed mini masters. Addrs: 127.16.183.62:35807
I20260608 12:57:03.078117 17116 file_cache.cc:492] Constructed file cache file cache with capacity 419430
W20260608 12:57:03.085089 20707 instance_detector.cc:116] could not retrieve AWS instance metadata: Network error: curl error: HTTP response code said error: The requested URL returned error: 404
W20260608 12:57:03.085484 20708 instance_detector.cc:116] could not retrieve Azure instance metadata: Network error: curl error: HTTP response code said error: The requested URL returned error: 404
W20260608 12:57:03.085718 20710 instance_detector.cc:116] could not retrieve OpenStack instance metadata: Network error: curl error: HTTP response code said error: The requested URL returned error: 404
I20260608 12:57:03.087687 17116 server_base.cc:1061] running on GCE node
I20260608 12:57:03.089562 17116 hybrid_clock.cc:584] initializing the hybrid clock with 'system_unsync' time source
W20260608 12:57:03.089758 17116 system_unsync_time.cc:38] NTP support is disabled. Clock error bounds will not be accurate. This configuration is not suitable for distributed clusters.
I20260608 12:57:03.089951 17116 hybrid_clock.cc:648] HybridClock initialized: now 1780923423089931 us; error 0 us; skew 500 ppm
I20260608 12:57:03.090570 17116 server_base.cc:861] Flag tcmalloc_max_total_thread_cache_bytes is not working since tcmalloc is not enabled.
I20260608 12:57:03.093284 17116 webserver.cc:533] Webserver started at http://127.16.183.62:38667/ using document root <none> and password file <none>
I20260608 12:57:03.093889 17116 fs_manager.cc:362] Metadata directory not provided
I20260608 12:57:03.094082 17116 fs_manager.cc:368] Using write-ahead log directory (fs_wal_dir) as metadata directory
I20260608 12:57:03.094372 17116 server_base.cc:909] This appears to be a new deployment of Kudu; creating new FS layout
I20260608 12:57:03.095667 17116 fs_manager.cc:1068] Generated new instance metadata in path /tmp/dist-test-taskGV5ASb/test-tmp/auto_rebalancer-test.0.AutoRebalancerTest.NoReplicaMovesIfLocationLoadSkewedByOne.1780923328037310-17116-0/minicluster-data/master-0-root/instance:
uuid: "b1f2363d46814191be00decee716c9c2"
format_stamp: "Formatted at 2026-06-08 12:57:03 on dist-test-slave-ddh4"
I20260608 12:57:03.100737 17116 fs_manager.cc:696] Time spent creating directory manager: real 0.005s	user 0.005s	sys 0.001s
I20260608 12:57:03.104844 20715 log_block_manager.cc:4031] Time spent loading block containers with low live blocks: real 0.000s	user 0.000s	sys 0.000s
I20260608 12:57:03.105696 17116 fs_manager.cc:730] Time spent opening block manager: real 0.003s	user 0.002s	sys 0.000s
I20260608 12:57:03.106065 17116 fs_manager.cc:647] Opened local filesystem: /tmp/dist-test-taskGV5ASb/test-tmp/auto_rebalancer-test.0.AutoRebalancerTest.NoReplicaMovesIfLocationLoadSkewedByOne.1780923328037310-17116-0/minicluster-data/master-0-root
uuid: "b1f2363d46814191be00decee716c9c2"
format_stamp: "Formatted at 2026-06-08 12:57:03 on dist-test-slave-ddh4"
I20260608 12:57:03.106384 17116 fs_report.cc:389] FS layout report
--------------------
wal directory: /tmp/dist-test-taskGV5ASb/test-tmp/auto_rebalancer-test.0.AutoRebalancerTest.NoReplicaMovesIfLocationLoadSkewedByOne.1780923328037310-17116-0/minicluster-data/master-0-root
metadata directory: /tmp/dist-test-taskGV5ASb/test-tmp/auto_rebalancer-test.0.AutoRebalancerTest.NoReplicaMovesIfLocationLoadSkewedByOne.1780923328037310-17116-0/minicluster-data/master-0-root
1 data directories: /tmp/dist-test-taskGV5ASb/test-tmp/auto_rebalancer-test.0.AutoRebalancerTest.NoReplicaMovesIfLocationLoadSkewedByOne.1780923328037310-17116-0/minicluster-data/master-0-root/data
Total live blocks: 0
Total live bytes: 0
Total live bytes (after alignment): 0
Total number of LBM containers: 0 (0 full)
Did not check for missing blocks
Did not check for orphaned blocks
Total full LBM containers with extra space: 0 (0 repaired)
Total full LBM container extra space in bytes: 0 (0 repaired)
Total incomplete LBM containers: 0 (0 repaired)
Total LBM partial records: 0 (0 repaired)
Total corrupted LBM metadata records in RocksDB: 0 (0 repaired)
I20260608 12:57:03.118296 17116 rpc_server.cc:225] running with OpenSSL 1.1.1  11 Sep 2018
I20260608 12:57:03.119797 17116 kserver.cc:163] Server-wide thread pool size limit: 3276
I20260608 12:57:03.164800 17116 rpc_server.cc:307] RPC server started. Bound to: 127.16.183.62:35807
I20260608 12:57:03.164947 20766 acceptor_pool.cc:272] collecting diagnostics on the listening RPC socket 127.16.183.62:35807 every 8 connection(s)
I20260608 12:57:03.169400 20767 data_dirs.cc:400] Could only allocate 1 dirs of requested 3 for tablet 00000000000000000000000000000000. 1 dirs total, 0 dirs full, 0 dirs failed
I20260608 12:57:03.182708 20767 tablet_bootstrap.cc:492] T 00000000000000000000000000000000 P b1f2363d46814191be00decee716c9c2: Bootstrap starting.
I20260608 12:57:03.188534 20767 tablet_bootstrap.cc:654] T 00000000000000000000000000000000 P b1f2363d46814191be00decee716c9c2: Neither blocks nor log segments found. Creating new log.
I20260608 12:57:03.194036 20767 tablet_bootstrap.cc:492] T 00000000000000000000000000000000 P b1f2363d46814191be00decee716c9c2: No bootstrap required, opened a new log
I20260608 12:57:03.196767 20767 raft_consensus.cc:359] T 00000000000000000000000000000000 P b1f2363d46814191be00decee716c9c2 [term 0 FOLLOWER]: Replica starting. Triggering 0 pending ops. Active config: opid_index: -1 OBSOLETE_local: true peers { permanent_uuid: "b1f2363d46814191be00decee716c9c2" member_type: VOTER }
I20260608 12:57:03.197235 20767 raft_consensus.cc:385] T 00000000000000000000000000000000 P b1f2363d46814191be00decee716c9c2 [term 0 FOLLOWER]: Consensus starting up: Expiring failure detector timer to make a prompt election more likely
I20260608 12:57:03.197438 20767 raft_consensus.cc:740] T 00000000000000000000000000000000 P b1f2363d46814191be00decee716c9c2 [term 0 FOLLOWER]: Becoming Follower/Learner. State: Replica: b1f2363d46814191be00decee716c9c2, State: Initialized, Role: FOLLOWER
I20260608 12:57:03.198077 20767 consensus_queue.cc:260] T 00000000000000000000000000000000 P b1f2363d46814191be00decee716c9c2 [NON_LEADER]: Queue going to NON_LEADER mode. State: All replicated index: 0, Majority replicated index: 0, Committed index: 0, Last appended: 0.0, Last appended by leader: 0, Current term: 0, Majority size: -1, State: 0, Mode: NON_LEADER, active raft config: opid_index: -1 OBSOLETE_local: true peers { permanent_uuid: "b1f2363d46814191be00decee716c9c2" member_type: VOTER }
I20260608 12:57:03.198539 20767 raft_consensus.cc:399] T 00000000000000000000000000000000 P b1f2363d46814191be00decee716c9c2 [term 0 FOLLOWER]: Only one voter in the Raft config. Triggering election immediately
I20260608 12:57:03.198741 20767 raft_consensus.cc:493] T 00000000000000000000000000000000 P b1f2363d46814191be00decee716c9c2 [term 0 FOLLOWER]: Starting leader election (initial election of a single-replica configuration)
I20260608 12:57:03.198974 20767 raft_consensus.cc:3060] T 00000000000000000000000000000000 P b1f2363d46814191be00decee716c9c2 [term 0 FOLLOWER]: Advancing to term 1
I20260608 12:57:03.205235 20767 raft_consensus.cc:515] T 00000000000000000000000000000000 P b1f2363d46814191be00decee716c9c2 [term 1 FOLLOWER]: Starting leader election with config: opid_index: -1 OBSOLETE_local: true peers { permanent_uuid: "b1f2363d46814191be00decee716c9c2" member_type: VOTER }
I20260608 12:57:03.205942 20767 leader_election.cc:304] T 00000000000000000000000000000000 P b1f2363d46814191be00decee716c9c2 [CANDIDATE]: Term 1 election: Election decided. Result: candidate won. Election summary: received 1 responses out of 1 voters: 1 yes votes; 0 no votes. yes voters: b1f2363d46814191be00decee716c9c2; no voters: 
I20260608 12:57:03.207286 20767 leader_election.cc:290] T 00000000000000000000000000000000 P b1f2363d46814191be00decee716c9c2 [CANDIDATE]: Term 1 election: Requested vote from peers 
I20260608 12:57:03.207731 20770 raft_consensus.cc:2804] T 00000000000000000000000000000000 P b1f2363d46814191be00decee716c9c2 [term 1 FOLLOWER]: Leader election won for term 1
I20260608 12:57:03.209436 20770 raft_consensus.cc:697] T 00000000000000000000000000000000 P b1f2363d46814191be00decee716c9c2 [term 1 LEADER]: Becoming Leader. State: Replica: b1f2363d46814191be00decee716c9c2, State: Running, Role: LEADER
I20260608 12:57:03.210282 20770 consensus_queue.cc:237] T 00000000000000000000000000000000 P b1f2363d46814191be00decee716c9c2 [LEADER]: Queue going to LEADER mode. State: All replicated index: 0, Majority replicated index: 0, Committed index: 0, Last appended: 0.0, Last appended by leader: 0, Current term: 1, Majority size: 1, State: 0, Mode: LEADER, active raft config: opid_index: -1 OBSOLETE_local: true peers { permanent_uuid: "b1f2363d46814191be00decee716c9c2" member_type: VOTER }
I20260608 12:57:03.210785 20767 sys_catalog.cc:565] T 00000000000000000000000000000000 P b1f2363d46814191be00decee716c9c2 [sys.catalog]: configured and running, proceeding with master startup.
I20260608 12:57:03.215893 20771 sys_catalog.cc:455] T 00000000000000000000000000000000 P b1f2363d46814191be00decee716c9c2 [sys.catalog]: SysCatalogTable state changed. Reason: RaftConsensus started. Latest consensus state: current_term: 1 leader_uuid: "b1f2363d46814191be00decee716c9c2" committed_config { opid_index: -1 OBSOLETE_local: true peers { permanent_uuid: "b1f2363d46814191be00decee716c9c2" member_type: VOTER } }
I20260608 12:57:03.215781 20772 sys_catalog.cc:455] T 00000000000000000000000000000000 P b1f2363d46814191be00decee716c9c2 [sys.catalog]: SysCatalogTable state changed. Reason: New leader b1f2363d46814191be00decee716c9c2. Latest consensus state: current_term: 1 leader_uuid: "b1f2363d46814191be00decee716c9c2" committed_config { opid_index: -1 OBSOLETE_local: true peers { permanent_uuid: "b1f2363d46814191be00decee716c9c2" member_type: VOTER } }
I20260608 12:57:03.216992 20772 sys_catalog.cc:458] T 00000000000000000000000000000000 P b1f2363d46814191be00decee716c9c2 [sys.catalog]: This master's current role is: LEADER
I20260608 12:57:03.216918 20771 sys_catalog.cc:458] T 00000000000000000000000000000000 P b1f2363d46814191be00decee716c9c2 [sys.catalog]: This master's current role is: LEADER
I20260608 12:57:03.220224 20777 catalog_manager.cc:1510] Loading table and tablet metadata into memory...
I20260608 12:57:03.226671 20777 catalog_manager.cc:1519] Initializing Kudu cluster ID...
I20260608 12:57:03.230219 17116 internal_mini_cluster.cc:184] Waiting to initialize catalog manager on master 0
I20260608 12:57:03.238050 20777 catalog_manager.cc:1382] Generated new cluster ID: de136e447402452e8fa8c680f33678ea
I20260608 12:57:03.238384 20777 catalog_manager.cc:1530] Initializing Kudu internal certificate authority...
I20260608 12:57:03.258061 20777 catalog_manager.cc:1405] Generated new certificate authority record
I20260608 12:57:03.259761 20777 catalog_manager.cc:1539] Loading token signing keys...
I20260608 12:57:03.275089 20777 catalog_manager.cc:6069] T 00000000000000000000000000000000 P b1f2363d46814191be00decee716c9c2: Generated new TSK 0
I20260608 12:57:03.275833 20777 catalog_manager.cc:1549] Initializing in-progress tserver states...
I20260608 12:57:03.301542 17116 file_cache.cc:492] Constructed file cache file cache with capacity 419430
W20260608 12:57:03.308775 20788 instance_detector.cc:116] could not retrieve AWS instance metadata: Network error: curl error: HTTP response code said error: The requested URL returned error: 404
W20260608 12:57:03.309983 20789 instance_detector.cc:116] could not retrieve Azure instance metadata: Network error: curl error: HTTP response code said error: The requested URL returned error: 404
I20260608 12:57:03.312201 17116 server_base.cc:1061] running on GCE node
W20260608 12:57:03.312696 20791 instance_detector.cc:116] could not retrieve OpenStack instance metadata: Network error: curl error: HTTP response code said error: The requested URL returned error: 404
I20260608 12:57:03.313884 17116 hybrid_clock.cc:584] initializing the hybrid clock with 'system_unsync' time source
W20260608 12:57:03.314091 17116 system_unsync_time.cc:38] NTP support is disabled. Clock error bounds will not be accurate. This configuration is not suitable for distributed clusters.
I20260608 12:57:03.314221 17116 hybrid_clock.cc:648] HybridClock initialized: now 1780923423314208 us; error 0 us; skew 500 ppm
I20260608 12:57:03.314879 17116 server_base.cc:861] Flag tcmalloc_max_total_thread_cache_bytes is not working since tcmalloc is not enabled.
I20260608 12:57:03.317679 17116 webserver.cc:533] Webserver started at http://127.16.183.1:39735/ using document root <none> and password file <none>
I20260608 12:57:03.318284 17116 fs_manager.cc:362] Metadata directory not provided
I20260608 12:57:03.318465 17116 fs_manager.cc:368] Using write-ahead log directory (fs_wal_dir) as metadata directory
I20260608 12:57:03.318713 17116 server_base.cc:909] This appears to be a new deployment of Kudu; creating new FS layout
I20260608 12:57:03.320052 17116 fs_manager.cc:1068] Generated new instance metadata in path /tmp/dist-test-taskGV5ASb/test-tmp/auto_rebalancer-test.0.AutoRebalancerTest.NoReplicaMovesIfLocationLoadSkewedByOne.1780923328037310-17116-0/minicluster-data/ts-0-root/instance:
uuid: "784fe996b08747d4a5ea93644d752343"
format_stamp: "Formatted at 2026-06-08 12:57:03 on dist-test-slave-ddh4"
I20260608 12:57:03.325591 17116 fs_manager.cc:696] Time spent creating directory manager: real 0.005s	user 0.001s	sys 0.006s
I20260608 12:57:03.329823 20796 log_block_manager.cc:4031] Time spent loading block containers with low live blocks: real 0.000s	user 0.000s	sys 0.000s
I20260608 12:57:03.330847 17116 fs_manager.cc:730] Time spent opening block manager: real 0.003s	user 0.000s	sys 0.003s
I20260608 12:57:03.331203 17116 fs_manager.cc:647] Opened local filesystem: /tmp/dist-test-taskGV5ASb/test-tmp/auto_rebalancer-test.0.AutoRebalancerTest.NoReplicaMovesIfLocationLoadSkewedByOne.1780923328037310-17116-0/minicluster-data/ts-0-root
uuid: "784fe996b08747d4a5ea93644d752343"
format_stamp: "Formatted at 2026-06-08 12:57:03 on dist-test-slave-ddh4"
I20260608 12:57:03.331563 17116 fs_report.cc:389] FS layout report
--------------------
wal directory: /tmp/dist-test-taskGV5ASb/test-tmp/auto_rebalancer-test.0.AutoRebalancerTest.NoReplicaMovesIfLocationLoadSkewedByOne.1780923328037310-17116-0/minicluster-data/ts-0-root
metadata directory: /tmp/dist-test-taskGV5ASb/test-tmp/auto_rebalancer-test.0.AutoRebalancerTest.NoReplicaMovesIfLocationLoadSkewedByOne.1780923328037310-17116-0/minicluster-data/ts-0-root
1 data directories: /tmp/dist-test-taskGV5ASb/test-tmp/auto_rebalancer-test.0.AutoRebalancerTest.NoReplicaMovesIfLocationLoadSkewedByOne.1780923328037310-17116-0/minicluster-data/ts-0-root/data
Total live blocks: 0
Total live bytes: 0
Total live bytes (after alignment): 0
Total number of LBM containers: 0 (0 full)
Did not check for missing blocks
Did not check for orphaned blocks
Total full LBM containers with extra space: 0 (0 repaired)
Total full LBM container extra space in bytes: 0 (0 repaired)
Total incomplete LBM containers: 0 (0 repaired)
Total LBM partial records: 0 (0 repaired)
Total corrupted LBM metadata records in RocksDB: 0 (0 repaired)
I20260608 12:57:03.349107 17116 rpc_server.cc:225] running with OpenSSL 1.1.1  11 Sep 2018
I20260608 12:57:03.350585 17116 kserver.cc:163] Server-wide thread pool size limit: 3276
I20260608 12:57:03.352314 17116 txn_system_client.cc:432] TxnSystemClient initialization is disabled...
I20260608 12:57:03.355036 17116 ts_tablet_manager.cc:585] Loaded tablet metadata (0 total tablets, 0 live tablets)
I20260608 12:57:03.355250 17116 ts_tablet_manager.cc:531] Time spent load tablet metadata: real 0.000s	user 0.000s	sys 0.000s
I20260608 12:57:03.355509 17116 ts_tablet_manager.cc:616] Registered 0 tablets
I20260608 12:57:03.355672 17116 ts_tablet_manager.cc:595] Time spent register tablets: real 0.000s	user 0.000s	sys 0.000s
I20260608 12:57:03.406860 17116 rpc_server.cc:307] RPC server started. Bound to: 127.16.183.1:42557
I20260608 12:57:03.406996 20858 acceptor_pool.cc:272] collecting diagnostics on the listening RPC socket 127.16.183.1:42557 every 8 connection(s)
I20260608 12:57:03.413640 17116 file_cache.cc:492] Constructed file cache file cache with capacity 419430
W20260608 12:57:03.421432 20863 instance_detector.cc:116] could not retrieve AWS instance metadata: Network error: curl error: HTTP response code said error: The requested URL returned error: 404
W20260608 12:57:03.425102 20864 instance_detector.cc:116] could not retrieve Azure instance metadata: Network error: curl error: HTTP response code said error: The requested URL returned error: 404
I20260608 12:57:03.426851 17116 server_base.cc:1061] running on GCE node
W20260608 12:57:03.426738 20866 instance_detector.cc:116] could not retrieve OpenStack instance metadata: Network error: curl error: HTTP response code said error: The requested URL returned error: 404
I20260608 12:57:03.428936 17116 hybrid_clock.cc:584] initializing the hybrid clock with 'system_unsync' time source
W20260608 12:57:03.429276 17116 system_unsync_time.cc:38] NTP support is disabled. Clock error bounds will not be accurate. This configuration is not suitable for distributed clusters.
I20260608 12:57:03.429459 17116 hybrid_clock.cc:648] HybridClock initialized: now 1780923423429433 us; error 0 us; skew 500 ppm
I20260608 12:57:03.430150 17116 server_base.cc:861] Flag tcmalloc_max_total_thread_cache_bytes is not working since tcmalloc is not enabled.
I20260608 12:57:03.430888 20859 heartbeater.cc:344] Connected to a master server at 127.16.183.62:35807
I20260608 12:57:03.431278 20859 heartbeater.cc:461] Registering TS with master...
I20260608 12:57:03.432189 20859 heartbeater.cc:507] Master 127.16.183.62:35807 requested a full tablet report, sending...
I20260608 12:57:03.435127 20732 ts_manager.cc:194] Registered new tserver with Master: 784fe996b08747d4a5ea93644d752343 (127.16.183.1:42557)
I20260608 12:57:03.435638 17116 webserver.cc:533] Webserver started at http://127.16.183.2:33805/ using document root <none> and password file <none>
I20260608 12:57:03.436313 17116 fs_manager.cc:362] Metadata directory not provided
I20260608 12:57:03.436511 17116 fs_manager.cc:368] Using write-ahead log directory (fs_wal_dir) as metadata directory
I20260608 12:57:03.436794 17116 server_base.cc:909] This appears to be a new deployment of Kudu; creating new FS layout
I20260608 12:57:03.437580 20732 master_service.cc:502] Signed X509 certificate for tserver {username='slave'} at 127.0.0.1:40502
I20260608 12:57:03.438306 17116 fs_manager.cc:1068] Generated new instance metadata in path /tmp/dist-test-taskGV5ASb/test-tmp/auto_rebalancer-test.0.AutoRebalancerTest.NoReplicaMovesIfLocationLoadSkewedByOne.1780923328037310-17116-0/minicluster-data/ts-1-root/instance:
uuid: "afb0de21bd284b64a992f966e1cc77c1"
format_stamp: "Formatted at 2026-06-08 12:57:03 on dist-test-slave-ddh4"
I20260608 12:57:03.443753 17116 fs_manager.cc:696] Time spent creating directory manager: real 0.005s	user 0.005s	sys 0.000s
I20260608 12:57:03.447863 20871 log_block_manager.cc:4031] Time spent loading block containers with low live blocks: real 0.000s	user 0.000s	sys 0.000s
I20260608 12:57:03.448724 17116 fs_manager.cc:730] Time spent opening block manager: real 0.003s	user 0.001s	sys 0.000s
I20260608 12:57:03.449035 17116 fs_manager.cc:647] Opened local filesystem: /tmp/dist-test-taskGV5ASb/test-tmp/auto_rebalancer-test.0.AutoRebalancerTest.NoReplicaMovesIfLocationLoadSkewedByOne.1780923328037310-17116-0/minicluster-data/ts-1-root
uuid: "afb0de21bd284b64a992f966e1cc77c1"
format_stamp: "Formatted at 2026-06-08 12:57:03 on dist-test-slave-ddh4"
I20260608 12:57:03.449328 17116 fs_report.cc:389] FS layout report
--------------------
wal directory: /tmp/dist-test-taskGV5ASb/test-tmp/auto_rebalancer-test.0.AutoRebalancerTest.NoReplicaMovesIfLocationLoadSkewedByOne.1780923328037310-17116-0/minicluster-data/ts-1-root
metadata directory: /tmp/dist-test-taskGV5ASb/test-tmp/auto_rebalancer-test.0.AutoRebalancerTest.NoReplicaMovesIfLocationLoadSkewedByOne.1780923328037310-17116-0/minicluster-data/ts-1-root
1 data directories: /tmp/dist-test-taskGV5ASb/test-tmp/auto_rebalancer-test.0.AutoRebalancerTest.NoReplicaMovesIfLocationLoadSkewedByOne.1780923328037310-17116-0/minicluster-data/ts-1-root/data
Total live blocks: 0
Total live bytes: 0
Total live bytes (after alignment): 0
Total number of LBM containers: 0 (0 full)
Did not check for missing blocks
Did not check for orphaned blocks
Total full LBM containers with extra space: 0 (0 repaired)
Total full LBM container extra space in bytes: 0 (0 repaired)
Total incomplete LBM containers: 0 (0 repaired)
Total LBM partial records: 0 (0 repaired)
Total corrupted LBM metadata records in RocksDB: 0 (0 repaired)
I20260608 12:57:03.459935 17116 rpc_server.cc:225] running with OpenSSL 1.1.1  11 Sep 2018
I20260608 12:57:03.461344 17116 kserver.cc:163] Server-wide thread pool size limit: 3276
I20260608 12:57:03.463083 17116 txn_system_client.cc:432] TxnSystemClient initialization is disabled...
I20260608 12:57:03.465639 17116 ts_tablet_manager.cc:585] Loaded tablet metadata (0 total tablets, 0 live tablets)
I20260608 12:57:03.465863 17116 ts_tablet_manager.cc:531] Time spent load tablet metadata: real 0.000s	user 0.000s	sys 0.001s
I20260608 12:57:03.466092 17116 ts_tablet_manager.cc:616] Registered 0 tablets
I20260608 12:57:03.466248 17116 ts_tablet_manager.cc:595] Time spent register tablets: real 0.000s	user 0.000s	sys 0.000s
I20260608 12:57:03.513903 17116 rpc_server.cc:307] RPC server started. Bound to: 127.16.183.2:45319
I20260608 12:57:03.514051 20933 acceptor_pool.cc:272] collecting diagnostics on the listening RPC socket 127.16.183.2:45319 every 8 connection(s)
I20260608 12:57:03.519409 17116 file_cache.cc:492] Constructed file cache file cache with capacity 419430
W20260608 12:57:03.527379 20937 instance_detector.cc:116] could not retrieve AWS instance metadata: Network error: curl error: HTTP response code said error: The requested URL returned error: 404
W20260608 12:57:03.528754 20938 instance_detector.cc:116] could not retrieve Azure instance metadata: Network error: curl error: HTTP response code said error: The requested URL returned error: 404
I20260608 12:57:03.532747 17116 server_base.cc:1061] running on GCE node
I20260608 12:57:03.533717 20934 heartbeater.cc:344] Connected to a master server at 127.16.183.62:35807
I20260608 12:57:03.534231 20934 heartbeater.cc:461] Registering TS with master...
W20260608 12:57:03.534332 20940 instance_detector.cc:116] could not retrieve OpenStack instance metadata: Network error: curl error: HTTP response code said error: The requested URL returned error: 404
I20260608 12:57:03.535286 20934 heartbeater.cc:507] Master 127.16.183.62:35807 requested a full tablet report, sending...
I20260608 12:57:03.535411 17116 hybrid_clock.cc:584] initializing the hybrid clock with 'system_unsync' time source
W20260608 12:57:03.535707 17116 system_unsync_time.cc:38] NTP support is disabled. Clock error bounds will not be accurate. This configuration is not suitable for distributed clusters.
I20260608 12:57:03.535879 17116 hybrid_clock.cc:648] HybridClock initialized: now 1780923423535861 us; error 0 us; skew 500 ppm
I20260608 12:57:03.536660 17116 server_base.cc:861] Flag tcmalloc_max_total_thread_cache_bytes is not working since tcmalloc is not enabled.
I20260608 12:57:03.537721 20732 ts_manager.cc:194] Registered new tserver with Master: afb0de21bd284b64a992f966e1cc77c1 (127.16.183.2:45319)
I20260608 12:57:03.539448 20732 master_service.cc:502] Signed X509 certificate for tserver {username='slave'} at 127.0.0.1:40510
I20260608 12:57:03.539965 17116 webserver.cc:533] Webserver started at http://127.16.183.3:36717/ using document root <none> and password file <none>
I20260608 12:57:03.540637 17116 fs_manager.cc:362] Metadata directory not provided
I20260608 12:57:03.540925 17116 fs_manager.cc:368] Using write-ahead log directory (fs_wal_dir) as metadata directory
I20260608 12:57:03.541214 17116 server_base.cc:909] This appears to be a new deployment of Kudu; creating new FS layout
I20260608 12:57:03.542632 17116 fs_manager.cc:1068] Generated new instance metadata in path /tmp/dist-test-taskGV5ASb/test-tmp/auto_rebalancer-test.0.AutoRebalancerTest.NoReplicaMovesIfLocationLoadSkewedByOne.1780923328037310-17116-0/minicluster-data/ts-2-root/instance:
uuid: "95b37e9785c445f9b13bc0e92b939c31"
format_stamp: "Formatted at 2026-06-08 12:57:03 on dist-test-slave-ddh4"
I20260608 12:57:03.547909 17116 fs_manager.cc:696] Time spent creating directory manager: real 0.005s	user 0.005s	sys 0.000s
I20260608 12:57:03.552212 20945 log_block_manager.cc:4031] Time spent loading block containers with low live blocks: real 0.000s	user 0.000s	sys 0.000s
I20260608 12:57:03.553166 17116 fs_manager.cc:730] Time spent opening block manager: real 0.003s	user 0.002s	sys 0.000s
I20260608 12:57:03.553534 17116 fs_manager.cc:647] Opened local filesystem: /tmp/dist-test-taskGV5ASb/test-tmp/auto_rebalancer-test.0.AutoRebalancerTest.NoReplicaMovesIfLocationLoadSkewedByOne.1780923328037310-17116-0/minicluster-data/ts-2-root
uuid: "95b37e9785c445f9b13bc0e92b939c31"
format_stamp: "Formatted at 2026-06-08 12:57:03 on dist-test-slave-ddh4"
I20260608 12:57:03.553871 17116 fs_report.cc:389] FS layout report
--------------------
wal directory: /tmp/dist-test-taskGV5ASb/test-tmp/auto_rebalancer-test.0.AutoRebalancerTest.NoReplicaMovesIfLocationLoadSkewedByOne.1780923328037310-17116-0/minicluster-data/ts-2-root
metadata directory: /tmp/dist-test-taskGV5ASb/test-tmp/auto_rebalancer-test.0.AutoRebalancerTest.NoReplicaMovesIfLocationLoadSkewedByOne.1780923328037310-17116-0/minicluster-data/ts-2-root
1 data directories: /tmp/dist-test-taskGV5ASb/test-tmp/auto_rebalancer-test.0.AutoRebalancerTest.NoReplicaMovesIfLocationLoadSkewedByOne.1780923328037310-17116-0/minicluster-data/ts-2-root/data
Total live blocks: 0
Total live bytes: 0
Total live bytes (after alignment): 0
Total number of LBM containers: 0 (0 full)
Did not check for missing blocks
Did not check for orphaned blocks
Total full LBM containers with extra space: 0 (0 repaired)
Total full LBM container extra space in bytes: 0 (0 repaired)
Total incomplete LBM containers: 0 (0 repaired)
Total LBM partial records: 0 (0 repaired)
Total corrupted LBM metadata records in RocksDB: 0 (0 repaired)
I20260608 12:57:03.565056 17116 rpc_server.cc:225] running with OpenSSL 1.1.1  11 Sep 2018
I20260608 12:57:03.566534 17116 kserver.cc:163] Server-wide thread pool size limit: 3276
I20260608 12:57:03.568269 17116 txn_system_client.cc:432] TxnSystemClient initialization is disabled...
I20260608 12:57:03.570976 17116 ts_tablet_manager.cc:585] Loaded tablet metadata (0 total tablets, 0 live tablets)
I20260608 12:57:03.571199 17116 ts_tablet_manager.cc:531] Time spent load tablet metadata: real 0.000s	user 0.000s	sys 0.000s
I20260608 12:57:03.571455 17116 ts_tablet_manager.cc:616] Registered 0 tablets
I20260608 12:57:03.571616 17116 ts_tablet_manager.cc:595] Time spent register tablets: real 0.000s	user 0.000s	sys 0.000s
I20260608 12:57:03.619702 17116 rpc_server.cc:307] RPC server started. Bound to: 127.16.183.3:33251
I20260608 12:57:03.619829 21007 acceptor_pool.cc:272] collecting diagnostics on the listening RPC socket 127.16.183.3:33251 every 8 connection(s)
I20260608 12:57:03.625389 17116 file_cache.cc:492] Constructed file cache file cache with capacity 419430
W20260608 12:57:03.633056 21011 instance_detector.cc:116] could not retrieve AWS instance metadata: Network error: curl error: HTTP response code said error: The requested URL returned error: 404
W20260608 12:57:03.634677 21012 instance_detector.cc:116] could not retrieve Azure instance metadata: Network error: curl error: HTTP response code said error: The requested URL returned error: 404
W20260608 12:57:03.636987 21014 instance_detector.cc:116] could not retrieve OpenStack instance metadata: Network error: curl error: HTTP response code said error: The requested URL returned error: 404
I20260608 12:57:03.637632 21008 heartbeater.cc:344] Connected to a master server at 127.16.183.62:35807
I20260608 12:57:03.638088 21008 heartbeater.cc:461] Registering TS with master...
I20260608 12:57:03.638080 17116 server_base.cc:1061] running on GCE node
I20260608 12:57:03.639233 21008 heartbeater.cc:507] Master 127.16.183.62:35807 requested a full tablet report, sending...
I20260608 12:57:03.639305 17116 hybrid_clock.cc:584] initializing the hybrid clock with 'system_unsync' time source
W20260608 12:57:03.639701 17116 system_unsync_time.cc:38] NTP support is disabled. Clock error bounds will not be accurate. This configuration is not suitable for distributed clusters.
I20260608 12:57:03.639926 17116 hybrid_clock.cc:648] HybridClock initialized: now 1780923423639907 us; error 0 us; skew 500 ppm
I20260608 12:57:03.640692 17116 server_base.cc:861] Flag tcmalloc_max_total_thread_cache_bytes is not working since tcmalloc is not enabled.
I20260608 12:57:03.641762 20732 ts_manager.cc:194] Registered new tserver with Master: 95b37e9785c445f9b13bc0e92b939c31 (127.16.183.3:33251)
I20260608 12:57:03.643354 17116 webserver.cc:533] Webserver started at http://127.16.183.4:45539/ using document root <none> and password file <none>
I20260608 12:57:03.643409 20732 master_service.cc:502] Signed X509 certificate for tserver {username='slave'} at 127.0.0.1:40524
I20260608 12:57:03.643955 17116 fs_manager.cc:362] Metadata directory not provided
I20260608 12:57:03.644179 17116 fs_manager.cc:368] Using write-ahead log directory (fs_wal_dir) as metadata directory
I20260608 12:57:03.644560 17116 server_base.cc:909] This appears to be a new deployment of Kudu; creating new FS layout
I20260608 12:57:03.646052 17116 fs_manager.cc:1068] Generated new instance metadata in path /tmp/dist-test-taskGV5ASb/test-tmp/auto_rebalancer-test.0.AutoRebalancerTest.NoReplicaMovesIfLocationLoadSkewedByOne.1780923328037310-17116-0/minicluster-data/ts-3-root/instance:
uuid: "edf8b872f596416c857886eaf84ee2be"
format_stamp: "Formatted at 2026-06-08 12:57:03 on dist-test-slave-ddh4"
I20260608 12:57:03.650592 17116 fs_manager.cc:696] Time spent creating directory manager: real 0.004s	user 0.003s	sys 0.001s
I20260608 12:57:03.654090 21019 log_block_manager.cc:4031] Time spent loading block containers with low live blocks: real 0.000s	user 0.000s	sys 0.000s
I20260608 12:57:03.654863 17116 fs_manager.cc:730] Time spent opening block manager: real 0.002s	user 0.002s	sys 0.001s
I20260608 12:57:03.655159 17116 fs_manager.cc:647] Opened local filesystem: /tmp/dist-test-taskGV5ASb/test-tmp/auto_rebalancer-test.0.AutoRebalancerTest.NoReplicaMovesIfLocationLoadSkewedByOne.1780923328037310-17116-0/minicluster-data/ts-3-root
uuid: "edf8b872f596416c857886eaf84ee2be"
format_stamp: "Formatted at 2026-06-08 12:57:03 on dist-test-slave-ddh4"
I20260608 12:57:03.655427 17116 fs_report.cc:389] FS layout report
--------------------
wal directory: /tmp/dist-test-taskGV5ASb/test-tmp/auto_rebalancer-test.0.AutoRebalancerTest.NoReplicaMovesIfLocationLoadSkewedByOne.1780923328037310-17116-0/minicluster-data/ts-3-root
metadata directory: /tmp/dist-test-taskGV5ASb/test-tmp/auto_rebalancer-test.0.AutoRebalancerTest.NoReplicaMovesIfLocationLoadSkewedByOne.1780923328037310-17116-0/minicluster-data/ts-3-root
1 data directories: /tmp/dist-test-taskGV5ASb/test-tmp/auto_rebalancer-test.0.AutoRebalancerTest.NoReplicaMovesIfLocationLoadSkewedByOne.1780923328037310-17116-0/minicluster-data/ts-3-root/data
Total live blocks: 0
Total live bytes: 0
Total live bytes (after alignment): 0
Total number of LBM containers: 0 (0 full)
Did not check for missing blocks
Did not check for orphaned blocks
Total full LBM containers with extra space: 0 (0 repaired)
Total full LBM container extra space in bytes: 0 (0 repaired)
Total incomplete LBM containers: 0 (0 repaired)
Total LBM partial records: 0 (0 repaired)
Total corrupted LBM metadata records in RocksDB: 0 (0 repaired)
I20260608 12:57:03.671852 17116 rpc_server.cc:225] running with OpenSSL 1.1.1  11 Sep 2018
I20260608 12:57:03.673125 17116 kserver.cc:163] Server-wide thread pool size limit: 3276
I20260608 12:57:03.674582 17116 txn_system_client.cc:432] TxnSystemClient initialization is disabled...
I20260608 12:57:03.676857 17116 ts_tablet_manager.cc:585] Loaded tablet metadata (0 total tablets, 0 live tablets)
I20260608 12:57:03.677069 17116 ts_tablet_manager.cc:531] Time spent load tablet metadata: real 0.000s	user 0.000s	sys 0.000s
I20260608 12:57:03.677291 17116 ts_tablet_manager.cc:616] Registered 0 tablets
I20260608 12:57:03.677448 17116 ts_tablet_manager.cc:595] Time spent register tablets: real 0.000s	user 0.000s	sys 0.000s
I20260608 12:57:03.721318 17116 rpc_server.cc:307] RPC server started. Bound to: 127.16.183.4:38221
I20260608 12:57:03.721452 21081 acceptor_pool.cc:272] collecting diagnostics on the listening RPC socket 127.16.183.4:38221 every 8 connection(s)
I20260608 12:57:03.735230 21082 heartbeater.cc:344] Connected to a master server at 127.16.183.62:35807
I20260608 12:57:03.735632 21082 heartbeater.cc:461] Registering TS with master...
I20260608 12:57:03.736323 21082 heartbeater.cc:507] Master 127.16.183.62:35807 requested a full tablet report, sending...
I20260608 12:57:03.738270 20732 ts_manager.cc:194] Registered new tserver with Master: edf8b872f596416c857886eaf84ee2be (127.16.183.4:38221)
I20260608 12:57:03.738687 17116 internal_mini_cluster.cc:371] 4 TS(s) registered with all masters after 0.013954732s
I20260608 12:57:03.739583 20732 master_service.cc:502] Signed X509 certificate for tserver {username='slave'} at 127.0.0.1:40534
I20260608 12:57:04.295370 20732 catalog_manager.cc:2282] Servicing CreateTable request from {username='slave'} at 127.0.0.1:40546:
name: "test-workload"
schema {
  columns {
    name: "key"
    type: INT32
    is_key: true
    is_nullable: false
    encoding: AUTO_ENCODING
    compression: DEFAULT_COMPRESSION
    cfile_block_size: 0
    immutable: false
  }
  columns {
    name: "int_val"
    type: INT32
    is_key: false
    is_nullable: false
    encoding: AUTO_ENCODING
    compression: DEFAULT_COMPRESSION
    cfile_block_size: 0
    immutable: false
  }
  columns {
    name: "string_val"
    type: STRING
    is_key: false
    is_nullable: true
    encoding: AUTO_ENCODING
    compression: DEFAULT_COMPRESSION
    cfile_block_size: 0
    immutable: false
  }
}
num_replicas: 3
split_rows_range_bounds {
}
partition_schema {
  range_schema {
    columns {
      name: "key"
    }
  }
}
I20260608 12:57:04.451481 20859 heartbeater.cc:499] Master 127.16.183.62:35807 was elected leader, sending a full tablet report...
I20260608 12:57:04.542343 20934 heartbeater.cc:499] Master 127.16.183.62:35807 was elected leader, sending a full tablet report...
I20260608 12:57:04.588241 21047 tablet_service.cc:1511] Processing CreateTablet for tablet 0c5449880cde49188452944f9e7599e3 (DEFAULT_TABLE table=test-workload [id=2f2ce5c403b4433d93b42ab99478203d]), partition=RANGE (key) PARTITION UNBOUNDED
I20260608 12:57:04.589334 20824 tablet_service.cc:1511] Processing CreateTablet for tablet 0c5449880cde49188452944f9e7599e3 (DEFAULT_TABLE table=test-workload [id=2f2ce5c403b4433d93b42ab99478203d]), partition=RANGE (key) PARTITION UNBOUNDED
I20260608 12:57:04.589766 21047 data_dirs.cc:400] Could only allocate 1 dirs of requested 3 for tablet 0c5449880cde49188452944f9e7599e3. 1 dirs total, 0 dirs full, 0 dirs failed
I20260608 12:57:04.590828 20824 data_dirs.cc:400] Could only allocate 1 dirs of requested 3 for tablet 0c5449880cde49188452944f9e7599e3. 1 dirs total, 0 dirs full, 0 dirs failed
I20260608 12:57:04.592659 20899 tablet_service.cc:1511] Processing CreateTablet for tablet 0c5449880cde49188452944f9e7599e3 (DEFAULT_TABLE table=test-workload [id=2f2ce5c403b4433d93b42ab99478203d]), partition=RANGE (key) PARTITION UNBOUNDED
I20260608 12:57:04.593948 20899 data_dirs.cc:400] Could only allocate 1 dirs of requested 3 for tablet 0c5449880cde49188452944f9e7599e3. 1 dirs total, 0 dirs full, 0 dirs failed
I20260608 12:57:04.607065 21103 tablet_bootstrap.cc:492] T 0c5449880cde49188452944f9e7599e3 P edf8b872f596416c857886eaf84ee2be: Bootstrap starting.
I20260608 12:57:04.608914 21104 tablet_bootstrap.cc:492] T 0c5449880cde49188452944f9e7599e3 P 784fe996b08747d4a5ea93644d752343: Bootstrap starting.
I20260608 12:57:04.610682 21105 tablet_bootstrap.cc:492] T 0c5449880cde49188452944f9e7599e3 P afb0de21bd284b64a992f966e1cc77c1: Bootstrap starting.
I20260608 12:57:04.616158 21104 tablet_bootstrap.cc:654] T 0c5449880cde49188452944f9e7599e3 P 784fe996b08747d4a5ea93644d752343: Neither blocks nor log segments found. Creating new log.
I20260608 12:57:04.616694 21103 tablet_bootstrap.cc:654] T 0c5449880cde49188452944f9e7599e3 P edf8b872f596416c857886eaf84ee2be: Neither blocks nor log segments found. Creating new log.
I20260608 12:57:04.617707 21105 tablet_bootstrap.cc:654] T 0c5449880cde49188452944f9e7599e3 P afb0de21bd284b64a992f966e1cc77c1: Neither blocks nor log segments found. Creating new log.
I20260608 12:57:04.622843 21104 tablet_bootstrap.cc:492] T 0c5449880cde49188452944f9e7599e3 P 784fe996b08747d4a5ea93644d752343: No bootstrap required, opened a new log
I20260608 12:57:04.622932 21103 tablet_bootstrap.cc:492] T 0c5449880cde49188452944f9e7599e3 P edf8b872f596416c857886eaf84ee2be: No bootstrap required, opened a new log
I20260608 12:57:04.623509 21103 ts_tablet_manager.cc:1403] T 0c5449880cde49188452944f9e7599e3 P edf8b872f596416c857886eaf84ee2be: Time spent bootstrapping tablet: real 0.017s	user 0.009s	sys 0.004s
I20260608 12:57:04.623437 21104 ts_tablet_manager.cc:1403] T 0c5449880cde49188452944f9e7599e3 P 784fe996b08747d4a5ea93644d752343: Time spent bootstrapping tablet: real 0.015s	user 0.006s	sys 0.006s
I20260608 12:57:04.625710 21105 tablet_bootstrap.cc:492] T 0c5449880cde49188452944f9e7599e3 P afb0de21bd284b64a992f966e1cc77c1: No bootstrap required, opened a new log
I20260608 12:57:04.626246 21105 ts_tablet_manager.cc:1403] T 0c5449880cde49188452944f9e7599e3 P afb0de21bd284b64a992f966e1cc77c1: Time spent bootstrapping tablet: real 0.016s	user 0.005s	sys 0.009s
I20260608 12:57:04.626695 21104 raft_consensus.cc:359] T 0c5449880cde49188452944f9e7599e3 P 784fe996b08747d4a5ea93644d752343 [term 0 FOLLOWER]: Replica starting. Triggering 0 pending ops. Active config: opid_index: -1 OBSOLETE_local: false peers { permanent_uuid: "784fe996b08747d4a5ea93644d752343" member_type: VOTER last_known_addr { host: "127.16.183.1" port: 42557 } } peers { permanent_uuid: "edf8b872f596416c857886eaf84ee2be" member_type: VOTER last_known_addr { host: "127.16.183.4" port: 38221 } } peers { permanent_uuid: "afb0de21bd284b64a992f966e1cc77c1" member_type: VOTER last_known_addr { host: "127.16.183.2" port: 45319 } }
I20260608 12:57:04.626745 21103 raft_consensus.cc:359] T 0c5449880cde49188452944f9e7599e3 P edf8b872f596416c857886eaf84ee2be [term 0 FOLLOWER]: Replica starting. Triggering 0 pending ops. Active config: opid_index: -1 OBSOLETE_local: false peers { permanent_uuid: "784fe996b08747d4a5ea93644d752343" member_type: VOTER last_known_addr { host: "127.16.183.1" port: 42557 } } peers { permanent_uuid: "edf8b872f596416c857886eaf84ee2be" member_type: VOTER last_known_addr { host: "127.16.183.4" port: 38221 } } peers { permanent_uuid: "afb0de21bd284b64a992f966e1cc77c1" member_type: VOTER last_known_addr { host: "127.16.183.2" port: 45319 } }
I20260608 12:57:04.627403 21104 raft_consensus.cc:385] T 0c5449880cde49188452944f9e7599e3 P 784fe996b08747d4a5ea93644d752343 [term 0 FOLLOWER]: Consensus starting up: Expiring failure detector timer to make a prompt election more likely
I20260608 12:57:04.627703 21103 raft_consensus.cc:385] T 0c5449880cde49188452944f9e7599e3 P edf8b872f596416c857886eaf84ee2be [term 0 FOLLOWER]: Consensus starting up: Expiring failure detector timer to make a prompt election more likely
I20260608 12:57:04.627810 21104 raft_consensus.cc:740] T 0c5449880cde49188452944f9e7599e3 P 784fe996b08747d4a5ea93644d752343 [term 0 FOLLOWER]: Becoming Follower/Learner. State: Replica: 784fe996b08747d4a5ea93644d752343, State: Initialized, Role: FOLLOWER
I20260608 12:57:04.628134 21103 raft_consensus.cc:740] T 0c5449880cde49188452944f9e7599e3 P edf8b872f596416c857886eaf84ee2be [term 0 FOLLOWER]: Becoming Follower/Learner. State: Replica: edf8b872f596416c857886eaf84ee2be, State: Initialized, Role: FOLLOWER
I20260608 12:57:04.628602 21104 consensus_queue.cc:260] T 0c5449880cde49188452944f9e7599e3 P 784fe996b08747d4a5ea93644d752343 [NON_LEADER]: Queue going to NON_LEADER mode. State: All replicated index: 0, Majority replicated index: 0, Committed index: 0, Last appended: 0.0, Last appended by leader: 0, Current term: 0, Majority size: -1, State: 0, Mode: NON_LEADER, active raft config: opid_index: -1 OBSOLETE_local: false peers { permanent_uuid: "784fe996b08747d4a5ea93644d752343" member_type: VOTER last_known_addr { host: "127.16.183.1" port: 42557 } } peers { permanent_uuid: "edf8b872f596416c857886eaf84ee2be" member_type: VOTER last_known_addr { host: "127.16.183.4" port: 38221 } } peers { permanent_uuid: "afb0de21bd284b64a992f966e1cc77c1" member_type: VOTER last_known_addr { host: "127.16.183.2" port: 45319 } }
I20260608 12:57:04.629004 21103 consensus_queue.cc:260] T 0c5449880cde49188452944f9e7599e3 P edf8b872f596416c857886eaf84ee2be [NON_LEADER]: Queue going to NON_LEADER mode. State: All replicated index: 0, Majority replicated index: 0, Committed index: 0, Last appended: 0.0, Last appended by leader: 0, Current term: 0, Majority size: -1, State: 0, Mode: NON_LEADER, active raft config: opid_index: -1 OBSOLETE_local: false peers { permanent_uuid: "784fe996b08747d4a5ea93644d752343" member_type: VOTER last_known_addr { host: "127.16.183.1" port: 42557 } } peers { permanent_uuid: "edf8b872f596416c857886eaf84ee2be" member_type: VOTER last_known_addr { host: "127.16.183.4" port: 38221 } } peers { permanent_uuid: "afb0de21bd284b64a992f966e1cc77c1" member_type: VOTER last_known_addr { host: "127.16.183.2" port: 45319 } }
I20260608 12:57:04.629367 21105 raft_consensus.cc:359] T 0c5449880cde49188452944f9e7599e3 P afb0de21bd284b64a992f966e1cc77c1 [term 0 FOLLOWER]: Replica starting. Triggering 0 pending ops. Active config: opid_index: -1 OBSOLETE_local: false peers { permanent_uuid: "784fe996b08747d4a5ea93644d752343" member_type: VOTER last_known_addr { host: "127.16.183.1" port: 42557 } } peers { permanent_uuid: "edf8b872f596416c857886eaf84ee2be" member_type: VOTER last_known_addr { host: "127.16.183.4" port: 38221 } } peers { permanent_uuid: "afb0de21bd284b64a992f966e1cc77c1" member_type: VOTER last_known_addr { host: "127.16.183.2" port: 45319 } }
I20260608 12:57:04.630170 21105 raft_consensus.cc:385] T 0c5449880cde49188452944f9e7599e3 P afb0de21bd284b64a992f966e1cc77c1 [term 0 FOLLOWER]: Consensus starting up: Expiring failure detector timer to make a prompt election more likely
I20260608 12:57:04.631352 21104 ts_tablet_manager.cc:1434] T 0c5449880cde49188452944f9e7599e3 P 784fe996b08747d4a5ea93644d752343: Time spent starting tablet: real 0.007s	user 0.005s	sys 0.001s
I20260608 12:57:04.630568 21105 raft_consensus.cc:740] T 0c5449880cde49188452944f9e7599e3 P afb0de21bd284b64a992f966e1cc77c1 [term 0 FOLLOWER]: Becoming Follower/Learner. State: Replica: afb0de21bd284b64a992f966e1cc77c1, State: Initialized, Role: FOLLOWER
I20260608 12:57:04.632453 21105 consensus_queue.cc:260] T 0c5449880cde49188452944f9e7599e3 P afb0de21bd284b64a992f966e1cc77c1 [NON_LEADER]: Queue going to NON_LEADER mode. State: All replicated index: 0, Majority replicated index: 0, Committed index: 0, Last appended: 0.0, Last appended by leader: 0, Current term: 0, Majority size: -1, State: 0, Mode: NON_LEADER, active raft config: opid_index: -1 OBSOLETE_local: false peers { permanent_uuid: "784fe996b08747d4a5ea93644d752343" member_type: VOTER last_known_addr { host: "127.16.183.1" port: 42557 } } peers { permanent_uuid: "edf8b872f596416c857886eaf84ee2be" member_type: VOTER last_known_addr { host: "127.16.183.4" port: 38221 } } peers { permanent_uuid: "afb0de21bd284b64a992f966e1cc77c1" member_type: VOTER last_known_addr { host: "127.16.183.2" port: 45319 } }
I20260608 12:57:04.635340 21082 heartbeater.cc:499] Master 127.16.183.62:35807 was elected leader, sending a full tablet report...
I20260608 12:57:04.642123 21105 ts_tablet_manager.cc:1434] T 0c5449880cde49188452944f9e7599e3 P afb0de21bd284b64a992f966e1cc77c1: Time spent starting tablet: real 0.016s	user 0.010s	sys 0.004s
I20260608 12:57:04.642961 21103 ts_tablet_manager.cc:1434] T 0c5449880cde49188452944f9e7599e3 P edf8b872f596416c857886eaf84ee2be: Time spent starting tablet: real 0.019s	user 0.010s	sys 0.000s
I20260608 12:57:04.646122 21008 heartbeater.cc:499] Master 127.16.183.62:35807 was elected leader, sending a full tablet report...
I20260608 12:57:04.880888 21109 raft_consensus.cc:493] T 0c5449880cde49188452944f9e7599e3 P 784fe996b08747d4a5ea93644d752343 [term 0 FOLLOWER]: Starting pre-election (no leader contacted us within the election timeout)
I20260608 12:57:04.881440 21109 raft_consensus.cc:515] T 0c5449880cde49188452944f9e7599e3 P 784fe996b08747d4a5ea93644d752343 [term 0 FOLLOWER]: Starting pre-election with config: opid_index: -1 OBSOLETE_local: false peers { permanent_uuid: "784fe996b08747d4a5ea93644d752343" member_type: VOTER last_known_addr { host: "127.16.183.1" port: 42557 } } peers { permanent_uuid: "edf8b872f596416c857886eaf84ee2be" member_type: VOTER last_known_addr { host: "127.16.183.4" port: 38221 } } peers { permanent_uuid: "afb0de21bd284b64a992f966e1cc77c1" member_type: VOTER last_known_addr { host: "127.16.183.2" port: 45319 } }
I20260608 12:57:04.883750 21109 leader_election.cc:290] T 0c5449880cde49188452944f9e7599e3 P 784fe996b08747d4a5ea93644d752343 [CANDIDATE]: Term 1 pre-election: Requested pre-vote from peers edf8b872f596416c857886eaf84ee2be (127.16.183.4:38221), afb0de21bd284b64a992f966e1cc77c1 (127.16.183.2:45319)
I20260608 12:57:04.894893 21057 tablet_service.cc:1917] Received RequestConsensusVote() RPC: tablet_id: "0c5449880cde49188452944f9e7599e3" candidate_uuid: "784fe996b08747d4a5ea93644d752343" candidate_term: 1 candidate_status { last_received { term: 0 index: 0 } } ignore_live_leader: false dest_uuid: "edf8b872f596416c857886eaf84ee2be" is_pre_election: true
I20260608 12:57:04.895637 21057 raft_consensus.cc:2468] T 0c5449880cde49188452944f9e7599e3 P edf8b872f596416c857886eaf84ee2be [term 0 FOLLOWER]: Leader pre-election vote request: Granting yes vote for candidate 784fe996b08747d4a5ea93644d752343 in term 0.
I20260608 12:57:04.896339 20909 tablet_service.cc:1917] Received RequestConsensusVote() RPC: tablet_id: "0c5449880cde49188452944f9e7599e3" candidate_uuid: "784fe996b08747d4a5ea93644d752343" candidate_term: 1 candidate_status { last_received { term: 0 index: 0 } } ignore_live_leader: false dest_uuid: "afb0de21bd284b64a992f966e1cc77c1" is_pre_election: true
I20260608 12:57:04.896710 20800 leader_election.cc:304] T 0c5449880cde49188452944f9e7599e3 P 784fe996b08747d4a5ea93644d752343 [CANDIDATE]: Term 1 pre-election: Election decided. Result: candidate won. Election summary: received 2 responses out of 3 voters: 2 yes votes; 0 no votes. yes voters: 784fe996b08747d4a5ea93644d752343, edf8b872f596416c857886eaf84ee2be; no voters: 
I20260608 12:57:04.897034 20909 raft_consensus.cc:2468] T 0c5449880cde49188452944f9e7599e3 P afb0de21bd284b64a992f966e1cc77c1 [term 0 FOLLOWER]: Leader pre-election vote request: Granting yes vote for candidate 784fe996b08747d4a5ea93644d752343 in term 0.
