I20260608 12:39:37.449173  3491 tablet_copy_service.cc:342] P 38449052594840c19ed8f7f06f86e9ff: Request end of tablet copy session 45f80c1aa2614236ab37e870c1cecc2e-e368114fac6342fca38d9a3f478cb55e received from {username='slave'} at 127.0.0.1:33724
I20260608 12:39:37.449637  3491 tablet_copy_service.cc:434] P 38449052594840c19ed8f7f06f86e9ff: ending tablet copy session 45f80c1aa2614236ab37e870c1cecc2e-e368114fac6342fca38d9a3f478cb55e on tablet e368114fac6342fca38d9a3f478cb55e with peer 45f80c1aa2614236ab37e870c1cecc2e
I20260608 12:39:37.469620  3953 tablet_bootstrap.cc:492] T 3ede7a3753e04794a3bcad79bd7c7e6c P 45f80c1aa2614236ab37e870c1cecc2e: Bootstrap replayed 1/1 log segments. Stats: ops{read=2 overwritten=0 applied=2 ignored=0} inserts{seen=0 ignored=0} mutations{seen=0 ignored=0} orphaned_commits=0. Pending: 0 replicates
I20260608 12:39:37.470669  3953 tablet_bootstrap.cc:492] T 3ede7a3753e04794a3bcad79bd7c7e6c P 45f80c1aa2614236ab37e870c1cecc2e: Bootstrap complete.
I20260608 12:39:37.471410  3953 ts_tablet_manager.cc:1403] T 3ede7a3753e04794a3bcad79bd7c7e6c P 45f80c1aa2614236ab37e870c1cecc2e: Time spent bootstrapping tablet: real 0.034s	user 0.018s	sys 0.009s
I20260608 12:39:37.475179  3953 raft_consensus.cc:359] T 3ede7a3753e04794a3bcad79bd7c7e6c P 45f80c1aa2614236ab37e870c1cecc2e [term 1 LEARNER]: Replica starting. Triggering 0 pending ops. Active config: opid_index: 2 OBSOLETE_local: false peers { permanent_uuid: "38449052594840c19ed8f7f06f86e9ff" member_type: VOTER last_known_addr { host: "127.0.107.194" port: 36387 } attrs { replace: true } } peers { permanent_uuid: "91dec85696ac470e9424d1dcda6fcddf" member_type: VOTER last_known_addr { host: "127.0.107.193" port: 41565 } } peers { permanent_uuid: "80cce41333c74df69b850935594a1c18" member_type: VOTER last_known_addr { host: "127.0.107.195" port: 40517 } } peers { permanent_uuid: "45f80c1aa2614236ab37e870c1cecc2e" member_type: NON_VOTER last_known_addr { host: "127.0.107.196" port: 43979 } attrs { promote: true } }
I20260608 12:39:37.476408  3953 raft_consensus.cc:740] T 3ede7a3753e04794a3bcad79bd7c7e6c P 45f80c1aa2614236ab37e870c1cecc2e [term 1 LEARNER]: Becoming Follower/Learner. State: Replica: 45f80c1aa2614236ab37e870c1cecc2e, State: Initialized, Role: LEARNER
I20260608 12:39:37.477309  3953 consensus_queue.cc:260] T 3ede7a3753e04794a3bcad79bd7c7e6c P 45f80c1aa2614236ab37e870c1cecc2e [NON_LEADER]: Queue going to NON_LEADER mode. State: All replicated index: 0, Majority replicated index: 0, Committed index: 2, Last appended: 1.2, Last appended by leader: 2, Current term: 0, Majority size: -1, State: 0, Mode: NON_LEADER, active raft config: opid_index: 2 OBSOLETE_local: false peers { permanent_uuid: "38449052594840c19ed8f7f06f86e9ff" member_type: VOTER last_known_addr { host: "127.0.107.194" port: 36387 } attrs { replace: true } } peers { permanent_uuid: "91dec85696ac470e9424d1dcda6fcddf" member_type: VOTER last_known_addr { host: "127.0.107.193" port: 41565 } } peers { permanent_uuid: "80cce41333c74df69b850935594a1c18" member_type: VOTER last_known_addr { host: "127.0.107.195" port: 40517 } } peers { permanent_uuid: "45f80c1aa2614236ab37e870c1cecc2e" member_type: NON_VOTER last_known_addr { host: "127.0.107.196" port: 43979 } attrs { promote: true } }
I20260608 12:39:37.480332  3953 ts_tablet_manager.cc:1434] T 3ede7a3753e04794a3bcad79bd7c7e6c P 45f80c1aa2614236ab37e870c1cecc2e: Time spent starting tablet: real 0.009s	user 0.008s	sys 0.000s
I20260608 12:39:37.482599  3416 tablet_copy_service.cc:342] P 91dec85696ac470e9424d1dcda6fcddf: Request end of tablet copy session 45f80c1aa2614236ab37e870c1cecc2e-3ede7a3753e04794a3bcad79bd7c7e6c received from {username='slave'} at 127.0.0.1:37114
I20260608 12:39:37.483090  3416 tablet_copy_service.cc:434] P 91dec85696ac470e9424d1dcda6fcddf: ending tablet copy session 45f80c1aa2614236ab37e870c1cecc2e-3ede7a3753e04794a3bcad79bd7c7e6c on tablet 3ede7a3753e04794a3bcad79bd7c7e6c with peer 45f80c1aa2614236ab37e870c1cecc2e
I20260608 12:39:37.503651  3554 raft_consensus.cc:1275] T 16c7093c2fc94c03aa2c102fdcff3df5 P 80cce41333c74df69b850935594a1c18 [term 2 FOLLOWER]: Refusing update from remote peer 45f80c1aa2614236ab37e870c1cecc2e: Log matching property violated. Preceding OpId in replica: term: 1 index: 4. Preceding OpId from leader: term: 2 index: 5. (index mismatch)
I20260608 12:39:37.505226  3943 consensus_queue.cc:1048] T 16c7093c2fc94c03aa2c102fdcff3df5 P 45f80c1aa2614236ab37e870c1cecc2e [LEADER]: Connected to new peer: Peer: permanent_uuid: "80cce41333c74df69b850935594a1c18" member_type: VOTER last_known_addr { host: "127.0.107.195" port: 40517 }, Status: LMP_MISMATCH, Last received: 0.0, Next index: 5, Last known committed idx: 4, Time since last communication: 0.000s
I20260608 12:39:37.516335  3481 raft_consensus.cc:1275] T 16c7093c2fc94c03aa2c102fdcff3df5 P 38449052594840c19ed8f7f06f86e9ff [term 2 FOLLOWER]: Refusing update from remote peer 45f80c1aa2614236ab37e870c1cecc2e: Log matching property violated. Preceding OpId in replica: term: 1 index: 4. Preceding OpId from leader: term: 2 index: 5. (index mismatch)
I20260608 12:39:37.517933  3832 consensus_queue.cc:1048] T 16c7093c2fc94c03aa2c102fdcff3df5 P 45f80c1aa2614236ab37e870c1cecc2e [LEADER]: Connected to new peer: Peer: permanent_uuid: "38449052594840c19ed8f7f06f86e9ff" member_type: VOTER last_known_addr { host: "127.0.107.194" port: 36387 }, Status: LMP_MISMATCH, Last received: 0.0, Next index: 5, Last known committed idx: 4, Time since last communication: 0.000s
I20260608 12:39:37.720539  3481 raft_consensus.cc:1217] T e29fc1ae25bd4b759b24ccad05f3569a P 38449052594840c19ed8f7f06f86e9ff [term 1 LEARNER]: Deduplicated request from leader. Original: 1.1->[1.2-1.2]   Dedup: 1.2->[]
I20260608 12:39:37.741430  3554 raft_consensus.cc:1217] T 2dab4c984f664ff988fa83f05d15aa9c P 80cce41333c74df69b850935594a1c18 [term 2 LEARNER]: Deduplicated request from leader. Original: 2.2->[2.3-2.3]   Dedup: 2.3->[]
I20260608 12:39:37.862078  3716 raft_consensus.cc:1217] T 3ede7a3753e04794a3bcad79bd7c7e6c P 45f80c1aa2614236ab37e870c1cecc2e [term 1 LEARNER]: Deduplicated request from leader. Original: 1.1->[1.2-1.2]   Dedup: 1.2->[]
I20260608 12:39:37.916203  3716 raft_consensus.cc:1217] T e368114fac6342fca38d9a3f478cb55e P 45f80c1aa2614236ab37e870c1cecc2e [term 1 LEARNER]: Deduplicated request from leader. Original: 1.1->[1.2-1.2]   Dedup: 1.2->[]
I20260608 12:39:38.128012  3934 raft_consensus.cc:1064] T e29fc1ae25bd4b759b24ccad05f3569a P 80cce41333c74df69b850935594a1c18: attempting to promote NON_VOTER 38449052594840c19ed8f7f06f86e9ff to VOTER
I20260608 12:39:38.129982  3934 consensus_queue.cc:237] T e29fc1ae25bd4b759b24ccad05f3569a P 80cce41333c74df69b850935594a1c18 [LEADER]: Queue going to LEADER mode. State: All replicated index: 0, Majority replicated index: 2, Committed index: 2, Last appended: 1.2, Last appended by leader: 0, Current term: 1, Majority size: 3, State: 0, Mode: LEADER, active raft config: opid_index: 3 OBSOLETE_local: false peers { permanent_uuid: "45f80c1aa2614236ab37e870c1cecc2e" member_type: VOTER last_known_addr { host: "127.0.107.196" port: 43979 } attrs { replace: true } } peers { permanent_uuid: "80cce41333c74df69b850935594a1c18" member_type: VOTER last_known_addr { host: "127.0.107.195" port: 40517 } } peers { permanent_uuid: "91dec85696ac470e9424d1dcda6fcddf" member_type: VOTER last_known_addr { host: "127.0.107.193" port: 41565 } } peers { permanent_uuid: "38449052594840c19ed8f7f06f86e9ff" member_type: VOTER last_known_addr { host: "127.0.107.194" port: 36387 } attrs { promote: false } }
I20260608 12:39:38.136900  3406 raft_consensus.cc:1275] T e29fc1ae25bd4b759b24ccad05f3569a P 91dec85696ac470e9424d1dcda6fcddf [term 1 FOLLOWER]: Refusing update from remote peer 80cce41333c74df69b850935594a1c18: Log matching property violated. Preceding OpId in replica: term: 1 index: 2. Preceding OpId from leader: term: 1 index: 3. (index mismatch)
I20260608 12:39:38.136857  3481 raft_consensus.cc:1275] T e29fc1ae25bd4b759b24ccad05f3569a P 38449052594840c19ed8f7f06f86e9ff [term 1 LEARNER]: Refusing update from remote peer 80cce41333c74df69b850935594a1c18: Log matching property violated. Preceding OpId in replica: term: 1 index: 2. Preceding OpId from leader: term: 1 index: 3. (index mismatch)
I20260608 12:39:38.137562  3716 raft_consensus.cc:1275] T e29fc1ae25bd4b759b24ccad05f3569a P 45f80c1aa2614236ab37e870c1cecc2e [term 1 FOLLOWER]: Refusing update from remote peer 80cce41333c74df69b850935594a1c18: Log matching property violated. Preceding OpId in replica: term: 1 index: 2. Preceding OpId from leader: term: 1 index: 3. (index mismatch)
I20260608 12:39:38.138485  3934 consensus_queue.cc:1048] T e29fc1ae25bd4b759b24ccad05f3569a P 80cce41333c74df69b850935594a1c18 [LEADER]: Connected to new peer: Peer: permanent_uuid: "38449052594840c19ed8f7f06f86e9ff" member_type: VOTER last_known_addr { host: "127.0.107.194" port: 36387 } attrs { promote: false }, Status: LMP_MISMATCH, Last received: 0.0, Next index: 3, Last known committed idx: 2, Time since last communication: 0.000s
I20260608 12:39:38.139573  3901 consensus_queue.cc:1048] T e29fc1ae25bd4b759b24ccad05f3569a P 80cce41333c74df69b850935594a1c18 [LEADER]: Connected to new peer: Peer: permanent_uuid: "91dec85696ac470e9424d1dcda6fcddf" member_type: VOTER last_known_addr { host: "127.0.107.193" port: 41565 }, Status: LMP_MISMATCH, Last received: 0.0, Next index: 3, Last known committed idx: 2, Time since last communication: 0.000s
I20260608 12:39:38.140313  3963 consensus_queue.cc:1048] T e29fc1ae25bd4b759b24ccad05f3569a P 80cce41333c74df69b850935594a1c18 [LEADER]: Connected to new peer: Peer: permanent_uuid: "45f80c1aa2614236ab37e870c1cecc2e" member_type: VOTER last_known_addr { host: "127.0.107.196" port: 43979 } attrs { replace: true }, Status: LMP_MISMATCH, Last received: 0.0, Next index: 3, Last known committed idx: 2, Time since last communication: 0.000s
I20260608 12:39:38.173533  3901 raft_consensus.cc:2955] T e29fc1ae25bd4b759b24ccad05f3569a P 80cce41333c74df69b850935594a1c18 [term 1 LEADER]: Committing config change with OpId 1.3: config changed from index 2 to 3, 38449052594840c19ed8f7f06f86e9ff (127.0.107.194) changed from NON_VOTER to VOTER. New config: { opid_index: 3 OBSOLETE_local: false peers { permanent_uuid: "45f80c1aa2614236ab37e870c1cecc2e" member_type: VOTER last_known_addr { host: "127.0.107.196" port: 43979 } attrs { replace: true } } peers { permanent_uuid: "80cce41333c74df69b850935594a1c18" member_type: VOTER last_known_addr { host: "127.0.107.195" port: 40517 } } peers { permanent_uuid: "91dec85696ac470e9424d1dcda6fcddf" member_type: VOTER last_known_addr { host: "127.0.107.193" port: 41565 } } peers { permanent_uuid: "38449052594840c19ed8f7f06f86e9ff" member_type: VOTER last_known_addr { host: "127.0.107.194" port: 36387 } attrs { promote: false } } }
I20260608 12:39:38.174829  3716 raft_consensus.cc:2955] T e29fc1ae25bd4b759b24ccad05f3569a P 45f80c1aa2614236ab37e870c1cecc2e [term 1 FOLLOWER]: Committing config change with OpId 1.3: config changed from index 2 to 3, 38449052594840c19ed8f7f06f86e9ff (127.0.107.194) changed from NON_VOTER to VOTER. New config: { opid_index: 3 OBSOLETE_local: false peers { permanent_uuid: "45f80c1aa2614236ab37e870c1cecc2e" member_type: VOTER last_known_addr { host: "127.0.107.196" port: 43979 } attrs { replace: true } } peers { permanent_uuid: "80cce41333c74df69b850935594a1c18" member_type: VOTER last_known_addr { host: "127.0.107.195" port: 40517 } } peers { permanent_uuid: "91dec85696ac470e9424d1dcda6fcddf" member_type: VOTER last_known_addr { host: "127.0.107.193" port: 41565 } } peers { permanent_uuid: "38449052594840c19ed8f7f06f86e9ff" member_type: VOTER last_known_addr { host: "127.0.107.194" port: 36387 } attrs { promote: false } } }
I20260608 12:39:38.177939  3481 raft_consensus.cc:2955] T e29fc1ae25bd4b759b24ccad05f3569a P 38449052594840c19ed8f7f06f86e9ff [term 1 FOLLOWER]: Committing config change with OpId 1.3: config changed from index 2 to 3, 38449052594840c19ed8f7f06f86e9ff (127.0.107.194) changed from NON_VOTER to VOTER. New config: { opid_index: 3 OBSOLETE_local: false peers { permanent_uuid: "45f80c1aa2614236ab37e870c1cecc2e" member_type: VOTER last_known_addr { host: "127.0.107.196" port: 43979 } attrs { replace: true } } peers { permanent_uuid: "80cce41333c74df69b850935594a1c18" member_type: VOTER last_known_addr { host: "127.0.107.195" port: 40517 } } peers { permanent_uuid: "91dec85696ac470e9424d1dcda6fcddf" member_type: VOTER last_known_addr { host: "127.0.107.193" port: 41565 } } peers { permanent_uuid: "38449052594840c19ed8f7f06f86e9ff" member_type: VOTER last_known_addr { host: "127.0.107.194" port: 36387 } attrs { promote: false } } }
I20260608 12:39:38.188455  3302 catalog_manager.cc:5696] T e29fc1ae25bd4b759b24ccad05f3569a P 45f80c1aa2614236ab37e870c1cecc2e reported cstate change: config changed from index 2 to 3, 38449052594840c19ed8f7f06f86e9ff (127.0.107.194) changed from NON_VOTER to VOTER. New cstate: current_term: 1 leader_uuid: "80cce41333c74df69b850935594a1c18" committed_config { opid_index: 3 OBSOLETE_local: false peers { permanent_uuid: "45f80c1aa2614236ab37e870c1cecc2e" member_type: VOTER last_known_addr { host: "127.0.107.196" port: 43979 } attrs { replace: true } } peers { permanent_uuid: "80cce41333c74df69b850935594a1c18" member_type: VOTER last_known_addr { host: "127.0.107.195" port: 40517 } } peers { permanent_uuid: "91dec85696ac470e9424d1dcda6fcddf" member_type: VOTER last_known_addr { host: "127.0.107.193" port: 41565 } } peers { permanent_uuid: "38449052594840c19ed8f7f06f86e9ff" member_type: VOTER last_known_addr { host: "127.0.107.194" port: 36387 } attrs { promote: false } } }
I20260608 12:39:38.193815  3406 raft_consensus.cc:2955] T e29fc1ae25bd4b759b24ccad05f3569a P 91dec85696ac470e9424d1dcda6fcddf [term 1 FOLLOWER]: Committing config change with OpId 1.3: config changed from index 2 to 3, 38449052594840c19ed8f7f06f86e9ff (127.0.107.194) changed from NON_VOTER to VOTER. New config: { opid_index: 3 OBSOLETE_local: false peers { permanent_uuid: "45f80c1aa2614236ab37e870c1cecc2e" member_type: VOTER last_known_addr { host: "127.0.107.196" port: 43979 } attrs { replace: true } } peers { permanent_uuid: "80cce41333c74df69b850935594a1c18" member_type: VOTER last_known_addr { host: "127.0.107.195" port: 40517 } } peers { permanent_uuid: "91dec85696ac470e9424d1dcda6fcddf" member_type: VOTER last_known_addr { host: "127.0.107.193" port: 41565 } } peers { permanent_uuid: "38449052594840c19ed8f7f06f86e9ff" member_type: VOTER last_known_addr { host: "127.0.107.194" port: 36387 } attrs { promote: false } } }
I20260608 12:39:38.216320  3554 consensus_queue.cc:237] T e29fc1ae25bd4b759b24ccad05f3569a P 80cce41333c74df69b850935594a1c18 [LEADER]: Queue going to LEADER mode. State: All replicated index: 0, Majority replicated index: 3, Committed index: 3, Last appended: 1.3, Last appended by leader: 0, Current term: 1, Majority size: 2, State: 0, Mode: LEADER, active raft config: opid_index: 4 OBSOLETE_local: false peers { permanent_uuid: "80cce41333c74df69b850935594a1c18" member_type: VOTER last_known_addr { host: "127.0.107.195" port: 40517 } } peers { permanent_uuid: "91dec85696ac470e9424d1dcda6fcddf" member_type: VOTER last_known_addr { host: "127.0.107.193" port: 41565 } } peers { permanent_uuid: "38449052594840c19ed8f7f06f86e9ff" member_type: VOTER last_known_addr { host: "127.0.107.194" port: 36387 } attrs { promote: false } }
I20260608 12:39:38.226889  3481 raft_consensus.cc:1275] T e29fc1ae25bd4b759b24ccad05f3569a P 38449052594840c19ed8f7f06f86e9ff [term 1 FOLLOWER]: Refusing update from remote peer 80cce41333c74df69b850935594a1c18: Log matching property violated. Preceding OpId in replica: term: 1 index: 3. Preceding OpId from leader: term: 1 index: 4. (index mismatch)
I20260608 12:39:38.228859  3934 consensus_queue.cc:1048] T e29fc1ae25bd4b759b24ccad05f3569a P 80cce41333c74df69b850935594a1c18 [LEADER]: Connected to new peer: Peer: permanent_uuid: "38449052594840c19ed8f7f06f86e9ff" member_type: VOTER last_known_addr { host: "127.0.107.194" port: 36387 } attrs { promote: false }, Status: LMP_MISMATCH, Last received: 0.0, Next index: 4, Last known committed idx: 3, Time since last communication: 0.000s
I20260608 12:39:38.230927  3404 raft_consensus.cc:1275] T e29fc1ae25bd4b759b24ccad05f3569a P 91dec85696ac470e9424d1dcda6fcddf [term 1 FOLLOWER]: Refusing update from remote peer 80cce41333c74df69b850935594a1c18: Log matching property violated. Preceding OpId in replica: term: 1 index: 3. Preceding OpId from leader: term: 1 index: 4. (index mismatch)
I20260608 12:39:38.232553  3934 consensus_queue.cc:1048] T e29fc1ae25bd4b759b24ccad05f3569a P 80cce41333c74df69b850935594a1c18 [LEADER]: Connected to new peer: Peer: permanent_uuid: "91dec85696ac470e9424d1dcda6fcddf" member_type: VOTER last_known_addr { host: "127.0.107.193" port: 41565 }, Status: LMP_MISMATCH, Last received: 0.0, Next index: 4, Last known committed idx: 3, Time since last communication: 0.000s
I20260608 12:39:38.238276  3972 raft_consensus.cc:2955] T e29fc1ae25bd4b759b24ccad05f3569a P 80cce41333c74df69b850935594a1c18 [term 1 LEADER]: Committing config change with OpId 1.4: config changed from index 3 to 4, VOTER 45f80c1aa2614236ab37e870c1cecc2e (127.0.107.196) evicted. New config: { opid_index: 4 OBSOLETE_local: false peers { permanent_uuid: "80cce41333c74df69b850935594a1c18" member_type: VOTER last_known_addr { host: "127.0.107.195" port: 40517 } } peers { permanent_uuid: "91dec85696ac470e9424d1dcda6fcddf" member_type: VOTER last_known_addr { host: "127.0.107.193" port: 41565 } } peers { permanent_uuid: "38449052594840c19ed8f7f06f86e9ff" member_type: VOTER last_known_addr { host: "127.0.107.194" port: 36387 } attrs { promote: false } } }
I20260608 12:39:38.240242  3481 raft_consensus.cc:2955] T e29fc1ae25bd4b759b24ccad05f3569a P 38449052594840c19ed8f7f06f86e9ff [term 1 FOLLOWER]: Committing config change with OpId 1.4: config changed from index 3 to 4, VOTER 45f80c1aa2614236ab37e870c1cecc2e (127.0.107.196) evicted. New config: { opid_index: 4 OBSOLETE_local: false peers { permanent_uuid: "80cce41333c74df69b850935594a1c18" member_type: VOTER last_known_addr { host: "127.0.107.195" port: 40517 } } peers { permanent_uuid: "91dec85696ac470e9424d1dcda6fcddf" member_type: VOTER last_known_addr { host: "127.0.107.193" port: 41565 } } peers { permanent_uuid: "38449052594840c19ed8f7f06f86e9ff" member_type: VOTER last_known_addr { host: "127.0.107.194" port: 36387 } attrs { promote: false } } }
I20260608 12:39:38.248062  3290 catalog_manager.cc:5209] ChangeConfig:REMOVE_PEER RPC for tablet e29fc1ae25bd4b759b24ccad05f3569a with cas_config_opid_index 3: ChangeConfig:REMOVE_PEER succeeded (attempt 1)
I20260608 12:39:38.248376  3404 raft_consensus.cc:2955] T e29fc1ae25bd4b759b24ccad05f3569a P 91dec85696ac470e9424d1dcda6fcddf [term 1 FOLLOWER]: Committing config change with OpId 1.4: config changed from index 3 to 4, VOTER 45f80c1aa2614236ab37e870c1cecc2e (127.0.107.196) evicted. New config: { opid_index: 4 OBSOLETE_local: false peers { permanent_uuid: "80cce41333c74df69b850935594a1c18" member_type: VOTER last_known_addr { host: "127.0.107.195" port: 40517 } } peers { permanent_uuid: "91dec85696ac470e9424d1dcda6fcddf" member_type: VOTER last_known_addr { host: "127.0.107.193" port: 41565 } } peers { permanent_uuid: "38449052594840c19ed8f7f06f86e9ff" member_type: VOTER last_known_addr { host: "127.0.107.194" port: 36387 } attrs { promote: false } } }
I20260608 12:39:38.259974  3965 raft_consensus.cc:1064] T 2dab4c984f664ff988fa83f05d15aa9c P 38449052594840c19ed8f7f06f86e9ff: attempting to promote NON_VOTER 80cce41333c74df69b850935594a1c18 to VOTER
I20260608 12:39:38.262944  3965 consensus_queue.cc:237] T 2dab4c984f664ff988fa83f05d15aa9c P 38449052594840c19ed8f7f06f86e9ff [LEADER]: Queue going to LEADER mode. State: All replicated index: 0, Majority replicated index: 3, Committed index: 3, Last appended: 2.3, Last appended by leader: 1, Current term: 2, Majority size: 3, State: 0, Mode: LEADER, active raft config: opid_index: 4 OBSOLETE_local: false peers { permanent_uuid: "91dec85696ac470e9424d1dcda6fcddf" member_type: VOTER last_known_addr { host: "127.0.107.193" port: 41565 } } peers { permanent_uuid: "45f80c1aa2614236ab37e870c1cecc2e" member_type: VOTER last_known_addr { host: "127.0.107.196" port: 43979 } attrs { replace: true } } peers { permanent_uuid: "38449052594840c19ed8f7f06f86e9ff" member_type: VOTER last_known_addr { host: "127.0.107.194" port: 36387 } } peers { permanent_uuid: "80cce41333c74df69b850935594a1c18" member_type: VOTER last_known_addr { host: "127.0.107.195" port: 40517 } attrs { promote: false } }
I20260608 12:39:38.258185  3301 catalog_manager.cc:5696] T e29fc1ae25bd4b759b24ccad05f3569a P 80cce41333c74df69b850935594a1c18 reported cstate change: config changed from index 3 to 4, VOTER 45f80c1aa2614236ab37e870c1cecc2e (127.0.107.196) evicted. New cstate: current_term: 1 leader_uuid: "80cce41333c74df69b850935594a1c18" committed_config { opid_index: 4 OBSOLETE_local: false peers { permanent_uuid: "80cce41333c74df69b850935594a1c18" member_type: VOTER last_known_addr { host: "127.0.107.195" port: 40517 } health_report { overall_health: HEALTHY } } peers { permanent_uuid: "91dec85696ac470e9424d1dcda6fcddf" member_type: VOTER last_known_addr { host: "127.0.107.193" port: 41565 } health_report { overall_health: HEALTHY } } peers { permanent_uuid: "38449052594840c19ed8f7f06f86e9ff" member_type: VOTER last_known_addr { host: "127.0.107.194" port: 36387 } attrs { promote: false } health_report { overall_health: HEALTHY } } }
I20260608 12:39:38.281777  3706 tablet_service.cc:1558] Processing DeleteTablet for tablet e29fc1ae25bd4b759b24ccad05f3569a with delete_type TABLET_DATA_TOMBSTONED (TS 45f80c1aa2614236ab37e870c1cecc2e not found in new config with opid_index 4) from {username='slave'} at 127.0.0.1:37450
I20260608 12:39:38.283227  3554 raft_consensus.cc:1275] T 2dab4c984f664ff988fa83f05d15aa9c P 80cce41333c74df69b850935594a1c18 [term 2 LEARNER]: Refusing update from remote peer 38449052594840c19ed8f7f06f86e9ff: Log matching property violated. Preceding OpId in replica: term: 2 index: 3. Preceding OpId from leader: term: 2 index: 4. (index mismatch)
I20260608 12:39:38.284252  3716 raft_consensus.cc:1275] T 2dab4c984f664ff988fa83f05d15aa9c P 45f80c1aa2614236ab37e870c1cecc2e [term 2 FOLLOWER]: Refusing update from remote peer 38449052594840c19ed8f7f06f86e9ff: Log matching property violated. Preceding OpId in replica: term: 2 index: 3. Preceding OpId from leader: term: 2 index: 4. (index mismatch)
I20260608 12:39:38.285686  3964 consensus_queue.cc:1048] T 2dab4c984f664ff988fa83f05d15aa9c P 38449052594840c19ed8f7f06f86e9ff [LEADER]: Connected to new peer: Peer: permanent_uuid: "80cce41333c74df69b850935594a1c18" member_type: VOTER last_known_addr { host: "127.0.107.195" port: 40517 } attrs { promote: false }, Status: LMP_MISMATCH, Last received: 0.0, Next index: 4, Last known committed idx: 3, Time since last communication: 0.000s
I20260608 12:39:38.287007  3406 raft_consensus.cc:1275] T 2dab4c984f664ff988fa83f05d15aa9c P 91dec85696ac470e9424d1dcda6fcddf [term 2 FOLLOWER]: Refusing update from remote peer 38449052594840c19ed8f7f06f86e9ff: Log matching property violated. Preceding OpId in replica: term: 2 index: 3. Preceding OpId from leader: term: 2 index: 4. (index mismatch)
I20260608 12:39:38.287787  3964 consensus_queue.cc:1048] T 2dab4c984f664ff988fa83f05d15aa9c P 38449052594840c19ed8f7f06f86e9ff [LEADER]: Connected to new peer: Peer: permanent_uuid: "45f80c1aa2614236ab37e870c1cecc2e" member_type: VOTER last_known_addr { host: "127.0.107.196" port: 43979 } attrs { replace: true }, Status: LMP_MISMATCH, Last received: 0.0, Next index: 4, Last known committed idx: 3, Time since last communication: 0.000s
I20260608 12:39:38.288946  3919 consensus_queue.cc:1048] T 2dab4c984f664ff988fa83f05d15aa9c P 38449052594840c19ed8f7f06f86e9ff [LEADER]: Connected to new peer: Peer: permanent_uuid: "91dec85696ac470e9424d1dcda6fcddf" member_type: VOTER last_known_addr { host: "127.0.107.193" port: 41565 }, Status: LMP_MISMATCH, Last received: 0.0, Next index: 4, Last known committed idx: 3, Time since last communication: 0.000s
I20260608 12:39:38.305845  3978 tablet_replica.cc:333] T e29fc1ae25bd4b759b24ccad05f3569a P 45f80c1aa2614236ab37e870c1cecc2e: stopping tablet replica
I20260608 12:39:38.307152  3978 raft_consensus.cc:2243] T e29fc1ae25bd4b759b24ccad05f3569a P 45f80c1aa2614236ab37e870c1cecc2e [term 1 FOLLOWER]: Raft consensus shutting down.
I20260608 12:39:38.309365  3964 raft_consensus.cc:2955] T 2dab4c984f664ff988fa83f05d15aa9c P 38449052594840c19ed8f7f06f86e9ff [term 2 LEADER]: Committing config change with OpId 2.4: config changed from index 3 to 4, 80cce41333c74df69b850935594a1c18 (127.0.107.195) changed from NON_VOTER to VOTER. New config: { opid_index: 4 OBSOLETE_local: false peers { permanent_uuid: "91dec85696ac470e9424d1dcda6fcddf" member_type: VOTER last_known_addr { host: "127.0.107.193" port: 41565 } } peers { permanent_uuid: "45f80c1aa2614236ab37e870c1cecc2e" member_type: VOTER last_known_addr { host: "127.0.107.196" port: 43979 } attrs { replace: true } } peers { permanent_uuid: "38449052594840c19ed8f7f06f86e9ff" member_type: VOTER last_known_addr { host: "127.0.107.194" port: 36387 } } peers { permanent_uuid: "80cce41333c74df69b850935594a1c18" member_type: VOTER last_known_addr { host: "127.0.107.195" port: 40517 } attrs { promote: false } } }
I20260608 12:39:38.314638  3978 raft_consensus.cc:2272] T e29fc1ae25bd4b759b24ccad05f3569a P 45f80c1aa2614236ab37e870c1cecc2e [term 1 FOLLOWER]: Raft consensus is shut down!
I20260608 12:39:38.314519  3554 raft_consensus.cc:2955] T 2dab4c984f664ff988fa83f05d15aa9c P 80cce41333c74df69b850935594a1c18 [term 2 FOLLOWER]: Committing config change with OpId 2.4: config changed from index 3 to 4, 80cce41333c74df69b850935594a1c18 (127.0.107.195) changed from NON_VOTER to VOTER. New config: { opid_index: 4 OBSOLETE_local: false peers { permanent_uuid: "91dec85696ac470e9424d1dcda6fcddf" member_type: VOTER last_known_addr { host: "127.0.107.193" port: 41565 } } peers { permanent_uuid: "45f80c1aa2614236ab37e870c1cecc2e" member_type: VOTER last_known_addr { host: "127.0.107.196" port: 43979 } attrs { replace: true } } peers { permanent_uuid: "38449052594840c19ed8f7f06f86e9ff" member_type: VOTER last_known_addr { host: "127.0.107.194" port: 36387 } } peers { permanent_uuid: "80cce41333c74df69b850935594a1c18" member_type: VOTER last_known_addr { host: "127.0.107.195" port: 40517 } attrs { promote: false } } }
I20260608 12:39:38.319787  3978 ts_tablet_manager.cc:1916] T e29fc1ae25bd4b759b24ccad05f3569a P 45f80c1aa2614236ab37e870c1cecc2e: Deleting tablet data with delete state TABLET_DATA_TOMBSTONED
I20260608 12:39:38.319491  3406 raft_consensus.cc:2955] T 2dab4c984f664ff988fa83f05d15aa9c P 91dec85696ac470e9424d1dcda6fcddf [term 2 FOLLOWER]: Committing config change with OpId 2.4: config changed from index 3 to 4, 80cce41333c74df69b850935594a1c18 (127.0.107.195) changed from NON_VOTER to VOTER. New config: { opid_index: 4 OBSOLETE_local: false peers { permanent_uuid: "91dec85696ac470e9424d1dcda6fcddf" member_type: VOTER last_known_addr { host: "127.0.107.193" port: 41565 } } peers { permanent_uuid: "45f80c1aa2614236ab37e870c1cecc2e" member_type: VOTER last_known_addr { host: "127.0.107.196" port: 43979 } attrs { replace: true } } peers { permanent_uuid: "38449052594840c19ed8f7f06f86e9ff" member_type: VOTER last_known_addr { host: "127.0.107.194" port: 36387 } } peers { permanent_uuid: "80cce41333c74df69b850935594a1c18" member_type: VOTER last_known_addr { host: "127.0.107.195" port: 40517 } attrs { promote: false } } }
I20260608 12:39:38.329710  3304 catalog_manager.cc:5696] T 2dab4c984f664ff988fa83f05d15aa9c P 80cce41333c74df69b850935594a1c18 reported cstate change: config changed from index 3 to 4, 80cce41333c74df69b850935594a1c18 (127.0.107.195) changed from NON_VOTER to VOTER. New cstate: current_term: 2 leader_uuid: "38449052594840c19ed8f7f06f86e9ff" committed_config { opid_index: 4 OBSOLETE_local: false peers { permanent_uuid: "91dec85696ac470e9424d1dcda6fcddf" member_type: VOTER last_known_addr { host: "127.0.107.193" port: 41565 } } peers { permanent_uuid: "45f80c1aa2614236ab37e870c1cecc2e" member_type: VOTER last_known_addr { host: "127.0.107.196" port: 43979 } attrs { replace: true } } peers { permanent_uuid: "38449052594840c19ed8f7f06f86e9ff" member_type: VOTER last_known_addr { host: "127.0.107.194" port: 36387 } } peers { permanent_uuid: "80cce41333c74df69b850935594a1c18" member_type: VOTER last_known_addr { host: "127.0.107.195" port: 40517 } attrs { promote: false } } }
I20260608 12:39:38.337671  3716 raft_consensus.cc:2955] T 2dab4c984f664ff988fa83f05d15aa9c P 45f80c1aa2614236ab37e870c1cecc2e [term 2 FOLLOWER]: Committing config change with OpId 2.4: config changed from index 3 to 4, 80cce41333c74df69b850935594a1c18 (127.0.107.195) changed from NON_VOTER to VOTER. New config: { opid_index: 4 OBSOLETE_local: false peers { permanent_uuid: "91dec85696ac470e9424d1dcda6fcddf" member_type: VOTER last_known_addr { host: "127.0.107.193" port: 41565 } } peers { permanent_uuid: "45f80c1aa2614236ab37e870c1cecc2e" member_type: VOTER last_known_addr { host: "127.0.107.196" port: 43979 } attrs { replace: true } } peers { permanent_uuid: "38449052594840c19ed8f7f06f86e9ff" member_type: VOTER last_known_addr { host: "127.0.107.194" port: 36387 } } peers { permanent_uuid: "80cce41333c74df69b850935594a1c18" member_type: VOTER last_known_addr { host: "127.0.107.195" port: 40517 } attrs { promote: false } } }
I20260608 12:39:38.348344  3978 ts_tablet_manager.cc:1929] T e29fc1ae25bd4b759b24ccad05f3569a P 45f80c1aa2614236ab37e870c1cecc2e: tablet deleted with delete type TABLET_DATA_TOMBSTONED: last-logged OpId 1.3
I20260608 12:39:38.348917  3978 log.cc:1199] T e29fc1ae25bd4b759b24ccad05f3569a P 45f80c1aa2614236ab37e870c1cecc2e: Deleting WAL directory at /tmp/dist-test-taskJt2HwX/test-tmp/auto_rebalancer-test.0.AutoRebalancerTest.RangeAwareRebalancesNewRangeReplicas.1780922290187064-431-0/minicluster-data/ts-3-root/wals/e29fc1ae25bd4b759b24ccad05f3569a
I20260608 12:39:38.351449  3290 catalog_manager.cc:5027] TS 45f80c1aa2614236ab37e870c1cecc2e (127.0.107.196:43979): tablet e29fc1ae25bd4b759b24ccad05f3569a (table range_aware_rebalance_new_range [id=4def92e2cbe14dc1917cd79d55bbc398]) successfully deleted
I20260608 12:39:38.356993  3481 consensus_queue.cc:237] T 2dab4c984f664ff988fa83f05d15aa9c P 38449052594840c19ed8f7f06f86e9ff [LEADER]: Queue going to LEADER mode. State: All replicated index: 0, Majority replicated index: 4, Committed index: 4, Last appended: 2.4, Last appended by leader: 1, Current term: 2, Majority size: 2, State: 0, Mode: LEADER, active raft config: opid_index: 5 OBSOLETE_local: false peers { permanent_uuid: "91dec85696ac470e9424d1dcda6fcddf" member_type: VOTER last_known_addr { host: "127.0.107.193" port: 41565 } } peers { permanent_uuid: "38449052594840c19ed8f7f06f86e9ff" member_type: VOTER last_known_addr { host: "127.0.107.194" port: 36387 } } peers { permanent_uuid: "80cce41333c74df69b850935594a1c18" member_type: VOTER last_known_addr { host: "127.0.107.195" port: 40517 } attrs { promote: false } }
I20260608 12:39:38.363185  3554 raft_consensus.cc:1275] T 2dab4c984f664ff988fa83f05d15aa9c P 80cce41333c74df69b850935594a1c18 [term 2 FOLLOWER]: Refusing update from remote peer 38449052594840c19ed8f7f06f86e9ff: Log matching property violated. Preceding OpId in replica: term: 2 index: 4. Preceding OpId from leader: term: 2 index: 5. (index mismatch)
I20260608 12:39:38.363406  3406 raft_consensus.cc:1275] T 2dab4c984f664ff988fa83f05d15aa9c P 91dec85696ac470e9424d1dcda6fcddf [term 2 FOLLOWER]: Refusing update from remote peer 38449052594840c19ed8f7f06f86e9ff: Log matching property violated. Preceding OpId in replica: term: 2 index: 4. Preceding OpId from leader: term: 2 index: 5. (index mismatch)
I20260608 12:39:38.364868  3964 consensus_queue.cc:1048] T 2dab4c984f664ff988fa83f05d15aa9c P 38449052594840c19ed8f7f06f86e9ff [LEADER]: Connected to new peer: Peer: permanent_uuid: "80cce41333c74df69b850935594a1c18" member_type: VOTER last_known_addr { host: "127.0.107.195" port: 40517 } attrs { promote: false }, Status: LMP_MISMATCH, Last received: 0.0, Next index: 5, Last known committed idx: 4, Time since last communication: 0.000s
I20260608 12:39:38.365921  3919 consensus_queue.cc:1048] T 2dab4c984f664ff988fa83f05d15aa9c P 38449052594840c19ed8f7f06f86e9ff [LEADER]: Connected to new peer: Peer: permanent_uuid: "91dec85696ac470e9424d1dcda6fcddf" member_type: VOTER last_known_addr { host: "127.0.107.193" port: 41565 }, Status: LMP_MISMATCH, Last received: 0.0, Next index: 5, Last known committed idx: 4, Time since last communication: 0.000s
I20260608 12:39:38.373368  3964 raft_consensus.cc:2955] T 2dab4c984f664ff988fa83f05d15aa9c P 38449052594840c19ed8f7f06f86e9ff [term 2 LEADER]: Committing config change with OpId 2.5: config changed from index 4 to 5, VOTER 45f80c1aa2614236ab37e870c1cecc2e (127.0.107.196) evicted. New config: { opid_index: 5 OBSOLETE_local: false peers { permanent_uuid: "91dec85696ac470e9424d1dcda6fcddf" member_type: VOTER last_known_addr { host: "127.0.107.193" port: 41565 } } peers { permanent_uuid: "38449052594840c19ed8f7f06f86e9ff" member_type: VOTER last_known_addr { host: "127.0.107.194" port: 36387 } } peers { permanent_uuid: "80cce41333c74df69b850935594a1c18" member_type: VOTER last_known_addr { host: "127.0.107.195" port: 40517 } attrs { promote: false } } }
I20260608 12:39:38.375821  3554 raft_consensus.cc:2955] T 2dab4c984f664ff988fa83f05d15aa9c P 80cce41333c74df69b850935594a1c18 [term 2 FOLLOWER]: Committing config change with OpId 2.5: config changed from index 4 to 5, VOTER 45f80c1aa2614236ab37e870c1cecc2e (127.0.107.196) evicted. New config: { opid_index: 5 OBSOLETE_local: false peers { permanent_uuid: "91dec85696ac470e9424d1dcda6fcddf" member_type: VOTER last_known_addr { host: "127.0.107.193" port: 41565 } } peers { permanent_uuid: "38449052594840c19ed8f7f06f86e9ff" member_type: VOTER last_known_addr { host: "127.0.107.194" port: 36387 } } peers { permanent_uuid: "80cce41333c74df69b850935594a1c18" member_type: VOTER last_known_addr { host: "127.0.107.195" port: 40517 } attrs { promote: false } } }
I20260608 12:39:38.376042  3406 raft_consensus.cc:2955] T 2dab4c984f664ff988fa83f05d15aa9c P 91dec85696ac470e9424d1dcda6fcddf [term 2 FOLLOWER]: Committing config change with OpId 2.5: config changed from index 4 to 5, VOTER 45f80c1aa2614236ab37e870c1cecc2e (127.0.107.196) evicted. New config: { opid_index: 5 OBSOLETE_local: false peers { permanent_uuid: "91dec85696ac470e9424d1dcda6fcddf" member_type: VOTER last_known_addr { host: "127.0.107.193" port: 41565 } } peers { permanent_uuid: "38449052594840c19ed8f7f06f86e9ff" member_type: VOTER last_known_addr { host: "127.0.107.194" port: 36387 } } peers { permanent_uuid: "80cce41333c74df69b850935594a1c18" member_type: VOTER last_known_addr { host: "127.0.107.195" port: 40517 } attrs { promote: false } } }
I20260608 12:39:38.389149  3304 catalog_manager.cc:5696] T 2dab4c984f664ff988fa83f05d15aa9c P 80cce41333c74df69b850935594a1c18 reported cstate change: config changed from index 4 to 5, VOTER 45f80c1aa2614236ab37e870c1cecc2e (127.0.107.196) evicted. New cstate: current_term: 2 leader_uuid: "38449052594840c19ed8f7f06f86e9ff" committed_config { opid_index: 5 OBSOLETE_local: false peers { permanent_uuid: "91dec85696ac470e9424d1dcda6fcddf" member_type: VOTER last_known_addr { host: "127.0.107.193" port: 41565 } } peers { permanent_uuid: "38449052594840c19ed8f7f06f86e9ff" member_type: VOTER last_known_addr { host: "127.0.107.194" port: 36387 } } peers { permanent_uuid: "80cce41333c74df69b850935594a1c18" member_type: VOTER last_known_addr { host: "127.0.107.195" port: 40517 } attrs { promote: false } } }
I20260608 12:39:38.390110  3289 catalog_manager.cc:5209] ChangeConfig:REMOVE_PEER RPC for tablet 2dab4c984f664ff988fa83f05d15aa9c with cas_config_opid_index 4: ChangeConfig:REMOVE_PEER succeeded (attempt 1)
I20260608 12:39:38.401136  3706 tablet_service.cc:1558] Processing DeleteTablet for tablet 2dab4c984f664ff988fa83f05d15aa9c with delete_type TABLET_DATA_TOMBSTONED (TS 45f80c1aa2614236ab37e870c1cecc2e not found in new config with opid_index 5) from {username='slave'} at 127.0.0.1:37450
I20260608 12:39:38.402168  3978 tablet_replica.cc:333] T 2dab4c984f664ff988fa83f05d15aa9c P 45f80c1aa2614236ab37e870c1cecc2e: stopping tablet replica
I20260608 12:39:38.403160  3978 raft_consensus.cc:2243] T 2dab4c984f664ff988fa83f05d15aa9c P 45f80c1aa2614236ab37e870c1cecc2e [term 2 FOLLOWER]: Raft consensus shutting down.
I20260608 12:39:38.403854  3978 raft_consensus.cc:2272] T 2dab4c984f664ff988fa83f05d15aa9c P 45f80c1aa2614236ab37e870c1cecc2e [term 2 FOLLOWER]: Raft consensus is shut down!
I20260608 12:39:38.407402  3978 ts_tablet_manager.cc:1916] T 2dab4c984f664ff988fa83f05d15aa9c P 45f80c1aa2614236ab37e870c1cecc2e: Deleting tablet data with delete state TABLET_DATA_TOMBSTONED
I20260608 12:39:38.418901  3978 ts_tablet_manager.cc:1929] T 2dab4c984f664ff988fa83f05d15aa9c P 45f80c1aa2614236ab37e870c1cecc2e: tablet deleted with delete type TABLET_DATA_TOMBSTONED: last-logged OpId 2.4
I20260608 12:39:38.419258  3978 log.cc:1199] T 2dab4c984f664ff988fa83f05d15aa9c P 45f80c1aa2614236ab37e870c1cecc2e: Deleting WAL directory at /tmp/dist-test-taskJt2HwX/test-tmp/auto_rebalancer-test.0.AutoRebalancerTest.RangeAwareRebalancesNewRangeReplicas.1780922290187064-431-0/minicluster-data/ts-3-root/wals/2dab4c984f664ff988fa83f05d15aa9c
I20260608 12:39:38.420641  3290 catalog_manager.cc:5027] TS 45f80c1aa2614236ab37e870c1cecc2e (127.0.107.196:43979): tablet 2dab4c984f664ff988fa83f05d15aa9c (table range_aware_rebalance_new_range [id=4def92e2cbe14dc1917cd79d55bbc398]) successfully deleted
I20260608 12:39:38.478371  3357 auto_leader_rebalancer.cc:140] leader rebalance for table range_aware_rebalance_new_range
I20260608 12:39:38.487861  3894 raft_consensus.cc:1064] T 3ede7a3753e04794a3bcad79bd7c7e6c P 91dec85696ac470e9424d1dcda6fcddf: attempting to promote NON_VOTER 45f80c1aa2614236ab37e870c1cecc2e to VOTER
I20260608 12:39:38.490638  3894 consensus_queue.cc:237] T 3ede7a3753e04794a3bcad79bd7c7e6c P 91dec85696ac470e9424d1dcda6fcddf [LEADER]: Queue going to LEADER mode. State: All replicated index: 0, Majority replicated index: 2, Committed index: 2, Last appended: 1.2, Last appended by leader: 0, Current term: 1, Majority size: 3, State: 0, Mode: LEADER, active raft config: opid_index: 3 OBSOLETE_local: false peers { permanent_uuid: "38449052594840c19ed8f7f06f86e9ff" member_type: VOTER last_known_addr { host: "127.0.107.194" port: 36387 } attrs { replace: true } } peers { permanent_uuid: "91dec85696ac470e9424d1dcda6fcddf" member_type: VOTER last_known_addr { host: "127.0.107.193" port: 41565 } } peers { permanent_uuid: "80cce41333c74df69b850935594a1c18" member_type: VOTER last_known_addr { host: "127.0.107.195" port: 40517 } } peers { permanent_uuid: "45f80c1aa2614236ab37e870c1cecc2e" member_type: VOTER last_known_addr { host: "127.0.107.196" port: 43979 } attrs { promote: false } }
I20260608 12:39:38.497072  3357 auto_leader_rebalancer.cc:388] table: range_aware_rebalance_new_range, leader rebalance finish, leader transfer count: 0
I20260608 12:39:38.498440  3357 auto_leader_rebalancer.cc:451] All tables' leader rebalancing finished this round
I20260608 12:39:38.498871  3554 raft_consensus.cc:1275] T 3ede7a3753e04794a3bcad79bd7c7e6c P 80cce41333c74df69b850935594a1c18 [term 1 FOLLOWER]: Refusing update from remote peer 91dec85696ac470e9424d1dcda6fcddf: Log matching property violated. Preceding OpId in replica: term: 1 index: 2. Preceding OpId from leader: term: 1 index: 3. (index mismatch)
I20260608 12:39:38.500197  3716 raft_consensus.cc:1275] T 3ede7a3753e04794a3bcad79bd7c7e6c P 45f80c1aa2614236ab37e870c1cecc2e [term 1 LEARNER]: Refusing update from remote peer 91dec85696ac470e9424d1dcda6fcddf: Log matching property violated. Preceding OpId in replica: term: 1 index: 2. Preceding OpId from leader: term: 1 index: 3. (index mismatch)
I20260608 12:39:38.501358  3481 raft_consensus.cc:1275] T 3ede7a3753e04794a3bcad79bd7c7e6c P 38449052594840c19ed8f7f06f86e9ff [term 1 FOLLOWER]: Refusing update from remote peer 91dec85696ac470e9424d1dcda6fcddf: Log matching property violated. Preceding OpId in replica: term: 1 index: 2. Preceding OpId from leader: term: 1 index: 3. (index mismatch)
I20260608 12:39:38.502442  3983 consensus_queue.cc:1048] T 3ede7a3753e04794a3bcad79bd7c7e6c P 91dec85696ac470e9424d1dcda6fcddf [LEADER]: Connected to new peer: Peer: permanent_uuid: "80cce41333c74df69b850935594a1c18" member_type: VOTER last_known_addr { host: "127.0.107.195" port: 40517 }, Status: LMP_MISMATCH, Last received: 0.0, Next index: 3, Last known committed idx: 2, Time since last communication: 0.000s
I20260608 12:39:38.503537  3894 consensus_queue.cc:1048] T 3ede7a3753e04794a3bcad79bd7c7e6c P 91dec85696ac470e9424d1dcda6fcddf [LEADER]: Connected to new peer: Peer: permanent_uuid: "38449052594840c19ed8f7f06f86e9ff" member_type: VOTER last_known_addr { host: "127.0.107.194" port: 36387 } attrs { replace: true }, Status: LMP_MISMATCH, Last received: 0.0, Next index: 3, Last known committed idx: 2, Time since last communication: 0.000s
I20260608 12:39:38.504549  3957 consensus_queue.cc:1048] T 3ede7a3753e04794a3bcad79bd7c7e6c P 91dec85696ac470e9424d1dcda6fcddf [LEADER]: Connected to new peer: Peer: permanent_uuid: "45f80c1aa2614236ab37e870c1cecc2e" member_type: VOTER last_known_addr { host: "127.0.107.196" port: 43979 } attrs { promote: false }, Status: LMP_MISMATCH, Last received: 0.0, Next index: 3, Last known committed idx: 2, Time since last communication: 0.000s
I20260608 12:39:38.515748  3964 raft_consensus.cc:1064] T e368114fac6342fca38d9a3f478cb55e P 38449052594840c19ed8f7f06f86e9ff: attempting to promote NON_VOTER 45f80c1aa2614236ab37e870c1cecc2e to VOTER
I20260608 12:39:38.518653  3964 consensus_queue.cc:237] T e368114fac6342fca38d9a3f478cb55e P 38449052594840c19ed8f7f06f86e9ff [LEADER]: Queue going to LEADER mode. State: All replicated index: 0, Majority replicated index: 2, Committed index: 2, Last appended: 1.2, Last appended by leader: 0, Current term: 1, Majority size: 3, State: 0, Mode: LEADER, active raft config: opid_index: 3 OBSOLETE_local: false peers { permanent_uuid: "91dec85696ac470e9424d1dcda6fcddf" member_type: VOTER last_known_addr { host: "127.0.107.193" port: 41565 } } peers { permanent_uuid: "38449052594840c19ed8f7f06f86e9ff" member_type: VOTER last_known_addr { host: "127.0.107.194" port: 36387 } } peers { permanent_uuid: "80cce41333c74df69b850935594a1c18" member_type: VOTER last_known_addr { host: "127.0.107.195" port: 40517 } attrs { replace: true } } peers { permanent_uuid: "45f80c1aa2614236ab37e870c1cecc2e" member_type: VOTER last_known_addr { host: "127.0.107.196" port: 43979 } attrs { promote: false } }
I20260608 12:39:38.532158  3554 raft_consensus.cc:1275] T e368114fac6342fca38d9a3f478cb55e P 80cce41333c74df69b850935594a1c18 [term 1 FOLLOWER]: Refusing update from remote peer 38449052594840c19ed8f7f06f86e9ff: Log matching property violated. Preceding OpId in replica: term: 1 index: 2. Preceding OpId from leader: term: 1 index: 3. (index mismatch)
I20260608 12:39:38.533035  3957 raft_consensus.cc:2955] T 3ede7a3753e04794a3bcad79bd7c7e6c P 91dec85696ac470e9424d1dcda6fcddf [term 1 LEADER]: Committing config change with OpId 1.3: config changed from index 2 to 3, 45f80c1aa2614236ab37e870c1cecc2e (127.0.107.196) changed from NON_VOTER to VOTER. New config: { opid_index: 3 OBSOLETE_local: false peers { permanent_uuid: "38449052594840c19ed8f7f06f86e9ff" member_type: VOTER last_known_addr { host: "127.0.107.194" port: 36387 } attrs { replace: true } } peers { permanent_uuid: "91dec85696ac470e9424d1dcda6fcddf" member_type: VOTER last_known_addr { host: "127.0.107.193" port: 41565 } } peers { permanent_uuid: "80cce41333c74df69b850935594a1c18" member_type: VOTER last_known_addr { host: "127.0.107.195" port: 40517 } } peers { permanent_uuid: "45f80c1aa2614236ab37e870c1cecc2e" member_type: VOTER last_known_addr { host: "127.0.107.196" port: 43979 } attrs { promote: false } } }
I20260608 12:39:38.534700  3919 consensus_queue.cc:1048] T e368114fac6342fca38d9a3f478cb55e P 38449052594840c19ed8f7f06f86e9ff [LEADER]: Connected to new peer: Peer: permanent_uuid: "80cce41333c74df69b850935594a1c18" member_type: VOTER last_known_addr { host: "127.0.107.195" port: 40517 } attrs { replace: true }, Status: LMP_MISMATCH, Last received: 0.0, Next index: 3, Last known committed idx: 2, Time since last communication: 0.000s
I20260608 12:39:38.534317  3406 raft_consensus.cc:1275] T e368114fac6342fca38d9a3f478cb55e P 91dec85696ac470e9424d1dcda6fcddf [term 1 FOLLOWER]: Refusing update from remote peer 38449052594840c19ed8f7f06f86e9ff: Log matching property violated. Preceding OpId in replica: term: 1 index: 2. Preceding OpId from leader: term: 1 index: 3. (index mismatch)
I20260608 12:39:38.539038  3965 consensus_queue.cc:1048] T e368114fac6342fca38d9a3f478cb55e P 38449052594840c19ed8f7f06f86e9ff [LEADER]: Connected to new peer: Peer: permanent_uuid: "91dec85696ac470e9424d1dcda6fcddf" member_type: VOTER last_known_addr { host: "127.0.107.193" port: 41565 }, Status: LMP_MISMATCH, Last received: 0.0, Next index: 3, Last known committed idx: 2, Time since last communication: 0.000s
I20260608 12:39:38.542062  3716 raft_consensus.cc:1275] T e368114fac6342fca38d9a3f478cb55e P 45f80c1aa2614236ab37e870c1cecc2e [term 1 LEARNER]: Refusing update from remote peer 38449052594840c19ed8f7f06f86e9ff: Log matching property violated. Preceding OpId in replica: term: 1 index: 2. Preceding OpId from leader: term: 1 index: 3. (index mismatch)
I20260608 12:39:38.545013  3965 consensus_queue.cc:1048] T e368114fac6342fca38d9a3f478cb55e P 38449052594840c19ed8f7f06f86e9ff [LEADER]: Connected to new peer: Peer: permanent_uuid: "45f80c1aa2614236ab37e870c1cecc2e" member_type: VOTER last_known_addr { host: "127.0.107.196" port: 43979 } attrs { promote: false }, Status: LMP_MISMATCH, Last received: 0.0, Next index: 3, Last known committed idx: 2, Time since last communication: 0.001s
I20260608 12:39:38.546586  3553 raft_consensus.cc:2955] T 3ede7a3753e04794a3bcad79bd7c7e6c P 80cce41333c74df69b850935594a1c18 [term 1 FOLLOWER]: Committing config change with OpId 1.3: config changed from index 2 to 3, 45f80c1aa2614236ab37e870c1cecc2e (127.0.107.196) changed from NON_VOTER to VOTER. New config: { opid_index: 3 OBSOLETE_local: false peers { permanent_uuid: "38449052594840c19ed8f7f06f86e9ff" member_type: VOTER last_known_addr { host: "127.0.107.194" port: 36387 } attrs { replace: true } } peers { permanent_uuid: "91dec85696ac470e9424d1dcda6fcddf" member_type: VOTER last_known_addr { host: "127.0.107.193" port: 41565 } } peers { permanent_uuid: "80cce41333c74df69b850935594a1c18" member_type: VOTER last_known_addr { host: "127.0.107.195" port: 40517 } } peers { permanent_uuid: "45f80c1aa2614236ab37e870c1cecc2e" member_type: VOTER last_known_addr { host: "127.0.107.196" port: 43979 } attrs { promote: false } } }
I20260608 12:39:38.551659  3481 raft_consensus.cc:2955] T 3ede7a3753e04794a3bcad79bd7c7e6c P 38449052594840c19ed8f7f06f86e9ff [term 1 FOLLOWER]: Committing config change with OpId 1.3: config changed from index 2 to 3, 45f80c1aa2614236ab37e870c1cecc2e (127.0.107.196) changed from NON_VOTER to VOTER. New config: { opid_index: 3 OBSOLETE_local: false peers { permanent_uuid: "38449052594840c19ed8f7f06f86e9ff" member_type: VOTER last_known_addr { host: "127.0.107.194" port: 36387 } attrs { replace: true } } peers { permanent_uuid: "91dec85696ac470e9424d1dcda6fcddf" member_type: VOTER last_known_addr { host: "127.0.107.193" port: 41565 } } peers { permanent_uuid: "80cce41333c74df69b850935594a1c18" member_type: VOTER last_known_addr { host: "127.0.107.195" port: 40517 } } peers { permanent_uuid: "45f80c1aa2614236ab37e870c1cecc2e" member_type: VOTER last_known_addr { host: "127.0.107.196" port: 43979 } attrs { promote: false } } }
I20260608 12:39:38.565514  3301 catalog_manager.cc:5696] T 3ede7a3753e04794a3bcad79bd7c7e6c P 80cce41333c74df69b850935594a1c18 reported cstate change: config changed from index 2 to 3, 45f80c1aa2614236ab37e870c1cecc2e (127.0.107.196) changed from NON_VOTER to VOTER. New cstate: current_term: 1 leader_uuid: "91dec85696ac470e9424d1dcda6fcddf" committed_config { opid_index: 3 OBSOLETE_local: false peers { permanent_uuid: "38449052594840c19ed8f7f06f86e9ff" member_type: VOTER last_known_addr { host: "127.0.107.194" port: 36387 } attrs { replace: true } } peers { permanent_uuid: "91dec85696ac470e9424d1dcda6fcddf" member_type: VOTER last_known_addr { host: "127.0.107.193" port: 41565 } } peers { permanent_uuid: "80cce41333c74df69b850935594a1c18" member_type: VOTER last_known_addr { host: "127.0.107.195" port: 40517 } } peers { permanent_uuid: "45f80c1aa2614236ab37e870c1cecc2e" member_type: VOTER last_known_addr { host: "127.0.107.196" port: 43979 } attrs { promote: false } } }
