I20260608 12:56:35.229199 19813 tablet_service.cc:1917] Received RequestConsensusVote() RPC: tablet_id: "1ba4000fa43b4b769c2573d102866f78" candidate_uuid: "b9258b1545f7451cb9b68c7e8d5041b2" candidate_term: 1 candidate_status { last_received { term: 0 index: 0 } } ignore_live_leader: false dest_uuid: "affa52095f2341019214cc81b40ced6f" is_pre_election: true
I20260608 12:56:35.229673 19966 tablet_service.cc:1917] Received RequestConsensusVote() RPC: tablet_id: "1ba4000fa43b4b769c2573d102866f78" candidate_uuid: "b9258b1545f7451cb9b68c7e8d5041b2" candidate_term: 1 candidate_status { last_received { term: 0 index: 0 } } ignore_live_leader: false dest_uuid: "293b1ef4d36a4579ade43eed44c3d4a9" is_pre_election: true
I20260608 12:56:35.229947 19813 raft_consensus.cc:2468] T 1ba4000fa43b4b769c2573d102866f78 P affa52095f2341019214cc81b40ced6f [term 0 FOLLOWER]: Leader pre-election vote request: Granting yes vote for candidate b9258b1545f7451cb9b68c7e8d5041b2 in term 0.
I20260608 12:56:35.230340 19966 raft_consensus.cc:2468] T 1ba4000fa43b4b769c2573d102866f78 P 293b1ef4d36a4579ade43eed44c3d4a9 [term 0 FOLLOWER]: Leader pre-election vote request: Granting yes vote for candidate b9258b1545f7451cb9b68c7e8d5041b2 in term 0.
I20260608 12:56:35.231516 19628 leader_election.cc:304] T 1ba4000fa43b4b769c2573d102866f78 P b9258b1545f7451cb9b68c7e8d5041b2 [CANDIDATE]: Term 1 pre-election: Election decided. Result: candidate won. Election summary: received 2 responses out of 3 voters: 2 yes votes; 0 no votes. yes voters: 293b1ef4d36a4579ade43eed44c3d4a9, b9258b1545f7451cb9b68c7e8d5041b2; no voters: 
I20260608 12:56:35.233078 20016 tablet_bootstrap.cc:654] T 9a2abfe1ecb54f4fbf48c2a0b1b6bf4a P 293b1ef4d36a4579ade43eed44c3d4a9: Neither blocks nor log segments found. Creating new log.
I20260608 12:56:35.232973 19900 raft_consensus.cc:2804] T 1ba4000fa43b4b769c2573d102866f78 P b9258b1545f7451cb9b68c7e8d5041b2 [term 0 FOLLOWER]: Leader pre-election won for term 1
I20260608 12:56:35.233505 19900 raft_consensus.cc:493] T 1ba4000fa43b4b769c2573d102866f78 P b9258b1545f7451cb9b68c7e8d5041b2 [term 0 FOLLOWER]: Starting leader election (no leader contacted us within the election timeout)
I20260608 12:56:35.233927 19900 raft_consensus.cc:3060] T 1ba4000fa43b4b769c2573d102866f78 P b9258b1545f7451cb9b68c7e8d5041b2 [term 0 FOLLOWER]: Advancing to term 1
I20260608 12:56:35.238552 20016 tablet_bootstrap.cc:492] T 9a2abfe1ecb54f4fbf48c2a0b1b6bf4a P 293b1ef4d36a4579ade43eed44c3d4a9: No bootstrap required, opened a new log
I20260608 12:56:35.239069 20016 ts_tablet_manager.cc:1403] T 9a2abfe1ecb54f4fbf48c2a0b1b6bf4a P 293b1ef4d36a4579ade43eed44c3d4a9: Time spent bootstrapping tablet: real 0.014s	user 0.006s	sys 0.004s
I20260608 12:56:35.240828 19900 raft_consensus.cc:515] T 1ba4000fa43b4b769c2573d102866f78 P b9258b1545f7451cb9b68c7e8d5041b2 [term 1 FOLLOWER]: Starting leader election with config: opid_index: -1 OBSOLETE_local: false peers { permanent_uuid: "293b1ef4d36a4579ade43eed44c3d4a9" member_type: VOTER last_known_addr { host: "127.16.77.68" port: 42929 } } peers { permanent_uuid: "affa52095f2341019214cc81b40ced6f" member_type: VOTER last_known_addr { host: "127.16.77.67" port: 42697 } } peers { permanent_uuid: "b9258b1545f7451cb9b68c7e8d5041b2" member_type: VOTER last_known_addr { host: "127.16.77.65" port: 33475 } }
I20260608 12:56:35.241955 20016 raft_consensus.cc:359] T 9a2abfe1ecb54f4fbf48c2a0b1b6bf4a P 293b1ef4d36a4579ade43eed44c3d4a9 [term 0 FOLLOWER]: Replica starting. Triggering 0 pending ops. Active config: opid_index: -1 OBSOLETE_local: false peers { permanent_uuid: "b9258b1545f7451cb9b68c7e8d5041b2" member_type: VOTER last_known_addr { host: "127.16.77.65" port: 33475 } } peers { permanent_uuid: "293b1ef4d36a4579ade43eed44c3d4a9" member_type: VOTER last_known_addr { host: "127.16.77.68" port: 42929 } } peers { permanent_uuid: "81b279ec4b3944dd97adb13edbd6bb55" member_type: VOTER last_known_addr { host: "127.16.77.66" port: 38767 } }
I20260608 12:56:35.243136 20016 raft_consensus.cc:385] T 9a2abfe1ecb54f4fbf48c2a0b1b6bf4a P 293b1ef4d36a4579ade43eed44c3d4a9 [term 0 FOLLOWER]: Consensus starting up: Expiring failure detector timer to make a prompt election more likely
I20260608 12:56:35.243431 20016 raft_consensus.cc:740] T 9a2abfe1ecb54f4fbf48c2a0b1b6bf4a P 293b1ef4d36a4579ade43eed44c3d4a9 [term 0 FOLLOWER]: Becoming Follower/Learner. State: Replica: 293b1ef4d36a4579ade43eed44c3d4a9, State: Initialized, Role: FOLLOWER
I20260608 12:56:35.243854 19966 tablet_service.cc:1917] Received RequestConsensusVote() RPC: tablet_id: "1ba4000fa43b4b769c2573d102866f78" candidate_uuid: "b9258b1545f7451cb9b68c7e8d5041b2" candidate_term: 1 candidate_status { last_received { term: 0 index: 0 } } ignore_live_leader: false dest_uuid: "293b1ef4d36a4579ade43eed44c3d4a9"
I20260608 12:56:35.244477 19966 raft_consensus.cc:3060] T 1ba4000fa43b4b769c2573d102866f78 P 293b1ef4d36a4579ade43eed44c3d4a9 [term 0 FOLLOWER]: Advancing to term 1
I20260608 12:56:35.244163 20016 consensus_queue.cc:260] T 9a2abfe1ecb54f4fbf48c2a0b1b6bf4a P 293b1ef4d36a4579ade43eed44c3d4a9 [NON_LEADER]: Queue going to NON_LEADER mode. State: All replicated index: 0, Majority replicated index: 0, Committed index: 0, Last appended: 0.0, Last appended by leader: 0, Current term: 0, Majority size: -1, State: 0, Mode: NON_LEADER, active raft config: opid_index: -1 OBSOLETE_local: false peers { permanent_uuid: "b9258b1545f7451cb9b68c7e8d5041b2" member_type: VOTER last_known_addr { host: "127.16.77.65" port: 33475 } } peers { permanent_uuid: "293b1ef4d36a4579ade43eed44c3d4a9" member_type: VOTER last_known_addr { host: "127.16.77.68" port: 42929 } } peers { permanent_uuid: "81b279ec4b3944dd97adb13edbd6bb55" member_type: VOTER last_known_addr { host: "127.16.77.66" port: 38767 } }
I20260608 12:56:35.244702 19813 tablet_service.cc:1917] Received RequestConsensusVote() RPC: tablet_id: "1ba4000fa43b4b769c2573d102866f78" candidate_uuid: "b9258b1545f7451cb9b68c7e8d5041b2" candidate_term: 1 candidate_status { last_received { term: 0 index: 0 } } ignore_live_leader: false dest_uuid: "affa52095f2341019214cc81b40ced6f"
I20260608 12:56:35.245330 19813 raft_consensus.cc:3060] T 1ba4000fa43b4b769c2573d102866f78 P affa52095f2341019214cc81b40ced6f [term 0 FOLLOWER]: Advancing to term 1
I20260608 12:56:35.246438 20016 ts_tablet_manager.cc:1434] T 9a2abfe1ecb54f4fbf48c2a0b1b6bf4a P 293b1ef4d36a4579ade43eed44c3d4a9: Time spent starting tablet: real 0.007s	user 0.007s	sys 0.000s
I20260608 12:56:35.244032 19900 leader_election.cc:290] T 1ba4000fa43b4b769c2573d102866f78 P b9258b1545f7451cb9b68c7e8d5041b2 [CANDIDATE]: Term 1 election: Requested vote from peers 293b1ef4d36a4579ade43eed44c3d4a9 (127.16.77.68:42929), affa52095f2341019214cc81b40ced6f (127.16.77.67:42697)
I20260608 12:56:35.248838 20022 raft_consensus.cc:493] T c22cde4ea81c4b5a88615bf1d067112d P 293b1ef4d36a4579ade43eed44c3d4a9 [term 0 FOLLOWER]: Starting pre-election (no leader contacted us within the election timeout)
I20260608 12:56:35.249364 20022 raft_consensus.cc:515] T c22cde4ea81c4b5a88615bf1d067112d P 293b1ef4d36a4579ade43eed44c3d4a9 [term 0 FOLLOWER]: Starting pre-election with config: opid_index: -1 OBSOLETE_local: false peers { permanent_uuid: "b9258b1545f7451cb9b68c7e8d5041b2" member_type: VOTER last_known_addr { host: "127.16.77.65" port: 33475 } } peers { permanent_uuid: "293b1ef4d36a4579ade43eed44c3d4a9" member_type: VOTER last_known_addr { host: "127.16.77.68" port: 42929 } } peers { permanent_uuid: "affa52095f2341019214cc81b40ced6f" member_type: VOTER last_known_addr { host: "127.16.77.67" port: 42697 } }
I20260608 12:56:35.251133 19966 raft_consensus.cc:2468] T 1ba4000fa43b4b769c2573d102866f78 P 293b1ef4d36a4579ade43eed44c3d4a9 [term 1 FOLLOWER]: Leader election vote request: Granting yes vote for candidate b9258b1545f7451cb9b68c7e8d5041b2 in term 1.
I20260608 12:56:35.251734 19813 raft_consensus.cc:2468] T 1ba4000fa43b4b769c2573d102866f78 P affa52095f2341019214cc81b40ced6f [term 1 FOLLOWER]: Leader election vote request: Granting yes vote for candidate b9258b1545f7451cb9b68c7e8d5041b2 in term 1.
I20260608 12:56:35.252187 20022 leader_election.cc:290] T c22cde4ea81c4b5a88615bf1d067112d P 293b1ef4d36a4579ade43eed44c3d4a9 [CANDIDATE]: Term 1 pre-election: Requested pre-vote from peers b9258b1545f7451cb9b68c7e8d5041b2 (127.16.77.65:33475), affa52095f2341019214cc81b40ced6f (127.16.77.67:42697)
I20260608 12:56:35.269112 20022 raft_consensus.cc:493] T 9a2abfe1ecb54f4fbf48c2a0b1b6bf4a P 293b1ef4d36a4579ade43eed44c3d4a9 [term 0 FOLLOWER]: Starting pre-election (no leader contacted us within the election timeout)
I20260608 12:56:35.270054 19628 leader_election.cc:304] T 1ba4000fa43b4b769c2573d102866f78 P b9258b1545f7451cb9b68c7e8d5041b2 [CANDIDATE]: Term 1 election: Election decided. Result: candidate won. Election summary: received 2 responses out of 3 voters: 2 yes votes; 0 no votes. yes voters: 293b1ef4d36a4579ade43eed44c3d4a9, b9258b1545f7451cb9b68c7e8d5041b2; no voters: 
I20260608 12:56:35.269954 20022 raft_consensus.cc:515] T 9a2abfe1ecb54f4fbf48c2a0b1b6bf4a P 293b1ef4d36a4579ade43eed44c3d4a9 [term 0 FOLLOWER]: Starting pre-election with config: opid_index: -1 OBSOLETE_local: false peers { permanent_uuid: "b9258b1545f7451cb9b68c7e8d5041b2" member_type: VOTER last_known_addr { host: "127.16.77.65" port: 33475 } } peers { permanent_uuid: "293b1ef4d36a4579ade43eed44c3d4a9" member_type: VOTER last_known_addr { host: "127.16.77.68" port: 42929 } } peers { permanent_uuid: "81b279ec4b3944dd97adb13edbd6bb55" member_type: VOTER last_known_addr { host: "127.16.77.66" port: 38767 } }
I20260608 12:56:35.272801 20022 leader_election.cc:290] T 9a2abfe1ecb54f4fbf48c2a0b1b6bf4a P 293b1ef4d36a4579ade43eed44c3d4a9 [CANDIDATE]: Term 1 pre-election: Requested pre-vote from peers b9258b1545f7451cb9b68c7e8d5041b2 (127.16.77.65:33475), 81b279ec4b3944dd97adb13edbd6bb55 (127.16.77.66:38767)
I20260608 12:56:35.273806 20022 raft_consensus.cc:493] T 94f7504773664eeaadac8844474a33e6 P 293b1ef4d36a4579ade43eed44c3d4a9 [term 0 FOLLOWER]: Starting pre-election (no leader contacted us within the election timeout)
I20260608 12:56:35.274296 20022 raft_consensus.cc:515] T 94f7504773664eeaadac8844474a33e6 P 293b1ef4d36a4579ade43eed44c3d4a9 [term 0 FOLLOWER]: Starting pre-election with config: opid_index: -1 OBSOLETE_local: false peers { permanent_uuid: "81b279ec4b3944dd97adb13edbd6bb55" member_type: VOTER last_known_addr { host: "127.16.77.66" port: 38767 } } peers { permanent_uuid: "293b1ef4d36a4579ade43eed44c3d4a9" member_type: VOTER last_known_addr { host: "127.16.77.68" port: 42929 } } peers { permanent_uuid: "affa52095f2341019214cc81b40ced6f" member_type: VOTER last_known_addr { host: "127.16.77.67" port: 42697 } }
I20260608 12:56:35.277236 20022 leader_election.cc:290] T 94f7504773664eeaadac8844474a33e6 P 293b1ef4d36a4579ade43eed44c3d4a9 [CANDIDATE]: Term 1 pre-election: Requested pre-vote from peers 81b279ec4b3944dd97adb13edbd6bb55 (127.16.77.66:38767), affa52095f2341019214cc81b40ced6f (127.16.77.67:42697)
I20260608 12:56:35.278434 19900 raft_consensus.cc:2804] T 1ba4000fa43b4b769c2573d102866f78 P b9258b1545f7451cb9b68c7e8d5041b2 [term 1 FOLLOWER]: Leader election won for term 1
I20260608 12:56:35.279723 19900 raft_consensus.cc:697] T 1ba4000fa43b4b769c2573d102866f78 P b9258b1545f7451cb9b68c7e8d5041b2 [term 1 LEADER]: Becoming Leader. State: Replica: b9258b1545f7451cb9b68c7e8d5041b2, State: Running, Role: LEADER
I20260608 12:56:35.280613 19900 consensus_queue.cc:237] T 1ba4000fa43b4b769c2573d102866f78 P b9258b1545f7451cb9b68c7e8d5041b2 [LEADER]: Queue going to LEADER mode. State: All replicated index: 0, Majority replicated index: 0, Committed index: 0, Last appended: 0.0, Last appended by leader: 0, Current term: 1, Majority size: 2, State: 0, Mode: LEADER, active raft config: opid_index: -1 OBSOLETE_local: false peers { permanent_uuid: "293b1ef4d36a4579ade43eed44c3d4a9" member_type: VOTER last_known_addr { host: "127.16.77.68" port: 42929 } } peers { permanent_uuid: "affa52095f2341019214cc81b40ced6f" member_type: VOTER last_known_addr { host: "127.16.77.67" port: 42697 } } peers { permanent_uuid: "b9258b1545f7451cb9b68c7e8d5041b2" member_type: VOTER last_known_addr { host: "127.16.77.65" port: 33475 } }
I20260608 12:56:35.288731 19664 tablet_service.cc:1917] Received RequestConsensusVote() RPC: tablet_id: "c22cde4ea81c4b5a88615bf1d067112d" candidate_uuid: "293b1ef4d36a4579ade43eed44c3d4a9" candidate_term: 1 candidate_status { last_received { term: 0 index: 0 } } ignore_live_leader: false dest_uuid: "b9258b1545f7451cb9b68c7e8d5041b2" is_pre_election: true
I20260608 12:56:35.289451 19664 raft_consensus.cc:2468] T c22cde4ea81c4b5a88615bf1d067112d P b9258b1545f7451cb9b68c7e8d5041b2 [term 0 FOLLOWER]: Leader pre-election vote request: Granting yes vote for candidate 293b1ef4d36a4579ade43eed44c3d4a9 in term 0.
I20260608 12:56:35.290553 19665 tablet_service.cc:1917] Received RequestConsensusVote() RPC: tablet_id: "9a2abfe1ecb54f4fbf48c2a0b1b6bf4a" candidate_uuid: "293b1ef4d36a4579ade43eed44c3d4a9" candidate_term: 1 candidate_status { last_received { term: 0 index: 0 } } ignore_live_leader: false dest_uuid: "b9258b1545f7451cb9b68c7e8d5041b2" is_pre_election: true
I20260608 12:56:35.291628 19665 raft_consensus.cc:2393] T 9a2abfe1ecb54f4fbf48c2a0b1b6bf4a P b9258b1545f7451cb9b68c7e8d5041b2 [term 1 FOLLOWER]: Leader pre-election vote request: Denying vote to candidate 293b1ef4d36a4579ade43eed44c3d4a9 in current term 1: Already voted for candidate 81b279ec4b3944dd97adb13edbd6bb55 in this term.
I20260608 12:56:35.292732 19933 leader_election.cc:304] T c22cde4ea81c4b5a88615bf1d067112d P 293b1ef4d36a4579ade43eed44c3d4a9 [CANDIDATE]: Term 1 pre-election: Election decided. Result: candidate won. Election summary: received 2 responses out of 3 voters: 2 yes votes; 0 no votes. yes voters: 293b1ef4d36a4579ade43eed44c3d4a9, b9258b1545f7451cb9b68c7e8d5041b2; no voters: 
I20260608 12:56:35.293571 20022 raft_consensus.cc:2804] T c22cde4ea81c4b5a88615bf1d067112d P 293b1ef4d36a4579ade43eed44c3d4a9 [term 0 FOLLOWER]: Leader pre-election won for term 1
I20260608 12:56:35.293062 19560 catalog_manager.cc:5696] T 1ba4000fa43b4b769c2573d102866f78 P b9258b1545f7451cb9b68c7e8d5041b2 reported cstate change: term changed from 0 to 1, leader changed from <none> to b9258b1545f7451cb9b68c7e8d5041b2 (127.16.77.65). New cstate: current_term: 1 leader_uuid: "b9258b1545f7451cb9b68c7e8d5041b2" committed_config { opid_index: -1 OBSOLETE_local: false peers { permanent_uuid: "293b1ef4d36a4579ade43eed44c3d4a9" member_type: VOTER last_known_addr { host: "127.16.77.68" port: 42929 } health_report { overall_health: UNKNOWN } } peers { permanent_uuid: "affa52095f2341019214cc81b40ced6f" member_type: VOTER last_known_addr { host: "127.16.77.67" port: 42697 } health_report { overall_health: UNKNOWN } } peers { permanent_uuid: "b9258b1545f7451cb9b68c7e8d5041b2" member_type: VOTER last_known_addr { host: "127.16.77.65" port: 33475 } health_report { overall_health: HEALTHY } } }
I20260608 12:56:35.293953 20022 raft_consensus.cc:493] T c22cde4ea81c4b5a88615bf1d067112d P 293b1ef4d36a4579ade43eed44c3d4a9 [term 0 FOLLOWER]: Starting leader election (no leader contacted us within the election timeout)
I20260608 12:56:35.294396 20022 raft_consensus.cc:3060] T c22cde4ea81c4b5a88615bf1d067112d P 293b1ef4d36a4579ade43eed44c3d4a9 [term 0 FOLLOWER]: Advancing to term 1
I20260608 12:56:35.301990 20022 raft_consensus.cc:515] T c22cde4ea81c4b5a88615bf1d067112d P 293b1ef4d36a4579ade43eed44c3d4a9 [term 1 FOLLOWER]: Starting leader election with config: opid_index: -1 OBSOLETE_local: false peers { permanent_uuid: "b9258b1545f7451cb9b68c7e8d5041b2" member_type: VOTER last_known_addr { host: "127.16.77.65" port: 33475 } } peers { permanent_uuid: "293b1ef4d36a4579ade43eed44c3d4a9" member_type: VOTER last_known_addr { host: "127.16.77.68" port: 42929 } } peers { permanent_uuid: "affa52095f2341019214cc81b40ced6f" member_type: VOTER last_known_addr { host: "127.16.77.67" port: 42697 } }
I20260608 12:56:35.304307 19813 tablet_service.cc:1917] Received RequestConsensusVote() RPC: tablet_id: "c22cde4ea81c4b5a88615bf1d067112d" candidate_uuid: "293b1ef4d36a4579ade43eed44c3d4a9" candidate_term: 1 candidate_status { last_received { term: 0 index: 0 } } ignore_live_leader: false dest_uuid: "affa52095f2341019214cc81b40ced6f" is_pre_election: true
I20260608 12:56:35.305003 19813 raft_consensus.cc:2468] T c22cde4ea81c4b5a88615bf1d067112d P affa52095f2341019214cc81b40ced6f [term 0 FOLLOWER]: Leader pre-election vote request: Granting yes vote for candidate 293b1ef4d36a4579ade43eed44c3d4a9 in term 0.
I20260608 12:56:35.305034 19665 tablet_service.cc:1917] Received RequestConsensusVote() RPC: tablet_id: "c22cde4ea81c4b5a88615bf1d067112d" candidate_uuid: "293b1ef4d36a4579ade43eed44c3d4a9" candidate_term: 1 candidate_status { last_received { term: 0 index: 0 } } ignore_live_leader: false dest_uuid: "b9258b1545f7451cb9b68c7e8d5041b2"
I20260608 12:56:35.305825 19665 raft_consensus.cc:3060] T c22cde4ea81c4b5a88615bf1d067112d P b9258b1545f7451cb9b68c7e8d5041b2 [term 0 FOLLOWER]: Advancing to term 1
I20260608 12:56:35.306617 19740 tablet_service.cc:1917] Received RequestConsensusVote() RPC: tablet_id: "9a2abfe1ecb54f4fbf48c2a0b1b6bf4a" candidate_uuid: "293b1ef4d36a4579ade43eed44c3d4a9" candidate_term: 1 candidate_status { last_received { term: 0 index: 0 } } ignore_live_leader: false dest_uuid: "81b279ec4b3944dd97adb13edbd6bb55" is_pre_election: true
I20260608 12:56:35.306814 19739 tablet_service.cc:1917] Received RequestConsensusVote() RPC: tablet_id: "94f7504773664eeaadac8844474a33e6" candidate_uuid: "293b1ef4d36a4579ade43eed44c3d4a9" candidate_term: 1 candidate_status { last_received { term: 0 index: 0 } } ignore_live_leader: false dest_uuid: "81b279ec4b3944dd97adb13edbd6bb55" is_pre_election: true
I20260608 12:56:35.307699 19739 raft_consensus.cc:2393] T 94f7504773664eeaadac8844474a33e6 P 81b279ec4b3944dd97adb13edbd6bb55 [term 1 FOLLOWER]: Leader pre-election vote request: Denying vote to candidate 293b1ef4d36a4579ade43eed44c3d4a9 in current term 1: Already voted for candidate affa52095f2341019214cc81b40ced6f in this term.
I20260608 12:56:35.306627 19814 tablet_service.cc:1917] Received RequestConsensusVote() RPC: tablet_id: "94f7504773664eeaadac8844474a33e6" candidate_uuid: "293b1ef4d36a4579ade43eed44c3d4a9" candidate_term: 1 candidate_status { last_received { term: 0 index: 0 } } ignore_live_leader: false dest_uuid: "affa52095f2341019214cc81b40ced6f" is_pre_election: true
I20260608 12:56:35.309748 19932 leader_election.cc:304] T 9a2abfe1ecb54f4fbf48c2a0b1b6bf4a P 293b1ef4d36a4579ade43eed44c3d4a9 [CANDIDATE]: Term 1 pre-election: Election decided. Result: candidate lost. Election summary: received 3 responses out of 3 voters: 1 yes votes; 2 no votes. yes voters: 293b1ef4d36a4579ade43eed44c3d4a9; no voters: 81b279ec4b3944dd97adb13edbd6bb55, b9258b1545f7451cb9b68c7e8d5041b2
I20260608 12:56:35.311432 20022 leader_election.cc:290] T c22cde4ea81c4b5a88615bf1d067112d P 293b1ef4d36a4579ade43eed44c3d4a9 [CANDIDATE]: Term 1 election: Requested vote from peers b9258b1545f7451cb9b68c7e8d5041b2 (127.16.77.65:33475), affa52095f2341019214cc81b40ced6f (127.16.77.67:42697)
I20260608 12:56:35.312480 19665 raft_consensus.cc:2468] T c22cde4ea81c4b5a88615bf1d067112d P b9258b1545f7451cb9b68c7e8d5041b2 [term 1 FOLLOWER]: Leader election vote request: Granting yes vote for candidate 293b1ef4d36a4579ade43eed44c3d4a9 in term 1.
I20260608 12:56:35.313550 19933 leader_election.cc:304] T c22cde4ea81c4b5a88615bf1d067112d P 293b1ef4d36a4579ade43eed44c3d4a9 [CANDIDATE]: Term 1 election: Election decided. Result: candidate won. Election summary: received 2 responses out of 3 voters: 2 yes votes; 0 no votes. yes voters: 293b1ef4d36a4579ade43eed44c3d4a9, b9258b1545f7451cb9b68c7e8d5041b2; no voters: 
I20260608 12:56:35.314512 20059 raft_consensus.cc:2804] T c22cde4ea81c4b5a88615bf1d067112d P 293b1ef4d36a4579ade43eed44c3d4a9 [term 1 FOLLOWER]: Leader election won for term 1
I20260608 12:56:35.314653 19814 tablet_service.cc:1917] Received RequestConsensusVote() RPC: tablet_id: "c22cde4ea81c4b5a88615bf1d067112d" candidate_uuid: "293b1ef4d36a4579ade43eed44c3d4a9" candidate_term: 1 candidate_status { last_received { term: 0 index: 0 } } ignore_live_leader: false dest_uuid: "affa52095f2341019214cc81b40ced6f"
I20260608 12:56:35.315352 19814 raft_consensus.cc:3060] T c22cde4ea81c4b5a88615bf1d067112d P affa52095f2341019214cc81b40ced6f [term 0 FOLLOWER]: Advancing to term 1
I20260608 12:56:35.315910 20059 raft_consensus.cc:697] T c22cde4ea81c4b5a88615bf1d067112d P 293b1ef4d36a4579ade43eed44c3d4a9 [term 1 LEADER]: Becoming Leader. State: Replica: 293b1ef4d36a4579ade43eed44c3d4a9, State: Running, Role: LEADER
I20260608 12:56:35.316778 20059 consensus_queue.cc:237] T c22cde4ea81c4b5a88615bf1d067112d P 293b1ef4d36a4579ade43eed44c3d4a9 [LEADER]: Queue going to LEADER mode. State: All replicated index: 0, Majority replicated index: 0, Committed index: 0, Last appended: 0.0, Last appended by leader: 0, Current term: 1, Majority size: 2, State: 0, Mode: LEADER, active raft config: opid_index: -1 OBSOLETE_local: false peers { permanent_uuid: "b9258b1545f7451cb9b68c7e8d5041b2" member_type: VOTER last_known_addr { host: "127.16.77.65" port: 33475 } } peers { permanent_uuid: "293b1ef4d36a4579ade43eed44c3d4a9" member_type: VOTER last_known_addr { host: "127.16.77.68" port: 42929 } } peers { permanent_uuid: "affa52095f2341019214cc81b40ced6f" member_type: VOTER last_known_addr { host: "127.16.77.67" port: 42697 } }
I20260608 12:56:35.320452 19932 leader_election.cc:304] T 94f7504773664eeaadac8844474a33e6 P 293b1ef4d36a4579ade43eed44c3d4a9 [CANDIDATE]: Term 1 pre-election: Election decided. Result: candidate lost. Election summary: received 3 responses out of 3 voters: 1 yes votes; 2 no votes. yes voters: 293b1ef4d36a4579ade43eed44c3d4a9; no voters: 81b279ec4b3944dd97adb13edbd6bb55, affa52095f2341019214cc81b40ced6f
I20260608 12:56:35.321507 19814 raft_consensus.cc:2468] T c22cde4ea81c4b5a88615bf1d067112d P affa52095f2341019214cc81b40ced6f [term 1 FOLLOWER]: Leader election vote request: Granting yes vote for candidate 293b1ef4d36a4579ade43eed44c3d4a9 in term 1.
I20260608 12:56:35.321856 20060 raft_consensus.cc:3060] T 94f7504773664eeaadac8844474a33e6 P 293b1ef4d36a4579ade43eed44c3d4a9 [term 0 FOLLOWER]: Advancing to term 1
I20260608 12:56:35.312996 20022 raft_consensus.cc:3060] T 9a2abfe1ecb54f4fbf48c2a0b1b6bf4a P 293b1ef4d36a4579ade43eed44c3d4a9 [term 0 FOLLOWER]: Advancing to term 1
I20260608 12:56:35.325528 19560 catalog_manager.cc:5696] T c22cde4ea81c4b5a88615bf1d067112d P 293b1ef4d36a4579ade43eed44c3d4a9 reported cstate change: term changed from 0 to 1, leader changed from <none> to 293b1ef4d36a4579ade43eed44c3d4a9 (127.16.77.68). New cstate: current_term: 1 leader_uuid: "293b1ef4d36a4579ade43eed44c3d4a9" committed_config { opid_index: -1 OBSOLETE_local: false peers { permanent_uuid: "b9258b1545f7451cb9b68c7e8d5041b2" member_type: VOTER last_known_addr { host: "127.16.77.65" port: 33475 } health_report { overall_health: UNKNOWN } } peers { permanent_uuid: "293b1ef4d36a4579ade43eed44c3d4a9" member_type: VOTER last_known_addr { host: "127.16.77.68" port: 42929 } health_report { overall_health: HEALTHY } } peers { permanent_uuid: "affa52095f2341019214cc81b40ced6f" member_type: VOTER last_known_addr { host: "127.16.77.67" port: 42697 } health_report { overall_health: UNKNOWN } } }
I20260608 12:56:35.328861 20060 raft_consensus.cc:2749] T 94f7504773664eeaadac8844474a33e6 P 293b1ef4d36a4579ade43eed44c3d4a9 [term 1 FOLLOWER]: Leader pre-election lost for term 1. Reason: could not achieve majority
I20260608 12:56:35.329504 20022 raft_consensus.cc:2749] T 9a2abfe1ecb54f4fbf48c2a0b1b6bf4a P 293b1ef4d36a4579ade43eed44c3d4a9 [term 1 FOLLOWER]: Leader pre-election lost for term 1. Reason: could not achieve majority
I20260608 12:56:35.401921 19900 consensus_queue.cc:1048] T 3b03e3e1c215467a8704d71d1638204d P b9258b1545f7451cb9b68c7e8d5041b2 [LEADER]: Connected to new peer: Peer: permanent_uuid: "293b1ef4d36a4579ade43eed44c3d4a9" member_type: VOTER last_known_addr { host: "127.16.77.68" port: 42929 }, Status: LMP_MISMATCH, Last received: 0.0, Next index: 1, Last known committed idx: 0, Time since last communication: 0.000s
W20260608 12:56:35.413731 19547 catalog_manager.cc:4809] Async tablet task AlterTable RPC for tablet 3c6720abcdb7450bb546602625f4f3b7 (table range_aware_rebalance_new_range [id=dc5c08f8b63e4caea59d2e66213497ad], current schema version=0) failed: Not found: failed to reset TS proxy: No leader found: Tablet 3c6720abcdb7450bb546602625f4f3b7 consensus state has no leader
I20260608 12:56:35.414019 19999 consensus_queue.cc:1048] T 3b03e3e1c215467a8704d71d1638204d P b9258b1545f7451cb9b68c7e8d5041b2 [LEADER]: Connected to new peer: Peer: permanent_uuid: "81b279ec4b3944dd97adb13edbd6bb55" member_type: VOTER last_known_addr { host: "127.16.77.66" port: 38767 }, Status: LMP_MISMATCH, Last received: 0.0, Next index: 1, Last known committed idx: 0, Time since last communication: 0.000s
I20260608 12:56:35.425853 20013 consensus_queue.cc:1048] T f37aec4623964e7e9aa86f25efc4a0db P affa52095f2341019214cc81b40ced6f [LEADER]: Connected to new peer: Peer: permanent_uuid: "b9258b1545f7451cb9b68c7e8d5041b2" member_type: VOTER last_known_addr { host: "127.16.77.65" port: 33475 }, Status: LMP_MISMATCH, Last received: 0.0, Next index: 1, Last known committed idx: 0, Time since last communication: 0.000s
I20260608 12:56:35.440259 19883 consensus_queue.cc:1048] T f37aec4623964e7e9aa86f25efc4a0db P affa52095f2341019214cc81b40ced6f [LEADER]: Connected to new peer: Peer: permanent_uuid: "293b1ef4d36a4579ade43eed44c3d4a9" member_type: VOTER last_known_addr { host: "127.16.77.68" port: 42929 }, Status: LMP_MISMATCH, Last received: 0.0, Next index: 1, Last known committed idx: 0, Time since last communication: 0.000s
I20260608 12:56:35.537563 19999 raft_consensus.cc:493] T 3c6720abcdb7450bb546602625f4f3b7 P b9258b1545f7451cb9b68c7e8d5041b2 [term 0 FOLLOWER]: Starting pre-election (no leader contacted us within the election timeout)
I20260608 12:56:35.538045 19999 raft_consensus.cc:515] T 3c6720abcdb7450bb546602625f4f3b7 P b9258b1545f7451cb9b68c7e8d5041b2 [term 0 FOLLOWER]: Starting pre-election with config: opid_index: -1 OBSOLETE_local: false peers { permanent_uuid: "293b1ef4d36a4579ade43eed44c3d4a9" member_type: VOTER last_known_addr { host: "127.16.77.68" port: 42929 } } peers { permanent_uuid: "b9258b1545f7451cb9b68c7e8d5041b2" member_type: VOTER last_known_addr { host: "127.16.77.65" port: 33475 } } peers { permanent_uuid: "81b279ec4b3944dd97adb13edbd6bb55" member_type: VOTER last_known_addr { host: "127.16.77.66" port: 38767 } }
I20260608 12:56:35.540167 19999 leader_election.cc:290] T 3c6720abcdb7450bb546602625f4f3b7 P b9258b1545f7451cb9b68c7e8d5041b2 [CANDIDATE]: Term 1 pre-election: Requested pre-vote from peers 293b1ef4d36a4579ade43eed44c3d4a9 (127.16.77.68:42929), 81b279ec4b3944dd97adb13edbd6bb55 (127.16.77.66:38767)
I20260608 12:56:35.540858 19966 tablet_service.cc:1917] Received RequestConsensusVote() RPC: tablet_id: "3c6720abcdb7450bb546602625f4f3b7" candidate_uuid: "b9258b1545f7451cb9b68c7e8d5041b2" candidate_term: 1 candidate_status { last_received { term: 0 index: 0 } } ignore_live_leader: false dest_uuid: "293b1ef4d36a4579ade43eed44c3d4a9" is_pre_election: true
I20260608 12:56:35.541271 19739 tablet_service.cc:1917] Received RequestConsensusVote() RPC: tablet_id: "3c6720abcdb7450bb546602625f4f3b7" candidate_uuid: "b9258b1545f7451cb9b68c7e8d5041b2" candidate_term: 1 candidate_status { last_received { term: 0 index: 0 } } ignore_live_leader: false dest_uuid: "81b279ec4b3944dd97adb13edbd6bb55" is_pre_election: true
I20260608 12:56:35.541567 19966 raft_consensus.cc:2468] T 3c6720abcdb7450bb546602625f4f3b7 P 293b1ef4d36a4579ade43eed44c3d4a9 [term 0 FOLLOWER]: Leader pre-election vote request: Granting yes vote for candidate b9258b1545f7451cb9b68c7e8d5041b2 in term 0.
I20260608 12:56:35.541935 19739 raft_consensus.cc:2468] T 3c6720abcdb7450bb546602625f4f3b7 P 81b279ec4b3944dd97adb13edbd6bb55 [term 0 FOLLOWER]: Leader pre-election vote request: Granting yes vote for candidate b9258b1545f7451cb9b68c7e8d5041b2 in term 0.
I20260608 12:56:35.542742 19628 leader_election.cc:304] T 3c6720abcdb7450bb546602625f4f3b7 P b9258b1545f7451cb9b68c7e8d5041b2 [CANDIDATE]: Term 1 pre-election: Election decided. Result: candidate won. Election summary: received 2 responses out of 3 voters: 2 yes votes; 0 no votes. yes voters: 293b1ef4d36a4579ade43eed44c3d4a9, b9258b1545f7451cb9b68c7e8d5041b2; no voters: 
I20260608 12:56:35.543422 19999 raft_consensus.cc:2804] T 3c6720abcdb7450bb546602625f4f3b7 P b9258b1545f7451cb9b68c7e8d5041b2 [term 0 FOLLOWER]: Leader pre-election won for term 1
I20260608 12:56:35.543771 19999 raft_consensus.cc:493] T 3c6720abcdb7450bb546602625f4f3b7 P b9258b1545f7451cb9b68c7e8d5041b2 [term 0 FOLLOWER]: Starting leader election (no leader contacted us within the election timeout)
I20260608 12:56:35.543994 19999 raft_consensus.cc:3060] T 3c6720abcdb7450bb546602625f4f3b7 P b9258b1545f7451cb9b68c7e8d5041b2 [term 0 FOLLOWER]: Advancing to term 1
I20260608 12:56:35.549850 19999 raft_consensus.cc:515] T 3c6720abcdb7450bb546602625f4f3b7 P b9258b1545f7451cb9b68c7e8d5041b2 [term 1 FOLLOWER]: Starting leader election with config: opid_index: -1 OBSOLETE_local: false peers { permanent_uuid: "293b1ef4d36a4579ade43eed44c3d4a9" member_type: VOTER last_known_addr { host: "127.16.77.68" port: 42929 } } peers { permanent_uuid: "b9258b1545f7451cb9b68c7e8d5041b2" member_type: VOTER last_known_addr { host: "127.16.77.65" port: 33475 } } peers { permanent_uuid: "81b279ec4b3944dd97adb13edbd6bb55" member_type: VOTER last_known_addr { host: "127.16.77.66" port: 38767 } }
I20260608 12:56:35.551963 19999 leader_election.cc:290] T 3c6720abcdb7450bb546602625f4f3b7 P b9258b1545f7451cb9b68c7e8d5041b2 [CANDIDATE]: Term 1 election: Requested vote from peers 293b1ef4d36a4579ade43eed44c3d4a9 (127.16.77.68:42929), 81b279ec4b3944dd97adb13edbd6bb55 (127.16.77.66:38767)
I20260608 12:56:35.552769 19966 tablet_service.cc:1917] Received RequestConsensusVote() RPC: tablet_id: "3c6720abcdb7450bb546602625f4f3b7" candidate_uuid: "b9258b1545f7451cb9b68c7e8d5041b2" candidate_term: 1 candidate_status { last_received { term: 0 index: 0 } } ignore_live_leader: false dest_uuid: "293b1ef4d36a4579ade43eed44c3d4a9"
I20260608 12:56:35.553011 19739 tablet_service.cc:1917] Received RequestConsensusVote() RPC: tablet_id: "3c6720abcdb7450bb546602625f4f3b7" candidate_uuid: "b9258b1545f7451cb9b68c7e8d5041b2" candidate_term: 1 candidate_status { last_received { term: 0 index: 0 } } ignore_live_leader: false dest_uuid: "81b279ec4b3944dd97adb13edbd6bb55"
I20260608 12:56:35.553285 19966 raft_consensus.cc:3060] T 3c6720abcdb7450bb546602625f4f3b7 P 293b1ef4d36a4579ade43eed44c3d4a9 [term 0 FOLLOWER]: Advancing to term 1
I20260608 12:56:35.553565 19739 raft_consensus.cc:3060] T 3c6720abcdb7450bb546602625f4f3b7 P 81b279ec4b3944dd97adb13edbd6bb55 [term 0 FOLLOWER]: Advancing to term 1
I20260608 12:56:35.558121 19739 raft_consensus.cc:2468] T 3c6720abcdb7450bb546602625f4f3b7 P 81b279ec4b3944dd97adb13edbd6bb55 [term 1 FOLLOWER]: Leader election vote request: Granting yes vote for candidate b9258b1545f7451cb9b68c7e8d5041b2 in term 1.
I20260608 12:56:35.558145 19966 raft_consensus.cc:2468] T 3c6720abcdb7450bb546602625f4f3b7 P 293b1ef4d36a4579ade43eed44c3d4a9 [term 1 FOLLOWER]: Leader election vote request: Granting yes vote for candidate b9258b1545f7451cb9b68c7e8d5041b2 in term 1.
I20260608 12:56:35.559294 19630 leader_election.cc:304] T 3c6720abcdb7450bb546602625f4f3b7 P b9258b1545f7451cb9b68c7e8d5041b2 [CANDIDATE]: Term 1 election: Election decided. Result: candidate won. Election summary: received 2 responses out of 3 voters: 2 yes votes; 0 no votes. yes voters: 81b279ec4b3944dd97adb13edbd6bb55, b9258b1545f7451cb9b68c7e8d5041b2; no voters: 
I20260608 12:56:35.560005 19999 raft_consensus.cc:2804] T 3c6720abcdb7450bb546602625f4f3b7 P b9258b1545f7451cb9b68c7e8d5041b2 [term 1 FOLLOWER]: Leader election won for term 1
I20260608 12:56:35.560581 19999 raft_consensus.cc:697] T 3c6720abcdb7450bb546602625f4f3b7 P b9258b1545f7451cb9b68c7e8d5041b2 [term 1 LEADER]: Becoming Leader. State: Replica: b9258b1545f7451cb9b68c7e8d5041b2, State: Running, Role: LEADER
I20260608 12:56:35.560591 20022 raft_consensus.cc:493] T 5b7c4de36c474dc68fe802eafb2273e0 P 293b1ef4d36a4579ade43eed44c3d4a9 [term 0 FOLLOWER]: Starting pre-election (no leader contacted us within the election timeout)
I20260608 12:56:35.561262 20022 raft_consensus.cc:515] T 5b7c4de36c474dc68fe802eafb2273e0 P 293b1ef4d36a4579ade43eed44c3d4a9 [term 0 FOLLOWER]: Starting pre-election with config: opid_index: -1 OBSOLETE_local: false peers { permanent_uuid: "81b279ec4b3944dd97adb13edbd6bb55" member_type: VOTER last_known_addr { host: "127.16.77.66" port: 38767 } } peers { permanent_uuid: "293b1ef4d36a4579ade43eed44c3d4a9" member_type: VOTER last_known_addr { host: "127.16.77.68" port: 42929 } } peers { permanent_uuid: "affa52095f2341019214cc81b40ced6f" member_type: VOTER last_known_addr { host: "127.16.77.67" port: 42697 } }
I20260608 12:56:35.563293 20022 leader_election.cc:290] T 5b7c4de36c474dc68fe802eafb2273e0 P 293b1ef4d36a4579ade43eed44c3d4a9 [CANDIDATE]: Term 1 pre-election: Requested pre-vote from peers 81b279ec4b3944dd97adb13edbd6bb55 (127.16.77.66:38767), affa52095f2341019214cc81b40ced6f (127.16.77.67:42697)
I20260608 12:56:35.564006 19740 tablet_service.cc:1917] Received RequestConsensusVote() RPC: tablet_id: "5b7c4de36c474dc68fe802eafb2273e0" candidate_uuid: "293b1ef4d36a4579ade43eed44c3d4a9" candidate_term: 1 candidate_status { last_received { term: 0 index: 0 } } ignore_live_leader: false dest_uuid: "81b279ec4b3944dd97adb13edbd6bb55" is_pre_election: true
I20260608 12:56:35.564819 19814 tablet_service.cc:1917] Received RequestConsensusVote() RPC: tablet_id: "5b7c4de36c474dc68fe802eafb2273e0" candidate_uuid: "293b1ef4d36a4579ade43eed44c3d4a9" candidate_term: 1 candidate_status { last_received { term: 0 index: 0 } } ignore_live_leader: false dest_uuid: "affa52095f2341019214cc81b40ced6f" is_pre_election: true
I20260608 12:56:35.564684 19999 consensus_queue.cc:237] T 3c6720abcdb7450bb546602625f4f3b7 P b9258b1545f7451cb9b68c7e8d5041b2 [LEADER]: Queue going to LEADER mode. State: All replicated index: 0, Majority replicated index: 0, Committed index: 0, Last appended: 0.0, Last appended by leader: 0, Current term: 1, Majority size: 2, State: 0, Mode: LEADER, active raft config: opid_index: -1 OBSOLETE_local: false peers { permanent_uuid: "293b1ef4d36a4579ade43eed44c3d4a9" member_type: VOTER last_known_addr { host: "127.16.77.68" port: 42929 } } peers { permanent_uuid: "b9258b1545f7451cb9b68c7e8d5041b2" member_type: VOTER last_known_addr { host: "127.16.77.65" port: 33475 } } peers { permanent_uuid: "81b279ec4b3944dd97adb13edbd6bb55" member_type: VOTER last_known_addr { host: "127.16.77.66" port: 38767 } }
I20260608 12:56:35.565582 19814 raft_consensus.cc:2393] T 5b7c4de36c474dc68fe802eafb2273e0 P affa52095f2341019214cc81b40ced6f [term 1 FOLLOWER]: Leader pre-election vote request: Denying vote to candidate 293b1ef4d36a4579ade43eed44c3d4a9 in current term 1: Already voted for candidate 81b279ec4b3944dd97adb13edbd6bb55 in this term.
I20260608 12:56:35.566583 19930 leader_election.cc:304] T 5b7c4de36c474dc68fe802eafb2273e0 P 293b1ef4d36a4579ade43eed44c3d4a9 [CANDIDATE]: Term 1 pre-election: Election decided. Result: candidate lost. Election summary: received 3 responses out of 3 voters: 1 yes votes; 2 no votes. yes voters: 293b1ef4d36a4579ade43eed44c3d4a9; no voters: 81b279ec4b3944dd97adb13edbd6bb55, affa52095f2341019214cc81b40ced6f
I20260608 12:56:35.567298 20022 raft_consensus.cc:3060] T 5b7c4de36c474dc68fe802eafb2273e0 P 293b1ef4d36a4579ade43eed44c3d4a9 [term 0 FOLLOWER]: Advancing to term 1
I20260608 12:56:35.573077 20022 raft_consensus.cc:2749] T 5b7c4de36c474dc68fe802eafb2273e0 P 293b1ef4d36a4579ade43eed44c3d4a9 [term 1 FOLLOWER]: Leader pre-election lost for term 1. Reason: could not achieve majority
I20260608 12:56:35.575438 19560 catalog_manager.cc:5696] T 3c6720abcdb7450bb546602625f4f3b7 P b9258b1545f7451cb9b68c7e8d5041b2 reported cstate change: term changed from 0 to 1, leader changed from <none> to b9258b1545f7451cb9b68c7e8d5041b2 (127.16.77.65). New cstate: current_term: 1 leader_uuid: "b9258b1545f7451cb9b68c7e8d5041b2" committed_config { opid_index: -1 OBSOLETE_local: false peers { permanent_uuid: "293b1ef4d36a4579ade43eed44c3d4a9" member_type: VOTER last_known_addr { host: "127.16.77.68" port: 42929 } health_report { overall_health: UNKNOWN } } peers { permanent_uuid: "b9258b1545f7451cb9b68c7e8d5041b2" member_type: VOTER last_known_addr { host: "127.16.77.65" port: 33475 } health_report { overall_health: HEALTHY } } peers { permanent_uuid: "81b279ec4b3944dd97adb13edbd6bb55" member_type: VOTER last_known_addr { host: "127.16.77.66" port: 38767 } health_report { overall_health: UNKNOWN } } }
I20260608 12:56:35.576366 19883 consensus_queue.cc:1048] T 94f7504773664eeaadac8844474a33e6 P affa52095f2341019214cc81b40ced6f [LEADER]: Connected to new peer: Peer: permanent_uuid: "81b279ec4b3944dd97adb13edbd6bb55" member_type: VOTER last_known_addr { host: "127.16.77.66" port: 38767 }, Status: LMP_MISMATCH, Last received: 0.0, Next index: 1, Last known committed idx: 0, Time since last communication: 0.000s
I20260608 12:56:35.590183 20013 consensus_queue.cc:1048] T 94f7504773664eeaadac8844474a33e6 P affa52095f2341019214cc81b40ced6f [LEADER]: Connected to new peer: Peer: permanent_uuid: "293b1ef4d36a4579ade43eed44c3d4a9" member_type: VOTER last_known_addr { host: "127.16.77.68" port: 42929 }, Status: LMP_MISMATCH, Last received: 0.0, Next index: 1, Last known committed idx: 0, Time since last communication: 0.000s
I20260608 12:56:35.594672 19902 consensus_queue.cc:1048] T 9a2abfe1ecb54f4fbf48c2a0b1b6bf4a P 81b279ec4b3944dd97adb13edbd6bb55 [LEADER]: Connected to new peer: Peer: permanent_uuid: "b9258b1545f7451cb9b68c7e8d5041b2" member_type: VOTER last_known_addr { host: "127.16.77.65" port: 33475 }, Status: LMP_MISMATCH, Last received: 0.0, Next index: 1, Last known committed idx: 0, Time since last communication: 0.000s
I20260608 12:56:35.610741 19902 consensus_queue.cc:1048] T 9a2abfe1ecb54f4fbf48c2a0b1b6bf4a P 81b279ec4b3944dd97adb13edbd6bb55 [LEADER]: Connected to new peer: Peer: permanent_uuid: "293b1ef4d36a4579ade43eed44c3d4a9" member_type: VOTER last_known_addr { host: "127.16.77.68" port: 42929 }, Status: LMP_MISMATCH, Last received: 0.0, Next index: 1, Last known committed idx: 0, Time since last communication: 0.000s
I20260608 12:56:35.620420 19616 auto_leader_rebalancer.cc:140] leader rebalance for table range_aware_rebalance_new_range
I20260608 12:56:35.654860 19665 tablet_service.cc:2072] Received LeaderStepDown RPC: tablet_id: "06fd04e5a4584659a3666ebcbb03824b"
dest_uuid: "b9258b1545f7451cb9b68c7e8d5041b2"
mode: GRACEFUL
new_leader_uuid: "affa52095f2341019214cc81b40ced6f"
 from {username='slave'} at 127.0.0.1:41392
I20260608 12:56:35.655547 19665 raft_consensus.cc:606] T 06fd04e5a4584659a3666ebcbb03824b P b9258b1545f7451cb9b68c7e8d5041b2 [term 1 LEADER]: Received request to transfer leadership to TS affa52095f2341019214cc81b40ced6f
I20260608 12:56:35.668447 19814 tablet_service.cc:2072] Received LeaderStepDown RPC: tablet_id: "22d5a6af9ceb480295eb50f2e33a5233"
dest_uuid: "affa52095f2341019214cc81b40ced6f"
mode: GRACEFUL
new_leader_uuid: "81b279ec4b3944dd97adb13edbd6bb55"
 from {username='slave'} at 127.0.0.1:39282
I20260608 12:56:35.668932 19814 raft_consensus.cc:606] T 22d5a6af9ceb480295eb50f2e33a5233 P affa52095f2341019214cc81b40ced6f [term 1 LEADER]: Received request to transfer leadership to TS 81b279ec4b3944dd97adb13edbd6bb55
I20260608 12:56:35.671976 19665 tablet_service.cc:2072] Received LeaderStepDown RPC: tablet_id: "3c6720abcdb7450bb546602625f4f3b7"
dest_uuid: "b9258b1545f7451cb9b68c7e8d5041b2"
mode: GRACEFUL
new_leader_uuid: "293b1ef4d36a4579ade43eed44c3d4a9"
 from {username='slave'} at 127.0.0.1:41392
I20260608 12:56:35.672683 19665 raft_consensus.cc:606] T 3c6720abcdb7450bb546602625f4f3b7 P b9258b1545f7451cb9b68c7e8d5041b2 [term 1 LEADER]: Received request to transfer leadership to TS 293b1ef4d36a4579ade43eed44c3d4a9
I20260608 12:56:35.674460 19616 auto_leader_rebalancer.cc:388] table: range_aware_rebalance_new_range, leader rebalance finish, leader transfer count: 3
W20260608 12:56:35.674786 19611 auto_rebalancer.cc:591] Failed to schedule move for tablet 22d5a6af9ceb480295eb50f2e33a5233: Remote error: Service unavailable: leader transfer in progress
I20260608 12:56:35.675357 19616 auto_leader_rebalancer.cc:451] All tables' leader rebalancing finished this round
I20260608 12:56:35.686510 19665 consensus_queue.cc:237] T 3711efcf6ba7484db6080375904efb22 P b9258b1545f7451cb9b68c7e8d5041b2 [LEADER]: Queue going to LEADER mode. State: All replicated index: 0, Majority replicated index: 1, Committed index: 1, Last appended: 1.1, Last appended by leader: 0, Current term: 1, Majority size: 2, State: 0, Mode: LEADER, active raft config: opid_index: 2 OBSOLETE_local: false peers { permanent_uuid: "b9258b1545f7451cb9b68c7e8d5041b2" member_type: VOTER last_known_addr { host: "127.16.77.65" port: 33475 } } peers { permanent_uuid: "81b279ec4b3944dd97adb13edbd6bb55" member_type: VOTER last_known_addr { host: "127.16.77.66" port: 38767 } attrs { replace: true } } peers { permanent_uuid: "affa52095f2341019214cc81b40ced6f" member_type: VOTER last_known_addr { host: "127.16.77.67" port: 42697 } } peers { permanent_uuid: "293b1ef4d36a4579ade43eed44c3d4a9" member_type: NON_VOTER last_known_addr { host: "127.16.77.68" port: 42929 } attrs { promote: true } }
I20260608 12:56:35.693207 19814 raft_consensus.cc:1275] T 3711efcf6ba7484db6080375904efb22 P affa52095f2341019214cc81b40ced6f [term 1 FOLLOWER]: Refusing update from remote peer b9258b1545f7451cb9b68c7e8d5041b2: Log matching property violated. Preceding OpId in replica: term: 1 index: 1. Preceding OpId from leader: term: 1 index: 2. (index mismatch)
W20260608 12:56:35.693275 19628 consensus_peers.cc:597] T 3711efcf6ba7484db6080375904efb22 P b9258b1545f7451cb9b68c7e8d5041b2 -> Peer 293b1ef4d36a4579ade43eed44c3d4a9 (127.16.77.68:42929): Couldn't send request to peer 293b1ef4d36a4579ade43eed44c3d4a9. Error code: TABLET_NOT_FOUND (6). Status: Not found: Tablet not found: 3711efcf6ba7484db6080375904efb22. This is attempt 1: this message will repeat every 5th retry.
I20260608 12:56:35.693429 19739 raft_consensus.cc:1275] T 3711efcf6ba7484db6080375904efb22 P 81b279ec4b3944dd97adb13edbd6bb55 [term 1 FOLLOWER]: Refusing update from remote peer b9258b1545f7451cb9b68c7e8d5041b2: Log matching property violated. Preceding OpId in replica: term: 1 index: 1. Preceding OpId from leader: term: 1 index: 2. (index mismatch)
I20260608 12:56:35.694969 19999 consensus_queue.cc:1048] T 3711efcf6ba7484db6080375904efb22 P b9258b1545f7451cb9b68c7e8d5041b2 [LEADER]: Connected to new peer: Peer: permanent_uuid: "affa52095f2341019214cc81b40ced6f" member_type: VOTER last_known_addr { host: "127.16.77.67" port: 42697 }, Status: LMP_MISMATCH, Last received: 0.0, Next index: 2, Last known committed idx: 1, Time since last communication: 0.000s
I20260608 12:56:35.695744 19864 consensus_queue.cc:1048] T 3711efcf6ba7484db6080375904efb22 P b9258b1545f7451cb9b68c7e8d5041b2 [LEADER]: Connected to new peer: Peer: permanent_uuid: "81b279ec4b3944dd97adb13edbd6bb55" member_type: VOTER last_known_addr { host: "127.16.77.66" port: 38767 } attrs { replace: true }, Status: LMP_MISMATCH, Last received: 0.0, Next index: 2, Last known committed idx: 1, Time since last communication: 0.000s
I20260608 12:56:35.701216 20022 consensus_queue.cc:1048] T c22cde4ea81c4b5a88615bf1d067112d P 293b1ef4d36a4579ade43eed44c3d4a9 [LEADER]: Connected to new peer: Peer: permanent_uuid: "b9258b1545f7451cb9b68c7e8d5041b2" member_type: VOTER last_known_addr { host: "127.16.77.65" port: 33475 }, Status: LMP_MISMATCH, Last received: 0.0, Next index: 1, Last known committed idx: 0, Time since last communication: 0.001s
I20260608 12:56:35.703589 19864 raft_consensus.cc:2955] T 3711efcf6ba7484db6080375904efb22 P b9258b1545f7451cb9b68c7e8d5041b2 [term 1 LEADER]: Committing config change with OpId 1.2: config changed from index -1 to 2, NON_VOTER 293b1ef4d36a4579ade43eed44c3d4a9 (127.16.77.68) added. New config: { opid_index: 2 OBSOLETE_local: false peers { permanent_uuid: "b9258b1545f7451cb9b68c7e8d5041b2" member_type: VOTER last_known_addr { host: "127.16.77.65" port: 33475 } } peers { permanent_uuid: "81b279ec4b3944dd97adb13edbd6bb55" member_type: VOTER last_known_addr { host: "127.16.77.66" port: 38767 } attrs { replace: true } } peers { permanent_uuid: "affa52095f2341019214cc81b40ced6f" member_type: VOTER last_known_addr { host: "127.16.77.67" port: 42697 } } peers { permanent_uuid: "293b1ef4d36a4579ade43eed44c3d4a9" member_type: NON_VOTER last_known_addr { host: "127.16.77.68" port: 42929 } attrs { promote: true } } }
I20260608 12:56:35.710927 19814 raft_consensus.cc:2955] T 3711efcf6ba7484db6080375904efb22 P affa52095f2341019214cc81b40ced6f [term 1 FOLLOWER]: Committing config change with OpId 1.2: config changed from index -1 to 2, NON_VOTER 293b1ef4d36a4579ade43eed44c3d4a9 (127.16.77.68) added. New config: { opid_index: 2 OBSOLETE_local: false peers { permanent_uuid: "b9258b1545f7451cb9b68c7e8d5041b2" member_type: VOTER last_known_addr { host: "127.16.77.65" port: 33475 } } peers { permanent_uuid: "81b279ec4b3944dd97adb13edbd6bb55" member_type: VOTER last_known_addr { host: "127.16.77.66" port: 38767 } attrs { replace: true } } peers { permanent_uuid: "affa52095f2341019214cc81b40ced6f" member_type: VOTER last_known_addr { host: "127.16.77.67" port: 42697 } } peers { permanent_uuid: "293b1ef4d36a4579ade43eed44c3d4a9" member_type: NON_VOTER last_known_addr { host: "127.16.77.68" port: 42929 } attrs { promote: true } } }
I20260608 12:56:35.720443 19739 raft_consensus.cc:2955] T 3711efcf6ba7484db6080375904efb22 P 81b279ec4b3944dd97adb13edbd6bb55 [term 1 FOLLOWER]: Committing config change with OpId 1.2: config changed from index -1 to 2, NON_VOTER 293b1ef4d36a4579ade43eed44c3d4a9 (127.16.77.68) added. New config: { opid_index: 2 OBSOLETE_local: false peers { permanent_uuid: "b9258b1545f7451cb9b68c7e8d5041b2" member_type: VOTER last_known_addr { host: "127.16.77.65" port: 33475 } } peers { permanent_uuid: "81b279ec4b3944dd97adb13edbd6bb55" member_type: VOTER last_known_addr { host: "127.16.77.66" port: 38767 } attrs { replace: true } } peers { permanent_uuid: "affa52095f2341019214cc81b40ced6f" member_type: VOTER last_known_addr { host: "127.16.77.67" port: 42697 } } peers { permanent_uuid: "293b1ef4d36a4579ade43eed44c3d4a9" member_type: NON_VOTER last_known_addr { host: "127.16.77.68" port: 42929 } attrs { promote: true } } }
I20260608 12:56:35.727185 19561 catalog_manager.cc:5696] T 3711efcf6ba7484db6080375904efb22 P affa52095f2341019214cc81b40ced6f reported cstate change: config changed from index -1 to 2, NON_VOTER 293b1ef4d36a4579ade43eed44c3d4a9 (127.16.77.68) added. New cstate: current_term: 1 leader_uuid: "b9258b1545f7451cb9b68c7e8d5041b2" committed_config { opid_index: 2 OBSOLETE_local: false peers { permanent_uuid: "b9258b1545f7451cb9b68c7e8d5041b2" member_type: VOTER last_known_addr { host: "127.16.77.65" port: 33475 } } peers { permanent_uuid: "81b279ec4b3944dd97adb13edbd6bb55" member_type: VOTER last_known_addr { host: "127.16.77.66" port: 38767 } attrs { replace: true } } peers { permanent_uuid: "affa52095f2341019214cc81b40ced6f" member_type: VOTER last_known_addr { host: "127.16.77.67" port: 42697 } } peers { permanent_uuid: "293b1ef4d36a4579ade43eed44c3d4a9" member_type: NON_VOTER last_known_addr { host: "127.16.77.68" port: 42929 } attrs { promote: true } } }
I20260608 12:56:35.735675 20022 consensus_queue.cc:1048] T c22cde4ea81c4b5a88615bf1d067112d P 293b1ef4d36a4579ade43eed44c3d4a9 [LEADER]: Connected to new peer: Peer: permanent_uuid: "affa52095f2341019214cc81b40ced6f" member_type: VOTER last_known_addr { host: "127.16.77.67" port: 42697 }, Status: LMP_MISMATCH, Last received: 0.0, Next index: 1, Last known committed idx: 0, Time since last communication: 0.000s
I20260608 12:56:35.740608 19902 consensus_queue.cc:1048] T 5b7c4de36c474dc68fe802eafb2273e0 P 81b279ec4b3944dd97adb13edbd6bb55 [LEADER]: Connected to new peer: Peer: permanent_uuid: "293b1ef4d36a4579ade43eed44c3d4a9" member_type: VOTER last_known_addr { host: "127.16.77.68" port: 42929 }, Status: LMP_MISMATCH, Last received: 0.0, Next index: 1, Last known committed idx: 0, Time since last communication: 0.001s
I20260608 12:56:35.747347 19739 consensus_queue.cc:237] T e32586e4860f4190b8d626a3054e13eb P 81b279ec4b3944dd97adb13edbd6bb55 [LEADER]: Queue going to LEADER mode. State: All replicated index: 0, Majority replicated index: 1, Committed index: 1, Last appended: 1.1, Last appended by leader: 0, Current term: 1, Majority size: 2, State: 0, Mode: LEADER, active raft config: opid_index: 2 OBSOLETE_local: false peers { permanent_uuid: "affa52095f2341019214cc81b40ced6f" member_type: VOTER last_known_addr { host: "127.16.77.67" port: 42697 } attrs { replace: true } } peers { permanent_uuid: "81b279ec4b3944dd97adb13edbd6bb55" member_type: VOTER last_known_addr { host: "127.16.77.66" port: 38767 } } peers { permanent_uuid: "b9258b1545f7451cb9b68c7e8d5041b2" member_type: VOTER last_known_addr { host: "127.16.77.65" port: 33475 } } peers { permanent_uuid: "293b1ef4d36a4579ade43eed44c3d4a9" member_type: NON_VOTER last_known_addr { host: "127.16.77.68" port: 42929 } attrs { promote: true } }
