I20260608 12:56:30.102864 16724 tablet_replica.cc:333] T 0ae0c1e168434de181163f4c12f782a8 P ece515be71df43959525d48152ea185f: stopping tablet replica
I20260608 12:56:30.103789 16724 raft_consensus.cc:2243] T 0ae0c1e168434de181163f4c12f782a8 P ece515be71df43959525d48152ea185f [term 2 LEADER]: Raft consensus shutting down.
I20260608 12:56:30.104723 16724 raft_consensus.cc:2272] T 0ae0c1e168434de181163f4c12f782a8 P ece515be71df43959525d48152ea185f [term 2 FOLLOWER]: Raft consensus is shut down!
I20260608 12:56:30.106449 16724 tablet_replica.cc:333] T e9e163dd9ae54f0f84de0bf1cff6d7fd P ece515be71df43959525d48152ea185f: stopping tablet replica
I20260608 12:56:30.106947 16724 raft_consensus.cc:2243] T e9e163dd9ae54f0f84de0bf1cff6d7fd P ece515be71df43959525d48152ea185f [term 1 FOLLOWER]: Raft consensus shutting down.
I20260608 12:56:30.107324 16724 raft_consensus.cc:2272] T e9e163dd9ae54f0f84de0bf1cff6d7fd P ece515be71df43959525d48152ea185f [term 1 FOLLOWER]: Raft consensus is shut down!
I20260608 12:56:30.108958 16724 tablet_replica.cc:333] T cf2c292b080b4e48bc0df17537c6856d P ece515be71df43959525d48152ea185f: stopping tablet replica
I20260608 12:56:30.109419 16724 raft_consensus.cc:2243] T cf2c292b080b4e48bc0df17537c6856d P ece515be71df43959525d48152ea185f [term 2 FOLLOWER]: Raft consensus shutting down.
I20260608 12:56:30.109829 16724 raft_consensus.cc:2272] T cf2c292b080b4e48bc0df17537c6856d P ece515be71df43959525d48152ea185f [term 2 FOLLOWER]: Raft consensus is shut down!
I20260608 12:56:30.111449 16724 tablet_replica.cc:333] T 32a287e4faa84c5fa2489f45f2853af1 P ece515be71df43959525d48152ea185f: stopping tablet replica
I20260608 12:56:30.111901 16724 raft_consensus.cc:2243] T 32a287e4faa84c5fa2489f45f2853af1 P ece515be71df43959525d48152ea185f [term 1 FOLLOWER]: Raft consensus shutting down.
I20260608 12:56:30.112325 16724 raft_consensus.cc:2272] T 32a287e4faa84c5fa2489f45f2853af1 P ece515be71df43959525d48152ea185f [term 1 FOLLOWER]: Raft consensus is shut down!
I20260608 12:56:30.113813 16724 tablet_replica.cc:333] T ec5a03c1925643e3a71dab51690fc944 P ece515be71df43959525d48152ea185f: stopping tablet replica
I20260608 12:56:30.114259 16724 raft_consensus.cc:2243] T ec5a03c1925643e3a71dab51690fc944 P ece515be71df43959525d48152ea185f [term 2 LEADER]: Raft consensus shutting down.
I20260608 12:56:30.114884 16724 raft_consensus.cc:2272] T ec5a03c1925643e3a71dab51690fc944 P ece515be71df43959525d48152ea185f [term 2 FOLLOWER]: Raft consensus is shut down!
I20260608 12:56:30.116489 16724 tablet_replica.cc:333] T d086dacc3b76442999812c28c686c1ff P ece515be71df43959525d48152ea185f: stopping tablet replica
I20260608 12:56:30.116927 16724 raft_consensus.cc:2243] T d086dacc3b76442999812c28c686c1ff P ece515be71df43959525d48152ea185f [term 1 FOLLOWER]: Raft consensus shutting down.
I20260608 12:56:30.117241 16724 raft_consensus.cc:2272] T d086dacc3b76442999812c28c686c1ff P ece515be71df43959525d48152ea185f [term 1 FOLLOWER]: Raft consensus is shut down!
I20260608 12:56:30.118672 16724 tablet_replica.cc:333] T f6dd1ed38d27458ab3bb05005ffd009c P ece515be71df43959525d48152ea185f: stopping tablet replica
I20260608 12:56:30.119117 16724 raft_consensus.cc:2243] T f6dd1ed38d27458ab3bb05005ffd009c P ece515be71df43959525d48152ea185f [term 1 FOLLOWER]: Raft consensus shutting down.
I20260608 12:56:30.119442 16724 raft_consensus.cc:2272] T f6dd1ed38d27458ab3bb05005ffd009c P ece515be71df43959525d48152ea185f [term 1 FOLLOWER]: Raft consensus is shut down!
I20260608 12:56:30.120995 16724 tablet_replica.cc:333] T 3686482c0cbb4bb1a6fad2fb157b8492 P ece515be71df43959525d48152ea185f: stopping tablet replica
I20260608 12:56:30.121419 16724 raft_consensus.cc:2243] T 3686482c0cbb4bb1a6fad2fb157b8492 P ece515be71df43959525d48152ea185f [term 2 FOLLOWER]: Raft consensus shutting down.
I20260608 12:56:30.121830 16724 raft_consensus.cc:2272] T 3686482c0cbb4bb1a6fad2fb157b8492 P ece515be71df43959525d48152ea185f [term 2 FOLLOWER]: Raft consensus is shut down!
I20260608 12:56:30.123708 16724 tablet_replica.cc:333] T fe1ba69db9ae4923b5775c3097d38c6d P ece515be71df43959525d48152ea185f: stopping tablet replica
I20260608 12:56:30.124259 16724 raft_consensus.cc:2243] T fe1ba69db9ae4923b5775c3097d38c6d P ece515be71df43959525d48152ea185f [term 1 FOLLOWER]: Raft consensus shutting down.
I20260608 12:56:30.124596 16724 raft_consensus.cc:2272] T fe1ba69db9ae4923b5775c3097d38c6d P ece515be71df43959525d48152ea185f [term 1 FOLLOWER]: Raft consensus is shut down!
I20260608 12:56:30.126091 16724 tablet_replica.cc:333] T 77b3109c428547d393359f057688ecf8 P ece515be71df43959525d48152ea185f: stopping tablet replica
I20260608 12:56:30.126535 16724 raft_consensus.cc:2243] T 77b3109c428547d393359f057688ecf8 P ece515be71df43959525d48152ea185f [term 1 FOLLOWER]: Raft consensus shutting down.
I20260608 12:56:30.126931 16724 raft_consensus.cc:2272] T 77b3109c428547d393359f057688ecf8 P ece515be71df43959525d48152ea185f [term 1 FOLLOWER]: Raft consensus is shut down!
I20260608 12:56:30.128589 16724 tablet_replica.cc:333] T d6306aad5188432688d8748a9c3d1f73 P ece515be71df43959525d48152ea185f: stopping tablet replica
I20260608 12:56:30.129055 16724 raft_consensus.cc:2243] T d6306aad5188432688d8748a9c3d1f73 P ece515be71df43959525d48152ea185f [term 1 FOLLOWER]: Raft consensus shutting down.
I20260608 12:56:30.129534 16724 raft_consensus.cc:2272] T d6306aad5188432688d8748a9c3d1f73 P ece515be71df43959525d48152ea185f [term 1 FOLLOWER]: Raft consensus is shut down!
I20260608 12:56:30.131345 16724 tablet_replica.cc:333] T 50e2a21b24ce410cbe961c075ba2a11c P ece515be71df43959525d48152ea185f: stopping tablet replica
I20260608 12:56:30.131844 16724 raft_consensus.cc:2243] T 50e2a21b24ce410cbe961c075ba2a11c P ece515be71df43959525d48152ea185f [term 1 LEADER]: Raft consensus shutting down.
I20260608 12:56:30.132566 16724 raft_consensus.cc:2272] T 50e2a21b24ce410cbe961c075ba2a11c P ece515be71df43959525d48152ea185f [term 1 FOLLOWER]: Raft consensus is shut down!
I20260608 12:56:30.163163 16724 tablet_server.cc:196] TabletServer@127.16.85.4:0 shutdown complete.
I20260608 12:56:30.184804 16724 master.cc:562] Master@127.16.85.62:41715 shutting down...
I20260608 12:56:30.204697 16724 raft_consensus.cc:2243] T 00000000000000000000000000000000 P 14253645052c413e90516174f6ffc16b [term 1 LEADER]: Raft consensus shutting down.
I20260608 12:56:30.205205 16724 raft_consensus.cc:2272] T 00000000000000000000000000000000 P 14253645052c413e90516174f6ffc16b [term 1 FOLLOWER]: Raft consensus is shut down!
I20260608 12:56:30.205497 16724 tablet_replica.cc:333] T 00000000000000000000000000000000 P 14253645052c413e90516174f6ffc16b: stopping tablet replica
I20260608 12:56:30.225914 16724 master.cc:584] Master@127.16.85.62:41715 shutdown complete.
[       OK ] AutoRebalancerTest.RangeAwareRebalancesNewRangeReplicas (11042 ms)
[ RUN      ] AutoRebalancerTest.NoReplicaMovesIfLocationLoadSkewedByOne
I20260608 12:56:30.278429 16724 internal_mini_cluster.cc:156] Creating distributed mini masters. Addrs: 127.16.85.62:46287
I20260608 12:56:30.279541 16724 file_cache.cc:492] Constructed file cache file cache with capacity 419430
W20260608 12:56:30.285140 20295 instance_detector.cc:116] could not retrieve Azure instance metadata: Network error: curl error: HTTP response code said error: The requested URL returned error: 404
W20260608 12:56:30.285233 20294 instance_detector.cc:116] could not retrieve AWS instance metadata: Network error: curl error: HTTP response code said error: The requested URL returned error: 404
W20260608 12:56:30.286152 20297 instance_detector.cc:116] could not retrieve OpenStack instance metadata: Network error: curl error: HTTP response code said error: The requested URL returned error: 404
I20260608 12:56:30.288064 16724 server_base.cc:1061] running on GCE node
I20260608 12:56:30.289093 16724 hybrid_clock.cc:584] initializing the hybrid clock with 'system_unsync' time source
W20260608 12:56:30.289322 16724 system_unsync_time.cc:38] NTP support is disabled. Clock error bounds will not be accurate. This configuration is not suitable for distributed clusters.
I20260608 12:56:30.289476 16724 hybrid_clock.cc:648] HybridClock initialized: now 1780923390289457 us; error 0 us; skew 500 ppm
I20260608 12:56:30.290027 16724 server_base.cc:861] Flag tcmalloc_max_total_thread_cache_bytes is not working since tcmalloc is not enabled.
I20260608 12:56:30.292420 16724 webserver.cc:533] Webserver started at http://127.16.85.62:35905/ using document root <none> and password file <none>
I20260608 12:56:30.292948 16724 fs_manager.cc:362] Metadata directory not provided
I20260608 12:56:30.293143 16724 fs_manager.cc:368] Using write-ahead log directory (fs_wal_dir) as metadata directory
I20260608 12:56:30.293423 16724 server_base.cc:909] This appears to be a new deployment of Kudu; creating new FS layout
I20260608 12:56:30.294502 16724 fs_manager.cc:1068] Generated new instance metadata in path /tmp/dist-test-task2b5gNy/test-tmp/auto_rebalancer-test.0.AutoRebalancerTest.NoReplicaMovesIfLocationLoadSkewedByOne.1780923302576237-16724-0/minicluster-data/master-0-root/instance:
uuid: "f3301ea92e8c42b28226f711ea6f2786"
format_stamp: "Formatted at 2026-06-08 12:56:30 on dist-test-slave-dtrf"
I20260608 12:56:30.298940 16724 fs_manager.cc:696] Time spent creating directory manager: real 0.004s	user 0.006s	sys 0.000s
I20260608 12:56:30.302269 20302 log_block_manager.cc:4031] Time spent loading block containers with low live blocks: real 0.000s	user 0.000s	sys 0.000s
I20260608 12:56:30.303006 16724 fs_manager.cc:730] Time spent opening block manager: real 0.002s	user 0.002s	sys 0.000s
I20260608 12:56:30.303289 16724 fs_manager.cc:647] Opened local filesystem: /tmp/dist-test-task2b5gNy/test-tmp/auto_rebalancer-test.0.AutoRebalancerTest.NoReplicaMovesIfLocationLoadSkewedByOne.1780923302576237-16724-0/minicluster-data/master-0-root
uuid: "f3301ea92e8c42b28226f711ea6f2786"
format_stamp: "Formatted at 2026-06-08 12:56:30 on dist-test-slave-dtrf"
I20260608 12:56:30.303574 16724 fs_report.cc:389] FS layout report
--------------------
wal directory: /tmp/dist-test-task2b5gNy/test-tmp/auto_rebalancer-test.0.AutoRebalancerTest.NoReplicaMovesIfLocationLoadSkewedByOne.1780923302576237-16724-0/minicluster-data/master-0-root
metadata directory: /tmp/dist-test-task2b5gNy/test-tmp/auto_rebalancer-test.0.AutoRebalancerTest.NoReplicaMovesIfLocationLoadSkewedByOne.1780923302576237-16724-0/minicluster-data/master-0-root
1 data directories: /tmp/dist-test-task2b5gNy/test-tmp/auto_rebalancer-test.0.AutoRebalancerTest.NoReplicaMovesIfLocationLoadSkewedByOne.1780923302576237-16724-0/minicluster-data/master-0-root/data
Total live blocks: 0
Total live bytes: 0
Total live bytes (after alignment): 0
Total number of LBM containers: 0 (0 full)
Did not check for missing blocks
Did not check for orphaned blocks
Total full LBM containers with extra space: 0 (0 repaired)
Total full LBM container extra space in bytes: 0 (0 repaired)
Total incomplete LBM containers: 0 (0 repaired)
Total LBM partial records: 0 (0 repaired)
Total corrupted LBM metadata records in RocksDB: 0 (0 repaired)
I20260608 12:56:30.319907 16724 rpc_server.cc:225] running with OpenSSL 1.1.1  11 Sep 2018
I20260608 12:56:30.321151 16724 kserver.cc:163] Server-wide thread pool size limit: 3276
I20260608 12:56:30.358906 16724 rpc_server.cc:307] RPC server started. Bound to: 127.16.85.62:46287
I20260608 12:56:30.359033 20353 acceptor_pool.cc:272] collecting diagnostics on the listening RPC socket 127.16.85.62:46287 every 8 connection(s)
I20260608 12:56:30.362910 20354 data_dirs.cc:400] Could only allocate 1 dirs of requested 3 for tablet 00000000000000000000000000000000. 1 dirs total, 0 dirs full, 0 dirs failed
I20260608 12:56:30.372603 20354 tablet_bootstrap.cc:492] T 00000000000000000000000000000000 P f3301ea92e8c42b28226f711ea6f2786: Bootstrap starting.
I20260608 12:56:30.377247 20354 tablet_bootstrap.cc:654] T 00000000000000000000000000000000 P f3301ea92e8c42b28226f711ea6f2786: Neither blocks nor log segments found. Creating new log.
I20260608 12:56:30.381313 20354 tablet_bootstrap.cc:492] T 00000000000000000000000000000000 P f3301ea92e8c42b28226f711ea6f2786: No bootstrap required, opened a new log
I20260608 12:56:30.383389 20354 raft_consensus.cc:359] T 00000000000000000000000000000000 P f3301ea92e8c42b28226f711ea6f2786 [term 0 FOLLOWER]: Replica starting. Triggering 0 pending ops. Active config: opid_index: -1 OBSOLETE_local: true peers { permanent_uuid: "f3301ea92e8c42b28226f711ea6f2786" member_type: VOTER }
I20260608 12:56:30.383774 20354 raft_consensus.cc:385] T 00000000000000000000000000000000 P f3301ea92e8c42b28226f711ea6f2786 [term 0 FOLLOWER]: Consensus starting up: Expiring failure detector timer to make a prompt election more likely
I20260608 12:56:30.384012 20354 raft_consensus.cc:740] T 00000000000000000000000000000000 P f3301ea92e8c42b28226f711ea6f2786 [term 0 FOLLOWER]: Becoming Follower/Learner. State: Replica: f3301ea92e8c42b28226f711ea6f2786, State: Initialized, Role: FOLLOWER
I20260608 12:56:30.384858 20354 consensus_queue.cc:260] T 00000000000000000000000000000000 P f3301ea92e8c42b28226f711ea6f2786 [NON_LEADER]: Queue going to NON_LEADER mode. State: All replicated index: 0, Majority replicated index: 0, Committed index: 0, Last appended: 0.0, Last appended by leader: 0, Current term: 0, Majority size: -1, State: 0, Mode: NON_LEADER, active raft config: opid_index: -1 OBSOLETE_local: true peers { permanent_uuid: "f3301ea92e8c42b28226f711ea6f2786" member_type: VOTER }
I20260608 12:56:30.385327 20354 raft_consensus.cc:399] T 00000000000000000000000000000000 P f3301ea92e8c42b28226f711ea6f2786 [term 0 FOLLOWER]: Only one voter in the Raft config. Triggering election immediately
I20260608 12:56:30.385555 20354 raft_consensus.cc:493] T 00000000000000000000000000000000 P f3301ea92e8c42b28226f711ea6f2786 [term 0 FOLLOWER]: Starting leader election (initial election of a single-replica configuration)
I20260608 12:56:30.385838 20354 raft_consensus.cc:3060] T 00000000000000000000000000000000 P f3301ea92e8c42b28226f711ea6f2786 [term 0 FOLLOWER]: Advancing to term 1
I20260608 12:56:30.389948 20354 raft_consensus.cc:515] T 00000000000000000000000000000000 P f3301ea92e8c42b28226f711ea6f2786 [term 1 FOLLOWER]: Starting leader election with config: opid_index: -1 OBSOLETE_local: true peers { permanent_uuid: "f3301ea92e8c42b28226f711ea6f2786" member_type: VOTER }
I20260608 12:56:30.390475 20354 leader_election.cc:304] T 00000000000000000000000000000000 P f3301ea92e8c42b28226f711ea6f2786 [CANDIDATE]: Term 1 election: Election decided. Result: candidate won. Election summary: received 1 responses out of 1 voters: 1 yes votes; 0 no votes. yes voters: f3301ea92e8c42b28226f711ea6f2786; no voters: 
I20260608 12:56:30.391590 20354 leader_election.cc:290] T 00000000000000000000000000000000 P f3301ea92e8c42b28226f711ea6f2786 [CANDIDATE]: Term 1 election: Requested vote from peers 
I20260608 12:56:30.392019 20357 raft_consensus.cc:2804] T 00000000000000000000000000000000 P f3301ea92e8c42b28226f711ea6f2786 [term 1 FOLLOWER]: Leader election won for term 1
I20260608 12:56:30.393370 20357 raft_consensus.cc:697] T 00000000000000000000000000000000 P f3301ea92e8c42b28226f711ea6f2786 [term 1 LEADER]: Becoming Leader. State: Replica: f3301ea92e8c42b28226f711ea6f2786, State: Running, Role: LEADER
I20260608 12:56:30.394050 20357 consensus_queue.cc:237] T 00000000000000000000000000000000 P f3301ea92e8c42b28226f711ea6f2786 [LEADER]: Queue going to LEADER mode. State: All replicated index: 0, Majority replicated index: 0, Committed index: 0, Last appended: 0.0, Last appended by leader: 0, Current term: 1, Majority size: 1, State: 0, Mode: LEADER, active raft config: opid_index: -1 OBSOLETE_local: true peers { permanent_uuid: "f3301ea92e8c42b28226f711ea6f2786" member_type: VOTER }
I20260608 12:56:30.394655 20354 sys_catalog.cc:565] T 00000000000000000000000000000000 P f3301ea92e8c42b28226f711ea6f2786 [sys.catalog]: configured and running, proceeding with master startup.
I20260608 12:56:30.398629 20358 sys_catalog.cc:455] T 00000000000000000000000000000000 P f3301ea92e8c42b28226f711ea6f2786 [sys.catalog]: SysCatalogTable state changed. Reason: RaftConsensus started. Latest consensus state: current_term: 1 leader_uuid: "f3301ea92e8c42b28226f711ea6f2786" committed_config { opid_index: -1 OBSOLETE_local: true peers { permanent_uuid: "f3301ea92e8c42b28226f711ea6f2786" member_type: VOTER } }
I20260608 12:56:30.399245 20358 sys_catalog.cc:458] T 00000000000000000000000000000000 P f3301ea92e8c42b28226f711ea6f2786 [sys.catalog]: This master's current role is: LEADER
I20260608 12:56:30.399237 20359 sys_catalog.cc:455] T 00000000000000000000000000000000 P f3301ea92e8c42b28226f711ea6f2786 [sys.catalog]: SysCatalogTable state changed. Reason: New leader f3301ea92e8c42b28226f711ea6f2786. Latest consensus state: current_term: 1 leader_uuid: "f3301ea92e8c42b28226f711ea6f2786" committed_config { opid_index: -1 OBSOLETE_local: true peers { permanent_uuid: "f3301ea92e8c42b28226f711ea6f2786" member_type: VOTER } }
I20260608 12:56:30.400029 20359 sys_catalog.cc:458] T 00000000000000000000000000000000 P f3301ea92e8c42b28226f711ea6f2786 [sys.catalog]: This master's current role is: LEADER
I20260608 12:56:30.401595 20364 catalog_manager.cc:1510] Loading table and tablet metadata into memory...
I20260608 12:56:30.407722 20364 catalog_manager.cc:1519] Initializing Kudu cluster ID...
I20260608 12:56:30.410171 16724 internal_mini_cluster.cc:184] Waiting to initialize catalog manager on master 0
I20260608 12:56:30.417265 20364 catalog_manager.cc:1382] Generated new cluster ID: 8724aee171fd408aac6bd91b4ae6281b
I20260608 12:56:30.417541 20364 catalog_manager.cc:1530] Initializing Kudu internal certificate authority...
I20260608 12:56:30.442013 20364 catalog_manager.cc:1405] Generated new certificate authority record
I20260608 12:56:30.443461 20364 catalog_manager.cc:1539] Loading token signing keys...
I20260608 12:56:30.458345 20364 catalog_manager.cc:6069] T 00000000000000000000000000000000 P f3301ea92e8c42b28226f711ea6f2786: Generated new TSK 0
I20260608 12:56:30.459053 20364 catalog_manager.cc:1549] Initializing in-progress tserver states...
I20260608 12:56:30.476437 16724 file_cache.cc:492] Constructed file cache file cache with capacity 419430
W20260608 12:56:30.482331 20375 instance_detector.cc:116] could not retrieve AWS instance metadata: Network error: curl error: HTTP response code said error: The requested URL returned error: 404
W20260608 12:56:30.483557 20376 instance_detector.cc:116] could not retrieve Azure instance metadata: Network error: curl error: HTTP response code said error: The requested URL returned error: 404
W20260608 12:56:30.485175 20378 instance_detector.cc:116] could not retrieve OpenStack instance metadata: Network error: curl error: HTTP response code said error: The requested URL returned error: 404
I20260608 12:56:30.485544 16724 server_base.cc:1061] running on GCE node
I20260608 12:56:30.486469 16724 hybrid_clock.cc:584] initializing the hybrid clock with 'system_unsync' time source
W20260608 12:56:30.486646 16724 system_unsync_time.cc:38] NTP support is disabled. Clock error bounds will not be accurate. This configuration is not suitable for distributed clusters.
I20260608 12:56:30.486871 16724 hybrid_clock.cc:648] HybridClock initialized: now 1780923390486829 us; error 0 us; skew 500 ppm
I20260608 12:56:30.487474 16724 server_base.cc:861] Flag tcmalloc_max_total_thread_cache_bytes is not working since tcmalloc is not enabled.
I20260608 12:56:30.489969 16724 webserver.cc:533] Webserver started at http://127.16.85.1:38129/ using document root <none> and password file <none>
I20260608 12:56:30.490545 16724 fs_manager.cc:362] Metadata directory not provided
I20260608 12:56:30.490708 16724 fs_manager.cc:368] Using write-ahead log directory (fs_wal_dir) as metadata directory
I20260608 12:56:30.490928 16724 server_base.cc:909] This appears to be a new deployment of Kudu; creating new FS layout
I20260608 12:56:30.492005 16724 fs_manager.cc:1068] Generated new instance metadata in path /tmp/dist-test-task2b5gNy/test-tmp/auto_rebalancer-test.0.AutoRebalancerTest.NoReplicaMovesIfLocationLoadSkewedByOne.1780923302576237-16724-0/minicluster-data/ts-0-root/instance:
uuid: "1602032cf60845a884689ee800721e3b"
format_stamp: "Formatted at 2026-06-08 12:56:30 on dist-test-slave-dtrf"
I20260608 12:56:30.496627 16724 fs_manager.cc:696] Time spent creating directory manager: real 0.004s	user 0.003s	sys 0.001s
I20260608 12:56:30.499900 20383 log_block_manager.cc:4031] Time spent loading block containers with low live blocks: real 0.000s	user 0.000s	sys 0.000s
I20260608 12:56:30.500706 16724 fs_manager.cc:730] Time spent opening block manager: real 0.002s	user 0.002s	sys 0.001s
I20260608 12:56:30.501004 16724 fs_manager.cc:647] Opened local filesystem: /tmp/dist-test-task2b5gNy/test-tmp/auto_rebalancer-test.0.AutoRebalancerTest.NoReplicaMovesIfLocationLoadSkewedByOne.1780923302576237-16724-0/minicluster-data/ts-0-root
uuid: "1602032cf60845a884689ee800721e3b"
format_stamp: "Formatted at 2026-06-08 12:56:30 on dist-test-slave-dtrf"
I20260608 12:56:30.501267 16724 fs_report.cc:389] FS layout report
--------------------
wal directory: /tmp/dist-test-task2b5gNy/test-tmp/auto_rebalancer-test.0.AutoRebalancerTest.NoReplicaMovesIfLocationLoadSkewedByOne.1780923302576237-16724-0/minicluster-data/ts-0-root
metadata directory: /tmp/dist-test-task2b5gNy/test-tmp/auto_rebalancer-test.0.AutoRebalancerTest.NoReplicaMovesIfLocationLoadSkewedByOne.1780923302576237-16724-0/minicluster-data/ts-0-root
1 data directories: /tmp/dist-test-task2b5gNy/test-tmp/auto_rebalancer-test.0.AutoRebalancerTest.NoReplicaMovesIfLocationLoadSkewedByOne.1780923302576237-16724-0/minicluster-data/ts-0-root/data
Total live blocks: 0
Total live bytes: 0
Total live bytes (after alignment): 0
Total number of LBM containers: 0 (0 full)
Did not check for missing blocks
Did not check for orphaned blocks
Total full LBM containers with extra space: 0 (0 repaired)
Total full LBM container extra space in bytes: 0 (0 repaired)
Total incomplete LBM containers: 0 (0 repaired)
Total LBM partial records: 0 (0 repaired)
Total corrupted LBM metadata records in RocksDB: 0 (0 repaired)
I20260608 12:56:30.544252 16724 rpc_server.cc:225] running with OpenSSL 1.1.1  11 Sep 2018
I20260608 12:56:30.545586 16724 kserver.cc:163] Server-wide thread pool size limit: 3276
I20260608 12:56:30.547200 16724 txn_system_client.cc:432] TxnSystemClient initialization is disabled...
I20260608 12:56:30.549700 16724 ts_tablet_manager.cc:585] Loaded tablet metadata (0 total tablets, 0 live tablets)
I20260608 12:56:30.549960 16724 ts_tablet_manager.cc:531] Time spent load tablet metadata: real 0.000s	user 0.000s	sys 0.000s
I20260608 12:56:30.550235 16724 ts_tablet_manager.cc:616] Registered 0 tablets
I20260608 12:56:30.550434 16724 ts_tablet_manager.cc:595] Time spent register tablets: real 0.000s	user 0.000s	sys 0.000s
I20260608 12:56:30.591092 16724 rpc_server.cc:307] RPC server started. Bound to: 127.16.85.1:44721
I20260608 12:56:30.591197 20445 acceptor_pool.cc:272] collecting diagnostics on the listening RPC socket 127.16.85.1:44721 every 8 connection(s)
I20260608 12:56:30.596778 16724 file_cache.cc:492] Constructed file cache file cache with capacity 419430
W20260608 12:56:30.603673 20450 instance_detector.cc:116] could not retrieve AWS instance metadata: Network error: curl error: HTTP response code said error: The requested URL returned error: 404
W20260608 12:56:30.606076 20451 instance_detector.cc:116] could not retrieve Azure instance metadata: Network error: curl error: HTTP response code said error: The requested URL returned error: 404
W20260608 12:56:30.610514 20453 instance_detector.cc:116] could not retrieve OpenStack instance metadata: Network error: curl error: HTTP response code said error: The requested URL returned error: 404
I20260608 12:56:30.610623 16724 server_base.cc:1061] running on GCE node
I20260608 12:56:30.610716 20446 heartbeater.cc:344] Connected to a master server at 127.16.85.62:46287
I20260608 12:56:30.611301 20446 heartbeater.cc:461] Registering TS with master...
I20260608 12:56:30.611932 16724 hybrid_clock.cc:584] initializing the hybrid clock with 'system_unsync' time source
W20260608 12:56:30.612242 16724 system_unsync_time.cc:38] NTP support is disabled. Clock error bounds will not be accurate. This configuration is not suitable for distributed clusters.
I20260608 12:56:30.612259 20446 heartbeater.cc:507] Master 127.16.85.62:46287 requested a full tablet report, sending...
I20260608 12:56:30.612604 16724 hybrid_clock.cc:648] HybridClock initialized: now 1780923390612582 us; error 0 us; skew 500 ppm
I20260608 12:56:30.613492 16724 server_base.cc:861] Flag tcmalloc_max_total_thread_cache_bytes is not working since tcmalloc is not enabled.
I20260608 12:56:30.614972 20319 ts_manager.cc:194] Registered new tserver with Master: 1602032cf60845a884689ee800721e3b (127.16.85.1:44721)
I20260608 12:56:30.616168 16724 webserver.cc:533] Webserver started at http://127.16.85.2:46485/ using document root <none> and password file <none>
I20260608 12:56:30.616709 16724 fs_manager.cc:362] Metadata directory not provided
I20260608 12:56:30.616902 16724 fs_manager.cc:368] Using write-ahead log directory (fs_wal_dir) as metadata directory
I20260608 12:56:30.617101 20319 master_service.cc:502] Signed X509 certificate for tserver {username='slave'} at 127.0.0.1:37298
I20260608 12:56:30.617184 16724 server_base.cc:909] This appears to be a new deployment of Kudu; creating new FS layout
I20260608 12:56:30.618760 16724 fs_manager.cc:1068] Generated new instance metadata in path /tmp/dist-test-task2b5gNy/test-tmp/auto_rebalancer-test.0.AutoRebalancerTest.NoReplicaMovesIfLocationLoadSkewedByOne.1780923302576237-16724-0/minicluster-data/ts-1-root/instance:
uuid: "1d00563205684093b59a950e6e050f1c"
format_stamp: "Formatted at 2026-06-08 12:56:30 on dist-test-slave-dtrf"
I20260608 12:56:30.623299 16724 fs_manager.cc:696] Time spent creating directory manager: real 0.004s	user 0.005s	sys 0.000s
I20260608 12:56:30.626485 20458 log_block_manager.cc:4031] Time spent loading block containers with low live blocks: real 0.000s	user 0.000s	sys 0.000s
I20260608 12:56:30.627221 16724 fs_manager.cc:730] Time spent opening block manager: real 0.002s	user 0.000s	sys 0.002s
I20260608 12:56:30.627514 16724 fs_manager.cc:647] Opened local filesystem: /tmp/dist-test-task2b5gNy/test-tmp/auto_rebalancer-test.0.AutoRebalancerTest.NoReplicaMovesIfLocationLoadSkewedByOne.1780923302576237-16724-0/minicluster-data/ts-1-root
uuid: "1d00563205684093b59a950e6e050f1c"
format_stamp: "Formatted at 2026-06-08 12:56:30 on dist-test-slave-dtrf"
I20260608 12:56:30.627789 16724 fs_report.cc:389] FS layout report
--------------------
wal directory: /tmp/dist-test-task2b5gNy/test-tmp/auto_rebalancer-test.0.AutoRebalancerTest.NoReplicaMovesIfLocationLoadSkewedByOne.1780923302576237-16724-0/minicluster-data/ts-1-root
metadata directory: /tmp/dist-test-task2b5gNy/test-tmp/auto_rebalancer-test.0.AutoRebalancerTest.NoReplicaMovesIfLocationLoadSkewedByOne.1780923302576237-16724-0/minicluster-data/ts-1-root
1 data directories: /tmp/dist-test-task2b5gNy/test-tmp/auto_rebalancer-test.0.AutoRebalancerTest.NoReplicaMovesIfLocationLoadSkewedByOne.1780923302576237-16724-0/minicluster-data/ts-1-root/data
Total live blocks: 0
Total live bytes: 0
Total live bytes (after alignment): 0
Total number of LBM containers: 0 (0 full)
Did not check for missing blocks
Did not check for orphaned blocks
Total full LBM containers with extra space: 0 (0 repaired)
Total full LBM container extra space in bytes: 0 (0 repaired)
Total incomplete LBM containers: 0 (0 repaired)
Total LBM partial records: 0 (0 repaired)
Total corrupted LBM metadata records in RocksDB: 0 (0 repaired)
I20260608 12:56:30.651010 16724 rpc_server.cc:225] running with OpenSSL 1.1.1  11 Sep 2018
I20260608 12:56:30.652241 16724 kserver.cc:163] Server-wide thread pool size limit: 3276
I20260608 12:56:30.653654 16724 txn_system_client.cc:432] TxnSystemClient initialization is disabled...
I20260608 12:56:30.655889 16724 ts_tablet_manager.cc:585] Loaded tablet metadata (0 total tablets, 0 live tablets)
I20260608 12:56:30.656129 16724 ts_tablet_manager.cc:531] Time spent load tablet metadata: real 0.000s	user 0.000s	sys 0.000s
I20260608 12:56:30.656374 16724 ts_tablet_manager.cc:616] Registered 0 tablets
I20260608 12:56:30.656582 16724 ts_tablet_manager.cc:595] Time spent register tablets: real 0.000s	user 0.000s	sys 0.000s
I20260608 12:56:30.696590 16724 rpc_server.cc:307] RPC server started. Bound to: 127.16.85.2:39769
I20260608 12:56:30.696707 20520 acceptor_pool.cc:272] collecting diagnostics on the listening RPC socket 127.16.85.2:39769 every 8 connection(s)
I20260608 12:56:30.701582 16724 file_cache.cc:492] Constructed file cache file cache with capacity 419430
W20260608 12:56:30.709566 20524 instance_detector.cc:116] could not retrieve AWS instance metadata: Network error: curl error: HTTP response code said error: The requested URL returned error: 404
W20260608 12:56:30.709584 20525 instance_detector.cc:116] could not retrieve Azure instance metadata: Network error: curl error: HTTP response code said error: The requested URL returned error: 404
W20260608 12:56:30.712984 20527 instance_detector.cc:116] could not retrieve OpenStack instance metadata: Network error: curl error: HTTP response code said error: The requested URL returned error: 404
I20260608 12:56:30.713892 16724 server_base.cc:1061] running on GCE node
I20260608 12:56:30.714530 20521 heartbeater.cc:344] Connected to a master server at 127.16.85.62:46287
I20260608 12:56:30.714897 20521 heartbeater.cc:461] Registering TS with master...
I20260608 12:56:30.714897 16724 hybrid_clock.cc:584] initializing the hybrid clock with 'system_unsync' time source
W20260608 12:56:30.715366 16724 system_unsync_time.cc:38] NTP support is disabled. Clock error bounds will not be accurate. This configuration is not suitable for distributed clusters.
I20260608 12:56:30.715559 16724 hybrid_clock.cc:648] HybridClock initialized: now 1780923390715543 us; error 0 us; skew 500 ppm
I20260608 12:56:30.715878 20521 heartbeater.cc:507] Master 127.16.85.62:46287 requested a full tablet report, sending...
I20260608 12:56:30.716317 16724 server_base.cc:861] Flag tcmalloc_max_total_thread_cache_bytes is not working since tcmalloc is not enabled.
I20260608 12:56:30.718216 20319 ts_manager.cc:194] Registered new tserver with Master: 1d00563205684093b59a950e6e050f1c (127.16.85.2:39769)
I20260608 12:56:30.719348 16724 webserver.cc:533] Webserver started at http://127.16.85.3:36145/ using document root <none> and password file <none>
I20260608 12:56:30.720062 16724 fs_manager.cc:362] Metadata directory not provided
I20260608 12:56:30.720126 20319 master_service.cc:502] Signed X509 certificate for tserver {username='slave'} at 127.0.0.1:37314
I20260608 12:56:30.720383 16724 fs_manager.cc:368] Using write-ahead log directory (fs_wal_dir) as metadata directory
I20260608 12:56:30.720753 16724 server_base.cc:909] This appears to be a new deployment of Kudu; creating new FS layout
I20260608 12:56:30.721894 16724 fs_manager.cc:1068] Generated new instance metadata in path /tmp/dist-test-task2b5gNy/test-tmp/auto_rebalancer-test.0.AutoRebalancerTest.NoReplicaMovesIfLocationLoadSkewedByOne.1780923302576237-16724-0/minicluster-data/ts-2-root/instance:
uuid: "febaa5be3b5843149a02e712dc399edf"
format_stamp: "Formatted at 2026-06-08 12:56:30 on dist-test-slave-dtrf"
I20260608 12:56:30.726315 16724 fs_manager.cc:696] Time spent creating directory manager: real 0.004s	user 0.006s	sys 0.000s
I20260608 12:56:30.729652 20532 log_block_manager.cc:4031] Time spent loading block containers with low live blocks: real 0.000s	user 0.000s	sys 0.000s
I20260608 12:56:30.730406 16724 fs_manager.cc:730] Time spent opening block manager: real 0.002s	user 0.001s	sys 0.000s
I20260608 12:56:30.730692 16724 fs_manager.cc:647] Opened local filesystem: /tmp/dist-test-task2b5gNy/test-tmp/auto_rebalancer-test.0.AutoRebalancerTest.NoReplicaMovesIfLocationLoadSkewedByOne.1780923302576237-16724-0/minicluster-data/ts-2-root
uuid: "febaa5be3b5843149a02e712dc399edf"
format_stamp: "Formatted at 2026-06-08 12:56:30 on dist-test-slave-dtrf"
I20260608 12:56:30.730962 16724 fs_report.cc:389] FS layout report
--------------------
wal directory: /tmp/dist-test-task2b5gNy/test-tmp/auto_rebalancer-test.0.AutoRebalancerTest.NoReplicaMovesIfLocationLoadSkewedByOne.1780923302576237-16724-0/minicluster-data/ts-2-root
metadata directory: /tmp/dist-test-task2b5gNy/test-tmp/auto_rebalancer-test.0.AutoRebalancerTest.NoReplicaMovesIfLocationLoadSkewedByOne.1780923302576237-16724-0/minicluster-data/ts-2-root
1 data directories: /tmp/dist-test-task2b5gNy/test-tmp/auto_rebalancer-test.0.AutoRebalancerTest.NoReplicaMovesIfLocationLoadSkewedByOne.1780923302576237-16724-0/minicluster-data/ts-2-root/data
Total live blocks: 0
Total live bytes: 0
Total live bytes (after alignment): 0
Total number of LBM containers: 0 (0 full)
Did not check for missing blocks
Did not check for orphaned blocks
Total full LBM containers with extra space: 0 (0 repaired)
Total full LBM container extra space in bytes: 0 (0 repaired)
Total incomplete LBM containers: 0 (0 repaired)
Total LBM partial records: 0 (0 repaired)
Total corrupted LBM metadata records in RocksDB: 0 (0 repaired)
I20260608 12:56:30.751921 16724 rpc_server.cc:225] running with OpenSSL 1.1.1  11 Sep 2018
I20260608 12:56:30.753141 16724 kserver.cc:163] Server-wide thread pool size limit: 3276
I20260608 12:56:30.754557 16724 txn_system_client.cc:432] TxnSystemClient initialization is disabled...
I20260608 12:56:30.756809 16724 ts_tablet_manager.cc:585] Loaded tablet metadata (0 total tablets, 0 live tablets)
I20260608 12:56:30.757028 16724 ts_tablet_manager.cc:531] Time spent load tablet metadata: real 0.000s	user 0.000s	sys 0.000s
I20260608 12:56:30.757287 16724 ts_tablet_manager.cc:616] Registered 0 tablets
I20260608 12:56:30.757453 16724 ts_tablet_manager.cc:595] Time spent register tablets: real 0.000s	user 0.000s	sys 0.000s
I20260608 12:56:30.794505 16724 rpc_server.cc:307] RPC server started. Bound to: 127.16.85.3:40333
I20260608 12:56:30.794632 20594 acceptor_pool.cc:272] collecting diagnostics on the listening RPC socket 127.16.85.3:40333 every 8 connection(s)
I20260608 12:56:30.799553 16724 file_cache.cc:492] Constructed file cache file cache with capacity 419430
W20260608 12:56:30.806653 20598 instance_detector.cc:116] could not retrieve AWS instance metadata: Network error: curl error: HTTP response code said error: The requested URL returned error: 404
W20260608 12:56:30.808125 20599 instance_detector.cc:116] could not retrieve Azure instance metadata: Network error: curl error: HTTP response code said error: The requested URL returned error: 404
W20260608 12:56:30.809983 20601 instance_detector.cc:116] could not retrieve OpenStack instance metadata: Network error: curl error: HTTP response code said error: The requested URL returned error: 404
I20260608 12:56:30.810614 16724 server_base.cc:1061] running on GCE node
I20260608 12:56:30.811786 16724 hybrid_clock.cc:584] initializing the hybrid clock with 'system_unsync' time source
W20260608 12:56:30.812108 16724 system_unsync_time.cc:38] NTP support is disabled. Clock error bounds will not be accurate. This configuration is not suitable for distributed clusters.
I20260608 12:56:30.812326 16724 hybrid_clock.cc:648] HybridClock initialized: now 1780923390812306 us; error 0 us; skew 500 ppm
I20260608 12:56:30.812827 20595 heartbeater.cc:344] Connected to a master server at 127.16.85.62:46287
I20260608 12:56:30.813218 16724 server_base.cc:861] Flag tcmalloc_max_total_thread_cache_bytes is not working since tcmalloc is not enabled.
I20260608 12:56:30.813280 20595 heartbeater.cc:461] Registering TS with master...
I20260608 12:56:30.814435 20595 heartbeater.cc:507] Master 127.16.85.62:46287 requested a full tablet report, sending...
I20260608 12:56:30.816318 16724 webserver.cc:533] Webserver started at http://127.16.85.4:35929/ using document root <none> and password file <none>
I20260608 12:56:30.816756 20319 ts_manager.cc:194] Registered new tserver with Master: febaa5be3b5843149a02e712dc399edf (127.16.85.3:40333)
I20260608 12:56:30.816861 16724 fs_manager.cc:362] Metadata directory not provided
I20260608 12:56:30.817210 16724 fs_manager.cc:368] Using write-ahead log directory (fs_wal_dir) as metadata directory
I20260608 12:56:30.817492 16724 server_base.cc:909] This appears to be a new deployment of Kudu; creating new FS layout
I20260608 12:56:30.818226 20319 master_service.cc:502] Signed X509 certificate for tserver {username='slave'} at 127.0.0.1:37322
I20260608 12:56:30.818596 16724 fs_manager.cc:1068] Generated new instance metadata in path /tmp/dist-test-task2b5gNy/test-tmp/auto_rebalancer-test.0.AutoRebalancerTest.NoReplicaMovesIfLocationLoadSkewedByOne.1780923302576237-16724-0/minicluster-data/ts-3-root/instance:
uuid: "5b39417fe6884ee8b5c9ab54a98dda67"
format_stamp: "Formatted at 2026-06-08 12:56:30 on dist-test-slave-dtrf"
I20260608 12:56:30.823242 16724 fs_manager.cc:696] Time spent creating directory manager: real 0.004s	user 0.000s	sys 0.006s
I20260608 12:56:30.826619 20606 log_block_manager.cc:4031] Time spent loading block containers with low live blocks: real 0.000s	user 0.000s	sys 0.000s
I20260608 12:56:30.827376 16724 fs_manager.cc:730] Time spent opening block manager: real 0.002s	user 0.002s	sys 0.000s
I20260608 12:56:30.827672 16724 fs_manager.cc:647] Opened local filesystem: /tmp/dist-test-task2b5gNy/test-tmp/auto_rebalancer-test.0.AutoRebalancerTest.NoReplicaMovesIfLocationLoadSkewedByOne.1780923302576237-16724-0/minicluster-data/ts-3-root
uuid: "5b39417fe6884ee8b5c9ab54a98dda67"
format_stamp: "Formatted at 2026-06-08 12:56:30 on dist-test-slave-dtrf"
I20260608 12:56:30.828009 16724 fs_report.cc:389] FS layout report
--------------------
wal directory: /tmp/dist-test-task2b5gNy/test-tmp/auto_rebalancer-test.0.AutoRebalancerTest.NoReplicaMovesIfLocationLoadSkewedByOne.1780923302576237-16724-0/minicluster-data/ts-3-root
metadata directory: /tmp/dist-test-task2b5gNy/test-tmp/auto_rebalancer-test.0.AutoRebalancerTest.NoReplicaMovesIfLocationLoadSkewedByOne.1780923302576237-16724-0/minicluster-data/ts-3-root
1 data directories: /tmp/dist-test-task2b5gNy/test-tmp/auto_rebalancer-test.0.AutoRebalancerTest.NoReplicaMovesIfLocationLoadSkewedByOne.1780923302576237-16724-0/minicluster-data/ts-3-root/data
Total live blocks: 0
Total live bytes: 0
Total live bytes (after alignment): 0
Total number of LBM containers: 0 (0 full)
Did not check for missing blocks
Did not check for orphaned blocks
Total full LBM containers with extra space: 0 (0 repaired)
Total full LBM container extra space in bytes: 0 (0 repaired)
Total incomplete LBM containers: 0 (0 repaired)
Total LBM partial records: 0 (0 repaired)
Total corrupted LBM metadata records in RocksDB: 0 (0 repaired)
I20260608 12:56:30.878490 16724 rpc_server.cc:225] running with OpenSSL 1.1.1  11 Sep 2018
I20260608 12:56:30.879709 16724 kserver.cc:163] Server-wide thread pool size limit: 3276
I20260608 12:56:30.881170 16724 txn_system_client.cc:432] TxnSystemClient initialization is disabled...
I20260608 12:56:30.883405 16724 ts_tablet_manager.cc:585] Loaded tablet metadata (0 total tablets, 0 live tablets)
I20260608 12:56:30.883639 16724 ts_tablet_manager.cc:531] Time spent load tablet metadata: real 0.000s	user 0.000s	sys 0.000s
I20260608 12:56:30.883878 16724 ts_tablet_manager.cc:616] Registered 0 tablets
I20260608 12:56:30.884121 16724 ts_tablet_manager.cc:595] Time spent register tablets: real 0.000s	user 0.001s	sys 0.000s
I20260608 12:56:30.924309 16724 rpc_server.cc:307] RPC server started. Bound to: 127.16.85.4:38597
I20260608 12:56:30.924434 20668 acceptor_pool.cc:272] collecting diagnostics on the listening RPC socket 127.16.85.4:38597 every 8 connection(s)
I20260608 12:56:30.938087 20669 heartbeater.cc:344] Connected to a master server at 127.16.85.62:46287
I20260608 12:56:30.938488 20669 heartbeater.cc:461] Registering TS with master...
I20260608 12:56:30.939222 20669 heartbeater.cc:507] Master 127.16.85.62:46287 requested a full tablet report, sending...
I20260608 12:56:30.941226 20319 ts_manager.cc:194] Registered new tserver with Master: 5b39417fe6884ee8b5c9ab54a98dda67 (127.16.85.4:38597)
I20260608 12:56:30.941357 16724 internal_mini_cluster.cc:371] 4 TS(s) registered with all masters after 0.013806519s
I20260608 12:56:30.942643 20319 master_service.cc:502] Signed X509 certificate for tserver {username='slave'} at 127.0.0.1:37338
I20260608 12:56:31.495371 20319 catalog_manager.cc:2282] Servicing CreateTable request from {username='slave'} at 127.0.0.1:37354:
name: "test-workload"
schema {
  columns {
    name: "key"
    type: INT32
    is_key: true
    is_nullable: false
    encoding: AUTO_ENCODING
    compression: DEFAULT_COMPRESSION
    cfile_block_size: 0
    immutable: false
  }
  columns {
    name: "int_val"
    type: INT32
    is_key: false
    is_nullable: false
    encoding: AUTO_ENCODING
    compression: DEFAULT_COMPRESSION
    cfile_block_size: 0
    immutable: false
  }
  columns {
    name: "string_val"
    type: STRING
    is_key: false
    is_nullable: true
    encoding: AUTO_ENCODING
    compression: DEFAULT_COMPRESSION
    cfile_block_size: 0
    immutable: false
  }
}
num_replicas: 3
split_rows_range_bounds {
}
partition_schema {
  range_schema {
    columns {
      name: "key"
    }
  }
}
I20260608 12:56:31.545348 20411 tablet_service.cc:1511] Processing CreateTablet for tablet 6a4a8ed92ced4647861a64e7aa2fd45c (DEFAULT_TABLE table=test-workload [id=3ab59c037d1d491eb71a2070ffeccbcf]), partition=RANGE (key) PARTITION UNBOUNDED
I20260608 12:56:31.546723 20411 data_dirs.cc:400] Could only allocate 1 dirs of requested 3 for tablet 6a4a8ed92ced4647861a64e7aa2fd45c. 1 dirs total, 0 dirs full, 0 dirs failed
I20260608 12:56:31.552910 20486 tablet_service.cc:1511] Processing CreateTablet for tablet 6a4a8ed92ced4647861a64e7aa2fd45c (DEFAULT_TABLE table=test-workload [id=3ab59c037d1d491eb71a2070ffeccbcf]), partition=RANGE (key) PARTITION UNBOUNDED
I20260608 12:56:31.554291 20486 data_dirs.cc:400] Could only allocate 1 dirs of requested 3 for tablet 6a4a8ed92ced4647861a64e7aa2fd45c. 1 dirs total, 0 dirs full, 0 dirs failed
I20260608 12:56:31.554167 20560 tablet_service.cc:1511] Processing CreateTablet for tablet 6a4a8ed92ced4647861a64e7aa2fd45c (DEFAULT_TABLE table=test-workload [id=3ab59c037d1d491eb71a2070ffeccbcf]), partition=RANGE (key) PARTITION UNBOUNDED
I20260608 12:56:31.555476 20560 data_dirs.cc:400] Could only allocate 1 dirs of requested 3 for tablet 6a4a8ed92ced4647861a64e7aa2fd45c. 1 dirs total, 0 dirs full, 0 dirs failed
I20260608 12:56:31.561806 20690 tablet_bootstrap.cc:492] T 6a4a8ed92ced4647861a64e7aa2fd45c P 1602032cf60845a884689ee800721e3b: Bootstrap starting.
I20260608 12:56:31.566618 20690 tablet_bootstrap.cc:654] T 6a4a8ed92ced4647861a64e7aa2fd45c P 1602032cf60845a884689ee800721e3b: Neither blocks nor log segments found. Creating new log.
I20260608 12:56:31.572321 20690 tablet_bootstrap.cc:492] T 6a4a8ed92ced4647861a64e7aa2fd45c P 1602032cf60845a884689ee800721e3b: No bootstrap required, opened a new log
I20260608 12:56:31.572981 20690 ts_tablet_manager.cc:1403] T 6a4a8ed92ced4647861a64e7aa2fd45c P 1602032cf60845a884689ee800721e3b: Time spent bootstrapping tablet: real 0.011s	user 0.011s	sys 0.000s
I20260608 12:56:31.573032 20692 tablet_bootstrap.cc:492] T 6a4a8ed92ced4647861a64e7aa2fd45c P 1d00563205684093b59a950e6e050f1c: Bootstrap starting.
I20260608 12:56:31.574656 20693 tablet_bootstrap.cc:492] T 6a4a8ed92ced4647861a64e7aa2fd45c P febaa5be3b5843149a02e712dc399edf: Bootstrap starting.
I20260608 12:56:31.576719 20690 raft_consensus.cc:359] T 6a4a8ed92ced4647861a64e7aa2fd45c P 1602032cf60845a884689ee800721e3b [term 0 FOLLOWER]: Replica starting. Triggering 0 pending ops. Active config: opid_index: -1 OBSOLETE_local: false peers { permanent_uuid: "1d00563205684093b59a950e6e050f1c" member_type: VOTER last_known_addr { host: "127.16.85.2" port: 39769 } } peers { permanent_uuid: "1602032cf60845a884689ee800721e3b" member_type: VOTER last_known_addr { host: "127.16.85.1" port: 44721 } } peers { permanent_uuid: "febaa5be3b5843149a02e712dc399edf" member_type: VOTER last_known_addr { host: "127.16.85.3" port: 40333 } }
I20260608 12:56:31.577557 20690 raft_consensus.cc:385] T 6a4a8ed92ced4647861a64e7aa2fd45c P 1602032cf60845a884689ee800721e3b [term 0 FOLLOWER]: Consensus starting up: Expiring failure detector timer to make a prompt election more likely
I20260608 12:56:31.577908 20690 raft_consensus.cc:740] T 6a4a8ed92ced4647861a64e7aa2fd45c P 1602032cf60845a884689ee800721e3b [term 0 FOLLOWER]: Becoming Follower/Learner. State: Replica: 1602032cf60845a884689ee800721e3b, State: Initialized, Role: FOLLOWER
I20260608 12:56:31.578887 20690 consensus_queue.cc:260] T 6a4a8ed92ced4647861a64e7aa2fd45c P 1602032cf60845a884689ee800721e3b [NON_LEADER]: Queue going to NON_LEADER mode. State: All replicated index: 0, Majority replicated index: 0, Committed index: 0, Last appended: 0.0, Last appended by leader: 0, Current term: 0, Majority size: -1, State: 0, Mode: NON_LEADER, active raft config: opid_index: -1 OBSOLETE_local: false peers { permanent_uuid: "1d00563205684093b59a950e6e050f1c" member_type: VOTER last_known_addr { host: "127.16.85.2" port: 39769 } } peers { permanent_uuid: "1602032cf60845a884689ee800721e3b" member_type: VOTER last_known_addr { host: "127.16.85.1" port: 44721 } } peers { permanent_uuid: "febaa5be3b5843149a02e712dc399edf" member_type: VOTER last_known_addr { host: "127.16.85.3" port: 40333 } }
I20260608 12:56:31.579630 20692 tablet_bootstrap.cc:654] T 6a4a8ed92ced4647861a64e7aa2fd45c P 1d00563205684093b59a950e6e050f1c: Neither blocks nor log segments found. Creating new log.
I20260608 12:56:31.581559 20446 heartbeater.cc:499] Master 127.16.85.62:46287 was elected leader, sending a full tablet report...
I20260608 12:56:31.582020 20690 ts_tablet_manager.cc:1434] T 6a4a8ed92ced4647861a64e7aa2fd45c P 1602032cf60845a884689ee800721e3b: Time spent starting tablet: real 0.009s	user 0.003s	sys 0.004s
I20260608 12:56:31.582273 20693 tablet_bootstrap.cc:654] T 6a4a8ed92ced4647861a64e7aa2fd45c P febaa5be3b5843149a02e712dc399edf: Neither blocks nor log segments found. Creating new log.
I20260608 12:56:31.585364 20692 tablet_bootstrap.cc:492] T 6a4a8ed92ced4647861a64e7aa2fd45c P 1d00563205684093b59a950e6e050f1c: No bootstrap required, opened a new log
I20260608 12:56:31.585893 20692 ts_tablet_manager.cc:1403] T 6a4a8ed92ced4647861a64e7aa2fd45c P 1d00563205684093b59a950e6e050f1c: Time spent bootstrapping tablet: real 0.013s	user 0.005s	sys 0.007s
I20260608 12:56:31.588481 20693 tablet_bootstrap.cc:492] T 6a4a8ed92ced4647861a64e7aa2fd45c P febaa5be3b5843149a02e712dc399edf: No bootstrap required, opened a new log
I20260608 12:56:31.589004 20693 ts_tablet_manager.cc:1403] T 6a4a8ed92ced4647861a64e7aa2fd45c P febaa5be3b5843149a02e712dc399edf: Time spent bootstrapping tablet: real 0.015s	user 0.012s	sys 0.000s
I20260608 12:56:31.588635 20692 raft_consensus.cc:359] T 6a4a8ed92ced4647861a64e7aa2fd45c P 1d00563205684093b59a950e6e050f1c [term 0 FOLLOWER]: Replica starting. Triggering 0 pending ops. Active config: opid_index: -1 OBSOLETE_local: false peers { permanent_uuid: "1d00563205684093b59a950e6e050f1c" member_type: VOTER last_known_addr { host: "127.16.85.2" port: 39769 } } peers { permanent_uuid: "1602032cf60845a884689ee800721e3b" member_type: VOTER last_known_addr { host: "127.16.85.1" port: 44721 } } peers { permanent_uuid: "febaa5be3b5843149a02e712dc399edf" member_type: VOTER last_known_addr { host: "127.16.85.3" port: 40333 } }
I20260608 12:56:31.589490 20692 raft_consensus.cc:385] T 6a4a8ed92ced4647861a64e7aa2fd45c P 1d00563205684093b59a950e6e050f1c [term 0 FOLLOWER]: Consensus starting up: Expiring failure detector timer to make a prompt election more likely
I20260608 12:56:31.589815 20692 raft_consensus.cc:740] T 6a4a8ed92ced4647861a64e7aa2fd45c P 1d00563205684093b59a950e6e050f1c [term 0 FOLLOWER]: Becoming Follower/Learner. State: Replica: 1d00563205684093b59a950e6e050f1c, State: Initialized, Role: FOLLOWER
I20260608 12:56:31.590662 20692 consensus_queue.cc:260] T 6a4a8ed92ced4647861a64e7aa2fd45c P 1d00563205684093b59a950e6e050f1c [NON_LEADER]: Queue going to NON_LEADER mode. State: All replicated index: 0, Majority replicated index: 0, Committed index: 0, Last appended: 0.0, Last appended by leader: 0, Current term: 0, Majority size: -1, State: 0, Mode: NON_LEADER, active raft config: opid_index: -1 OBSOLETE_local: false peers { permanent_uuid: "1d00563205684093b59a950e6e050f1c" member_type: VOTER last_known_addr { host: "127.16.85.2" port: 39769 } } peers { permanent_uuid: "1602032cf60845a884689ee800721e3b" member_type: VOTER last_known_addr { host: "127.16.85.1" port: 44721 } } peers { permanent_uuid: "febaa5be3b5843149a02e712dc399edf" member_type: VOTER last_known_addr { host: "127.16.85.3" port: 40333 } }
I20260608 12:56:31.592298 20693 raft_consensus.cc:359] T 6a4a8ed92ced4647861a64e7aa2fd45c P febaa5be3b5843149a02e712dc399edf [term 0 FOLLOWER]: Replica starting. Triggering 0 pending ops. Active config: opid_index: -1 OBSOLETE_local: false peers { permanent_uuid: "1d00563205684093b59a950e6e050f1c" member_type: VOTER last_known_addr { host: "127.16.85.2" port: 39769 } } peers { permanent_uuid: "1602032cf60845a884689ee800721e3b" member_type: VOTER last_known_addr { host: "127.16.85.1" port: 44721 } } peers { permanent_uuid: "febaa5be3b5843149a02e712dc399edf" member_type: VOTER last_known_addr { host: "127.16.85.3" port: 40333 } }
