I20260608 12:55:03.479867 16768 sys_catalog.cc:458] T 00000000000000000000000000000000 P e223deac05ff4975841eb6e14b739359 [sys.catalog]: This master's current role is: LEADER
I20260608 12:55:03.482466 16820 catalog_manager.cc:1382] Generated new cluster ID: c91a47bc93544cd69063218393a74c69
I20260608 12:55:03.482690 16820 catalog_manager.cc:1530] Initializing Kudu internal certificate authority...
I20260608 12:55:03.488796 16767 sys_catalog.cc:455] T 00000000000000000000000000000000 P 0b77cecfdc7e45d69781de8f1ef46a41 [sys.catalog]: SysCatalogTable state changed. Reason: Replicated consensus-only round. Latest consensus state: current_term: 1 leader_uuid: "e223deac05ff4975841eb6e14b739359" committed_config { opid_index: -1 OBSOLETE_local: false peers { permanent_uuid: "e223deac05ff4975841eb6e14b739359" member_type: VOTER last_known_addr { host: "127.16.44.190" port: 45315 } } peers { permanent_uuid: "f18b6bac1d1b4689b333470456e5ca5b" member_type: VOTER last_known_addr { host: "127.16.44.189" port: 43615 } } peers { permanent_uuid: "0b77cecfdc7e45d69781de8f1ef46a41" member_type: VOTER last_known_addr { host: "127.16.44.188" port: 45749 } } }
I20260608 12:55:03.489454 16767 sys_catalog.cc:458] T 00000000000000000000000000000000 P 0b77cecfdc7e45d69781de8f1ef46a41 [sys.catalog]: This master's current role is: FOLLOWER
I20260608 12:55:03.503436 16769 sys_catalog.cc:455] T 00000000000000000000000000000000 P f18b6bac1d1b4689b333470456e5ca5b [sys.catalog]: SysCatalogTable state changed. Reason: Replicated consensus-only round. Latest consensus state: current_term: 1 leader_uuid: "e223deac05ff4975841eb6e14b739359" committed_config { opid_index: -1 OBSOLETE_local: false peers { permanent_uuid: "e223deac05ff4975841eb6e14b739359" member_type: VOTER last_known_addr { host: "127.16.44.190" port: 45315 } } peers { permanent_uuid: "f18b6bac1d1b4689b333470456e5ca5b" member_type: VOTER last_known_addr { host: "127.16.44.189" port: 43615 } } peers { permanent_uuid: "0b77cecfdc7e45d69781de8f1ef46a41" member_type: VOTER last_known_addr { host: "127.16.44.188" port: 45749 } } }
I20260608 12:55:03.504150 16769 sys_catalog.cc:458] T 00000000000000000000000000000000 P f18b6bac1d1b4689b333470456e5ca5b [sys.catalog]: This master's current role is: FOLLOWER
I20260608 12:55:03.527098 16820 catalog_manager.cc:1405] Generated new certificate authority record
I20260608 12:55:03.529244 16820 catalog_manager.cc:1539] Loading token signing keys...
I20260608 12:55:03.555932 16820 catalog_manager.cc:6069] T 00000000000000000000000000000000 P e223deac05ff4975841eb6e14b739359: Generated new TSK 0
I20260608 12:55:03.557219 16820 catalog_manager.cc:1549] Initializing in-progress tserver states...
I20260608 12:55:03.594597 16562 rpc_server.cc:307] RPC server started. Bound to: 127.16.44.129:39337
I20260608 12:55:03.594874 16886 acceptor_pool.cc:272] collecting diagnostics on the listening RPC socket 127.16.44.129:39337 every 8 connection(s)
I20260608 12:55:03.630388 16562 file_cache.cc:492] Constructed file cache file cache with capacity 419430
I20260608 12:55:03.635308 16888 heartbeater.cc:344] Connected to a master server at 127.16.44.189:43615
I20260608 12:55:03.635807 16888 heartbeater.cc:461] Registering TS with master...
I20260608 12:55:03.637110 16889 heartbeater.cc:344] Connected to a master server at 127.16.44.190:45315
I20260608 12:55:03.637248 16888 heartbeater.cc:507] Master 127.16.44.189:43615 requested a full tablet report, sending...
I20260608 12:55:03.637722 16887 heartbeater.cc:344] Connected to a master server at 127.16.44.188:45749
I20260608 12:55:03.638154 16887 heartbeater.cc:461] Registering TS with master...
I20260608 12:55:03.639269 16887 heartbeater.cc:507] Master 127.16.44.188:45749 requested a full tablet report, sending...
W20260608 12:55:03.640633 16894 instance_detector.cc:116] could not retrieve AWS instance metadata: Network error: curl error: HTTP response code said error: The requested URL returned error: 404
I20260608 12:55:03.637701 16889 heartbeater.cc:461] Registering TS with master...
I20260608 12:55:03.642000 16659 ts_manager.cc:194] Registered new tserver with Master: 322b04969a424fc7af882e7b87fb0370 (127.16.44.129:39337)
I20260608 12:55:03.643353 16724 ts_manager.cc:194] Registered new tserver with Master: 322b04969a424fc7af882e7b87fb0370 (127.16.44.129:39337)
I20260608 12:55:03.645424 16889 heartbeater.cc:507] Master 127.16.44.190:45315 requested a full tablet report, sending...
I20260608 12:55:03.648488 16594 ts_manager.cc:194] Registered new tserver with Master: 322b04969a424fc7af882e7b87fb0370 (127.16.44.129:39337)
I20260608 12:55:03.650712 16562 server_base.cc:1061] running on GCE node
I20260608 12:55:03.651911 16594 master_service.cc:502] Signed X509 certificate for tserver {username='slave'} at 127.0.0.1:40286
W20260608 12:55:03.652817 16897 instance_detector.cc:116] could not retrieve OpenStack instance metadata: Network error: curl error: HTTP response code said error: The requested URL returned error: 404
W20260608 12:55:03.654897 16895 instance_detector.cc:116] could not retrieve Azure instance metadata: Network error: curl error: HTTP response code said error: The requested URL returned error: 404
I20260608 12:55:03.655897 16562 hybrid_clock.cc:584] initializing the hybrid clock with 'system_unsync' time source
W20260608 12:55:03.656122 16562 system_unsync_time.cc:38] NTP support is disabled. Clock error bounds will not be accurate. This configuration is not suitable for distributed clusters.
I20260608 12:55:03.656281 16562 hybrid_clock.cc:648] HybridClock initialized: now 1780923303656265 us; error 0 us; skew 500 ppm
I20260608 12:55:03.656883 16562 server_base.cc:861] Flag tcmalloc_max_total_thread_cache_bytes is not working since tcmalloc is not enabled.
I20260608 12:55:03.659353 16562 webserver.cc:533] Webserver started at http://127.16.44.130:34613/ using document root <none> and password file <none>
I20260608 12:55:03.659854 16562 fs_manager.cc:362] Metadata directory not provided
I20260608 12:55:03.660048 16562 fs_manager.cc:368] Using write-ahead log directory (fs_wal_dir) as metadata directory
I20260608 12:55:03.660338 16562 server_base.cc:909] This appears to be a new deployment of Kudu; creating new FS layout
I20260608 12:55:03.661403 16562 fs_manager.cc:1068] Generated new instance metadata in path /tmp/dist-test-task9H1Z3a/test-tmp/auto_rebalancer-test.0.AutoRebalancerTest.OnlyLeaderDoesAutoRebalancing.1780923301427646-16562-0/minicluster-data/ts-1-root/instance:
uuid: "c439283a836c48cc9f90e8dc2620bfab"
format_stamp: "Formatted at 2026-06-08 12:55:03 on dist-test-slave-3sv2"
I20260608 12:55:03.666047 16562 fs_manager.cc:696] Time spent creating directory manager: real 0.004s	user 0.005s	sys 0.000s
I20260608 12:55:03.669632 16902 log_block_manager.cc:4031] Time spent loading block containers with low live blocks: real 0.000s	user 0.000s	sys 0.000s
I20260608 12:55:03.670593 16562 fs_manager.cc:730] Time spent opening block manager: real 0.003s	user 0.003s	sys 0.000s
I20260608 12:55:03.670879 16562 fs_manager.cc:647] Opened local filesystem: /tmp/dist-test-task9H1Z3a/test-tmp/auto_rebalancer-test.0.AutoRebalancerTest.OnlyLeaderDoesAutoRebalancing.1780923301427646-16562-0/minicluster-data/ts-1-root
uuid: "c439283a836c48cc9f90e8dc2620bfab"
format_stamp: "Formatted at 2026-06-08 12:55:03 on dist-test-slave-3sv2"
I20260608 12:55:03.671145 16562 fs_report.cc:389] FS layout report
--------------------
wal directory: /tmp/dist-test-task9H1Z3a/test-tmp/auto_rebalancer-test.0.AutoRebalancerTest.OnlyLeaderDoesAutoRebalancing.1780923301427646-16562-0/minicluster-data/ts-1-root
metadata directory: /tmp/dist-test-task9H1Z3a/test-tmp/auto_rebalancer-test.0.AutoRebalancerTest.OnlyLeaderDoesAutoRebalancing.1780923301427646-16562-0/minicluster-data/ts-1-root
1 data directories: /tmp/dist-test-task9H1Z3a/test-tmp/auto_rebalancer-test.0.AutoRebalancerTest.OnlyLeaderDoesAutoRebalancing.1780923301427646-16562-0/minicluster-data/ts-1-root/data
Total live blocks: 0
Total live bytes: 0
Total live bytes (after alignment): 0
Total number of LBM containers: 0 (0 full)
Did not check for missing blocks
Did not check for orphaned blocks
Total full LBM containers with extra space: 0 (0 repaired)
Total full LBM container extra space in bytes: 0 (0 repaired)
Total incomplete LBM containers: 0 (0 repaired)
Total LBM partial records: 0 (0 repaired)
Total corrupted LBM metadata records in RocksDB: 0 (0 repaired)
I20260608 12:55:03.697234 16562 rpc_server.cc:225] running with OpenSSL 1.1.1  11 Sep 2018
I20260608 12:55:03.698549 16562 kserver.cc:163] Server-wide thread pool size limit: 3276
I20260608 12:55:03.699966 16562 txn_system_client.cc:432] TxnSystemClient initialization is disabled...
I20260608 12:55:03.702286 16562 ts_tablet_manager.cc:585] Loaded tablet metadata (0 total tablets, 0 live tablets)
I20260608 12:55:03.702477 16562 ts_tablet_manager.cc:531] Time spent load tablet metadata: real 0.000s	user 0.000s	sys 0.000s
I20260608 12:55:03.702715 16562 ts_tablet_manager.cc:616] Registered 0 tablets
I20260608 12:55:03.702865 16562 ts_tablet_manager.cc:595] Time spent register tablets: real 0.000s	user 0.000s	sys 0.000s
I20260608 12:55:03.789894 16562 rpc_server.cc:307] RPC server started. Bound to: 127.16.44.130:39047
I20260608 12:55:03.790421 16964 acceptor_pool.cc:272] collecting diagnostics on the listening RPC socket 127.16.44.130:39047 every 8 connection(s)
I20260608 12:55:03.816684 16562 file_cache.cc:492] Constructed file cache file cache with capacity 419430
W20260608 12:55:03.832543 16972 instance_detector.cc:116] could not retrieve AWS instance metadata: Network error: curl error: HTTP response code said error: The requested URL returned error: 404
W20260608 12:55:03.839450 16973 instance_detector.cc:116] could not retrieve Azure instance metadata: Network error: curl error: HTTP response code said error: The requested URL returned error: 404
I20260608 12:55:03.839880 16966 heartbeater.cc:344] Connected to a master server at 127.16.44.189:43615
I20260608 12:55:03.840358 16966 heartbeater.cc:461] Registering TS with master...
I20260608 12:55:03.841312 16966 heartbeater.cc:507] Master 127.16.44.189:43615 requested a full tablet report, sending...
I20260608 12:55:03.842571 16967 heartbeater.cc:344] Connected to a master server at 127.16.44.190:45315
I20260608 12:55:03.842986 16967 heartbeater.cc:461] Registering TS with master...
I20260608 12:55:03.843916 16967 heartbeater.cc:507] Master 127.16.44.190:45315 requested a full tablet report, sending...
I20260608 12:55:03.845292 16659 ts_manager.cc:194] Registered new tserver with Master: c439283a836c48cc9f90e8dc2620bfab (127.16.44.130:39047)
I20260608 12:55:03.846313 16594 ts_manager.cc:194] Registered new tserver with Master: c439283a836c48cc9f90e8dc2620bfab (127.16.44.130:39047)
I20260608 12:55:03.848096 16594 master_service.cc:502] Signed X509 certificate for tserver {username='slave'} at 127.0.0.1:40292
I20260608 12:55:03.851039 16965 heartbeater.cc:344] Connected to a master server at 127.16.44.188:45749
I20260608 12:55:03.851509 16965 heartbeater.cc:461] Registering TS with master...
I20260608 12:55:03.852391 16965 heartbeater.cc:507] Master 127.16.44.188:45749 requested a full tablet report, sending...
I20260608 12:55:03.852921 16562 server_base.cc:1061] running on GCE node
W20260608 12:55:03.854065 16975 instance_detector.cc:116] could not retrieve OpenStack instance metadata: Network error: curl error: HTTP response code said error: The requested URL returned error: 404
I20260608 12:55:03.855168 16724 ts_manager.cc:194] Registered new tserver with Master: c439283a836c48cc9f90e8dc2620bfab (127.16.44.130:39047)
I20260608 12:55:03.855258 16562 hybrid_clock.cc:584] initializing the hybrid clock with 'system_unsync' time source
W20260608 12:55:03.855592 16562 system_unsync_time.cc:38] NTP support is disabled. Clock error bounds will not be accurate. This configuration is not suitable for distributed clusters.
I20260608 12:55:03.855818 16562 hybrid_clock.cc:648] HybridClock initialized: now 1780923303855799 us; error 0 us; skew 500 ppm
I20260608 12:55:03.856691 16562 server_base.cc:861] Flag tcmalloc_max_total_thread_cache_bytes is not working since tcmalloc is not enabled.
I20260608 12:55:03.859455 16562 webserver.cc:533] Webserver started at http://127.16.44.131:44063/ using document root <none> and password file <none>
I20260608 12:55:03.860138 16562 fs_manager.cc:362] Metadata directory not provided
I20260608 12:55:03.860409 16562 fs_manager.cc:368] Using write-ahead log directory (fs_wal_dir) as metadata directory
I20260608 12:55:03.860744 16562 server_base.cc:909] This appears to be a new deployment of Kudu; creating new FS layout
I20260608 12:55:03.862136 16562 fs_manager.cc:1068] Generated new instance metadata in path /tmp/dist-test-task9H1Z3a/test-tmp/auto_rebalancer-test.0.AutoRebalancerTest.OnlyLeaderDoesAutoRebalancing.1780923301427646-16562-0/minicluster-data/ts-2-root/instance:
uuid: "164d34b119f34c2bb4d000d36df1dd84"
format_stamp: "Formatted at 2026-06-08 12:55:03 on dist-test-slave-3sv2"
I20260608 12:55:03.868153 16562 fs_manager.cc:696] Time spent creating directory manager: real 0.005s	user 0.005s	sys 0.002s
I20260608 12:55:03.872502 16980 log_block_manager.cc:4031] Time spent loading block containers with low live blocks: real 0.000s	user 0.000s	sys 0.000s
I20260608 12:55:03.873348 16562 fs_manager.cc:730] Time spent opening block manager: real 0.002s	user 0.004s	sys 0.000s
I20260608 12:55:03.873713 16562 fs_manager.cc:647] Opened local filesystem: /tmp/dist-test-task9H1Z3a/test-tmp/auto_rebalancer-test.0.AutoRebalancerTest.OnlyLeaderDoesAutoRebalancing.1780923301427646-16562-0/minicluster-data/ts-2-root
uuid: "164d34b119f34c2bb4d000d36df1dd84"
format_stamp: "Formatted at 2026-06-08 12:55:03 on dist-test-slave-3sv2"
I20260608 12:55:03.874055 16562 fs_report.cc:389] FS layout report
--------------------
wal directory: /tmp/dist-test-task9H1Z3a/test-tmp/auto_rebalancer-test.0.AutoRebalancerTest.OnlyLeaderDoesAutoRebalancing.1780923301427646-16562-0/minicluster-data/ts-2-root
metadata directory: /tmp/dist-test-task9H1Z3a/test-tmp/auto_rebalancer-test.0.AutoRebalancerTest.OnlyLeaderDoesAutoRebalancing.1780923301427646-16562-0/minicluster-data/ts-2-root
1 data directories: /tmp/dist-test-task9H1Z3a/test-tmp/auto_rebalancer-test.0.AutoRebalancerTest.OnlyLeaderDoesAutoRebalancing.1780923301427646-16562-0/minicluster-data/ts-2-root/data
Total live blocks: 0
Total live bytes: 0
Total live bytes (after alignment): 0
Total number of LBM containers: 0 (0 full)
Did not check for missing blocks
Did not check for orphaned blocks
Total full LBM containers with extra space: 0 (0 repaired)
Total full LBM container extra space in bytes: 0 (0 repaired)
Total incomplete LBM containers: 0 (0 repaired)
Total LBM partial records: 0 (0 repaired)
Total corrupted LBM metadata records in RocksDB: 0 (0 repaired)
I20260608 12:55:03.894052 16562 rpc_server.cc:225] running with OpenSSL 1.1.1  11 Sep 2018
I20260608 12:55:03.895737 16562 kserver.cc:163] Server-wide thread pool size limit: 3276
I20260608 12:55:03.898175 16562 txn_system_client.cc:432] TxnSystemClient initialization is disabled...
I20260608 12:55:03.901923 16562 ts_tablet_manager.cc:585] Loaded tablet metadata (0 total tablets, 0 live tablets)
I20260608 12:55:03.902185 16562 ts_tablet_manager.cc:531] Time spent load tablet metadata: real 0.000s	user 0.000s	sys 0.000s
I20260608 12:55:03.902464 16562 ts_tablet_manager.cc:616] Registered 0 tablets
I20260608 12:55:03.902689 16562 ts_tablet_manager.cc:595] Time spent register tablets: real 0.000s	user 0.000s	sys 0.000s
I20260608 12:55:03.989842 16562 rpc_server.cc:307] RPC server started. Bound to: 127.16.44.131:38169
I20260608 12:55:03.989950 17042 acceptor_pool.cc:272] collecting diagnostics on the listening RPC socket 127.16.44.131:38169 every 8 connection(s)
I20260608 12:55:04.028393 17046 heartbeater.cc:344] Connected to a master server at 127.16.44.190:45315
I20260608 12:55:04.028894 17043 heartbeater.cc:344] Connected to a master server at 127.16.44.188:45749
I20260608 12:55:04.028869 17046 heartbeater.cc:461] Registering TS with master...
I20260608 12:55:04.029525 17044 heartbeater.cc:344] Connected to a master server at 127.16.44.189:43615
I20260608 12:55:04.029608 17043 heartbeater.cc:461] Registering TS with master...
I20260608 12:55:04.030028 17044 heartbeater.cc:461] Registering TS with master...
I20260608 12:55:04.030189 17046 heartbeater.cc:507] Master 127.16.44.190:45315 requested a full tablet report, sending...
I20260608 12:55:04.030951 17043 heartbeater.cc:507] Master 127.16.44.188:45749 requested a full tablet report, sending...
I20260608 12:55:04.031067 17044 heartbeater.cc:507] Master 127.16.44.189:43615 requested a full tablet report, sending...
I20260608 12:55:04.033459 16594 ts_manager.cc:194] Registered new tserver with Master: 164d34b119f34c2bb4d000d36df1dd84 (127.16.44.131:38169)
I20260608 12:55:04.034145 16724 ts_manager.cc:194] Registered new tserver with Master: 164d34b119f34c2bb4d000d36df1dd84 (127.16.44.131:38169)
I20260608 12:55:04.034657 16659 ts_manager.cc:194] Registered new tserver with Master: 164d34b119f34c2bb4d000d36df1dd84 (127.16.44.131:38169)
I20260608 12:55:04.035224 16594 master_service.cc:502] Signed X509 certificate for tserver {username='slave'} at 127.0.0.1:40296
I20260608 12:55:04.035825 16562 internal_mini_cluster.cc:371] 3 TS(s) registered with all masters after 0.017555422s
I20260608 12:55:04.294045 16802 catalog_manager.cc:1294] Loaded cluster ID: c91a47bc93544cd69063218393a74c69
I20260608 12:55:04.294358 16802 catalog_manager.cc:1587] T 00000000000000000000000000000000 P 0b77cecfdc7e45d69781de8f1ef46a41: loading cluster ID for follower catalog manager: success
I20260608 12:55:04.299119 16802 catalog_manager.cc:1609] T 00000000000000000000000000000000 P 0b77cecfdc7e45d69781de8f1ef46a41: acquiring CA information for follower catalog manager: success
I20260608 12:55:04.303294 16802 catalog_manager.cc:1637] T 00000000000000000000000000000000 P 0b77cecfdc7e45d69781de8f1ef46a41: importing token verification keys for follower catalog manager: success; most recent TSK sequence number 0
I20260608 12:55:04.304204 16801 catalog_manager.cc:1294] Loaded cluster ID: c91a47bc93544cd69063218393a74c69
I20260608 12:55:04.304544 16801 catalog_manager.cc:1587] T 00000000000000000000000000000000 P f18b6bac1d1b4689b333470456e5ca5b: loading cluster ID for follower catalog manager: success
I20260608 12:55:04.311390 16801 catalog_manager.cc:1609] T 00000000000000000000000000000000 P f18b6bac1d1b4689b333470456e5ca5b: acquiring CA information for follower catalog manager: success
I20260608 12:55:04.316581 16801 catalog_manager.cc:1637] T 00000000000000000000000000000000 P f18b6bac1d1b4689b333470456e5ca5b: importing token verification keys for follower catalog manager: success; most recent TSK sequence number 0
I20260608 12:55:04.655544 16889 heartbeater.cc:499] Master 127.16.44.190:45315 was elected leader, sending a full tablet report...
I20260608 12:55:04.851016 16967 heartbeater.cc:499] Master 127.16.44.190:45315 was elected leader, sending a full tablet report...
I20260608 12:55:05.037881 17046 heartbeater.cc:499] Master 127.16.44.190:45315 was elected leader, sending a full tablet report...
I20260608 12:55:05.278550 16799 auto_leader_rebalancer.cc:451] All tables' leader rebalancing finished this round
I20260608 12:55:05.389438 16594 catalog_manager.cc:2282] Servicing CreateTable request from {username='slave'} at 127.0.0.1:40312:
name: "test-workload"
schema {
  columns {
    name: "key"
    type: INT32
    is_key: true
    is_nullable: false
    encoding: AUTO_ENCODING
    compression: DEFAULT_COMPRESSION
    cfile_block_size: 0
    immutable: false
  }
  columns {
    name: "int_val"
    type: INT32
    is_key: false
    is_nullable: false
    encoding: AUTO_ENCODING
    compression: DEFAULT_COMPRESSION
    cfile_block_size: 0
    immutable: false
  }
  columns {
    name: "string_val"
    type: STRING
    is_key: false
    is_nullable: true
    encoding: AUTO_ENCODING
    compression: DEFAULT_COMPRESSION
    cfile_block_size: 0
    immutable: false
  }
}
num_replicas: 1
split_rows_range_bounds {
  rows: "\004\001\000\377\377\377\037\004\001\000\376\377\377?\004\001\000\375\377\377_""\004\001\000\377\377\377\037\004\001\000\376\377\377?\004\001\000\375\377\377_"
  indirect_data: """"
}
partition_schema {
  range_schema {
    columns {
      name: "key"
    }
  }
}
I20260608 12:55:05.481150 16852 tablet_service.cc:1511] Processing CreateTablet for tablet a651acb92d944791b4402d33e13f0ce4 (DEFAULT_TABLE table=test-workload [id=ad91e5ed06cf4864afd4200889301e95]), partition=RANGE (key) PARTITION 536870911 <= VALUES < 1073741822
I20260608 12:55:05.481158 16851 tablet_service.cc:1511] Processing CreateTablet for tablet 51e6c918162a4c7db5e4ca49d1676690 (DEFAULT_TABLE table=test-workload [id=ad91e5ed06cf4864afd4200889301e95]), partition=RANGE (key) PARTITION 1610612733 <= VALUES
I20260608 12:55:05.482218 16930 tablet_service.cc:1511] Processing CreateTablet for tablet 525de91664d34d78a072e05357b57cf4 (DEFAULT_TABLE table=test-workload [id=ad91e5ed06cf4864afd4200889301e95]), partition=RANGE (key) PARTITION VALUES < 536870911
I20260608 12:55:05.482884 16852 data_dirs.cc:400] Could only allocate 1 dirs of requested 3 for tablet a651acb92d944791b4402d33e13f0ce4. 1 dirs total, 0 dirs full, 0 dirs failed
I20260608 12:55:05.483268 16930 data_dirs.cc:400] Could only allocate 1 dirs of requested 3 for tablet 525de91664d34d78a072e05357b57cf4. 1 dirs total, 0 dirs full, 0 dirs failed
I20260608 12:55:05.483500 16851 data_dirs.cc:400] Could only allocate 1 dirs of requested 3 for tablet 51e6c918162a4c7db5e4ca49d1676690. 1 dirs total, 0 dirs full, 0 dirs failed
I20260608 12:55:05.495860 17008 tablet_service.cc:1511] Processing CreateTablet for tablet 84258fe13ea14f24997bc70771f9821d (DEFAULT_TABLE table=test-workload [id=ad91e5ed06cf4864afd4200889301e95]), partition=RANGE (key) PARTITION 1073741822 <= VALUES < 1610612733
I20260608 12:55:05.497397 17008 data_dirs.cc:400] Could only allocate 1 dirs of requested 3 for tablet 84258fe13ea14f24997bc70771f9821d. 1 dirs total, 0 dirs full, 0 dirs failed
I20260608 12:55:05.497823 17079 tablet_bootstrap.cc:492] T 525de91664d34d78a072e05357b57cf4 P c439283a836c48cc9f90e8dc2620bfab: Bootstrap starting.
I20260608 12:55:05.504194 17079 tablet_bootstrap.cc:654] T 525de91664d34d78a072e05357b57cf4 P c439283a836c48cc9f90e8dc2620bfab: Neither blocks nor log segments found. Creating new log.
I20260608 12:55:05.509987 17080 tablet_bootstrap.cc:492] T a651acb92d944791b4402d33e13f0ce4 P 322b04969a424fc7af882e7b87fb0370: Bootstrap starting.
I20260608 12:55:05.524225 17080 tablet_bootstrap.cc:654] T a651acb92d944791b4402d33e13f0ce4 P 322b04969a424fc7af882e7b87fb0370: Neither blocks nor log segments found. Creating new log.
I20260608 12:55:05.528816 17082 tablet_bootstrap.cc:492] T 84258fe13ea14f24997bc70771f9821d P 164d34b119f34c2bb4d000d36df1dd84: Bootstrap starting.
I20260608 12:55:05.530234 17079 tablet_bootstrap.cc:492] T 525de91664d34d78a072e05357b57cf4 P c439283a836c48cc9f90e8dc2620bfab: No bootstrap required, opened a new log
I20260608 12:55:05.530840 17079 ts_tablet_manager.cc:1403] T 525de91664d34d78a072e05357b57cf4 P c439283a836c48cc9f90e8dc2620bfab: Time spent bootstrapping tablet: real 0.033s	user 0.011s	sys 0.008s
I20260608 12:55:05.534372 17079 raft_consensus.cc:359] T 525de91664d34d78a072e05357b57cf4 P c439283a836c48cc9f90e8dc2620bfab [term 0 FOLLOWER]: Replica starting. Triggering 0 pending ops. Active config: opid_index: -1 OBSOLETE_local: true peers { permanent_uuid: "c439283a836c48cc9f90e8dc2620bfab" member_type: VOTER last_known_addr { host: "127.16.44.130" port: 39047 } }
I20260608 12:55:05.535040 17079 raft_consensus.cc:385] T 525de91664d34d78a072e05357b57cf4 P c439283a836c48cc9f90e8dc2620bfab [term 0 FOLLOWER]: Consensus starting up: Expiring failure detector timer to make a prompt election more likely
I20260608 12:55:05.535434 17079 raft_consensus.cc:740] T 525de91664d34d78a072e05357b57cf4 P c439283a836c48cc9f90e8dc2620bfab [term 0 FOLLOWER]: Becoming Follower/Learner. State: Replica: c439283a836c48cc9f90e8dc2620bfab, State: Initialized, Role: FOLLOWER
I20260608 12:55:05.536434 17079 consensus_queue.cc:260] T 525de91664d34d78a072e05357b57cf4 P c439283a836c48cc9f90e8dc2620bfab [NON_LEADER]: Queue going to NON_LEADER mode. State: All replicated index: 0, Majority replicated index: 0, Committed index: 0, Last appended: 0.0, Last appended by leader: 0, Current term: 0, Majority size: -1, State: 0, Mode: NON_LEADER, active raft config: opid_index: -1 OBSOLETE_local: true peers { permanent_uuid: "c439283a836c48cc9f90e8dc2620bfab" member_type: VOTER last_known_addr { host: "127.16.44.130" port: 39047 } }
I20260608 12:55:05.537187 17079 raft_consensus.cc:399] T 525de91664d34d78a072e05357b57cf4 P c439283a836c48cc9f90e8dc2620bfab [term 0 FOLLOWER]: Only one voter in the Raft config. Triggering election immediately
I20260608 12:55:05.537578 17079 raft_consensus.cc:493] T 525de91664d34d78a072e05357b57cf4 P c439283a836c48cc9f90e8dc2620bfab [term 0 FOLLOWER]: Starting leader election (initial election of a single-replica configuration)
I20260608 12:55:05.537840 17082 tablet_bootstrap.cc:654] T 84258fe13ea14f24997bc70771f9821d P 164d34b119f34c2bb4d000d36df1dd84: Neither blocks nor log segments found. Creating new log.
I20260608 12:55:05.538017 17079 raft_consensus.cc:3060] T 525de91664d34d78a072e05357b57cf4 P c439283a836c48cc9f90e8dc2620bfab [term 0 FOLLOWER]: Advancing to term 1
I20260608 12:55:05.546046 17080 tablet_bootstrap.cc:492] T a651acb92d944791b4402d33e13f0ce4 P 322b04969a424fc7af882e7b87fb0370: No bootstrap required, opened a new log
I20260608 12:55:05.545996 17079 raft_consensus.cc:515] T 525de91664d34d78a072e05357b57cf4 P c439283a836c48cc9f90e8dc2620bfab [term 1 FOLLOWER]: Starting leader election with config: opid_index: -1 OBSOLETE_local: true peers { permanent_uuid: "c439283a836c48cc9f90e8dc2620bfab" member_type: VOTER last_known_addr { host: "127.16.44.130" port: 39047 } }
I20260608 12:55:05.546980 17080 ts_tablet_manager.cc:1403] T a651acb92d944791b4402d33e13f0ce4 P 322b04969a424fc7af882e7b87fb0370: Time spent bootstrapping tablet: real 0.037s	user 0.017s	sys 0.010s
I20260608 12:55:05.547086 17079 leader_election.cc:304] T 525de91664d34d78a072e05357b57cf4 P c439283a836c48cc9f90e8dc2620bfab [CANDIDATE]: Term 1 election: Election decided. Result: candidate won. Election summary: received 1 responses out of 1 voters: 1 yes votes; 0 no votes. yes voters: c439283a836c48cc9f90e8dc2620bfab; no voters: 
I20260608 12:55:05.551187 17080 raft_consensus.cc:359] T a651acb92d944791b4402d33e13f0ce4 P 322b04969a424fc7af882e7b87fb0370 [term 0 FOLLOWER]: Replica starting. Triggering 0 pending ops. Active config: opid_index: -1 OBSOLETE_local: true peers { permanent_uuid: "322b04969a424fc7af882e7b87fb0370" member_type: VOTER last_known_addr { host: "127.16.44.129" port: 39337 } }
I20260608 12:55:05.552327 17082 tablet_bootstrap.cc:492] T 84258fe13ea14f24997bc70771f9821d P 164d34b119f34c2bb4d000d36df1dd84: No bootstrap required, opened a new log
I20260608 12:55:05.552388 17080 raft_consensus.cc:385] T a651acb92d944791b4402d33e13f0ce4 P 322b04969a424fc7af882e7b87fb0370 [term 0 FOLLOWER]: Consensus starting up: Expiring failure detector timer to make a prompt election more likely
I20260608 12:55:05.553043 17082 ts_tablet_manager.cc:1403] T 84258fe13ea14f24997bc70771f9821d P 164d34b119f34c2bb4d000d36df1dd84: Time spent bootstrapping tablet: real 0.025s	user 0.016s	sys 0.006s
I20260608 12:55:05.553067 17080 raft_consensus.cc:740] T a651acb92d944791b4402d33e13f0ce4 P 322b04969a424fc7af882e7b87fb0370 [term 0 FOLLOWER]: Becoming Follower/Learner. State: Replica: 322b04969a424fc7af882e7b87fb0370, State: Initialized, Role: FOLLOWER
I20260608 12:55:05.554401 17080 consensus_queue.cc:260] T a651acb92d944791b4402d33e13f0ce4 P 322b04969a424fc7af882e7b87fb0370 [NON_LEADER]: Queue going to NON_LEADER mode. State: All replicated index: 0, Majority replicated index: 0, Committed index: 0, Last appended: 0.0, Last appended by leader: 0, Current term: 0, Majority size: -1, State: 0, Mode: NON_LEADER, active raft config: opid_index: -1 OBSOLETE_local: true peers { permanent_uuid: "322b04969a424fc7af882e7b87fb0370" member_type: VOTER last_known_addr { host: "127.16.44.129" port: 39337 } }
I20260608 12:55:05.555164 17080 raft_consensus.cc:399] T a651acb92d944791b4402d33e13f0ce4 P 322b04969a424fc7af882e7b87fb0370 [term 0 FOLLOWER]: Only one voter in the Raft config. Triggering election immediately
I20260608 12:55:05.555565 17080 raft_consensus.cc:493] T a651acb92d944791b4402d33e13f0ce4 P 322b04969a424fc7af882e7b87fb0370 [term 0 FOLLOWER]: Starting leader election (initial election of a single-replica configuration)
I20260608 12:55:05.556030 17080 raft_consensus.cc:3060] T a651acb92d944791b4402d33e13f0ce4 P 322b04969a424fc7af882e7b87fb0370 [term 0 FOLLOWER]: Advancing to term 1
I20260608 12:55:05.556553 17082 raft_consensus.cc:359] T 84258fe13ea14f24997bc70771f9821d P 164d34b119f34c2bb4d000d36df1dd84 [term 0 FOLLOWER]: Replica starting. Triggering 0 pending ops. Active config: opid_index: -1 OBSOLETE_local: true peers { permanent_uuid: "164d34b119f34c2bb4d000d36df1dd84" member_type: VOTER last_known_addr { host: "127.16.44.131" port: 38169 } }
I20260608 12:55:05.557228 17082 raft_consensus.cc:385] T 84258fe13ea14f24997bc70771f9821d P 164d34b119f34c2bb4d000d36df1dd84 [term 0 FOLLOWER]: Consensus starting up: Expiring failure detector timer to make a prompt election more likely
I20260608 12:55:05.557549 17082 raft_consensus.cc:740] T 84258fe13ea14f24997bc70771f9821d P 164d34b119f34c2bb4d000d36df1dd84 [term 0 FOLLOWER]: Becoming Follower/Learner. State: Replica: 164d34b119f34c2bb4d000d36df1dd84, State: Initialized, Role: FOLLOWER
I20260608 12:55:05.558357 17082 consensus_queue.cc:260] T 84258fe13ea14f24997bc70771f9821d P 164d34b119f34c2bb4d000d36df1dd84 [NON_LEADER]: Queue going to NON_LEADER mode. State: All replicated index: 0, Majority replicated index: 0, Committed index: 0, Last appended: 0.0, Last appended by leader: 0, Current term: 0, Majority size: -1, State: 0, Mode: NON_LEADER, active raft config: opid_index: -1 OBSOLETE_local: true peers { permanent_uuid: "164d34b119f34c2bb4d000d36df1dd84" member_type: VOTER last_known_addr { host: "127.16.44.131" port: 38169 } }
I20260608 12:55:05.574445 17082 raft_consensus.cc:399] T 84258fe13ea14f24997bc70771f9821d P 164d34b119f34c2bb4d000d36df1dd84 [term 0 FOLLOWER]: Only one voter in the Raft config. Triggering election immediately
I20260608 12:55:05.574786 17082 raft_consensus.cc:493] T 84258fe13ea14f24997bc70771f9821d P 164d34b119f34c2bb4d000d36df1dd84 [term 0 FOLLOWER]: Starting leader election (initial election of a single-replica configuration)
I20260608 12:55:05.575139 17082 raft_consensus.cc:3060] T 84258fe13ea14f24997bc70771f9821d P 164d34b119f34c2bb4d000d36df1dd84 [term 0 FOLLOWER]: Advancing to term 1
I20260608 12:55:05.586309 17085 raft_consensus.cc:2804] T 525de91664d34d78a072e05357b57cf4 P c439283a836c48cc9f90e8dc2620bfab [term 1 FOLLOWER]: Leader election won for term 1
I20260608 12:55:05.588331 17079 leader_election.cc:290] T 525de91664d34d78a072e05357b57cf4 P c439283a836c48cc9f90e8dc2620bfab [CANDIDATE]: Term 1 election: Requested vote from peers 
I20260608 12:55:05.594192 17079 ts_tablet_manager.cc:1434] T 525de91664d34d78a072e05357b57cf4 P c439283a836c48cc9f90e8dc2620bfab: Time spent starting tablet: real 0.063s	user 0.023s	sys 0.002s
I20260608 12:55:05.595170 17082 raft_consensus.cc:515] T 84258fe13ea14f24997bc70771f9821d P 164d34b119f34c2bb4d000d36df1dd84 [term 1 FOLLOWER]: Starting leader election with config: opid_index: -1 OBSOLETE_local: true peers { permanent_uuid: "164d34b119f34c2bb4d000d36df1dd84" member_type: VOTER last_known_addr { host: "127.16.44.131" port: 38169 } }
I20260608 12:55:05.596002 17082 leader_election.cc:304] T 84258fe13ea14f24997bc70771f9821d P 164d34b119f34c2bb4d000d36df1dd84 [CANDIDATE]: Term 1 election: Election decided. Result: candidate won. Election summary: received 1 responses out of 1 voters: 1 yes votes; 0 no votes. yes voters: 164d34b119f34c2bb4d000d36df1dd84; no voters: 
I20260608 12:55:05.597855 17080 raft_consensus.cc:515] T a651acb92d944791b4402d33e13f0ce4 P 322b04969a424fc7af882e7b87fb0370 [term 1 FOLLOWER]: Starting leader election with config: opid_index: -1 OBSOLETE_local: true peers { permanent_uuid: "322b04969a424fc7af882e7b87fb0370" member_type: VOTER last_known_addr { host: "127.16.44.129" port: 39337 } }
I20260608 12:55:05.599790 17085 raft_consensus.cc:697] T 525de91664d34d78a072e05357b57cf4 P c439283a836c48cc9f90e8dc2620bfab [term 1 LEADER]: Becoming Leader. State: Replica: c439283a836c48cc9f90e8dc2620bfab, State: Running, Role: LEADER
I20260608 12:55:05.601480 17088 raft_consensus.cc:2804] T 84258fe13ea14f24997bc70771f9821d P 164d34b119f34c2bb4d000d36df1dd84 [term 1 FOLLOWER]: Leader election won for term 1
I20260608 12:55:05.601164 17085 consensus_queue.cc:237] T 525de91664d34d78a072e05357b57cf4 P c439283a836c48cc9f90e8dc2620bfab [LEADER]: Queue going to LEADER mode. State: All replicated index: 0, Majority replicated index: 0, Committed index: 0, Last appended: 0.0, Last appended by leader: 0, Current term: 1, Majority size: 1, State: 0, Mode: LEADER, active raft config: opid_index: -1 OBSOLETE_local: true peers { permanent_uuid: "c439283a836c48cc9f90e8dc2620bfab" member_type: VOTER last_known_addr { host: "127.16.44.130" port: 39047 } }
I20260608 12:55:05.600076 17080 leader_election.cc:304] T a651acb92d944791b4402d33e13f0ce4 P 322b04969a424fc7af882e7b87fb0370 [CANDIDATE]: Term 1 election: Election decided. Result: candidate won. Election summary: received 1 responses out of 1 voters: 1 yes votes; 0 no votes. yes voters: 322b04969a424fc7af882e7b87fb0370; no voters: 
I20260608 12:55:05.610306 17082 leader_election.cc:290] T 84258fe13ea14f24997bc70771f9821d P 164d34b119f34c2bb4d000d36df1dd84 [CANDIDATE]: Term 1 election: Requested vote from peers 
I20260608 12:55:06.108551 17082 ts_tablet_manager.cc:1434] T 84258fe13ea14f24997bc70771f9821d P 164d34b119f34c2bb4d000d36df1dd84: Time spent starting tablet: real 0.555s	user 0.017s	sys 0.011s
W20260608 12:55:06.109045 17082 ts_tablet_manager.cc:1467] T 84258fe13ea14f24997bc70771f9821d P 164d34b119f34c2bb4d000d36df1dd84: Tablet startup took 555ms
W20260608 12:55:06.109498 17082 ts_tablet_manager.cc:1469] T 84258fe13ea14f24997bc70771f9821d P 164d34b119f34c2bb4d000d36df1dd84: Trace:
0608 12:55:05.494399 (+     0us) service_pool.cc:167] Inserting onto call queue
0608 12:55:05.494547 (+   148us) service_pool.cc:224] Handling call
0608 12:55:05.496758 (+  2211us) ts_tablet_manager.cc:669] Acquired tablet manager lock
0608 12:55:05.496863 (+   105us) ts_tablet_manager.cc:682] Creating new metadata...
0608 12:55:05.506106 (+  9243us) tablet_metadata.cc:665] Metadata flushed
0608 12:55:05.521112 (+ 15006us) tablet_replica.cc:206] Creating consensus instance
0608 12:55:05.528252 (+  7140us) ts_tablet_manager.cc:1379] Bootstrapping tablet
0608 12:55:05.541994 (+ 13742us) inbound_call.cc:177] Queueing success response
0608 12:55:05.553685 (+ 11691us) ts_tablet_manager.cc:1435] Starting tablet replica
0608 12:55:05.554211 (+   526us) tablet_replica.cc:261] Starting instrumentation
0608 12:55:05.554798 (+   587us) tablet_replica.cc:280] Starting consensus
Metrics: {"raft.queue_time_us":857467,"raft.run_cpu_time_us":338,"raft.run_wall_time_us":338,"tablet-open.queue_time_us":6645,"thread_start_us":316230,"threads_started":4}
W20260608 12:55:06.113888 17088 thread.cc:608] raft [worker] (thread pool) Time spent starting thread: real 0.512s	user 0.003s	sys 0.000s
I20260608 12:55:06.114745 17088 raft_consensus.cc:697] T 84258fe13ea14f24997bc70771f9821d P 164d34b119f34c2bb4d000d36df1dd84 [term 1 LEADER]: Becoming Leader. State: Replica: 164d34b119f34c2bb4d000d36df1dd84, State: Running, Role: LEADER
I20260608 12:55:06.114828 17090 raft_consensus.cc:2804] T a651acb92d944791b4402d33e13f0ce4 P 322b04969a424fc7af882e7b87fb0370 [term 1 FOLLOWER]: Leader election won for term 1
I20260608 12:55:06.115865 17088 consensus_queue.cc:237] T 84258fe13ea14f24997bc70771f9821d P 164d34b119f34c2bb4d000d36df1dd84 [LEADER]: Queue going to LEADER mode. State: All replicated index: 0, Majority replicated index: 0, Committed index: 0, Last appended: 0.0, Last appended by leader: 0, Current term: 1, Majority size: 1, State: 0, Mode: LEADER, active raft config: opid_index: -1 OBSOLETE_local: true peers { permanent_uuid: "164d34b119f34c2bb4d000d36df1dd84" member_type: VOTER last_known_addr { host: "127.16.44.131" port: 38169 } }
W20260608 12:55:06.271250 16786 auto_rebalancer.cc:259] Could not retrieve cluster info: Service unavailable: Tablet not running
W20260608 12:55:07.140443 16580 thread.cc:641] raft [worker] (thread pool) Time spent creating pthread: real 0.951s	user 0.003s	sys 0.007s
W20260608 12:55:07.140892 16580 thread.cc:608] raft [worker] (thread pool) Time spent starting thread: real 0.952s	user 0.003s	sys 0.007s
W20260608 12:55:07.273447 16786 auto_rebalancer.cc:259] Could not retrieve cluster info: Service unavailable: Tablet not running
I20260608 12:55:07.279726 16799 auto_leader_rebalancer.cc:140] leader rebalance for table test-workload
I20260608 12:55:07.280246 16799 auto_leader_rebalancer.cc:451] All tables' leader rebalancing finished this round
W20260608 12:55:07.642601 17090 thread.cc:641] raft [worker] (thread pool) Time spent creating pthread: real 1.527s	user 0.000s	sys 0.010s
W20260608 12:55:07.643126 17090 thread.cc:608] raft [worker] (thread pool) Time spent starting thread: real 1.527s	user 0.000s	sys 0.010s
I20260608 12:55:07.643493 17090 raft_consensus.cc:697] T a651acb92d944791b4402d33e13f0ce4 P 322b04969a424fc7af882e7b87fb0370 [term 1 LEADER]: Becoming Leader. State: Replica: 322b04969a424fc7af882e7b87fb0370, State: Running, Role: LEADER
I20260608 12:55:07.644424 17090 consensus_queue.cc:237] T a651acb92d944791b4402d33e13f0ce4 P 322b04969a424fc7af882e7b87fb0370 [LEADER]: Queue going to LEADER mode. State: All replicated index: 0, Majority replicated index: 0, Committed index: 0, Last appended: 0.0, Last appended by leader: 0, Current term: 1, Majority size: 1, State: 0, Mode: LEADER, active raft config: opid_index: -1 OBSOLETE_local: true peers { permanent_uuid: "322b04969a424fc7af882e7b87fb0370" member_type: VOTER last_known_addr { host: "127.16.44.129" port: 39337 } }
I20260608 12:55:07.963268 16594 catalog_manager.cc:5696] T 525de91664d34d78a072e05357b57cf4 P c439283a836c48cc9f90e8dc2620bfab reported cstate change: term changed from 0 to 1, leader changed from <none> to c439283a836c48cc9f90e8dc2620bfab (127.16.44.130). New cstate: current_term: 1 leader_uuid: "c439283a836c48cc9f90e8dc2620bfab" committed_config { opid_index: -1 OBSOLETE_local: true peers { permanent_uuid: "c439283a836c48cc9f90e8dc2620bfab" member_type: VOTER last_known_addr { host: "127.16.44.130" port: 39047 } health_report { overall_health: HEALTHY } } }
W20260608 12:55:07.966801 16755 debug-util.cc:398] Leaking SignalData structure 0x7b08000ec060 after lost signal to thread 16565
W20260608 12:55:07.967576 16755 debug-util.cc:398] Leaking SignalData structure 0x7b08000ec740 after lost signal to thread 16628
W20260608 12:55:07.968233 16755 debug-util.cc:398] Leaking SignalData structure 0x7b08000ece00 after lost signal to thread 16693
W20260608 12:55:07.969174 16755 debug-util.cc:398] Leaking SignalData structure 0x7b08002239e0 after lost signal to thread 16758
I20260608 12:55:07.975667 16592 catalog_manager.cc:5696] T 84258fe13ea14f24997bc70771f9821d P 164d34b119f34c2bb4d000d36df1dd84 reported cstate change: term changed from 0 to 1, leader changed from <none> to 164d34b119f34c2bb4d000d36df1dd84 (127.16.44.131). New cstate: current_term: 1 leader_uuid: "164d34b119f34c2bb4d000d36df1dd84" committed_config { opid_index: -1 OBSOLETE_local: true peers { permanent_uuid: "164d34b119f34c2bb4d000d36df1dd84" member_type: VOTER last_known_addr { host: "127.16.44.131" port: 38169 } health_report { overall_health: HEALTHY } } }
W20260608 12:55:07.977531 17080 thread.cc:641] raft [worker] (thread pool) Time spent creating pthread: real 2.226s	user 0.028s	sys 0.016s
W20260608 12:55:07.978718 17080 thread.cc:608] raft [worker] (thread pool) Time spent starting thread: real 2.227s	user 0.028s	sys 0.016s
I20260608 12:55:07.979070 17080 leader_election.cc:290] T a651acb92d944791b4402d33e13f0ce4 P 322b04969a424fc7af882e7b87fb0370 [CANDIDATE]: Term 1 election: Requested vote from peers 
I20260608 12:55:07.981338 17080 ts_tablet_manager.cc:1434] T a651acb92d944791b4402d33e13f0ce4 P 322b04969a424fc7af882e7b87fb0370: Time spent starting tablet: real 2.433s	user 0.036s	sys 0.026s
W20260608 12:55:07.981680 17080 ts_tablet_manager.cc:1467] T a651acb92d944791b4402d33e13f0ce4 P 322b04969a424fc7af882e7b87fb0370: Tablet startup took 2434ms
I20260608 12:55:07.981781 16593 catalog_manager.cc:5696] T a651acb92d944791b4402d33e13f0ce4 P 322b04969a424fc7af882e7b87fb0370 reported cstate change: term changed from 0 to 1, leader changed from <none> to 322b04969a424fc7af882e7b87fb0370 (127.16.44.129). New cstate: current_term: 1 leader_uuid: "322b04969a424fc7af882e7b87fb0370" committed_config { opid_index: -1 OBSOLETE_local: true peers { permanent_uuid: "322b04969a424fc7af882e7b87fb0370" member_type: VOTER last_known_addr { host: "127.16.44.129" port: 39337 } health_report { overall_health: HEALTHY } } }
W20260608 12:55:07.982072 17080 ts_tablet_manager.cc:1469] T a651acb92d944791b4402d33e13f0ce4 P 322b04969a424fc7af882e7b87fb0370: Trace:
0608 12:55:05.479509 (+     0us) service_pool.cc:167] Inserting onto call queue
0608 12:55:05.479640 (+   131us) service_pool.cc:224] Handling call
0608 12:55:05.482254 (+  2614us) ts_tablet_manager.cc:669] Acquired tablet manager lock
0608 12:55:05.482424 (+   170us) ts_tablet_manager.cc:682] Creating new metadata...
0608 12:55:05.490745 (+  8321us) tablet_metadata.cc:665] Metadata flushed
0608 12:55:05.496327 (+  5582us) tablet_replica.cc:206] Creating consensus instance
0608 12:55:05.508957 (+ 12630us) inbound_call.cc:177] Queueing success response
0608 12:55:05.509356 (+   399us) ts_tablet_manager.cc:1379] Bootstrapping tablet
0608 12:55:05.547464 (+ 38108us) ts_tablet_manager.cc:1435] Starting tablet replica
0608 12:55:05.548110 (+   646us) tablet_replica.cc:261] Starting instrumentation
0608 12:55:05.548807 (+   697us) tablet_replica.cc:280] Starting consensus
0608 12:55:07.645757 (+2096950us) log.cc:844] Serialized 26 byte log entry
0608 12:55:07.891296 (+245539us) log.cc:844] Serialized 14 byte log entry
Metrics: {"prepare.queue_time_us":877,"prepare.run_cpu_time_us":32,"prepare.run_wall_time_us":33,"raft.queue_time_us":2038253,"raft.run_cpu_time_us":15909,"raft.run_wall_time_us":1775171,"spinlock_wait_cycles":41856,"tablet-open.queue_time_us":12465,"thread_start_us":4086720,"threads_started":5,"wal-append.queue_time_us":242594}
I20260608 12:55:07.992807 17080 tablet_bootstrap.cc:492] T 51e6c918162a4c7db5e4ca49d1676690 P 322b04969a424fc7af882e7b87fb0370: Bootstrap starting.
W20260608 12:55:07.997475 16755 debug-util.cc:398] Leaking SignalData structure 0x7b08002291c0 after lost signal to thread 16886
W20260608 12:55:07.998711 16755 debug-util.cc:398] Leaking SignalData structure 0x7b08002299c0 after lost signal to thread 16964
W20260608 12:55:07.999866 16755 debug-util.cc:398] Leaking SignalData structure 0x7b0800225220 after lost signal to thread 17042
W20260608 12:55:08.000584 16755 debug-util.cc:398] Leaking SignalData structure 0x7b0800225020 after lost signal to thread 17056
W20260608 12:55:08.000878 16755 debug-util.cc:398] Leaking SignalData structure 0x7b0800222fc0 after lost signal to thread 17058
W20260608 12:55:08.001138 16755 debug-util.cc:398] Leaking SignalData structure 0x7b0800225040 after lost signal to thread 17060
W20260608 12:55:08.001406 16755 debug-util.cc:398] Leaking SignalData structure 0x7b08001f39e0 after lost signal to thread 17063
W20260608 12:55:08.001691 16755 debug-util.cc:398] Leaking SignalData structure 0x7b08001f39c0 after lost signal to thread 17069
W20260608 12:55:08.001920 16755 debug-util.cc:398] Leaking SignalData structure 0x7b0800225060 after lost signal to thread 17070
W20260608 12:55:08.002166 16755 debug-util.cc:398] Leaking SignalData structure 0x7b0800222f60 after lost signal to thread 17071
W20260608 12:55:08.002388 16755 debug-util.cc:398] Leaking SignalData structure 0x7b08001f3a20 after lost signal to thread 17072
W20260608 12:55:08.002616 16755 debug-util.cc:398] Leaking SignalData structure 0x7b0800223740 after lost signal to thread 17073
W20260608 12:55:08.002840 16755 debug-util.cc:398] Leaking SignalData structure 0x7b08001f3260 after lost signal to thread 17074
W20260608 12:55:08.003078 16755 debug-util.cc:398] Leaking SignalData structure 0x7b0800223760 after lost signal to thread 17076
I20260608 12:55:08.008891 17080 tablet_bootstrap.cc:654] T 51e6c918162a4c7db5e4ca49d1676690 P 322b04969a424fc7af882e7b87fb0370: Neither blocks nor log segments found. Creating new log.
I20260608 12:55:08.032928 17080 tablet_bootstrap.cc:492] T 51e6c918162a4c7db5e4ca49d1676690 P 322b04969a424fc7af882e7b87fb0370: No bootstrap required, opened a new log
I20260608 12:55:08.033434 17080 ts_tablet_manager.cc:1403] T 51e6c918162a4c7db5e4ca49d1676690 P 322b04969a424fc7af882e7b87fb0370: Time spent bootstrapping tablet: real 0.043s	user 0.005s	sys 0.008s
I20260608 12:55:08.037719 17080 raft_consensus.cc:359] T 51e6c918162a4c7db5e4ca49d1676690 P 322b04969a424fc7af882e7b87fb0370 [term 0 FOLLOWER]: Replica starting. Triggering 0 pending ops. Active config: opid_index: -1 OBSOLETE_local: true peers { permanent_uuid: "322b04969a424fc7af882e7b87fb0370" member_type: VOTER last_known_addr { host: "127.16.44.129" port: 39337 } }
I20260608 12:55:08.040684 17080 raft_consensus.cc:385] T 51e6c918162a4c7db5e4ca49d1676690 P 322b04969a424fc7af882e7b87fb0370 [term 0 FOLLOWER]: Consensus starting up: Expiring failure detector timer to make a prompt election more likely
I20260608 12:55:08.047907 17080 raft_consensus.cc:740] T 51e6c918162a4c7db5e4ca49d1676690 P 322b04969a424fc7af882e7b87fb0370 [term 0 FOLLOWER]: Becoming Follower/Learner. State: Replica: 322b04969a424fc7af882e7b87fb0370, State: Initialized, Role: FOLLOWER
I20260608 12:55:08.048736 17080 consensus_queue.cc:260] T 51e6c918162a4c7db5e4ca49d1676690 P 322b04969a424fc7af882e7b87fb0370 [NON_LEADER]: Queue going to NON_LEADER mode. State: All replicated index: 0, Majority replicated index: 0, Committed index: 0, Last appended: 0.0, Last appended by leader: 0, Current term: 0, Majority size: -1, State: 0, Mode: NON_LEADER, active raft config: opid_index: -1 OBSOLETE_local: true peers { permanent_uuid: "322b04969a424fc7af882e7b87fb0370" member_type: VOTER last_known_addr { host: "127.16.44.129" port: 39337 } }
I20260608 12:55:08.055603 17080 raft_consensus.cc:399] T 51e6c918162a4c7db5e4ca49d1676690 P 322b04969a424fc7af882e7b87fb0370 [term 0 FOLLOWER]: Only one voter in the Raft config. Triggering election immediately
I20260608 12:55:08.055990 17080 raft_consensus.cc:493] T 51e6c918162a4c7db5e4ca49d1676690 P 322b04969a424fc7af882e7b87fb0370 [term 0 FOLLOWER]: Starting leader election (initial election of a single-replica configuration)
I20260608 12:55:08.056602 17080 raft_consensus.cc:3060] T 51e6c918162a4c7db5e4ca49d1676690 P 322b04969a424fc7af882e7b87fb0370 [term 0 FOLLOWER]: Advancing to term 1
I20260608 12:55:08.066241 17080 raft_consensus.cc:515] T 51e6c918162a4c7db5e4ca49d1676690 P 322b04969a424fc7af882e7b87fb0370 [term 1 FOLLOWER]: Starting leader election with config: opid_index: -1 OBSOLETE_local: true peers { permanent_uuid: "322b04969a424fc7af882e7b87fb0370" member_type: VOTER last_known_addr { host: "127.16.44.129" port: 39337 } }
I20260608 12:55:08.066951 17080 leader_election.cc:304] T 51e6c918162a4c7db5e4ca49d1676690 P 322b04969a424fc7af882e7b87fb0370 [CANDIDATE]: Term 1 election: Election decided. Result: candidate won. Election summary: received 1 responses out of 1 voters: 1 yes votes; 0 no votes. yes voters: 322b04969a424fc7af882e7b87fb0370; no voters: 
I20260608 12:55:08.081238 17080 leader_election.cc:290] T 51e6c918162a4c7db5e4ca49d1676690 P 322b04969a424fc7af882e7b87fb0370 [CANDIDATE]: Term 1 election: Requested vote from peers 
I20260608 12:55:08.081780 17090 raft_consensus.cc:2804] T 51e6c918162a4c7db5e4ca49d1676690 P 322b04969a424fc7af882e7b87fb0370 [term 1 FOLLOWER]: Leader election won for term 1
I20260608 12:55:08.084818 17080 ts_tablet_manager.cc:1434] T 51e6c918162a4c7db5e4ca49d1676690 P 322b04969a424fc7af882e7b87fb0370: Time spent starting tablet: real 0.051s	user 0.016s	sys 0.001s
I20260608 12:55:08.101284 17090 raft_consensus.cc:697] T 51e6c918162a4c7db5e4ca49d1676690 P 322b04969a424fc7af882e7b87fb0370 [term 1 LEADER]: Becoming Leader. State: Replica: 322b04969a424fc7af882e7b87fb0370, State: Running, Role: LEADER
I20260608 12:55:08.102182 17090 consensus_queue.cc:237] T 51e6c918162a4c7db5e4ca49d1676690 P 322b04969a424fc7af882e7b87fb0370 [LEADER]: Queue going to LEADER mode. State: All replicated index: 0, Majority replicated index: 0, Committed index: 0, Last appended: 0.0, Last appended by leader: 0, Current term: 1, Majority size: 1, State: 0, Mode: LEADER, active raft config: opid_index: -1 OBSOLETE_local: true peers { permanent_uuid: "322b04969a424fc7af882e7b87fb0370" member_type: VOTER last_known_addr { host: "127.16.44.129" port: 39337 } }
